[INFO] fetching crate schnorrkel-purplecoin 0.10.2...
[INFO] testing schnorrkel-purplecoin-0.10.2 against 1.75.0 for beta-1.76-1
[INFO] extracting crate schnorrkel-purplecoin 0.10.2 into /workspace/builds/worker-3-tc1/source
[INFO] validating manifest of crates.io crate schnorrkel-purplecoin 0.10.2 on toolchain 1.75.0
[INFO] running `Command { std: CARGO_HOME="/workspace/cargo-home" RUSTUP_HOME="/workspace/rustup-home" "/workspace/cargo-home/bin/cargo" "+1.75.0" "metadata" "--manifest-path" "Cargo.toml" "--no-deps", kill_on_drop: false }`
[INFO] started tweaking crates.io crate schnorrkel-purplecoin 0.10.2
[INFO] finished tweaking crates.io crate schnorrkel-purplecoin 0.10.2
[INFO] tweaked toml for crates.io crate schnorrkel-purplecoin 0.10.2 written to /workspace/builds/worker-3-tc1/source/Cargo.toml
[INFO] running `Command { std: CARGO_HOME="/workspace/cargo-home" RUSTUP_HOME="/workspace/rustup-home" "/workspace/cargo-home/bin/cargo" "+1.75.0" "generate-lockfile" "--manifest-path" "Cargo.toml", kill_on_drop: false }`
[INFO] [stderr]     Updating crates.io index
[INFO] running `Command { std: CARGO_HOME="/workspace/cargo-home" RUSTUP_HOME="/workspace/rustup-home" "/workspace/cargo-home/bin/cargo" "+1.75.0" "fetch" "--manifest-path" "Cargo.toml", kill_on_drop: false }`
[INFO] [stderr]  Downloading crates ...
[INFO] [stderr]   Downloaded sha2-asm v0.6.3
[INFO] running `Command { std: "docker" "create" "-v" "/var/lib/crater-agent-workspace/builds/worker-3-tc1/target:/opt/rustwide/target:rw,Z" "-v" "/var/lib/crater-agent-workspace/builds/worker-3-tc1/source:/opt/rustwide/workdir:ro,Z" "-v" "/var/lib/crater-agent-workspace/cargo-home:/opt/rustwide/cargo-home:ro,Z" "-v" "/var/lib/crater-agent-workspace/rustup-home:/opt/rustwide/rustup-home:ro,Z" "-e" "SOURCE_DIR=/opt/rustwide/workdir" "-e" "CARGO_TARGET_DIR=/opt/rustwide/target" "-e" "CARGO_HOME=/opt/rustwide/cargo-home" "-e" "RUSTUP_HOME=/opt/rustwide/rustup-home" "-w" "/opt/rustwide/workdir" "-m" "1610612736" "--user" "0:0" "--network" "none" "ghcr.io/rust-lang/crates-build-env/linux@sha256:2788e3201cd34a07e3172128adcd8b3090168a8e3bcc40d7c032b9dda1df7d1c" "/opt/rustwide/cargo-home/bin/cargo" "+1.75.0" "metadata" "--no-deps" "--format-version=1", kill_on_drop: false }`
[INFO] [stdout] c4a9fc68276e87adde44e6f6e1ad98b97fb044a11159a7425637a15a06353b40
[INFO] running `Command { std: "docker" "start" "-a" "c4a9fc68276e87adde44e6f6e1ad98b97fb044a11159a7425637a15a06353b40", kill_on_drop: false }`
[INFO] running `Command { std: "docker" "inspect" "c4a9fc68276e87adde44e6f6e1ad98b97fb044a11159a7425637a15a06353b40", kill_on_drop: false }`
[INFO] running `Command { std: "docker" "rm" "-f" "c4a9fc68276e87adde44e6f6e1ad98b97fb044a11159a7425637a15a06353b40", kill_on_drop: false }`
[INFO] [stdout] c4a9fc68276e87adde44e6f6e1ad98b97fb044a11159a7425637a15a06353b40
[INFO] running `Command { std: "docker" "create" "-v" "/var/lib/crater-agent-workspace/builds/worker-3-tc1/target:/opt/rustwide/target:rw,Z" "-v" "/var/lib/crater-agent-workspace/builds/worker-3-tc1/source:/opt/rustwide/workdir:ro,Z" "-v" "/var/lib/crater-agent-workspace/cargo-home:/opt/rustwide/cargo-home:ro,Z" "-v" "/var/lib/crater-agent-workspace/rustup-home:/opt/rustwide/rustup-home:ro,Z" "-e" "SOURCE_DIR=/opt/rustwide/workdir" "-e" "CARGO_TARGET_DIR=/opt/rustwide/target" "-e" "CARGO_INCREMENTAL=0" "-e" "RUST_BACKTRACE=full" "-e" "RUSTFLAGS=--cap-lints=warn" "-e" "RUSTDOCFLAGS=--cap-lints=warn" "-e" "CARGO_HOME=/opt/rustwide/cargo-home" "-e" "RUSTUP_HOME=/opt/rustwide/rustup-home" "-w" "/opt/rustwide/workdir" "-m" "1610612736" "--user" "0:0" "--network" "none" "ghcr.io/rust-lang/crates-build-env/linux@sha256:2788e3201cd34a07e3172128adcd8b3090168a8e3bcc40d7c032b9dda1df7d1c" "/opt/rustwide/cargo-home/bin/cargo" "+1.75.0" "build" "--frozen" "--message-format=json", kill_on_drop: false }`
[INFO] [stdout] 5b3bbb4065ad369464f3502f5e5cd2f8d0fe56c304236f3c981a92c44d18606a
[INFO] running `Command { std: "docker" "start" "-a" "5b3bbb4065ad369464f3502f5e5cd2f8d0fe56c304236f3c981a92c44d18606a", kill_on_drop: false }`
[INFO] [stderr]    Compiling serde v1.0.194
[INFO] [stderr]    Compiling byteorder v1.5.0
[INFO] [stderr]    Compiling generic-array v0.14.7
[INFO] [stderr]    Compiling syn v2.0.48
[INFO] [stderr]    Compiling getrandom v0.2.11
[INFO] [stderr]    Compiling subtle-ng v2.5.0
[INFO] [stderr]    Compiling rand_core v0.6.4
[INFO] [stderr]    Compiling digest v0.9.0
[INFO] [stderr]    Compiling block-buffer v0.9.0
[INFO] [stderr]    Compiling sha2 v0.9.9
[INFO] [stderr]    Compiling serde_bytes v0.11.14
[INFO] [stderr]    Compiling zeroize_derive v1.4.2
[INFO] [stderr]    Compiling zeroize v1.7.0
[INFO] [stderr]    Compiling merlin v3.0.0
[INFO] [stderr]    Compiling curve25519-dalek-ng v4.1.1
[INFO] [stderr]    Compiling schnorrkel-purplecoin v0.10.2 (/opt/rustwide/workdir)
[INFO] [stderr]     Finished dev [unoptimized + debuginfo] target(s) in 7.17s
[INFO] running `Command { std: "docker" "inspect" "5b3bbb4065ad369464f3502f5e5cd2f8d0fe56c304236f3c981a92c44d18606a", kill_on_drop: false }`
[INFO] running `Command { std: "docker" "rm" "-f" "5b3bbb4065ad369464f3502f5e5cd2f8d0fe56c304236f3c981a92c44d18606a", kill_on_drop: false }`
[INFO] [stdout] 5b3bbb4065ad369464f3502f5e5cd2f8d0fe56c304236f3c981a92c44d18606a
[INFO] running `Command { std: "docker" "create" "-v" "/var/lib/crater-agent-workspace/builds/worker-3-tc1/target:/opt/rustwide/target:rw,Z" "-v" "/var/lib/crater-agent-workspace/builds/worker-3-tc1/source:/opt/rustwide/workdir:ro,Z" "-v" "/var/lib/crater-agent-workspace/cargo-home:/opt/rustwide/cargo-home:ro,Z" "-v" "/var/lib/crater-agent-workspace/rustup-home:/opt/rustwide/rustup-home:ro,Z" "-e" "SOURCE_DIR=/opt/rustwide/workdir" "-e" "CARGO_TARGET_DIR=/opt/rustwide/target" "-e" "CARGO_INCREMENTAL=0" "-e" "RUST_BACKTRACE=full" "-e" "RUSTFLAGS=--cap-lints=warn" "-e" "RUSTDOCFLAGS=--cap-lints=warn" "-e" "CARGO_HOME=/opt/rustwide/cargo-home" "-e" "RUSTUP_HOME=/opt/rustwide/rustup-home" "-w" "/opt/rustwide/workdir" "-m" "1610612736" "--user" "0:0" "--network" "none" "ghcr.io/rust-lang/crates-build-env/linux@sha256:2788e3201cd34a07e3172128adcd8b3090168a8e3bcc40d7c032b9dda1df7d1c" "/opt/rustwide/cargo-home/bin/cargo" "+1.75.0" "test" "--frozen" "--no-run" "--message-format=json", kill_on_drop: false }`
[INFO] [stdout] 46778d5c80e2256acf36a5b00a91322af3cf5da7efde298bdac3233d833af86b
[INFO] running `Command { std: "docker" "start" "-a" "46778d5c80e2256acf36a5b00a91322af3cf5da7efde298bdac3233d833af86b", kill_on_drop: false }`
[INFO] [stderr]    Compiling num-traits v0.2.17
[INFO] [stderr]    Compiling either v1.9.0
[INFO] [stderr]    Compiling regex-syntax v0.8.2
[INFO] [stderr]    Compiling plotters-backend v0.3.5
[INFO] [stderr]    Compiling memchr v2.7.1
[INFO] [stderr]    Compiling serde_json v1.0.111
[INFO] [stderr]    Compiling cast v0.3.0
[INFO] [stderr]    Compiling half v1.8.2
[INFO] [stderr]    Compiling rand_chacha v0.3.1
[INFO] [stderr]    Compiling itertools v0.10.5
[INFO] [stderr]    Compiling rayon v1.8.0
[INFO] [stderr]    Compiling plotters-svg v0.3.5
[INFO] [stderr]    Compiling csv-core v0.1.11
[INFO] [stderr]    Compiling csv v1.3.0
[INFO] [stderr]    Compiling serde_cbor v0.11.2
[INFO] [stderr]    Compiling clap v2.34.0
[INFO] [stderr]    Compiling regex-automata v0.4.3
[INFO] [stderr]    Compiling plotters v0.3.5
[INFO] [stderr]    Compiling criterion-plot v0.4.5
[INFO] [stderr]    Compiling tinytemplate v1.2.1
[INFO] [stderr]    Compiling serde_derive v1.0.194
[INFO] [stderr]    Compiling atty v0.2.14
[INFO] [stderr]    Compiling oorandom v11.1.3
[INFO] [stderr]    Compiling rand v0.8.5
[INFO] [stderr]    Compiling sha3 v0.9.1
[INFO] [stderr]    Compiling bincode v1.3.3
[INFO] [stderr]    Compiling hex-literal v0.3.4
[INFO] [stderr]    Compiling regex v1.10.2
[INFO] [stderr]    Compiling criterion v0.3.6
[INFO] [stderr]    Compiling schnorrkel-purplecoin v0.10.2 (/opt/rustwide/workdir)
[INFO] [stderr]     Finished test [unoptimized + debuginfo] target(s) in 16.37s
[INFO] running `Command { std: "docker" "inspect" "46778d5c80e2256acf36a5b00a91322af3cf5da7efde298bdac3233d833af86b", kill_on_drop: false }`
[INFO] running `Command { std: "docker" "rm" "-f" "46778d5c80e2256acf36a5b00a91322af3cf5da7efde298bdac3233d833af86b", kill_on_drop: false }`
[INFO] [stdout] 46778d5c80e2256acf36a5b00a91322af3cf5da7efde298bdac3233d833af86b
[INFO] running `Command { std: "docker" "create" "-v" "/var/lib/crater-agent-workspace/builds/worker-3-tc1/target:/opt/rustwide/target:rw,Z" "-v" "/var/lib/crater-agent-workspace/builds/worker-3-tc1/source:/opt/rustwide/workdir:ro,Z" "-v" "/var/lib/crater-agent-workspace/cargo-home:/opt/rustwide/cargo-home:ro,Z" "-v" "/var/lib/crater-agent-workspace/rustup-home:/opt/rustwide/rustup-home:ro,Z" "-e" "SOURCE_DIR=/opt/rustwide/workdir" "-e" "CARGO_TARGET_DIR=/opt/rustwide/target" "-e" "CARGO_INCREMENTAL=0" "-e" "RUST_BACKTRACE=full" "-e" "RUSTFLAGS=--cap-lints=warn" "-e" "RUSTDOCFLAGS=--cap-lints=warn" "-e" "CARGO_HOME=/opt/rustwide/cargo-home" "-e" "RUSTUP_HOME=/opt/rustwide/rustup-home" "-w" "/opt/rustwide/workdir" "-m" "1610612736" "--user" "0:0" "--network" "none" "ghcr.io/rust-lang/crates-build-env/linux@sha256:2788e3201cd34a07e3172128adcd8b3090168a8e3bcc40d7c032b9dda1df7d1c" "/opt/rustwide/cargo-home/bin/cargo" "+1.75.0" "test" "--frozen", kill_on_drop: false }`
[INFO] [stdout] 705e9c61b775767a9d2771321b15cff61284eaedebbbd0706f5280cbc2898fca
[INFO] running `Command { std: "docker" "start" "-a" "705e9c61b775767a9d2771321b15cff61284eaedebbbd0706f5280cbc2898fca", kill_on_drop: false }`
[INFO] [stderr]     Finished test [unoptimized + debuginfo] target(s) in 0.07s
[INFO] [stderr]      Running unittests src/lib.rs (/opt/rustwide/target/debug/deps/schnorrkel_purplecoin-ff859254e5623ed0)
[INFO] [stdout] 
[INFO] [stdout] running 14 tests
[INFO] [stdout] test keys::test::keypair_zeroize ... ok
[INFO] [stdout] test keys::test::derives_from_core ... ok
[INFO] [stdout] test cert::tests::adaptor_cert_public_vs_private_paths ... ok
[INFO] [stdout] test scalars::tests::cofactor_adjustment ... ok
[INFO] [stdout] test sign::test::sign_verify_bytes ... ok
[INFO] [stdout] test keys::test::pubkey_from_mini_secret_and_expanded_secret ... ok
[INFO] [stdout] test sign::test::sign_verify_xof ... ok
[INFO] [stdout] test vrf::tests::vrf_single ... ok
[INFO] [stdout] test vrf::tests::vrf_malleable ... ok
[INFO] [stdout] test batch::test::verify_batch_seven_signatures ... ok
[INFO] [stdout] test musig::tests::aggregation_btreeemap_vs_slice ... ok
[INFO] [stdout] test vrf::tests::vrfs_merged_and_batched ... ok
[INFO] [stdout] test derive::tests::derive_key_public_vs_private_paths ... ok
[INFO] [stderr]    Doc-tests schnorrkel-purplecoin
[INFO] [stdout] test musig::tests::multi_signature ... ok
[INFO] [stdout] 
[INFO] [stdout] test result: ok. 14 passed; 0 failed; 0 ignored; 0 measured; 0 filtered out; finished in 1.65s
[INFO] [stdout] 
[INFO] [stdout] 
[INFO] [stdout] running 29 tests
[INFO] [stdout] test src/keys.rs - keys::Keypair::from_bytes (line 764) ... FAILED
[INFO] [stdout] test src/keys.rs - keys::Keypair::from_half_ed25519_bytes (line 818) ... FAILED
[INFO] [stdout] test src/batch.rs - batch::verify_batch (line 53) ... FAILED
[INFO] [stdout] test src/keys.rs - keys::Keypair::generate_with (line 850) ... FAILED
[INFO] [stdout] test src/keys.rs - keys::MiniSecretKey::expand_ed25519 (line 173) - compile fail ... ok
[INFO] [stdout] test src/keys.rs - keys::Keypair::to_bytes (line 738) ... FAILED
[INFO] [stdout] test src/keys.rs - keys::MiniSecretKey::expand_uniform (line 136) - compile fail ... ok
[INFO] [stdout] test src/keys.rs - keys::MiniSecretKey::expand (line 215) ... FAILED
[INFO] [stdout] test src/keys.rs - keys::MiniSecretKey::generate (line 313) ... FAILED
[INFO] [stdout] test src/keys.rs - keys::MiniSecretKey::generate (line 321) ... FAILED
[INFO] [stdout] test src/keys.rs - keys::MiniSecretKey::from_bytes (line 257) ... FAILED
[INFO] [stdout] test src/keys.rs - keys::MiniSecretKey::generate_with (line 291) ... FAILED
[INFO] [stdout] test src/keys.rs - keys::PublicKey::to_bytes (line 639) ... FAILED
[INFO] [stdout] test src/keys.rs - keys::PublicKey::from_bytes (line 656) ... FAILED
[INFO] [stdout] test src/keys.rs - keys::SecretKey::from_bytes (line 438) ... FAILED
[INFO] [stdout] test src/keys.rs - keys::SecretKey::to_bytes (line 415) ... FAILED
[INFO] [stdout] test src/keys.rs - keys::SecretKey::from_ed25519_bytes (line 500) ... FAILED
[INFO] [stdout] test src/lib.rs - (line 115) ... FAILED
[INFO] [stdout] test src/lib.rs - (line 93) ... FAILED
[INFO] [stdout] test src/lib.rs - (line 36) ... FAILED
[INFO] [stdout] test src/lib.rs - (line 52) ... FAILED
[INFO] [stdout] test src/lib.rs - (line 21) ... FAILED
[INFO] [stdout] test src/sign.rs - sign::Keypair::sign (line 297) ... FAILED
[INFO] [stdout] test src/lib.rs - (line 69) ... FAILED
[INFO] [stdout] test src/points.rs - points::RistrettoBoth::from_bytes (line 119) ... FAILED
[INFO] [stdout] test src/sign.rs - sign::Keypair::verify (line 364) ... FAILED
[INFO] [stdout] test src/sign.rs - sign::Keypair::sign (line 323) ... FAILED
[INFO] [stdout] test src/lib.rs - (line 181) ... ok
[INFO] [stdout] test src/lib.rs - (line 156) ... ok
[INFO] [stdout] 
[INFO] [stdout] failures:
[INFO] [stdout] 
[INFO] [stdout] ---- src/keys.rs - keys::Keypair::from_bytes (line 764) stdout ----
[INFO] [stdout] error[E0432]: unresolved import `schnorrkel`
[INFO] [stdout]  --> src/keys.rs:765:5
[INFO] [stdout]   |
[INFO] [stdout] 3 | use schnorrkel::{Keypair, KEYPAIR_LENGTH};
[INFO] [stdout]   |     ^^^^^^^^^^ use of undeclared crate or module `schnorrkel`
[INFO] [stdout] 
[INFO] [stdout] error: aborting due to previous error
[INFO] [stdout] 
[INFO] [stdout] For more information about this error, try `rustc --explain E0432`.
[INFO] [stdout] Couldn't compile the test.
[INFO] [stdout] ---- src/keys.rs - keys::Keypair::from_half_ed25519_bytes (line 818) stdout ----
[INFO] [stdout] error[E0432]: unresolved import `schnorrkel`
[INFO] [stdout]  --> src/keys.rs:819:5
[INFO] [stdout]   |
[INFO] [stdout] 3 | use schnorrkel::{Keypair, KEYPAIR_LENGTH};
[INFO] [stdout]   |     ^^^^^^^^^^ use of undeclared crate or module `schnorrkel`
[INFO] [stdout] 
[INFO] [stdout] error: aborting due to previous error
[INFO] [stdout] 
[INFO] [stdout] For more information about this error, try `rustc --explain E0432`.
[INFO] [stdout] Couldn't compile the test.
[INFO] [stdout] ---- src/batch.rs - batch::verify_batch (line 53) stdout ----
[INFO] [stdout] error[E0432]: unresolved import `schnorrkel`
[INFO] [stdout]  --> src/batch.rs:54:5
[INFO] [stdout]   |
[INFO] [stdout] 2 | use schnorrkel::{Keypair,PublicKey,Signature,verify_batch,signing_context};
[INFO] [stdout]   |     ^^^^^^^^^^ use of undeclared crate or module `schnorrkel`
[INFO] [stdout] 
[INFO] [stdout] error: aborting due to previous error
[INFO] [stdout] 
[INFO] [stdout] For more information about this error, try `rustc --explain E0432`.
[INFO] [stdout] Couldn't compile the test.
[INFO] [stdout] ---- src/keys.rs - keys::Keypair::generate_with (line 850) stdout ----
[INFO] [stdout] error[E0432]: unresolved import `schnorrkel`
[INFO] [stdout]  --> src/keys.rs:854:5
[INFO] [stdout]   |
[INFO] [stdout] 5 | use schnorrkel::Keypair;
[INFO] [stdout]   |     ^^^^^^^^^^ use of undeclared crate or module `schnorrkel`
[INFO] [stdout] 
[INFO] [stdout] error[E0432]: unresolved import `schnorrkel`
[INFO] [stdout]  --> src/keys.rs:855:5
[INFO] [stdout]   |
[INFO] [stdout] 6 | use schnorrkel::Signature;
[INFO] [stdout]   |     ^^^^^^^^^^ use of undeclared crate or module `schnorrkel`
[INFO] [stdout] 
[INFO] [stdout] error: aborting due to 2 previous errors
[INFO] [stdout] 
[INFO] [stdout] For more information about this error, try `rustc --explain E0432`.
[INFO] [stdout] Couldn't compile the test.
[INFO] [stdout] ---- src/keys.rs - keys::Keypair::to_bytes (line 738) stdout ----
[INFO] [stdout] error[E0432]: unresolved import `schnorrkel`
[INFO] [stdout]  --> src/keys.rs:739:5
[INFO] [stdout]   |
[INFO] [stdout] 3 | use schnorrkel::{Keypair, KEYPAIR_LENGTH};
[INFO] [stdout]   |     ^^^^^^^^^^ use of undeclared crate or module `schnorrkel`
[INFO] [stdout] 
[INFO] [stdout] error: aborting due to previous error
[INFO] [stdout] 
[INFO] [stdout] For more information about this error, try `rustc --explain E0432`.
[INFO] [stdout] Couldn't compile the test.
[INFO] [stdout] ---- src/keys.rs - keys::MiniSecretKey::expand (line 215) stdout ----
[INFO] [stdout] error[E0432]: unresolved import `schnorrkel`
[INFO] [stdout]  --> src/keys.rs:218:5
[INFO] [stdout]   |
[INFO] [stdout] 4 | use schnorrkel::{MiniSecretKey, SecretKey, ExpansionMode};
[INFO] [stdout]   |     ^^^^^^^^^^ use of undeclared crate or module `schnorrkel`
[INFO] [stdout] 
[INFO] [stdout] error: aborting due to previous error
[INFO] [stdout] 
[INFO] [stdout] For more information about this error, try `rustc --explain E0432`.
[INFO] [stdout] Couldn't compile the test.
[INFO] [stdout] ---- src/keys.rs - keys::MiniSecretKey::generate (line 313) stdout ----
[INFO] [stdout] error[E0432]: unresolved import `schnorrkel`
[INFO] [stdout]  --> src/keys.rs:314:5
[INFO] [stdout]   |
[INFO] [stdout] 3 | use schnorrkel::{PublicKey, MiniSecretKey, Signature};
[INFO] [stdout]   |     ^^^^^^^^^^ use of undeclared crate or module `schnorrkel`
[INFO] [stdout] 
[INFO] [stdout] error: aborting due to previous error
[INFO] [stdout] 
[INFO] [stdout] For more information about this error, try `rustc --explain E0432`.
[INFO] [stdout] Couldn't compile the test.
[INFO] [stdout] ---- src/keys.rs - keys::MiniSecretKey::generate (line 321) stdout ----
[INFO] [stdout] error[E0432]: unresolved import `schnorrkel`
[INFO] [stdout]  --> src/keys.rs:324:5
[INFO] [stdout]   |
[INFO] [stdout] 5 | use schnorrkel::{PublicKey, MiniSecretKey, ExpansionMode, Signature};
[INFO] [stdout]   |     ^^^^^^^^^^ use of undeclared crate or module `schnorrkel`
[INFO] [stdout] 
[INFO] [stdout] error: aborting due to previous error
[INFO] [stdout] 
[INFO] [stdout] For more information about this error, try `rustc --explain E0432`.
[INFO] [stdout] Couldn't compile the test.
[INFO] [stdout] ---- src/keys.rs - keys::MiniSecretKey::from_bytes (line 257) stdout ----
[INFO] [stdout] error[E0432]: unresolved import `schnorrkel`
[INFO] [stdout]  --> src/keys.rs:258:5
[INFO] [stdout]   |
[INFO] [stdout] 3 | use schnorrkel::{MiniSecretKey, MINI_SECRET_KEY_LENGTH};
[INFO] [stdout]   |     ^^^^^^^^^^ use of undeclared crate or module `schnorrkel`
[INFO] [stdout] 
[INFO] [stdout] error: aborting due to previous error
[INFO] [stdout] 
[INFO] [stdout] For more information about this error, try `rustc --explain E0432`.
[INFO] [stdout] Couldn't compile the test.
[INFO] [stdout] ---- src/keys.rs - keys::MiniSecretKey::generate_with (line 291) stdout ----
[INFO] [stdout] error[E0432]: unresolved import `schnorrkel`
[INFO] [stdout]  --> src/keys.rs:293:5
[INFO] [stdout]   |
[INFO] [stdout] 4 | use schnorrkel::{PublicKey, MiniSecretKey, Signature};
[INFO] [stdout]   |     ^^^^^^^^^^ use of undeclared crate or module `schnorrkel`
[INFO] [stdout] 
[INFO] [stdout] error: aborting due to previous error
[INFO] [stdout] 
[INFO] [stdout] For more information about this error, try `rustc --explain E0432`.
[INFO] [stdout] Couldn't compile the test.
[INFO] [stdout] ---- src/keys.rs - keys::PublicKey::to_bytes (line 639) stdout ----
[INFO] [stdout] error[E0432]: unresolved import `schnorrkel`
[INFO] [stdout]  --> src/keys.rs:640:5
[INFO] [stdout]   |
[INFO] [stdout] 3 | use schnorrkel::{SecretKey, PublicKey, PUBLIC_KEY_LENGTH, SignatureError};
[INFO] [stdout]   |     ^^^^^^^^^^ use of undeclared crate or module `schnorrkel`
[INFO] [stdout] 
[INFO] [stdout] error: aborting due to previous error
[INFO] [stdout] 
[INFO] [stdout] For more information about this error, try `rustc --explain E0432`.
[INFO] [stdout] Couldn't compile the test.
[INFO] [stdout] ---- src/keys.rs - keys::PublicKey::from_bytes (line 656) stdout ----
[INFO] [stdout] error[E0432]: unresolved import `schnorrkel`
[INFO] [stdout]  --> src/keys.rs:657:5
[INFO] [stdout]   |
[INFO] [stdout] 3 | use schnorrkel::{PublicKey, PUBLIC_KEY_LENGTH, SignatureError};
[INFO] [stdout]   |     ^^^^^^^^^^ use of undeclared crate or module `schnorrkel`
[INFO] [stdout] 
[INFO] [stdout] error: aborting due to previous error
[INFO] [stdout] 
[INFO] [stdout] For more information about this error, try `rustc --explain E0432`.
[INFO] [stdout] Couldn't compile the test.
[INFO] [stdout] ---- src/keys.rs - keys::SecretKey::from_bytes (line 438) stdout ----
[INFO] [stdout] error[E0432]: unresolved import `schnorrkel`
[INFO] [stdout]  --> src/keys.rs:439:5
[INFO] [stdout]   |
[INFO] [stdout] 3 | use schnorrkel::{MiniSecretKey, SecretKey, ExpansionMode, SignatureError};
[INFO] [stdout]   |     ^^^^^^^^^^ use of undeclared crate or module `schnorrkel`
[INFO] [stdout] 
[INFO] [stdout] error: aborting due to previous error
[INFO] [stdout] 
[INFO] [stdout] For more information about this error, try `rustc --explain E0432`.
[INFO] [stdout] Couldn't compile the test.
[INFO] [stdout] ---- src/keys.rs - keys::SecretKey::to_bytes (line 415) stdout ----
[INFO] [stdout] error[E0432]: unresolved import `schnorrkel`
[INFO] [stdout]  --> src/keys.rs:416:5
[INFO] [stdout]   |
[INFO] [stdout] 3 | use schnorrkel::{MiniSecretKey, SecretKey};
[INFO] [stdout]   |     ^^^^^^^^^^ use of undeclared crate or module `schnorrkel`
[INFO] [stdout] 
[INFO] [stdout] error: aborting due to previous error
[INFO] [stdout] 
[INFO] [stdout] For more information about this error, try `rustc --explain E0432`.
[INFO] [stdout] Couldn't compile the test.
[INFO] [stdout] ---- src/keys.rs - keys::SecretKey::from_ed25519_bytes (line 500) stdout ----
[INFO] [stdout] error[E0432]: unresolved import `schnorrkel`
[INFO] [stdout]  --> src/keys.rs:501:5
[INFO] [stdout]   |
[INFO] [stdout] 3 | use schnorrkel::{SecretKey, SECRET_KEY_LENGTH};
[INFO] [stdout]   |     ^^^^^^^^^^ use of undeclared crate or module `schnorrkel`
[INFO] [stdout] 
[INFO] [stdout] error: aborting due to previous error
[INFO] [stdout] 
[INFO] [stdout] For more information about this error, try `rustc --explain E0432`.
[INFO] [stdout] Couldn't compile the test.
[INFO] [stdout] ---- src/lib.rs - (line 115) stdout ----
[INFO] [stdout] error[E0432]: unresolved import `schnorrkel`
[INFO] [stdout]  --> src/lib.rs:118:5
[INFO] [stdout]   |
[INFO] [stdout] 4 | use schnorrkel::{SecretKey, Keypair, Signature, PublicKey, SignatureError, signing_context};
[INFO] [stdout]   |     ^^^^^^^^^^ use of undeclared crate or module `schnorrkel`
[INFO] [stdout] 
[INFO] [stdout] error[E0432]: unresolved import `schnorrkel`
[INFO] [stdout]  --> src/lib.rs:119:5
[INFO] [stdout]   |
[INFO] [stdout] 5 | use schnorrkel::{PUBLIC_KEY_LENGTH, SECRET_KEY_LENGTH, KEYPAIR_LENGTH, SIGNATURE_LENGTH};
[INFO] [stdout]   |     ^^^^^^^^^^ use of undeclared crate or module `schnorrkel`
[INFO] [stdout] 
[INFO] [stdout] error: aborting due to 2 previous errors
[INFO] [stdout] 
[INFO] [stdout] For more information about this error, try `rustc --explain E0432`.
[INFO] [stdout] Couldn't compile the test.
[INFO] [stdout] ---- src/lib.rs - (line 93) stdout ----
[INFO] [stdout] error[E0432]: unresolved import `schnorrkel`
[INFO] [stdout]  --> src/lib.rs:97:5
[INFO] [stdout]   |
[INFO] [stdout] 5 | use schnorrkel::{Keypair, Signature, PublicKey, signing_context};
[INFO] [stdout]   |     ^^^^^^^^^^ use of undeclared crate or module `schnorrkel`
[INFO] [stdout] 
[INFO] [stdout] error[E0432]: unresolved import `schnorrkel`
[INFO] [stdout]  --> src/lib.rs:98:5
[INFO] [stdout]   |
[INFO] [stdout] 6 | use schnorrkel::{PUBLIC_KEY_LENGTH, SECRET_KEY_LENGTH, KEYPAIR_LENGTH, SIGNATURE_LENGTH};
[INFO] [stdout]   |     ^^^^^^^^^^ use of undeclared crate or module `schnorrkel`
[INFO] [stdout] 
[INFO] [stdout] error: aborting due to 2 previous errors
[INFO] [stdout] 
[INFO] [stdout] For more information about this error, try `rustc --explain E0432`.
[INFO] [stdout] Couldn't compile the test.
[INFO] [stdout] ---- src/lib.rs - (line 36) stdout ----
[INFO] [stdout] error[E0432]: unresolved import `schnorrkel`
[INFO] [stdout]  --> src/lib.rs:40:5
[INFO] [stdout]   |
[INFO] [stdout] 5 | use schnorrkel::{Keypair,Signature,signing_context};
[INFO] [stdout]   |     ^^^^^^^^^^ use of undeclared crate or module `schnorrkel`
[INFO] [stdout] 
[INFO] [stdout] error: aborting due to previous error
[INFO] [stdout] 
[INFO] [stdout] For more information about this error, try `rustc --explain E0432`.
[INFO] [stdout] Couldn't compile the test.
[INFO] [stdout] ---- src/lib.rs - (line 52) stdout ----
[INFO] [stdout] error[E0432]: unresolved import `schnorrkel`
[INFO] [stdout]  --> src/lib.rs:56:5
[INFO] [stdout]   |
[INFO] [stdout] 5 | use schnorrkel::{Keypair,Signature,signing_context};
[INFO] [stdout]   |     ^^^^^^^^^^ use of undeclared crate or module `schnorrkel`
[INFO] [stdout] 
[INFO] [stdout] error: aborting due to previous error
[INFO] [stdout] 
[INFO] [stdout] For more information about this error, try `rustc --explain E0432`.
[INFO] [stdout] Couldn't compile the test.
[INFO] [stdout] ---- src/lib.rs - (line 21) stdout ----
[INFO] [stdout] error[E0432]: unresolved import `schnorrkel`
[INFO] [stdout]  --> src/lib.rs:25:5
[INFO] [stdout]   |
[INFO] [stdout] 5 | use schnorrkel::{Keypair,Signature};
[INFO] [stdout]   |     ^^^^^^^^^^ use of undeclared crate or module `schnorrkel`
[INFO] [stdout] 
[INFO] [stdout] error: aborting due to previous error
[INFO] [stdout] 
[INFO] [stdout] For more information about this error, try `rustc --explain E0432`.
[INFO] [stdout] Couldn't compile the test.
[INFO] [stdout] ---- src/sign.rs - sign::Keypair::sign (line 297) stdout ----
[INFO] [stdout] error[E0432]: unresolved import `schnorrkel`
[INFO] [stdout]  --> src/sign.rs:298:5
[INFO] [stdout]   |
[INFO] [stdout] 2 | use schnorrkel::{Signature,Keypair};
[INFO] [stdout]   |     ^^^^^^^^^^ use of undeclared crate or module `schnorrkel`
[INFO] [stdout] 
[INFO] [stdout] error: aborting due to previous error
[INFO] [stdout] 
[INFO] [stdout] For more information about this error, try `rustc --explain E0432`.
[INFO] [stdout] Couldn't compile the test.
[INFO] [stdout] ---- src/lib.rs - (line 69) stdout ----
[INFO] [stdout] error[E0432]: unresolved import `schnorrkel`
[INFO] [stdout]  --> src/lib.rs:73:5
[INFO] [stdout]   |
[INFO] [stdout] 5 | use schnorrkel::{Keypair,Signature,signing_context};
[INFO] [stdout]   |     ^^^^^^^^^^ use of undeclared crate or module `schnorrkel`
[INFO] [stdout] 
[INFO] [stdout] error[E0432]: unresolved import `schnorrkel`
[INFO] [stdout]  --> src/lib.rs:74:5
[INFO] [stdout]   |
[INFO] [stdout] 6 | use schnorrkel::PublicKey;
[INFO] [stdout]   |     ^^^^^^^^^^ use of undeclared crate or module `schnorrkel`
[INFO] [stdout] 
[INFO] [stdout] error: aborting due to 2 previous errors
[INFO] [stdout] 
[INFO] [stdout] For more information about this error, try `rustc --explain E0432`.
[INFO] [stdout] Couldn't compile the test.
[INFO] [stdout] ---- src/points.rs - points::RistrettoBoth::from_bytes (line 119) stdout ----
[INFO] [stdout] error[E0433]: failed to resolve: use of undeclared crate or module `schnorrkel`
[INFO] [stdout]  --> src/points.rs:120:5
[INFO] [stdout]   |
[INFO] [stdout] 2 | use schnorrkel::points::RistrettoBoth;
[INFO] [stdout]   |     ^^^^^^^^^^ use of undeclared crate or module `schnorrkel`
[INFO] [stdout] 
[INFO] [stdout] error[E0432]: unresolved import `schnorrkel`
[INFO] [stdout]  --> src/points.rs:121:5
[INFO] [stdout]   |
[INFO] [stdout] 3 | use schnorrkel::PUBLIC_KEY_LENGTH;
[INFO] [stdout]   |     ^^^^^^^^^^ use of undeclared crate or module `schnorrkel`
[INFO] [stdout] 
[INFO] [stdout] error[E0432]: unresolved import `schnorrkel`
[INFO] [stdout]  --> src/points.rs:122:5
[INFO] [stdout]   |
[INFO] [stdout] 4 | use schnorrkel::SignatureError;
[INFO] [stdout]   |     ^^^^^^^^^^ use of undeclared crate or module `schnorrkel`
[INFO] [stdout] 
[INFO] [stdout] error: aborting due to 3 previous errors
[INFO] [stdout] 
[INFO] [stdout] Some errors have detailed explanations: E0432, E0433.
[INFO] [stdout] For more information about an error, try `rustc --explain E0432`.
[INFO] [stdout] Couldn't compile the test.
[INFO] [stdout] ---- src/sign.rs - sign::Keypair::verify (line 364) stdout ----
[INFO] [stdout] error[E0432]: unresolved import `schnorrkel`
[INFO] [stdout]  --> src/sign.rs:365:5
[INFO] [stdout]   |
[INFO] [stdout] 2 | use schnorrkel::{Keypair,Signature,signing_context};
[INFO] [stdout]   |     ^^^^^^^^^^ use of undeclared crate or module `schnorrkel`
[INFO] [stdout] 
[INFO] [stdout] error: aborting due to previous error
[INFO] [stdout] 
[INFO] [stdout] For more information about this error, try `rustc --explain E0432`.
[INFO] [stdout] Couldn't compile the test.
[INFO] [stdout] ---- src/sign.rs - sign::Keypair::sign (line 323) stdout ----
[INFO] [stdout] error[E0432]: unresolved import `schnorrkel`
[INFO] [stdout]  --> src/sign.rs:324:5
[INFO] [stdout]   |
[INFO] [stdout] 2 | use schnorrkel::{Keypair,Signature,signing_context};
[INFO] [stdout]   |     ^^^^^^^^^^ use of undeclared crate or module `schnorrkel`
[INFO] [stdout] 
[INFO] [stdout] error: aborting due to previous error
[INFO] [stdout] 
[INFO] [stdout] For more information about this error, try `rustc --explain E0432`.
[INFO] [stdout] Couldn't compile the test.
[INFO] [stdout] 
[INFO] [stdout] failures:
[INFO] [stdout]     src/batch.rs - batch::verify_batch (line 53)
[INFO] [stdout]     src/keys.rs - keys::Keypair::from_bytes (line 764)
[INFO] [stdout]     src/keys.rs - keys::Keypair::from_half_ed25519_bytes (line 818)
[INFO] [stdout]     src/keys.rs - keys::Keypair::generate_with (line 850)
[INFO] [stdout]     src/keys.rs - keys::Keypair::to_bytes (line 738)
[INFO] [stdout]     src/keys.rs - keys::MiniSecretKey::expand (line 215)
[INFO] [stdout]     src/keys.rs - keys::MiniSecretKey::from_bytes (line 257)
[INFO] [stdout]     src/keys.rs - keys::MiniSecretKey::generate (line 313)
[INFO] [stdout]     src/keys.rs - keys::MiniSecretKey::generate (line 321)
[INFO] [stdout]     src/keys.rs - keys::MiniSecretKey::generate_with (line 291)
[INFO] [stdout]     src/keys.rs - keys::PublicKey::from_bytes (line 656)
[INFO] [stdout]     src/keys.rs - keys::PublicKey::to_bytes (line 639)
[INFO] [stdout]     src/keys.rs - keys::SecretKey::from_bytes (line 438)
[INFO] [stdout]     src/keys.rs - keys::SecretKey::from_ed25519_bytes (line 500)
[INFO] [stdout]     src/keys.rs - keys::SecretKey::to_bytes (line 415)
[INFO] [stdout]     src/lib.rs - (line 115)
[INFO] [stdout]     src/lib.rs - (line 21)
[INFO] [stdout]     src/lib.rs - (line 36)
[INFO] [stdout]     src/lib.rs - (line 52)
[INFO] [stdout]     src/lib.rs - (line 69)
[INFO] [stdout]     src/lib.rs - (line 93)
[INFO] [stdout]     src/points.rs - points::RistrettoBoth::from_bytes (line 119)
[INFO] [stdout]     src/sign.rs - sign::Keypair::sign (line 297)
[INFO] [stdout]     src/sign.rs - sign::Keypair::sign (line 323)
[INFO] [stdout]     src/sign.rs - sign::Keypair::verify (line 364)
[INFO] [stdout] 
[INFO] [stdout] test result: FAILED. 4 passed; 25 failed; 0 ignored; 0 measured; 0 filtered out; finished in 0.63s
[INFO] [stdout] 
[INFO] [stderr] error: doctest failed, to rerun pass `--doc`
[INFO] running `Command { std: "docker" "inspect" "705e9c61b775767a9d2771321b15cff61284eaedebbbd0706f5280cbc2898fca", kill_on_drop: false }`
[INFO] running `Command { std: "docker" "rm" "-f" "705e9c61b775767a9d2771321b15cff61284eaedebbbd0706f5280cbc2898fca", kill_on_drop: false }`
[INFO] [stdout] 705e9c61b775767a9d2771321b15cff61284eaedebbbd0706f5280cbc2898fca
