[INFO] fetching crate scdlang_xstate 0.2.1...
[INFO] testing scdlang_xstate-0.2.1 against 1.75.0 for beta-1.76-1
[INFO] extracting crate scdlang_xstate 0.2.1 into /workspace/builds/worker-6-tc1/source
[INFO] validating manifest of crates.io crate scdlang_xstate 0.2.1 on toolchain 1.75.0
[INFO] running `Command { std: CARGO_HOME="/workspace/cargo-home" RUSTUP_HOME="/workspace/rustup-home" "/workspace/cargo-home/bin/cargo" "+1.75.0" "metadata" "--manifest-path" "Cargo.toml" "--no-deps", kill_on_drop: false }`
[INFO] started tweaking crates.io crate scdlang_xstate 0.2.1
[INFO] finished tweaking crates.io crate scdlang_xstate 0.2.1
[INFO] tweaked toml for crates.io crate scdlang_xstate 0.2.1 written to /workspace/builds/worker-6-tc1/source/Cargo.toml
[INFO] running `Command { std: CARGO_HOME="/workspace/cargo-home" RUSTUP_HOME="/workspace/rustup-home" "/workspace/cargo-home/bin/cargo" "+1.75.0" "generate-lockfile" "--manifest-path" "Cargo.toml", kill_on_drop: false }`
[INFO] [stderr]     Updating crates.io index
[INFO] running `Command { std: CARGO_HOME="/workspace/cargo-home" RUSTUP_HOME="/workspace/rustup-home" "/workspace/cargo-home/bin/cargo" "+1.75.0" "fetch" "--manifest-path" "Cargo.toml", kill_on_drop: false }`
[INFO] [stderr]  Downloading crates ...
[INFO] [stderr]   Downloaded scdlang v0.2.1
[INFO] [stderr]   Downloaded voca_rs v1.15.2
[INFO] [stderr]   Downloaded stfu8 v0.2.6
[INFO] running `Command { std: "docker" "create" "-v" "/var/lib/crater-agent-workspace/builds/worker-6-tc1/target:/opt/rustwide/target:rw,Z" "-v" "/var/lib/crater-agent-workspace/builds/worker-6-tc1/source:/opt/rustwide/workdir:ro,Z" "-v" "/var/lib/crater-agent-workspace/cargo-home:/opt/rustwide/cargo-home:ro,Z" "-v" "/var/lib/crater-agent-workspace/rustup-home:/opt/rustwide/rustup-home:ro,Z" "-e" "SOURCE_DIR=/opt/rustwide/workdir" "-e" "CARGO_TARGET_DIR=/opt/rustwide/target" "-e" "CARGO_HOME=/opt/rustwide/cargo-home" "-e" "RUSTUP_HOME=/opt/rustwide/rustup-home" "-w" "/opt/rustwide/workdir" "-m" "1610612736" "--user" "0:0" "--network" "none" "ghcr.io/rust-lang/crates-build-env/linux@sha256:2788e3201cd34a07e3172128adcd8b3090168a8e3bcc40d7c032b9dda1df7d1c" "/opt/rustwide/cargo-home/bin/cargo" "+1.75.0" "metadata" "--no-deps" "--format-version=1", kill_on_drop: false }`
[INFO] [stdout] 466890c93e441fa5c3c4c83998cf8f3a4a6a23852babac51daf095983e654dfa
[INFO] running `Command { std: "docker" "start" "-a" "466890c93e441fa5c3c4c83998cf8f3a4a6a23852babac51daf095983e654dfa", kill_on_drop: false }`
[INFO] running `Command { std: "docker" "inspect" "466890c93e441fa5c3c4c83998cf8f3a4a6a23852babac51daf095983e654dfa", kill_on_drop: false }`
[INFO] running `Command { std: "docker" "rm" "-f" "466890c93e441fa5c3c4c83998cf8f3a4a6a23852babac51daf095983e654dfa", kill_on_drop: false }`
[INFO] [stdout] 466890c93e441fa5c3c4c83998cf8f3a4a6a23852babac51daf095983e654dfa
[INFO] running `Command { std: "docker" "create" "-v" "/var/lib/crater-agent-workspace/builds/worker-6-tc1/target:/opt/rustwide/target:rw,Z" "-v" "/var/lib/crater-agent-workspace/builds/worker-6-tc1/source:/opt/rustwide/workdir:ro,Z" "-v" "/var/lib/crater-agent-workspace/cargo-home:/opt/rustwide/cargo-home:ro,Z" "-v" "/var/lib/crater-agent-workspace/rustup-home:/opt/rustwide/rustup-home:ro,Z" "-e" "SOURCE_DIR=/opt/rustwide/workdir" "-e" "CARGO_TARGET_DIR=/opt/rustwide/target" "-e" "CARGO_INCREMENTAL=0" "-e" "RUST_BACKTRACE=full" "-e" "RUSTFLAGS=--cap-lints=warn" "-e" "RUSTDOCFLAGS=--cap-lints=warn" "-e" "CARGO_HOME=/opt/rustwide/cargo-home" "-e" "RUSTUP_HOME=/opt/rustwide/rustup-home" "-w" "/opt/rustwide/workdir" "-m" "1610612736" "--user" "0:0" "--network" "none" "ghcr.io/rust-lang/crates-build-env/linux@sha256:2788e3201cd34a07e3172128adcd8b3090168a8e3bcc40d7c032b9dda1df7d1c" "/opt/rustwide/cargo-home/bin/cargo" "+1.75.0" "build" "--frozen" "--message-format=json", kill_on_drop: false }`
[INFO] [stdout] a95f6276c10274013fed9817a7caf90d1b33845aacaadb05ffc2ba4a2465b695
[INFO] running `Command { std: "docker" "start" "-a" "a95f6276c10274013fed9817a7caf90d1b33845aacaadb05ffc2ba4a2465b695", kill_on_drop: false }`
[INFO] [stderr]    Compiling thiserror v1.0.56
[INFO] [stderr]    Compiling ucd-trie v0.1.6
[INFO] [stderr]    Compiling unicode-segmentation v1.10.1
[INFO] [stderr]    Compiling either v1.9.0
[INFO] [stderr]    Compiling syn v2.0.48
[INFO] [stderr]    Compiling stfu8 v0.2.6
[INFO] [stderr]    Compiling voca_rs v1.15.2
[INFO] [stderr]    Compiling thiserror-impl v1.0.56
[INFO] [stderr]    Compiling serde_derive v1.0.194
[INFO] [stderr]    Compiling pest v2.7.6
[INFO] [stderr]    Compiling pest_meta v2.7.6
[INFO] [stderr]    Compiling serde v1.0.194
[INFO] [stderr]    Compiling pest_generator v2.7.6
[INFO] [stderr]    Compiling pest_derive v2.7.6
[INFO] [stderr]    Compiling scdlang v0.2.1
[INFO] [stderr]    Compiling serde_json v1.0.111
[INFO] [stderr]    Compiling scdlang_xstate v0.2.1 (/opt/rustwide/workdir)
[INFO] [stdout] warning: trait objects without an explicit `dyn` are deprecated
[INFO] [stdout]   --> src/machine/mod.rs:33:34
[INFO] [stdout]    |
[INFO] [stdout] 33 |     fn configure(&mut self) -> &mut Builder<'a> {
[INFO] [stdout]    |                                     ^^^^^^^^^^^
[INFO] [stdout]    |
[INFO] [stdout]    = warning: this is accepted in the current edition (Rust 2018) but is a hard error in Rust 2021!
[INFO] [stdout]    = note: for more information, see <https://doc.rust-lang.org/nightly/edition-guide/rust-2021/warnings-promoted-to-error.html>
[INFO] [stdout]    = note: `#[warn(bare_trait_objects)]` on by default
[INFO] [stdout] help: use `dyn`
[INFO] [stdout]    |
[INFO] [stdout] 33 |     fn configure(&mut self) -> &mut dyn Builder<'a> {
[INFO] [stdout]    |                                     +++
[INFO] [stdout] 
[INFO] [stdout] 
[INFO] [stdout] warning: 1 warning emitted
[INFO] [stdout] 
[INFO] [stdout] 
[INFO] [stderr]     Finished dev [unoptimized + debuginfo] target(s) in 9.81s
[INFO] running `Command { std: "docker" "inspect" "a95f6276c10274013fed9817a7caf90d1b33845aacaadb05ffc2ba4a2465b695", kill_on_drop: false }`
[INFO] running `Command { std: "docker" "rm" "-f" "a95f6276c10274013fed9817a7caf90d1b33845aacaadb05ffc2ba4a2465b695", kill_on_drop: false }`
[INFO] [stdout] a95f6276c10274013fed9817a7caf90d1b33845aacaadb05ffc2ba4a2465b695
[INFO] running `Command { std: "docker" "create" "-v" "/var/lib/crater-agent-workspace/builds/worker-6-tc1/target:/opt/rustwide/target:rw,Z" "-v" "/var/lib/crater-agent-workspace/builds/worker-6-tc1/source:/opt/rustwide/workdir:ro,Z" "-v" "/var/lib/crater-agent-workspace/cargo-home:/opt/rustwide/cargo-home:ro,Z" "-v" "/var/lib/crater-agent-workspace/rustup-home:/opt/rustwide/rustup-home:ro,Z" "-e" "SOURCE_DIR=/opt/rustwide/workdir" "-e" "CARGO_TARGET_DIR=/opt/rustwide/target" "-e" "CARGO_INCREMENTAL=0" "-e" "RUST_BACKTRACE=full" "-e" "RUSTFLAGS=--cap-lints=warn" "-e" "RUSTDOCFLAGS=--cap-lints=warn" "-e" "CARGO_HOME=/opt/rustwide/cargo-home" "-e" "RUSTUP_HOME=/opt/rustwide/rustup-home" "-w" "/opt/rustwide/workdir" "-m" "1610612736" "--user" "0:0" "--network" "none" "ghcr.io/rust-lang/crates-build-env/linux@sha256:2788e3201cd34a07e3172128adcd8b3090168a8e3bcc40d7c032b9dda1df7d1c" "/opt/rustwide/cargo-home/bin/cargo" "+1.75.0" "test" "--frozen" "--no-run" "--message-format=json", kill_on_drop: false }`
[INFO] [stdout] bc11d3e58da032eaf18d6c1e4189eef48b2440104988291859796ced35652d26
[INFO] running `Command { std: "docker" "start" "-a" "bc11d3e58da032eaf18d6c1e4189eef48b2440104988291859796ced35652d26", kill_on_drop: false }`
[INFO] [stderr]    Compiling syn v1.0.109
[INFO] [stderr]    Compiling proc-macro-error-attr v1.0.4
[INFO] [stderr]    Compiling proc-macro-error v1.0.4
[INFO] [stdout] warning: trait objects without an explicit `dyn` are deprecated
[INFO] [stdout]   --> src/machine/mod.rs:33:34
[INFO] [stdout]    |
[INFO] [stdout] 33 |     fn configure(&mut self) -> &mut Builder<'a> {
[INFO] [stdout]    |                                     ^^^^^^^^^^^
[INFO] [stdout]    |
[INFO] [stdout]    = warning: this is accepted in the current edition (Rust 2018) but is a hard error in Rust 2021!
[INFO] [stdout]    = note: for more information, see <https://doc.rust-lang.org/nightly/edition-guide/rust-2021/warnings-promoted-to-error.html>
[INFO] [stdout]    = note: `#[warn(bare_trait_objects)]` on by default
[INFO] [stdout] help: use `dyn`
[INFO] [stdout]    |
[INFO] [stdout] 33 |     fn configure(&mut self) -> &mut dyn Builder<'a> {
[INFO] [stdout]    |                                     +++
[INFO] [stdout] 
[INFO] [stdout] 
[INFO] [stdout] warning: 1 warning emitted
[INFO] [stdout] 
[INFO] [stdout] 
[INFO] [stderr]    Compiling extend v0.1.2
[INFO] [stderr]    Compiling assert-json-diff v1.1.0
[INFO] [stderr]    Compiling scdlang_xstate v0.2.1 (/opt/rustwide/workdir)
[INFO] [stdout] warning: trait objects without an explicit `dyn` are deprecated
[INFO] [stdout]   --> src/machine/mod.rs:33:34
[INFO] [stdout]    |
[INFO] [stdout] 33 |     fn configure(&mut self) -> &mut Builder<'a> {
[INFO] [stdout]    |                                     ^^^^^^^^^^^
[INFO] [stdout]    |
[INFO] [stdout]    = warning: this is accepted in the current edition (Rust 2018) but is a hard error in Rust 2021!
[INFO] [stdout]    = note: for more information, see <https://doc.rust-lang.org/nightly/edition-guide/rust-2021/warnings-promoted-to-error.html>
[INFO] [stdout]    = note: `#[warn(bare_trait_objects)]` on by default
[INFO] [stdout] help: use `dyn`
[INFO] [stdout]    |
[INFO] [stdout] 33 |     fn configure(&mut self) -> &mut dyn Builder<'a> {
[INFO] [stdout]    |                                     +++
[INFO] [stdout] 
[INFO] [stdout] 
[INFO] [stdout] warning: 1 warning emitted
[INFO] [stdout] 
[INFO] [stdout] 
[INFO] [stderr]     Finished test [unoptimized + debuginfo] target(s) in 7.59s
[INFO] running `Command { std: "docker" "inspect" "bc11d3e58da032eaf18d6c1e4189eef48b2440104988291859796ced35652d26", kill_on_drop: false }`
[INFO] running `Command { std: "docker" "rm" "-f" "bc11d3e58da032eaf18d6c1e4189eef48b2440104988291859796ced35652d26", kill_on_drop: false }`
[INFO] [stdout] bc11d3e58da032eaf18d6c1e4189eef48b2440104988291859796ced35652d26
[INFO] running `Command { std: "docker" "create" "-v" "/var/lib/crater-agent-workspace/builds/worker-6-tc1/target:/opt/rustwide/target:rw,Z" "-v" "/var/lib/crater-agent-workspace/builds/worker-6-tc1/source:/opt/rustwide/workdir:ro,Z" "-v" "/var/lib/crater-agent-workspace/cargo-home:/opt/rustwide/cargo-home:ro,Z" "-v" "/var/lib/crater-agent-workspace/rustup-home:/opt/rustwide/rustup-home:ro,Z" "-e" "SOURCE_DIR=/opt/rustwide/workdir" "-e" "CARGO_TARGET_DIR=/opt/rustwide/target" "-e" "CARGO_INCREMENTAL=0" "-e" "RUST_BACKTRACE=full" "-e" "RUSTFLAGS=--cap-lints=warn" "-e" "RUSTDOCFLAGS=--cap-lints=warn" "-e" "CARGO_HOME=/opt/rustwide/cargo-home" "-e" "RUSTUP_HOME=/opt/rustwide/rustup-home" "-w" "/opt/rustwide/workdir" "-m" "1610612736" "--user" "0:0" "--network" "none" "ghcr.io/rust-lang/crates-build-env/linux@sha256:2788e3201cd34a07e3172128adcd8b3090168a8e3bcc40d7c032b9dda1df7d1c" "/opt/rustwide/cargo-home/bin/cargo" "+1.75.0" "test" "--frozen", kill_on_drop: false }`
[INFO] [stdout] 3fedbf1c964cd89bc42d82277f5517069ab38c8998af3d5dca6de4f8ea52d186
[INFO] running `Command { std: "docker" "start" "-a" "3fedbf1c964cd89bc42d82277f5517069ab38c8998af3d5dca6de4f8ea52d186", kill_on_drop: false }`
[INFO] [stderr] warning: trait objects without an explicit `dyn` are deprecated
[INFO] [stderr]   --> src/machine/mod.rs:33:34
[INFO] [stderr]    |
[INFO] [stderr] 33 |     fn configure(&mut self) -> &mut Builder<'a> {
[INFO] [stderr]    |                                     ^^^^^^^^^^^
[INFO] [stderr]    |
[INFO] [stderr]    = warning: this is accepted in the current edition (Rust 2018) but is a hard error in Rust 2021!
[INFO] [stderr]    = note: for more information, see <https://doc.rust-lang.org/nightly/edition-guide/rust-2021/warnings-promoted-to-error.html>
[INFO] [stderr]    = note: `#[warn(bare_trait_objects)]` on by default
[INFO] [stderr] help: use `dyn`
[INFO] [stderr]    |
[INFO] [stderr] 33 |     fn configure(&mut self) -> &mut dyn Builder<'a> {
[INFO] [stderr]    |                                     +++
[INFO] [stderr] 
[INFO] [stderr] warning: `scdlang_xstate` (lib) generated 1 warning (run `cargo fix --lib -p scdlang_xstate` to apply 1 suggestion)
[INFO] [stderr] warning: `scdlang_xstate` (lib test) generated 1 warning (1 duplicate)
[INFO] [stderr]     Finished test [unoptimized + debuginfo] target(s) in 0.02s
[INFO] [stderr]      Running unittests src/lib.rs (/opt/rustwide/target/debug/deps/scdlang_xstate-93928b59fe09de0c)
[INFO] [stdout] 
[INFO] [stdout] running 4 tests
[INFO] [stdout] test machine::test::transient_transition ... ok
[INFO] [stdout] test machine::test::no_clear_cache ... ok
[INFO] [stdout] test machine::test::clear_cache ... ok
[INFO] [stdout] test machine::test::eventful_transition ... ok
[INFO] [stdout] 
[INFO] [stdout] test result: ok. 4 passed; 0 failed; 0 ignored; 0 measured; 0 filtered out; finished in 0.00s
[INFO] [stdout] 
[INFO] [stderr]    Doc-tests scdlang_xstate
[INFO] [stdout] 
[INFO] [stdout] running 1 test
[INFO] [stdout] test src/machine/mod.rs - machine::Machine (line 15) - compile ... FAILED
[INFO] [stdout] 
[INFO] [stdout] failures:
[INFO] [stdout] 
[INFO] [stdout] ---- src/machine/mod.rs - machine::Machine (line 15) stdout ----
[INFO] [stdout] error[E0433]: failed to resolve: use of undeclared type `Machine`
[INFO] [stdout]  --> src/machine/mod.rs:16:14
[INFO] [stdout]   |
[INFO] [stdout] 3 | let xstate = Machine::new();
[INFO] [stdout]   |              ^^^^^^^ use of undeclared type `Machine`
[INFO] [stdout]   |
[INFO] [stdout] help: consider importing this struct
[INFO] [stdout]   |
[INFO] [stdout] 2 + use scdlang_xstate::Machine;
[INFO] [stdout]   |
[INFO] [stdout] 
[INFO] [stdout] error[E0425]: cannot find value `parser` in this scope
[INFO] [stdout]  --> src/machine/mod.rs:19:1
[INFO] [stdout]   |
[INFO] [stdout] 6 | parser.parse("A -> B")?;
[INFO] [stdout]   | ^^^^^^ not found in this scope
[INFO] [stdout] 
[INFO] [stdout] error[E0425]: cannot find value `parser` in this scope
[INFO] [stdout]  --> src/machine/mod.rs:21:16
[INFO] [stdout]   |
[INFO] [stdout] 8 | println!("{}", parser.to_string());
[INFO] [stdout]   |                ^^^^^^ not found in this scope
[INFO] [stdout] 
[INFO] [stdout] error: aborting due to 3 previous errors
[INFO] [stdout] 
[INFO] [stdout] Some errors have detailed explanations: E0425, E0433.
[INFO] [stdout] For more information about an error, try `rustc --explain E0425`.
[INFO] [stdout] Couldn't compile the test.
[INFO] [stdout] 
[INFO] [stdout] failures:
[INFO] [stdout]     src/machine/mod.rs - machine::Machine (line 15)
[INFO] [stdout] 
[INFO] [stdout] test result: FAILED. 0 passed; 1 failed; 0 ignored; 0 measured; 0 filtered out; finished in 0.05s
[INFO] [stdout] 
[INFO] [stderr] error: doctest failed, to rerun pass `--doc`
[INFO] running `Command { std: "docker" "inspect" "3fedbf1c964cd89bc42d82277f5517069ab38c8998af3d5dca6de4f8ea52d186", kill_on_drop: false }`
[INFO] running `Command { std: "docker" "rm" "-f" "3fedbf1c964cd89bc42d82277f5517069ab38c8998af3d5dca6de4f8ea52d186", kill_on_drop: false }`
[INFO] [stdout] 3fedbf1c964cd89bc42d82277f5517069ab38c8998af3d5dca6de4f8ea52d186
