[INFO] fetching crate scafalra 0.6.0...
[INFO] testing scafalra-0.6.0 against 1.75.0 for beta-1.76-1
[INFO] extracting crate scafalra 0.6.0 into /workspace/builds/worker-3-tc1/source
[INFO] validating manifest of crates.io crate scafalra 0.6.0 on toolchain 1.75.0
[INFO] running `Command { std: CARGO_HOME="/workspace/cargo-home" RUSTUP_HOME="/workspace/rustup-home" "/workspace/cargo-home/bin/cargo" "+1.75.0" "metadata" "--manifest-path" "Cargo.toml" "--no-deps", kill_on_drop: false }`
[INFO] removed /workspace/builds/worker-3-tc1/source/.cargo/config.toml
[INFO] removed /workspace/builds/worker-3-tc1/source/rust-toolchain.toml
[INFO] started tweaking crates.io crate scafalra 0.6.0
[INFO] finished tweaking crates.io crate scafalra 0.6.0
[INFO] tweaked toml for crates.io crate scafalra 0.6.0 written to /workspace/builds/worker-3-tc1/source/Cargo.toml
[INFO] crate crates.io crate scafalra 0.6.0 already has a lockfile, it will not be regenerated
[INFO] running `Command { std: CARGO_HOME="/workspace/cargo-home" RUSTUP_HOME="/workspace/rustup-home" "/workspace/cargo-home/bin/cargo" "+1.75.0" "fetch" "--manifest-path" "Cargo.toml", kill_on_drop: false }`
[INFO] [stderr]     Blocking waiting for file lock on package cache
[INFO] [stderr]     Updating crates.io index
[INFO] [stderr]     Blocking waiting for file lock on package cache
[INFO] [stderr]  Downloading crates ...
[INFO] [stderr]   Downloaded mockito v1.0.2
[INFO] [stderr]   Downloaded cvt v0.1.2
[INFO] [stderr]   Downloaded proc-macro2 v1.0.53
[INFO] [stderr]   Downloaded remove_dir_all v0.8.2
[INFO] [stderr]   Downloaded normpath v1.1.0
[INFO] [stderr]   Downloaded clap_derive v4.1.12
[INFO] [stderr]   Downloaded fs_at v0.1.4
[INFO] [stderr]   Downloaded clap_lex v0.3.3
[INFO] [stderr]   Downloaded toml v0.7.3
[INFO] [stderr]   Downloaded clap v4.1.13
[INFO] [stderr]   Downloaded rustix v0.37.5
[INFO] [stderr]   Downloaded syn v2.0.10
[INFO] [stderr]   Downloaded h2 v0.3.17
[INFO] [stderr]   Downloaded papergrid v0.8.2
[INFO] [stderr]   Downloaded term_grid v0.2.0
[INFO] [stderr]   Downloaded tabled v0.11.1
[INFO] running `Command { std: "docker" "create" "-v" "/var/lib/crater-agent-workspace/builds/worker-3-tc1/target:/opt/rustwide/target:rw,Z" "-v" "/var/lib/crater-agent-workspace/builds/worker-3-tc1/source:/opt/rustwide/workdir:ro,Z" "-v" "/var/lib/crater-agent-workspace/cargo-home:/opt/rustwide/cargo-home:ro,Z" "-v" "/var/lib/crater-agent-workspace/rustup-home:/opt/rustwide/rustup-home:ro,Z" "-e" "SOURCE_DIR=/opt/rustwide/workdir" "-e" "CARGO_TARGET_DIR=/opt/rustwide/target" "-e" "CARGO_HOME=/opt/rustwide/cargo-home" "-e" "RUSTUP_HOME=/opt/rustwide/rustup-home" "-w" "/opt/rustwide/workdir" "-m" "1610612736" "--user" "0:0" "--network" "none" "ghcr.io/rust-lang/crates-build-env/linux@sha256:2788e3201cd34a07e3172128adcd8b3090168a8e3bcc40d7c032b9dda1df7d1c" "/opt/rustwide/cargo-home/bin/cargo" "+1.75.0" "metadata" "--no-deps" "--format-version=1", kill_on_drop: false }`
[INFO] [stdout] 23c60925d10cec12036c1e77bd776fda223cba16b06f71e7ebe366c057ac5e1b
[INFO] running `Command { std: "docker" "start" "-a" "23c60925d10cec12036c1e77bd776fda223cba16b06f71e7ebe366c057ac5e1b", kill_on_drop: false }`
[INFO] running `Command { std: "docker" "inspect" "23c60925d10cec12036c1e77bd776fda223cba16b06f71e7ebe366c057ac5e1b", kill_on_drop: false }`
[INFO] running `Command { std: "docker" "rm" "-f" "23c60925d10cec12036c1e77bd776fda223cba16b06f71e7ebe366c057ac5e1b", kill_on_drop: false }`
[INFO] [stdout] 23c60925d10cec12036c1e77bd776fda223cba16b06f71e7ebe366c057ac5e1b
[INFO] running `Command { std: "docker" "create" "-v" "/var/lib/crater-agent-workspace/builds/worker-3-tc1/target:/opt/rustwide/target:rw,Z" "-v" "/var/lib/crater-agent-workspace/builds/worker-3-tc1/source:/opt/rustwide/workdir:ro,Z" "-v" "/var/lib/crater-agent-workspace/cargo-home:/opt/rustwide/cargo-home:ro,Z" "-v" "/var/lib/crater-agent-workspace/rustup-home:/opt/rustwide/rustup-home:ro,Z" "-e" "SOURCE_DIR=/opt/rustwide/workdir" "-e" "CARGO_TARGET_DIR=/opt/rustwide/target" "-e" "CARGO_INCREMENTAL=0" "-e" "RUST_BACKTRACE=full" "-e" "RUSTFLAGS=--cap-lints=warn" "-e" "RUSTDOCFLAGS=--cap-lints=warn" "-e" "CARGO_HOME=/opt/rustwide/cargo-home" "-e" "RUSTUP_HOME=/opt/rustwide/rustup-home" "-w" "/opt/rustwide/workdir" "-m" "1610612736" "--user" "0:0" "--network" "none" "ghcr.io/rust-lang/crates-build-env/linux@sha256:2788e3201cd34a07e3172128adcd8b3090168a8e3bcc40d7c032b9dda1df7d1c" "/opt/rustwide/cargo-home/bin/cargo" "+1.75.0" "build" "--frozen" "--message-format=json", kill_on_drop: false }`
[INFO] [stdout] 55f22169c24435faff8b2c25bd5e9b70c29d30206c0bcf10b4f294bf39f4a256
[INFO] running `Command { std: "docker" "start" "-a" "55f22169c24435faff8b2c25bd5e9b70c29d30206c0bcf10b4f294bf39f4a256", kill_on_drop: false }`
[INFO] [stderr]    Compiling proc-macro2 v1.0.53
[INFO] [stderr]    Compiling libc v0.2.140
[INFO] [stderr]    Compiling unicode-ident v1.0.8
[INFO] [stderr]    Compiling quote v1.0.26
[INFO] [stderr]    Compiling serde_derive v1.0.158
[INFO] [stderr]    Compiling cc v1.0.79
[INFO] [stderr]    Compiling memchr v2.5.0
[INFO] [stderr]    Compiling serde v1.0.158
[INFO] [stderr]    Compiling once_cell v1.17.1
[INFO] [stderr]    Compiling untrusted v0.7.1
[INFO] [stderr]    Compiling spin v0.5.2
[INFO] [stderr]    Compiling io-lifetimes v1.0.9
[INFO] [stderr]    Compiling minimal-lexical v0.2.1
[INFO] [stderr]    Compiling syn v1.0.109
[INFO] [stderr]    Compiling arrayvec v0.5.2
[INFO] [stderr]    Compiling utf8parse v0.2.1
[INFO] [stderr]    Compiling indexmap v1.9.3
[INFO] [stderr]    Compiling num-traits v0.2.15
[INFO] [stderr]    Compiling rustix v0.37.5
[INFO] [stderr]    Compiling log v0.4.17
[INFO] [stderr]    Compiling heck v0.4.1
[INFO] [stderr]    Compiling unicode-normalization v0.1.22
[INFO] [stderr]    Compiling num-integer v0.1.45
[INFO] [stderr]    Compiling serde_json v1.0.94
[INFO] [stderr]    Compiling linux-raw-sys v0.3.1
[INFO] [stderr]    Compiling unicode-width v0.1.10
[INFO] [stderr]    Compiling unicode-bidi v0.3.13
[INFO] [stderr]    Compiling hashbrown v0.12.3
[INFO] [stderr]    Compiling static_assertions v1.1.0
[INFO] [stderr]    Compiling rustls v0.20.8
[INFO] [stderr]    Compiling percent-encoding v2.2.0
[INFO] [stderr]    Compiling miniz_oxide v0.6.2
[INFO] [stderr]    Compiling form_urlencoded v1.1.0
[INFO] [stderr]    Compiling cvt v0.1.2
[INFO] [stderr]    Compiling ryu v1.0.13
[INFO] [stderr]    Compiling is_ci v1.1.1
[INFO] [stderr]    Compiling itoa v1.0.6
[INFO] [stderr]    Compiling os_str_bytes v6.5.0
[INFO] [stderr]    Compiling bytecount v0.6.3
[INFO] [stderr]    Compiling winnow v0.4.1
[INFO] [stderr]    Compiling nom v7.1.3
[INFO] [stderr]    Compiling idna v0.3.0
[INFO] [stderr]    Compiling anyhow v1.0.70
[INFO] [stderr]    Compiling fnv v1.0.7
[INFO] [stderr]    Compiling syn v2.0.10
[INFO] [stderr]    Compiling flate2 v1.0.25
[INFO] [stderr]    Compiling clap_lex v0.3.3
[INFO] [stderr]    Compiling vte_generate_state_changes v0.1.1
[INFO] [stderr]    Compiling proc-macro-error-attr v1.0.4
[INFO] [stderr]    Compiling url v2.3.1
[INFO] [stderr]    Compiling ring v0.16.20
[INFO] [stderr]    Compiling aho-corasick v0.7.20
[INFO] [stderr]    Compiling iana-time-zone v0.1.56
[INFO] [stderr]    Compiling termcolor v1.2.0
[INFO] [stderr]    Compiling regex-syntax v0.6.29
[INFO] [stderr]    Compiling normpath v1.1.0
[INFO] [stderr]    Compiling vte v0.10.1
[INFO] [stderr]    Compiling nix v0.26.2
[INFO] [stderr]    Compiling atty v0.2.14
[INFO] [stderr]    Compiling supports-color v1.3.1
[INFO] [stderr]    Compiling xattr v0.2.3
[INFO] [stderr]    Compiling filetime v0.2.21
[INFO] [stderr]    Compiling time v0.1.45
[INFO] [stderr]    Compiling owo-colors v3.5.0
[INFO] [stderr]    Compiling term_grid v0.2.0
[INFO] [stderr]    Compiling tar v0.4.38
[INFO] [stderr]    Compiling home v0.5.4
[INFO] [stderr]    Compiling chrono v0.4.24
[INFO] [stderr]    Compiling fs_extra v1.3.0
[INFO] [stderr]    Compiling proc-macro-error v1.0.4
[INFO] [stderr]    Compiling fs_at v0.1.4
[INFO] [stderr]    Compiling ansitok v0.2.0
[INFO] [stderr]    Compiling remove_dir_all v0.8.2
[INFO] [stderr]    Compiling is-terminal v0.4.7
[INFO] [stderr]    Compiling ansi-str v0.7.2
[INFO] [stderr]    Compiling tabled_derive v0.6.0
[INFO] [stderr]    Compiling regex v1.7.3
[INFO] [stderr]    Compiling papergrid v0.8.2
[INFO] [stderr]    Compiling clap_derive v4.1.12
[INFO] [stderr]    Compiling tabled v0.11.1
[INFO] [stderr]    Compiling webpki v0.22.0
[INFO] [stderr]    Compiling sct v0.7.0
[INFO] [stderr]    Compiling webpki-roots v0.22.6
[INFO] [stderr]    Compiling clap v4.1.13
[INFO] [stderr]    Compiling serde_spanned v0.6.1
[INFO] [stderr]    Compiling toml_datetime v0.6.1
[INFO] [stderr]    Compiling toml_edit v0.19.8
[INFO] [stderr]    Compiling ureq v2.6.2
[INFO] [stderr]    Compiling toml v0.7.3
[INFO] [stderr]    Compiling scafalra v0.6.0 (/opt/rustwide/workdir)
[INFO] [stderr]     Finished dev [unoptimized + debuginfo] target(s) in 13.30s
[INFO] running `Command { std: "docker" "inspect" "55f22169c24435faff8b2c25bd5e9b70c29d30206c0bcf10b4f294bf39f4a256", kill_on_drop: false }`
[INFO] running `Command { std: "docker" "rm" "-f" "55f22169c24435faff8b2c25bd5e9b70c29d30206c0bcf10b4f294bf39f4a256", kill_on_drop: false }`
[INFO] [stdout] 55f22169c24435faff8b2c25bd5e9b70c29d30206c0bcf10b4f294bf39f4a256
[INFO] running `Command { std: "docker" "create" "-v" "/var/lib/crater-agent-workspace/builds/worker-3-tc1/target:/opt/rustwide/target:rw,Z" "-v" "/var/lib/crater-agent-workspace/builds/worker-3-tc1/source:/opt/rustwide/workdir:ro,Z" "-v" "/var/lib/crater-agent-workspace/cargo-home:/opt/rustwide/cargo-home:ro,Z" "-v" "/var/lib/crater-agent-workspace/rustup-home:/opt/rustwide/rustup-home:ro,Z" "-e" "SOURCE_DIR=/opt/rustwide/workdir" "-e" "CARGO_TARGET_DIR=/opt/rustwide/target" "-e" "CARGO_INCREMENTAL=0" "-e" "RUST_BACKTRACE=full" "-e" "RUSTFLAGS=--cap-lints=warn" "-e" "RUSTDOCFLAGS=--cap-lints=warn" "-e" "CARGO_HOME=/opt/rustwide/cargo-home" "-e" "RUSTUP_HOME=/opt/rustwide/rustup-home" "-w" "/opt/rustwide/workdir" "-m" "1610612736" "--user" "0:0" "--network" "none" "ghcr.io/rust-lang/crates-build-env/linux@sha256:2788e3201cd34a07e3172128adcd8b3090168a8e3bcc40d7c032b9dda1df7d1c" "/opt/rustwide/cargo-home/bin/cargo" "+1.75.0" "test" "--frozen" "--no-run" "--message-format=json", kill_on_drop: false }`
[INFO] [stdout] 5109adc17c6561f1deac6717d2220c487539cb9877f9fa168cd7507045c30794
[INFO] running `Command { std: "docker" "start" "-a" "5109adc17c6561f1deac6717d2220c487539cb9877f9fa168cd7507045c30794", kill_on_drop: false }`
[INFO] [stderr]    Compiling futures-core v0.3.28
[INFO] [stderr]    Compiling pin-project-lite v0.2.9
[INFO] [stderr]    Compiling lock_api v0.4.9
[INFO] [stderr]    Compiling slab v0.4.8
[INFO] [stderr]    Compiling futures-task v0.3.28
[INFO] [stderr]    Compiling futures-sink v0.3.28
[INFO] [stderr]    Compiling parking_lot_core v0.9.7
[INFO] [stderr]    Compiling futures-channel v0.3.28
[INFO] [stderr]    Compiling smallvec v1.10.0
[INFO] [stderr]    Compiling futures-util v0.3.28
[INFO] [stderr]    Compiling bytes v1.4.0
[INFO] [stderr]    Compiling tokio v1.27.0
[INFO] [stderr]    Compiling pin-utils v0.1.0
[INFO] [stderr]    Compiling futures-macro v0.3.28
[INFO] [stderr]    Compiling futures-io v0.3.28
[INFO] [stderr]    Compiling tokio-macros v2.0.0
[INFO] [stderr]    Compiling mio v0.8.6
[INFO] [stderr]    Compiling socket2 v0.4.9
[INFO] [stderr]    Compiling num_cpus v1.15.0
[INFO] [stderr]    Compiling signal-hook-registry v1.4.1
[INFO] [stderr]    Compiling tracing-core v0.1.30
[INFO] [stderr]    Compiling rustix v0.37.5
[INFO] [stderr]    Compiling getrandom v0.2.9
[INFO] [stderr]    Compiling httparse v1.8.0
[INFO] [stderr]    Compiling try-lock v0.2.4
[INFO] [stderr]    Compiling http v0.2.9
[INFO] [stderr]    Compiling parking_lot v0.12.1
[INFO] [stderr]    Compiling rand_core v0.6.4
[INFO] [stderr]    Compiling want v0.3.0
[INFO] [stderr]    Compiling tower-service v0.3.2
[INFO] [stderr]    Compiling tracing v0.1.37
[INFO] [stderr]    Compiling httpdate v1.0.2
[INFO] [stderr]    Compiling colored v2.0.0
[INFO] [stderr]    Compiling assert-json-diff v2.0.2
[INFO] [stderr]    Compiling rand_chacha v0.3.1
[INFO] [stderr]    Compiling serde_urlencoded v0.7.1
[INFO] [stderr]    Compiling similar v2.2.1
[INFO] [stderr]    Compiling fastrand v1.9.0
[INFO] [stderr]    Compiling yansi v0.5.1
[INFO] [stderr]    Compiling diff v0.1.13
[INFO] [stderr]    Compiling rand v0.8.5
[INFO] [stderr]    Compiling pretty_assertions v1.3.0
[INFO] [stderr]    Compiling http-body v0.4.5
[INFO] [stderr]    Compiling is-terminal v0.4.7
[INFO] [stderr]    Compiling tempfile v3.5.0
[INFO] [stderr]    Compiling clap v4.1.13
[INFO] [stderr]    Compiling futures-executor v0.3.28
[INFO] [stderr]    Compiling futures v0.3.28
[INFO] [stderr]    Compiling tokio-util v0.7.7
[INFO] [stderr]    Compiling h2 v0.3.17
[INFO] [stderr]    Compiling hyper v0.14.26
[INFO] [stderr]    Compiling mockito v1.0.2
[INFO] [stderr]    Compiling scafalra v0.6.0 (/opt/rustwide/workdir)
[INFO] [stderr]     Finished test [unoptimized + debuginfo] target(s) in 14.54s
[INFO] running `Command { std: "docker" "inspect" "5109adc17c6561f1deac6717d2220c487539cb9877f9fa168cd7507045c30794", kill_on_drop: false }`
[INFO] running `Command { std: "docker" "rm" "-f" "5109adc17c6561f1deac6717d2220c487539cb9877f9fa168cd7507045c30794", kill_on_drop: false }`
[INFO] [stdout] 5109adc17c6561f1deac6717d2220c487539cb9877f9fa168cd7507045c30794
[INFO] running `Command { std: "docker" "create" "-v" "/var/lib/crater-agent-workspace/builds/worker-3-tc1/target:/opt/rustwide/target:rw,Z" "-v" "/var/lib/crater-agent-workspace/builds/worker-3-tc1/source:/opt/rustwide/workdir:ro,Z" "-v" "/var/lib/crater-agent-workspace/cargo-home:/opt/rustwide/cargo-home:ro,Z" "-v" "/var/lib/crater-agent-workspace/rustup-home:/opt/rustwide/rustup-home:ro,Z" "-e" "SOURCE_DIR=/opt/rustwide/workdir" "-e" "CARGO_TARGET_DIR=/opt/rustwide/target" "-e" "CARGO_INCREMENTAL=0" "-e" "RUST_BACKTRACE=full" "-e" "RUSTFLAGS=--cap-lints=warn" "-e" "RUSTDOCFLAGS=--cap-lints=warn" "-e" "CARGO_HOME=/opt/rustwide/cargo-home" "-e" "RUSTUP_HOME=/opt/rustwide/rustup-home" "-w" "/opt/rustwide/workdir" "-m" "1610612736" "--user" "0:0" "--network" "none" "ghcr.io/rust-lang/crates-build-env/linux@sha256:2788e3201cd34a07e3172128adcd8b3090168a8e3bcc40d7c032b9dda1df7d1c" "/opt/rustwide/cargo-home/bin/cargo" "+1.75.0" "test" "--frozen", kill_on_drop: false }`
[INFO] [stdout] 13f073b8ba35d348afc3889fc2614c04c756755ef390a9ea717afb121b7e4253
[INFO] running `Command { std: "docker" "start" "-a" "13f073b8ba35d348afc3889fc2614c04c756755ef390a9ea717afb121b7e4253", kill_on_drop: false }`
[INFO] [stderr]     Finished test [unoptimized + debuginfo] target(s) in 0.12s
[INFO] [stderr]      Running unittests src/main.rs (/opt/rustwide/target/debug/deps/scafalra-ab7eb670fe0103b7)
[INFO] [stdout] 
[INFO] [stdout] running 53 tests
[INFO] [stdout] test config::tests::config_content_new_file_not_exist ... ok
[INFO] [stdout] test config::tests::config_content_new_file_exists_no_content ... ok
[INFO] [stdout] test config::tests::config_new_no_content ... ok
[INFO] [stdout] test github_api::tests::github_api_request_no_token ... ok
[INFO] [stdout] test config::tests::config_content_new_file_exists_with_content ... ok
[INFO] [stdout] test cli::tests::verify_cli ... ok
[INFO] [stdout] test github_api::tests::variable_query_branch ... ok
[INFO] [stdout] test github_api::tests::variable_basic ... ok
[INFO] [stdout] test github_api::tests::variable_query_commit ... ok
[INFO] [stdout] test config::tests::config_save_ok ... ok
[INFO] [stdout] test config::tests::config_new_with_content ... ok
[INFO] [stdout] test config::tests::config_content_save ... ok
[INFO] [stdout] test github_api::tests::variable_query_tag ... ok
[INFO] [stdout] test scafalra::tests::scafalra_add_specified_name ... FAILED
[INFO] [stdout] test scafalra::tests::scafalra_add_depth_1 ... FAILED
[INFO] [stdout] test scafalra::tests::scafalra_add_basic ... FAILED
[INFO] [stdout] test repository::tests::repo_cache_ok ... FAILED
[INFO] [stdout] test repository::tests::repo_re_query_tag ... ok
[INFO] [stdout] test repository::tests::repo_re_basic ... ok
[INFO] [stdout] test repository::tests::repo_new_err ... ok
[INFO] [stdout] test scafalra::tests::scafalra_create_not_found ... ok
[INFO] [stdout] test scafalra::tests::scafalra_new ... ok
[INFO] [stdout] test repository::tests::repo_re_query_empty ... ok
[INFO] [stdout] test repository::tests::repo_re_all ... ok
[INFO] [stdout] test repository::tests::repo_re_none_match ... ok
[INFO] [stdout] test scafalra::tests::scafalra_add_subdir ... FAILED
[INFO] [stdout] test repository::tests::repo_re_query_branch ... ok
[INFO] [stdout] test repository::tests::repo_re_subdir ... ok
[INFO] [stdout] test repository::tests::repo_new_basic ... ok
[INFO] [stdout] test repository::tests::repo_new_with_all ... ok
[INFO] [stdout] test scafalra::tests::scafalra_add_subdir_and_depth_1 ... FAILED
[INFO] [stdout] test repository::tests::repo_re_query_commit ... ok
[INFO] [stdout] test store::tests::print_grid_equal_six_scaffolds ... ok
[INFO] [stdout] test store::tests::print_grid_more_than_six_scaffolds ... ok
[INFO] [stdout] test store::tests::scaffold_map_into_store_content ... ok
[INFO] [stdout] test store::tests::print_grid_less_than_six_scaffolds ... ok
[INFO] [stdout] test store::tests::store_add ... ok
[INFO] [stdout] test store::tests::store_content_new_file_not_exist ... ok
[INFO] [stdout] test store::tests::store_new ... ok
[INFO] [stdout] test scafalra::tests::scafalra_create_basic ... ok
[INFO] [stdout] test store::tests::store_content_new_file_exists_no_content ... ok
[INFO] [stdout] test store::tests::print_table ... ok
[INFO] [stdout] test store::tests::store_add_same ... ok
[INFO] [stdout] test utils::tests::no_color_in_test ... ok
[INFO] [stdout] test store::tests::scaffold_map_from_store_content ... ok
[INFO] [stdout] test store::tests::store_rename_exists_or_not_found ... ok
[INFO] [stdout] test store::tests::store_content_new_file_exists_with_content ... ok
[INFO] [stdout] test store::tests::store_remove_ok ... ok
[INFO] [stdout] test store::tests::store_rename_ok ... ok
[INFO] [stdout] test store::tests::store_remove_not_found ... ok
[INFO] [stdout] test store::tests::store_save ... ok
[INFO] [stdout] test store::tests::store_content_save ... ok
[INFO] [stdout] test github_api::tests::github_api_request_ok ... ok
[INFO] [stdout] 
[INFO] [stdout] failures:
[INFO] [stdout] 
[INFO] [stdout] ---- scafalra::tests::scafalra_add_specified_name stdout ----
[INFO] [stdout] Error: No such file or directory (os error 2)
[INFO] [stdout] 
[INFO] [stdout] ---- scafalra::tests::scafalra_add_depth_1 stdout ----
[INFO] [stdout] Error: No such file or directory (os error 2)
[INFO] [stdout] 
[INFO] [stdout] ---- scafalra::tests::scafalra_add_basic stdout ----
[INFO] [stdout] Error: No such file or directory (os error 2)
[INFO] [stdout] 
[INFO] [stdout] ---- repository::tests::repo_cache_ok stdout ----
[INFO] [stdout] Error: No such file or directory (os error 2)
[INFO] [stdout] 
[INFO] [stdout] ---- scafalra::tests::scafalra_add_subdir stdout ----
[INFO] [stdout] Error: No such file or directory (os error 2)
[INFO] [stdout] 
[INFO] [stdout] ---- scafalra::tests::scafalra_add_subdir_and_depth_1 stdout ----
[INFO] [stdout] Error: No such file or directory (os error 2)
[INFO] [stdout] 
[INFO] [stdout] 
[INFO] [stdout] failures:
[INFO] [stdout]     repository::tests::repo_cache_ok
[INFO] [stdout]     scafalra::tests::scafalra_add_basic
[INFO] [stdout]     scafalra::tests::scafalra_add_depth_1
[INFO] [stdout]     scafalra::tests::scafalra_add_specified_name
[INFO] [stdout]     scafalra::tests::scafalra_add_subdir
[INFO] [stdout]     scafalra::tests::scafalra_add_subdir_and_depth_1
[INFO] [stdout] 
[INFO] [stdout] test result: FAILED. 47 passed; 6 failed; 0 ignored; 0 measured; 0 filtered out; finished in 0.01s
[INFO] [stdout] 
[INFO] [stderr] error: test failed, to rerun pass `--bin scafalra`
[INFO] running `Command { std: "docker" "inspect" "13f073b8ba35d348afc3889fc2614c04c756755ef390a9ea717afb121b7e4253", kill_on_drop: false }`
[INFO] running `Command { std: "docker" "rm" "-f" "13f073b8ba35d348afc3889fc2614c04c756755ef390a9ea717afb121b7e4253", kill_on_drop: false }`
[INFO] [stdout] 13f073b8ba35d348afc3889fc2614c04c756755ef390a9ea717afb121b7e4253
[INFO] testing scafalra-0.6.0 against beta-2023-12-22 for beta-1.76-1
[INFO] extracting crate scafalra 0.6.0 into /workspace/builds/worker-3-tc2/source
[INFO] validating manifest of crates.io crate scafalra 0.6.0 on toolchain beta-2023-12-22
[INFO] running `Command { std: CARGO_HOME="/workspace/cargo-home" RUSTUP_HOME="/workspace/rustup-home" "/workspace/cargo-home/bin/cargo" "+beta-2023-12-22" "metadata" "--manifest-path" "Cargo.toml" "--no-deps", kill_on_drop: false }`
[INFO] removed /workspace/builds/worker-3-tc2/source/.cargo/config.toml
[INFO] removed /workspace/builds/worker-3-tc2/source/rust-toolchain.toml
[INFO] started tweaking crates.io crate scafalra 0.6.0
[INFO] finished tweaking crates.io crate scafalra 0.6.0
[INFO] tweaked toml for crates.io crate scafalra 0.6.0 written to /workspace/builds/worker-3-tc2/source/Cargo.toml
[INFO] crate crates.io crate scafalra 0.6.0 already has a lockfile, it will not be regenerated
[INFO] running `Command { std: CARGO_HOME="/workspace/cargo-home" RUSTUP_HOME="/workspace/rustup-home" "/workspace/cargo-home/bin/cargo" "+beta-2023-12-22" "fetch" "--manifest-path" "Cargo.toml", kill_on_drop: false }`
[INFO] running `Command { std: "docker" "create" "-v" "/var/lib/crater-agent-workspace/builds/worker-3-tc2/target:/opt/rustwide/target:rw,Z" "-v" "/var/lib/crater-agent-workspace/builds/worker-3-tc2/source:/opt/rustwide/workdir:ro,Z" "-v" "/var/lib/crater-agent-workspace/cargo-home:/opt/rustwide/cargo-home:ro,Z" "-v" "/var/lib/crater-agent-workspace/rustup-home:/opt/rustwide/rustup-home:ro,Z" "-e" "SOURCE_DIR=/opt/rustwide/workdir" "-e" "CARGO_TARGET_DIR=/opt/rustwide/target" "-e" "CARGO_HOME=/opt/rustwide/cargo-home" "-e" "RUSTUP_HOME=/opt/rustwide/rustup-home" "-w" "/opt/rustwide/workdir" "-m" "1610612736" "--user" "0:0" "--network" "none" "ghcr.io/rust-lang/crates-build-env/linux@sha256:2788e3201cd34a07e3172128adcd8b3090168a8e3bcc40d7c032b9dda1df7d1c" "/opt/rustwide/cargo-home/bin/cargo" "+beta-2023-12-22" "metadata" "--no-deps" "--format-version=1", kill_on_drop: false }`
[INFO] [stdout] 532e4ef12ec9e9433c317c5c6c066f23dbe5f2336819bfb99e762301f1d9dc8d
[INFO] running `Command { std: "docker" "start" "-a" "532e4ef12ec9e9433c317c5c6c066f23dbe5f2336819bfb99e762301f1d9dc8d", kill_on_drop: false }`
[INFO] running `Command { std: "docker" "inspect" "532e4ef12ec9e9433c317c5c6c066f23dbe5f2336819bfb99e762301f1d9dc8d", kill_on_drop: false }`
[INFO] running `Command { std: "docker" "rm" "-f" "532e4ef12ec9e9433c317c5c6c066f23dbe5f2336819bfb99e762301f1d9dc8d", kill_on_drop: false }`
[INFO] [stdout] 532e4ef12ec9e9433c317c5c6c066f23dbe5f2336819bfb99e762301f1d9dc8d
[INFO] running `Command { std: "docker" "create" "-v" "/var/lib/crater-agent-workspace/builds/worker-3-tc2/target:/opt/rustwide/target:rw,Z" "-v" "/var/lib/crater-agent-workspace/builds/worker-3-tc2/source:/opt/rustwide/workdir:ro,Z" "-v" "/var/lib/crater-agent-workspace/cargo-home:/opt/rustwide/cargo-home:ro,Z" "-v" "/var/lib/crater-agent-workspace/rustup-home:/opt/rustwide/rustup-home:ro,Z" "-e" "SOURCE_DIR=/opt/rustwide/workdir" "-e" "CARGO_TARGET_DIR=/opt/rustwide/target" "-e" "CARGO_INCREMENTAL=0" "-e" "RUST_BACKTRACE=full" "-e" "RUSTFLAGS=--cap-lints=warn" "-e" "RUSTDOCFLAGS=--cap-lints=warn" "-e" "CARGO_HOME=/opt/rustwide/cargo-home" "-e" "RUSTUP_HOME=/opt/rustwide/rustup-home" "-w" "/opt/rustwide/workdir" "-m" "1610612736" "--user" "0:0" "--network" "none" "ghcr.io/rust-lang/crates-build-env/linux@sha256:2788e3201cd34a07e3172128adcd8b3090168a8e3bcc40d7c032b9dda1df7d1c" "/opt/rustwide/cargo-home/bin/cargo" "+beta-2023-12-22" "build" "--frozen" "--message-format=json", kill_on_drop: false }`
[INFO] [stdout] c8ea39608ff85da884a9fe913493d3c40f2a66a8d7511ec29ee6a82dd1a0b734
[INFO] running `Command { std: "docker" "start" "-a" "c8ea39608ff85da884a9fe913493d3c40f2a66a8d7511ec29ee6a82dd1a0b734", kill_on_drop: false }`
[INFO] [stderr]    Compiling proc-macro2 v1.0.53
[INFO] [stderr]    Compiling unicode-ident v1.0.8
[INFO] [stderr]    Compiling libc v0.2.140
[INFO] [stderr]    Compiling quote v1.0.26
[INFO] [stderr]    Compiling cc v1.0.79
[INFO] [stderr]    Compiling memchr v2.5.0
[INFO] [stderr]    Compiling serde_derive v1.0.158
[INFO] [stderr]    Compiling serde v1.0.158
[INFO] [stderr]    Compiling once_cell v1.17.1
[INFO] [stderr]    Compiling spin v0.5.2
[INFO] [stderr]    Compiling untrusted v0.7.1
[INFO] [stderr]    Compiling utf8parse v0.2.1
[INFO] [stderr]    Compiling arrayvec v0.5.2
[INFO] [stderr]    Compiling io-lifetimes v1.0.9
[INFO] [stderr]    Compiling minimal-lexical v0.2.1
[INFO] [stderr]    Compiling syn v1.0.109
[INFO] [stderr]    Compiling indexmap v1.9.3
[INFO] [stderr]    Compiling num-traits v0.2.15
[INFO] [stderr]    Compiling rustix v0.37.5
[INFO] [stderr]    Compiling heck v0.4.1
[INFO] [stderr]    Compiling log v0.4.17
[INFO] [stderr]    Compiling unicode-normalization v0.1.22
[INFO] [stderr]    Compiling num-integer v0.1.45
[INFO] [stderr]    Compiling static_assertions v1.1.0
[INFO] [stderr]    Compiling unicode-bidi v0.3.13
[INFO] [stderr]    Compiling serde_json v1.0.94
[INFO] [stderr]    Compiling percent-encoding v2.2.0
[INFO] [stderr]    Compiling linux-raw-sys v0.3.1
[INFO] [stderr]    Compiling rustls v0.20.8
[INFO] [stderr]    Compiling hashbrown v0.12.3
[INFO] [stderr]    Compiling unicode-width v0.1.10
[INFO] [stderr]    Compiling form_urlencoded v1.1.0
[INFO] [stderr]    Compiling miniz_oxide v0.6.2
[INFO] [stderr]    Compiling cvt v0.1.2
[INFO] [stderr]    Compiling is_ci v1.1.1
[INFO] [stderr]    Compiling winnow v0.4.1
[INFO] [stderr]    Compiling anyhow v1.0.70
[INFO] [stderr]    Compiling itoa v1.0.6
[INFO] [stderr]    Compiling ryu v1.0.13
[INFO] [stderr]    Compiling fnv v1.0.7
[INFO] [stderr]    Compiling bytecount v0.6.3
[INFO] [stderr]    Compiling os_str_bytes v6.5.0
[INFO] [stderr]    Compiling idna v0.3.0
[INFO] [stderr]    Compiling nom v7.1.3
[INFO] [stderr]    Compiling aho-corasick v0.7.20
[INFO] [stderr]    Compiling flate2 v1.0.25
[INFO] [stderr]    Compiling syn v2.0.10
[INFO] [stderr]    Compiling vte_generate_state_changes v0.1.1
[INFO] [stderr]    Compiling proc-macro-error-attr v1.0.4
[INFO] [stderr]    Compiling url v2.3.1
[INFO] [stderr]    Compiling ring v0.16.20
[INFO] [stderr]    Compiling clap_lex v0.3.3
[INFO] [stderr]    Compiling termcolor v1.2.0
[INFO] [stderr]    Compiling iana-time-zone v0.1.56
[INFO] [stderr]    Compiling regex-syntax v0.6.29
[INFO] [stderr]    Compiling vte v0.10.1
[INFO] [stderr]    Compiling normpath v1.1.0
[INFO] [stderr]    Compiling term_grid v0.2.0
[INFO] [stderr]    Compiling home v0.5.4
[INFO] [stderr]    Compiling atty v0.2.14
[INFO] [stderr]    Compiling nix v0.26.2
[INFO] [stderr]    Compiling supports-color v1.3.1
[INFO] [stderr]    Compiling filetime v0.2.21
[INFO] [stderr]    Compiling xattr v0.2.3
[INFO] [stderr]    Compiling time v0.1.45
[INFO] [stderr]    Compiling owo-colors v3.5.0
[INFO] [stderr]    Compiling fs_extra v1.3.0
[INFO] [stderr]    Compiling tar v0.4.38
[INFO] [stderr]    Compiling chrono v0.4.24
[INFO] [stderr]    Compiling fs_at v0.1.4
[INFO] [stderr]    Compiling ansitok v0.2.0
[INFO] [stderr]    Compiling proc-macro-error v1.0.4
[INFO] [stderr]    Compiling remove_dir_all v0.8.2
[INFO] [stderr]    Compiling ansi-str v0.7.2
[INFO] [stderr]    Compiling is-terminal v0.4.7
[INFO] [stderr]    Compiling papergrid v0.8.2
[INFO] [stderr]    Compiling tabled_derive v0.6.0
[INFO] [stderr]    Compiling regex v1.7.3
[INFO] [stderr]    Compiling clap_derive v4.1.12
[INFO] [stderr]    Compiling tabled v0.11.1
[INFO] [stderr]    Compiling webpki v0.22.0
[INFO] [stderr]    Compiling sct v0.7.0
[INFO] [stderr]    Compiling webpki-roots v0.22.6
[INFO] [stderr]    Compiling clap v4.1.13
[INFO] [stderr]    Compiling toml_datetime v0.6.1
[INFO] [stderr]    Compiling serde_spanned v0.6.1
[INFO] [stderr]    Compiling toml_edit v0.19.8
[INFO] [stderr]    Compiling ureq v2.6.2
[INFO] [stderr]    Compiling toml v0.7.3
[INFO] [stderr]    Compiling scafalra v0.6.0 (/opt/rustwide/workdir)
[INFO] [stderr]     Finished dev [unoptimized + debuginfo] target(s) in 14.25s
[INFO] running `Command { std: "docker" "inspect" "c8ea39608ff85da884a9fe913493d3c40f2a66a8d7511ec29ee6a82dd1a0b734", kill_on_drop: false }`
[INFO] running `Command { std: "docker" "rm" "-f" "c8ea39608ff85da884a9fe913493d3c40f2a66a8d7511ec29ee6a82dd1a0b734", kill_on_drop: false }`
[INFO] [stdout] c8ea39608ff85da884a9fe913493d3c40f2a66a8d7511ec29ee6a82dd1a0b734
[INFO] running `Command { std: "docker" "create" "-v" "/var/lib/crater-agent-workspace/builds/worker-3-tc2/target:/opt/rustwide/target:rw,Z" "-v" "/var/lib/crater-agent-workspace/builds/worker-3-tc2/source:/opt/rustwide/workdir:ro,Z" "-v" "/var/lib/crater-agent-workspace/cargo-home:/opt/rustwide/cargo-home:ro,Z" "-v" "/var/lib/crater-agent-workspace/rustup-home:/opt/rustwide/rustup-home:ro,Z" "-e" "SOURCE_DIR=/opt/rustwide/workdir" "-e" "CARGO_TARGET_DIR=/opt/rustwide/target" "-e" "CARGO_INCREMENTAL=0" "-e" "RUST_BACKTRACE=full" "-e" "RUSTFLAGS=--cap-lints=warn" "-e" "RUSTDOCFLAGS=--cap-lints=warn" "-e" "CARGO_HOME=/opt/rustwide/cargo-home" "-e" "RUSTUP_HOME=/opt/rustwide/rustup-home" "-w" "/opt/rustwide/workdir" "-m" "1610612736" "--user" "0:0" "--network" "none" "ghcr.io/rust-lang/crates-build-env/linux@sha256:2788e3201cd34a07e3172128adcd8b3090168a8e3bcc40d7c032b9dda1df7d1c" "/opt/rustwide/cargo-home/bin/cargo" "+beta-2023-12-22" "test" "--frozen" "--no-run" "--message-format=json", kill_on_drop: false }`
[INFO] [stdout] 0e175d98c13b3298754b3aceef823ba64287125d6dd4fda97b5da81bbe75f15e
[INFO] running `Command { std: "docker" "start" "-a" "0e175d98c13b3298754b3aceef823ba64287125d6dd4fda97b5da81bbe75f15e", kill_on_drop: false }`
[INFO] [stderr]    Compiling pin-project-lite v0.2.9
[INFO] [stderr]    Compiling futures-core v0.3.28
[INFO] [stderr]    Compiling slab v0.4.8
[INFO] [stderr]    Compiling lock_api v0.4.9
[INFO] [stderr]    Compiling futures-task v0.3.28
[INFO] [stderr]    Compiling futures-channel v0.3.28
[INFO] [stderr]    Compiling futures-sink v0.3.28
[INFO] [stderr]    Compiling parking_lot_core v0.9.7
[INFO] [stderr]    Compiling smallvec v1.10.0
[INFO] [stderr]    Compiling bytes v1.4.0
[INFO] [stderr]    Compiling futures-util v0.3.28
[INFO] [stderr]    Compiling tokio v1.27.0
[INFO] [stderr]    Compiling futures-io v0.3.28
[INFO] [stderr]    Compiling futures-macro v0.3.28
[INFO] [stderr]    Compiling pin-utils v0.1.0
[INFO] [stderr]    Compiling tokio-macros v2.0.0
[INFO] [stderr]    Compiling mio v0.8.6
[INFO] [stderr]    Compiling signal-hook-registry v1.4.1
[INFO] [stderr]    Compiling socket2 v0.4.9
[INFO] [stderr]    Compiling num_cpus v1.15.0
[INFO] [stderr]    Compiling tracing-core v0.1.30
[INFO] [stderr]    Compiling rustix v0.37.5
[INFO] [stderr]    Compiling getrandom v0.2.9
[INFO] [stderr]    Compiling httparse v1.8.0
[INFO] [stderr]    Compiling try-lock v0.2.4
[INFO] [stderr]    Compiling rand_core v0.6.4
[INFO] [stderr]    Compiling want v0.3.0
[INFO] [stderr]    Compiling http v0.2.9
[INFO] [stderr]    Compiling parking_lot v0.12.1
[INFO] [stderr]    Compiling httpdate v1.0.2
[INFO] [stderr]    Compiling rand_chacha v0.3.1
[INFO] [stderr]    Compiling tower-service v0.3.2
[INFO] [stderr]    Compiling colored v2.0.0
[INFO] [stderr]    Compiling tracing v0.1.37
[INFO] [stderr]    Compiling assert-json-diff v2.0.2
[INFO] [stderr]    Compiling serde_urlencoded v0.7.1
[INFO] [stderr]    Compiling diff v0.1.13
[INFO] [stderr]    Compiling similar v2.2.1
[INFO] [stderr]    Compiling fastrand v1.9.0
[INFO] [stderr]    Compiling yansi v0.5.1
[INFO] [stderr]    Compiling rand v0.8.5
[INFO] [stderr]    Compiling pretty_assertions v1.3.0
[INFO] [stderr]    Compiling http-body v0.4.5
[INFO] [stderr]    Compiling is-terminal v0.4.7
[INFO] [stderr]    Compiling tempfile v3.5.0
[INFO] [stderr]    Compiling clap v4.1.13
[INFO] [stderr]    Compiling futures-executor v0.3.28
[INFO] [stderr]    Compiling futures v0.3.28
[INFO] [stderr]    Compiling tokio-util v0.7.7
[INFO] [stderr]    Compiling h2 v0.3.17
[INFO] [stderr]    Compiling hyper v0.14.26
[INFO] [stderr]    Compiling mockito v1.0.2
[INFO] [stderr]    Compiling scafalra v0.6.0 (/opt/rustwide/workdir)
[INFO] [stderr]     Finished test [unoptimized + debuginfo] target(s) in 15.61s
[INFO] running `Command { std: "docker" "inspect" "0e175d98c13b3298754b3aceef823ba64287125d6dd4fda97b5da81bbe75f15e", kill_on_drop: false }`
[INFO] running `Command { std: "docker" "rm" "-f" "0e175d98c13b3298754b3aceef823ba64287125d6dd4fda97b5da81bbe75f15e", kill_on_drop: false }`
[INFO] [stdout] 0e175d98c13b3298754b3aceef823ba64287125d6dd4fda97b5da81bbe75f15e
[INFO] running `Command { std: "docker" "create" "-v" "/var/lib/crater-agent-workspace/builds/worker-3-tc2/target:/opt/rustwide/target:rw,Z" "-v" "/var/lib/crater-agent-workspace/builds/worker-3-tc2/source:/opt/rustwide/workdir:ro,Z" "-v" "/var/lib/crater-agent-workspace/cargo-home:/opt/rustwide/cargo-home:ro,Z" "-v" "/var/lib/crater-agent-workspace/rustup-home:/opt/rustwide/rustup-home:ro,Z" "-e" "SOURCE_DIR=/opt/rustwide/workdir" "-e" "CARGO_TARGET_DIR=/opt/rustwide/target" "-e" "CARGO_INCREMENTAL=0" "-e" "RUST_BACKTRACE=full" "-e" "RUSTFLAGS=--cap-lints=warn" "-e" "RUSTDOCFLAGS=--cap-lints=warn" "-e" "CARGO_HOME=/opt/rustwide/cargo-home" "-e" "RUSTUP_HOME=/opt/rustwide/rustup-home" "-w" "/opt/rustwide/workdir" "-m" "1610612736" "--user" "0:0" "--network" "none" "ghcr.io/rust-lang/crates-build-env/linux@sha256:2788e3201cd34a07e3172128adcd8b3090168a8e3bcc40d7c032b9dda1df7d1c" "/opt/rustwide/cargo-home/bin/cargo" "+beta-2023-12-22" "test" "--frozen", kill_on_drop: false }`
[INFO] [stdout] bffa80743d6e366b6d1617e7f33c8dedbe62af99d39600519532274e56c45f30
[INFO] running `Command { std: "docker" "start" "-a" "bffa80743d6e366b6d1617e7f33c8dedbe62af99d39600519532274e56c45f30", kill_on_drop: false }`
[INFO] [stderr]     Finished test [unoptimized + debuginfo] target(s) in 0.14s
[INFO] [stderr]      Running unittests src/main.rs (/opt/rustwide/target/debug/deps/scafalra-4e51e46719a7937d)
[INFO] [stdout] 
[INFO] [stdout] running 53 tests
[INFO] [stdout] test config::tests::config_content_new_file_not_exist ... ok
[INFO] [stdout] test config::tests::config_content_new_file_exists_no_content ... ok
[INFO] [stdout] test config::tests::config_new_no_content ... ok
[INFO] [stdout] test config::tests::config_new_with_content ... ok
[INFO] [stdout] test config::tests::config_content_new_file_exists_with_content ... ok
[INFO] [stdout] test github_api::tests::github_api_request_no_token ... ok
[INFO] [stdout] test github_api::tests::variable_basic ... ok
[INFO] [stdout] test cli::tests::verify_cli ... ok
[INFO] [stdout] test github_api::tests::variable_query_branch ... ok
[INFO] [stdout] test config::tests::config_save_ok ... ok
[INFO] [stdout] test github_api::tests::variable_query_commit ... ok
[INFO] [stdout] test config::tests::config_content_save ... ok
[INFO] [stdout] test github_api::tests::variable_query_tag ... ok
[INFO] [stdout] test repository::tests::repo_cache_ok ... FAILED
[INFO] [stdout] test scafalra::tests::scafalra_add_depth_1 ... FAILED
[INFO] [stdout] test scafalra::tests::scafalra_add_basic ... FAILED
[INFO] [stdout] test scafalra::tests::scafalra_add_specified_name ... FAILED
[INFO] [stdout] test repository::tests::repo_re_subdir ... ok
[INFO] [stdout] test scafalra::tests::scafalra_add_subdir ... FAILED
[INFO] [stdout] test repository::tests::repo_re_all ... ok
[INFO] [stdout] test repository::tests::repo_re_query_branch ... ok
[INFO] [stdout] test scafalra::tests::scafalra_add_subdir_and_depth_1 ... FAILED
[INFO] [stdout] test scafalra::tests::scafalra_create_not_found ... ok
[INFO] [stdout] test scafalra::tests::scafalra_new ... ok
[INFO] [stdout] test store::tests::print_grid_less_than_six_scaffolds ... ok
[INFO] [stdout] test repository::tests::repo_re_query_empty ... ok
[INFO] [stdout] test repository::tests::repo_re_none_match ... ok
[INFO] [stdout] test repository::tests::repo_re_basic ... ok
[INFO] [stdout] test repository::tests::repo_new_with_all ... ok
[INFO] [stdout] test store::tests::print_grid_equal_six_scaffolds ... ok
[INFO] [stdout] test repository::tests::repo_new_err ... ok
[INFO] [stdout] test store::tests::scaffold_map_into_store_content ... ok
[INFO] [stdout] test repository::tests::repo_new_basic ... ok
[INFO] [stdout] test store::tests::print_grid_more_than_six_scaffolds ... ok
[INFO] [stdout] test store::tests::store_content_new_file_exists_no_content ... ok
[INFO] [stdout] test github_api::tests::github_api_request_ok ... ok
[INFO] [stdout] test repository::tests::repo_re_query_commit ... ok
[INFO] [stdout] test store::tests::store_content_new_file_not_exist ... ok
[INFO] [stdout] test store::tests::store_add ... ok
[INFO] [stdout] test store::tests::scaffold_map_from_store_content ... ok
[INFO] [stdout] test repository::tests::repo_re_query_tag ... ok
[INFO] [stdout] test utils::tests::no_color_in_test ... ok
[INFO] [stdout] test scafalra::tests::scafalra_create_basic ... ok
[INFO] [stdout] test store::tests::print_table ... ok
[INFO] [stdout] test store::tests::store_new ... ok
[INFO] [stdout] test store::tests::store_add_same ... ok
[INFO] [stdout] test store::tests::store_content_new_file_exists_with_content ... ok
[INFO] [stdout] test store::tests::store_rename_exists_or_not_found ... ok
[INFO] [stdout] test store::tests::store_remove_not_found ... ok
[INFO] [stdout] test store::tests::store_rename_ok ... ok
[INFO] [stdout] test store::tests::store_save ... ok
[INFO] [stdout] test store::tests::store_content_save ... ok
[INFO] [stdout] test store::tests::store_remove_ok ... ok
[INFO] [stdout] 
[INFO] [stdout] failures:
[INFO] [stdout] 
[INFO] [stdout] ---- repository::tests::repo_cache_ok stdout ----
[INFO] [stdout] Error: No such file or directory (os error 2)
[INFO] [stdout] 
[INFO] [stdout] ---- scafalra::tests::scafalra_add_depth_1 stdout ----
[INFO] [stdout] Error: No such file or directory (os error 2)
[INFO] [stdout] 
[INFO] [stdout] ---- scafalra::tests::scafalra_add_basic stdout ----
[INFO] [stdout] Error: No such file or directory (os error 2)
[INFO] [stdout] 
[INFO] [stdout] ---- scafalra::tests::scafalra_add_specified_name stdout ----
[INFO] [stdout] Error: No such file or directory (os error 2)
[INFO] [stdout] 
[INFO] [stdout] ---- scafalra::tests::scafalra_add_subdir stdout ----
[INFO] [stdout] Error: No such file or directory (os error 2)
[INFO] [stdout] 
[INFO] [stdout] ---- scafalra::tests::scafalra_add_subdir_and_depth_1 stdout ----
[INFO] [stdout] Error: No such file or directory (os error 2)
[INFO] [stdout] 
[INFO] [stdout] 
[INFO] [stdout] failures:
[INFO] [stdout]     repository::tests::repo_cache_ok
[INFO] [stdout]     scafalra::tests::scafalra_add_basic
[INFO] [stdout]     scafalra::tests::scafalra_add_depth_1
[INFO] [stdout]     scafalra::tests::scafalra_add_specified_name
[INFO] [stdout]     scafalra::tests::scafalra_add_subdir
[INFO] [stdout]     scafalra::tests::scafalra_add_subdir_and_depth_1
[INFO] [stdout] 
[INFO] [stdout] test result: FAILED. 47 passed; 6 failed; 0 ignored; 0 measured; 0 filtered out; finished in 0.01s
[INFO] [stdout] 
[INFO] [stderr] error: test failed, to rerun pass `--bin scafalra`
[INFO] running `Command { std: "docker" "inspect" "bffa80743d6e366b6d1617e7f33c8dedbe62af99d39600519532274e56c45f30", kill_on_drop: false }`
[INFO] running `Command { std: "docker" "rm" "-f" "bffa80743d6e366b6d1617e7f33c8dedbe62af99d39600519532274e56c45f30", kill_on_drop: false }`
[INFO] [stdout] bffa80743d6e366b6d1617e7f33c8dedbe62af99d39600519532274e56c45f30
