[INFO] fetching crate sbvc_lib 0.5.3...
[INFO] testing sbvc_lib-0.5.3 against 1.75.0 for beta-1.76-1
[INFO] extracting crate sbvc_lib 0.5.3 into /workspace/builds/worker-7-tc1/source
[INFO] validating manifest of crates.io crate sbvc_lib 0.5.3 on toolchain 1.75.0
[INFO] running `Command { std: CARGO_HOME="/workspace/cargo-home" RUSTUP_HOME="/workspace/rustup-home" "/workspace/cargo-home/bin/cargo" "+1.75.0" "metadata" "--manifest-path" "Cargo.toml" "--no-deps", kill_on_drop: false }`
[INFO] started tweaking crates.io crate sbvc_lib 0.5.3
[INFO] finished tweaking crates.io crate sbvc_lib 0.5.3
[INFO] tweaked toml for crates.io crate sbvc_lib 0.5.3 written to /workspace/builds/worker-7-tc1/source/Cargo.toml
[INFO] running `Command { std: CARGO_HOME="/workspace/cargo-home" RUSTUP_HOME="/workspace/rustup-home" "/workspace/cargo-home/bin/cargo" "+1.75.0" "generate-lockfile" "--manifest-path" "Cargo.toml", kill_on_drop: false }`
[INFO] [stderr]     Updating crates.io index
[INFO] running `Command { std: CARGO_HOME="/workspace/cargo-home" RUSTUP_HOME="/workspace/rustup-home" "/workspace/cargo-home/bin/cargo" "+1.75.0" "fetch" "--manifest-path" "Cargo.toml", kill_on_drop: false }`
[INFO] [stderr]  Downloading crates ...
[INFO] [stderr]   Downloaded nelf v0.1.0
[INFO] [stderr]   Downloaded wgdiff v0.4.3
[INFO] running `Command { std: "docker" "create" "-v" "/var/lib/crater-agent-workspace/builds/worker-7-tc1/target:/opt/rustwide/target:rw,Z" "-v" "/var/lib/crater-agent-workspace/builds/worker-7-tc1/source:/opt/rustwide/workdir:ro,Z" "-v" "/var/lib/crater-agent-workspace/cargo-home:/opt/rustwide/cargo-home:ro,Z" "-v" "/var/lib/crater-agent-workspace/rustup-home:/opt/rustwide/rustup-home:ro,Z" "-e" "SOURCE_DIR=/opt/rustwide/workdir" "-e" "CARGO_TARGET_DIR=/opt/rustwide/target" "-e" "CARGO_HOME=/opt/rustwide/cargo-home" "-e" "RUSTUP_HOME=/opt/rustwide/rustup-home" "-w" "/opt/rustwide/workdir" "-m" "1610612736" "--user" "0:0" "--network" "none" "ghcr.io/rust-lang/crates-build-env/linux@sha256:2788e3201cd34a07e3172128adcd8b3090168a8e3bcc40d7c032b9dda1df7d1c" "/opt/rustwide/cargo-home/bin/cargo" "+1.75.0" "metadata" "--no-deps" "--format-version=1", kill_on_drop: false }`
[INFO] [stdout] 44cdea78ef1c8ae636fceee593c237c00829dff8933a2b7d9863819bb5f19711
[INFO] running `Command { std: "docker" "start" "-a" "44cdea78ef1c8ae636fceee593c237c00829dff8933a2b7d9863819bb5f19711", kill_on_drop: false }`
[INFO] running `Command { std: "docker" "inspect" "44cdea78ef1c8ae636fceee593c237c00829dff8933a2b7d9863819bb5f19711", kill_on_drop: false }`
[INFO] running `Command { std: "docker" "rm" "-f" "44cdea78ef1c8ae636fceee593c237c00829dff8933a2b7d9863819bb5f19711", kill_on_drop: false }`
[INFO] [stdout] 44cdea78ef1c8ae636fceee593c237c00829dff8933a2b7d9863819bb5f19711
[INFO] running `Command { std: "docker" "create" "-v" "/var/lib/crater-agent-workspace/builds/worker-7-tc1/target:/opt/rustwide/target:rw,Z" "-v" "/var/lib/crater-agent-workspace/builds/worker-7-tc1/source:/opt/rustwide/workdir:ro,Z" "-v" "/var/lib/crater-agent-workspace/cargo-home:/opt/rustwide/cargo-home:ro,Z" "-v" "/var/lib/crater-agent-workspace/rustup-home:/opt/rustwide/rustup-home:ro,Z" "-e" "SOURCE_DIR=/opt/rustwide/workdir" "-e" "CARGO_TARGET_DIR=/opt/rustwide/target" "-e" "CARGO_INCREMENTAL=0" "-e" "RUST_BACKTRACE=full" "-e" "RUSTFLAGS=--cap-lints=warn" "-e" "RUSTDOCFLAGS=--cap-lints=warn" "-e" "CARGO_HOME=/opt/rustwide/cargo-home" "-e" "RUSTUP_HOME=/opt/rustwide/rustup-home" "-w" "/opt/rustwide/workdir" "-m" "1610612736" "--user" "0:0" "--network" "none" "ghcr.io/rust-lang/crates-build-env/linux@sha256:2788e3201cd34a07e3172128adcd8b3090168a8e3bcc40d7c032b9dda1df7d1c" "/opt/rustwide/cargo-home/bin/cargo" "+1.75.0" "build" "--frozen" "--message-format=json", kill_on_drop: false }`
[INFO] [stdout] c9dfe4b61d98c948e1871e3d67dbe9e5ddc8c575e1a86f9c1b7e923ce52b510a
[INFO] running `Command { std: "docker" "start" "-a" "c9dfe4b61d98c948e1871e3d67dbe9e5ddc8c575e1a86f9c1b7e923ce52b510a", kill_on_drop: false }`
[INFO] [stderr]    Compiling nelf v0.1.0
[INFO] [stderr]    Compiling wgdiff v0.4.3
[INFO] [stderr]    Compiling sbvc_lib v0.5.3 (/opt/rustwide/workdir)
[INFO] [stderr]     Finished dev [unoptimized + debuginfo] target(s) in 0.66s
[INFO] running `Command { std: "docker" "inspect" "c9dfe4b61d98c948e1871e3d67dbe9e5ddc8c575e1a86f9c1b7e923ce52b510a", kill_on_drop: false }`
[INFO] running `Command { std: "docker" "rm" "-f" "c9dfe4b61d98c948e1871e3d67dbe9e5ddc8c575e1a86f9c1b7e923ce52b510a", kill_on_drop: false }`
[INFO] [stdout] c9dfe4b61d98c948e1871e3d67dbe9e5ddc8c575e1a86f9c1b7e923ce52b510a
[INFO] running `Command { std: "docker" "create" "-v" "/var/lib/crater-agent-workspace/builds/worker-7-tc1/target:/opt/rustwide/target:rw,Z" "-v" "/var/lib/crater-agent-workspace/builds/worker-7-tc1/source:/opt/rustwide/workdir:ro,Z" "-v" "/var/lib/crater-agent-workspace/cargo-home:/opt/rustwide/cargo-home:ro,Z" "-v" "/var/lib/crater-agent-workspace/rustup-home:/opt/rustwide/rustup-home:ro,Z" "-e" "SOURCE_DIR=/opt/rustwide/workdir" "-e" "CARGO_TARGET_DIR=/opt/rustwide/target" "-e" "CARGO_INCREMENTAL=0" "-e" "RUST_BACKTRACE=full" "-e" "RUSTFLAGS=--cap-lints=warn" "-e" "RUSTDOCFLAGS=--cap-lints=warn" "-e" "CARGO_HOME=/opt/rustwide/cargo-home" "-e" "RUSTUP_HOME=/opt/rustwide/rustup-home" "-w" "/opt/rustwide/workdir" "-m" "1610612736" "--user" "0:0" "--network" "none" "ghcr.io/rust-lang/crates-build-env/linux@sha256:2788e3201cd34a07e3172128adcd8b3090168a8e3bcc40d7c032b9dda1df7d1c" "/opt/rustwide/cargo-home/bin/cargo" "+1.75.0" "test" "--frozen" "--no-run" "--message-format=json", kill_on_drop: false }`
[INFO] [stdout] 381ae573f866a630c73c8021dd90e30e8aa719ec46fa3307ba3101c8887c41da
[INFO] running `Command { std: "docker" "start" "-a" "381ae573f866a630c73c8021dd90e30e8aa719ec46fa3307ba3101c8887c41da", kill_on_drop: false }`
[INFO] [stderr]    Compiling sbvc_lib v0.5.3 (/opt/rustwide/workdir)
[INFO] [stderr]     Finished test [unoptimized + debuginfo] target(s) in 0.51s
[INFO] running `Command { std: "docker" "inspect" "381ae573f866a630c73c8021dd90e30e8aa719ec46fa3307ba3101c8887c41da", kill_on_drop: false }`
[INFO] running `Command { std: "docker" "rm" "-f" "381ae573f866a630c73c8021dd90e30e8aa719ec46fa3307ba3101c8887c41da", kill_on_drop: false }`
[INFO] [stdout] 381ae573f866a630c73c8021dd90e30e8aa719ec46fa3307ba3101c8887c41da
[INFO] running `Command { std: "docker" "create" "-v" "/var/lib/crater-agent-workspace/builds/worker-7-tc1/target:/opt/rustwide/target:rw,Z" "-v" "/var/lib/crater-agent-workspace/builds/worker-7-tc1/source:/opt/rustwide/workdir:ro,Z" "-v" "/var/lib/crater-agent-workspace/cargo-home:/opt/rustwide/cargo-home:ro,Z" "-v" "/var/lib/crater-agent-workspace/rustup-home:/opt/rustwide/rustup-home:ro,Z" "-e" "SOURCE_DIR=/opt/rustwide/workdir" "-e" "CARGO_TARGET_DIR=/opt/rustwide/target" "-e" "CARGO_INCREMENTAL=0" "-e" "RUST_BACKTRACE=full" "-e" "RUSTFLAGS=--cap-lints=warn" "-e" "RUSTDOCFLAGS=--cap-lints=warn" "-e" "CARGO_HOME=/opt/rustwide/cargo-home" "-e" "RUSTUP_HOME=/opt/rustwide/rustup-home" "-w" "/opt/rustwide/workdir" "-m" "1610612736" "--user" "0:0" "--network" "none" "ghcr.io/rust-lang/crates-build-env/linux@sha256:2788e3201cd34a07e3172128adcd8b3090168a8e3bcc40d7c032b9dda1df7d1c" "/opt/rustwide/cargo-home/bin/cargo" "+1.75.0" "test" "--frozen", kill_on_drop: false }`
[INFO] [stdout] 372731b5bc632ffc0d5f77e89250bba7c9442c8fb5d17c6788be46970b50e6c7
[INFO] running `Command { std: "docker" "start" "-a" "372731b5bc632ffc0d5f77e89250bba7c9442c8fb5d17c6788be46970b50e6c7", kill_on_drop: false }`
[INFO] [stderr]     Finished test [unoptimized + debuginfo] target(s) in 0.01s
[INFO] [stderr]      Running unittests src/lib.rs (/opt/rustwide/target/debug/deps/sbvc_lib-e0b9721c9018f813)
[INFO] [stdout] 
[INFO] [stderr]      Running tests/integration.rs (/opt/rustwide/target/debug/deps/integration-8004f2cab22538e5)
[INFO] [stdout] running 0 tests
[INFO] [stdout] 
[INFO] [stdout] test result: ok. 0 passed; 0 failed; 0 ignored; 0 measured; 0 filtered out; finished in 0.00s
[INFO] [stdout] 
[INFO] [stdout] 
[INFO] [stdout] running 4 tests
[INFO] [stdout] test rename ... FAILED
[INFO] [stdout] test create ... FAILED
[INFO] [stdout] test delete ... FAILED
[INFO] [stdout] test rollback ... FAILED
[INFO] [stdout] 
[INFO] [stdout] failures:
[INFO] [stdout] 
[INFO] [stdout] ---- rename stdout ----
[INFO] [stdout] Error: Io(Os { code: 30, kind: ReadOnlyFilesystem, message: "Read-only file system" })
[INFO] [stdout] 
[INFO] [stdout] ---- create stdout ----
[INFO] [stdout] Error: Io(Os { code: 30, kind: ReadOnlyFilesystem, message: "Read-only file system" })
[INFO] [stdout] 
[INFO] [stdout] ---- delete stdout ----
[INFO] [stdout] Error: Io(Os { code: 30, kind: ReadOnlyFilesystem, message: "Read-only file system" })
[INFO] [stdout] 
[INFO] [stdout] ---- rollback stdout ----
[INFO] [stdout] Error: Io(Os { code: 30, kind: ReadOnlyFilesystem, message: "Read-only file system" })
[INFO] [stdout] 
[INFO] [stdout] 
[INFO] [stdout] failures:
[INFO] [stdout]     create
[INFO] [stdout]     delete
[INFO] [stdout]     rename
[INFO] [stdout]     rollback
[INFO] [stdout] 
[INFO] [stdout] test result: FAILED. 0 passed; 4 failed; 0 ignored; 0 measured; 0 filtered out; finished in 0.00s
[INFO] [stdout] 
[INFO] [stderr] error: test failed, to rerun pass `--test integration`
[INFO] running `Command { std: "docker" "inspect" "372731b5bc632ffc0d5f77e89250bba7c9442c8fb5d17c6788be46970b50e6c7", kill_on_drop: false }`
[INFO] running `Command { std: "docker" "rm" "-f" "372731b5bc632ffc0d5f77e89250bba7c9442c8fb5d17c6788be46970b50e6c7", kill_on_drop: false }`
[INFO] [stdout] 372731b5bc632ffc0d5f77e89250bba7c9442c8fb5d17c6788be46970b50e6c7
[INFO] testing sbvc_lib-0.5.3 against beta-2023-12-22 for beta-1.76-1
[INFO] extracting crate sbvc_lib 0.5.3 into /workspace/builds/worker-7-tc2/source
[INFO] validating manifest of crates.io crate sbvc_lib 0.5.3 on toolchain beta-2023-12-22
[INFO] running `Command { std: CARGO_HOME="/workspace/cargo-home" RUSTUP_HOME="/workspace/rustup-home" "/workspace/cargo-home/bin/cargo" "+beta-2023-12-22" "metadata" "--manifest-path" "Cargo.toml" "--no-deps", kill_on_drop: false }`
[INFO] started tweaking crates.io crate sbvc_lib 0.5.3
[INFO] finished tweaking crates.io crate sbvc_lib 0.5.3
[INFO] tweaked toml for crates.io crate sbvc_lib 0.5.3 written to /workspace/builds/worker-7-tc2/source/Cargo.toml
[INFO] running `Command { std: CARGO_HOME="/workspace/cargo-home" RUSTUP_HOME="/workspace/rustup-home" "/workspace/cargo-home/bin/cargo" "+beta-2023-12-22" "generate-lockfile" "--manifest-path" "Cargo.toml", kill_on_drop: false }`
[INFO] [stderr]     Updating crates.io index
[INFO] running `Command { std: CARGO_HOME="/workspace/cargo-home" RUSTUP_HOME="/workspace/rustup-home" "/workspace/cargo-home/bin/cargo" "+beta-2023-12-22" "fetch" "--manifest-path" "Cargo.toml", kill_on_drop: false }`
[INFO] running `Command { std: "docker" "create" "-v" "/var/lib/crater-agent-workspace/builds/worker-7-tc2/target:/opt/rustwide/target:rw,Z" "-v" "/var/lib/crater-agent-workspace/builds/worker-7-tc2/source:/opt/rustwide/workdir:ro,Z" "-v" "/var/lib/crater-agent-workspace/cargo-home:/opt/rustwide/cargo-home:ro,Z" "-v" "/var/lib/crater-agent-workspace/rustup-home:/opt/rustwide/rustup-home:ro,Z" "-e" "SOURCE_DIR=/opt/rustwide/workdir" "-e" "CARGO_TARGET_DIR=/opt/rustwide/target" "-e" "CARGO_HOME=/opt/rustwide/cargo-home" "-e" "RUSTUP_HOME=/opt/rustwide/rustup-home" "-w" "/opt/rustwide/workdir" "-m" "1610612736" "--user" "0:0" "--network" "none" "ghcr.io/rust-lang/crates-build-env/linux@sha256:2788e3201cd34a07e3172128adcd8b3090168a8e3bcc40d7c032b9dda1df7d1c" "/opt/rustwide/cargo-home/bin/cargo" "+beta-2023-12-22" "metadata" "--no-deps" "--format-version=1", kill_on_drop: false }`
[INFO] [stdout] d6567e65a7041a5b0c220b733bcf5c7bb810b954be095f511548d0c3f0e49936
[INFO] running `Command { std: "docker" "start" "-a" "d6567e65a7041a5b0c220b733bcf5c7bb810b954be095f511548d0c3f0e49936", kill_on_drop: false }`
[INFO] running `Command { std: "docker" "inspect" "d6567e65a7041a5b0c220b733bcf5c7bb810b954be095f511548d0c3f0e49936", kill_on_drop: false }`
[INFO] running `Command { std: "docker" "rm" "-f" "d6567e65a7041a5b0c220b733bcf5c7bb810b954be095f511548d0c3f0e49936", kill_on_drop: false }`
[INFO] [stdout] d6567e65a7041a5b0c220b733bcf5c7bb810b954be095f511548d0c3f0e49936
[INFO] running `Command { std: "docker" "create" "-v" "/var/lib/crater-agent-workspace/builds/worker-7-tc2/target:/opt/rustwide/target:rw,Z" "-v" "/var/lib/crater-agent-workspace/builds/worker-7-tc2/source:/opt/rustwide/workdir:ro,Z" "-v" "/var/lib/crater-agent-workspace/cargo-home:/opt/rustwide/cargo-home:ro,Z" "-v" "/var/lib/crater-agent-workspace/rustup-home:/opt/rustwide/rustup-home:ro,Z" "-e" "SOURCE_DIR=/opt/rustwide/workdir" "-e" "CARGO_TARGET_DIR=/opt/rustwide/target" "-e" "CARGO_INCREMENTAL=0" "-e" "RUST_BACKTRACE=full" "-e" "RUSTFLAGS=--cap-lints=warn" "-e" "RUSTDOCFLAGS=--cap-lints=warn" "-e" "CARGO_HOME=/opt/rustwide/cargo-home" "-e" "RUSTUP_HOME=/opt/rustwide/rustup-home" "-w" "/opt/rustwide/workdir" "-m" "1610612736" "--user" "0:0" "--network" "none" "ghcr.io/rust-lang/crates-build-env/linux@sha256:2788e3201cd34a07e3172128adcd8b3090168a8e3bcc40d7c032b9dda1df7d1c" "/opt/rustwide/cargo-home/bin/cargo" "+beta-2023-12-22" "build" "--frozen" "--message-format=json", kill_on_drop: false }`
[INFO] [stdout] 1f68ac37e992436b7ae78491ea27ce76d07f7347868eeea0623c503bccfc2510
[INFO] running `Command { std: "docker" "start" "-a" "1f68ac37e992436b7ae78491ea27ce76d07f7347868eeea0623c503bccfc2510", kill_on_drop: false }`
[INFO] [stderr]    Compiling nelf v0.1.0
[INFO] [stderr]    Compiling wgdiff v0.4.3
[INFO] [stderr]    Compiling sbvc_lib v0.5.3 (/opt/rustwide/workdir)
[INFO] [stderr]     Finished dev [unoptimized + debuginfo] target(s) in 0.78s
[INFO] running `Command { std: "docker" "inspect" "1f68ac37e992436b7ae78491ea27ce76d07f7347868eeea0623c503bccfc2510", kill_on_drop: false }`
[INFO] running `Command { std: "docker" "rm" "-f" "1f68ac37e992436b7ae78491ea27ce76d07f7347868eeea0623c503bccfc2510", kill_on_drop: false }`
[INFO] [stdout] 1f68ac37e992436b7ae78491ea27ce76d07f7347868eeea0623c503bccfc2510
[INFO] running `Command { std: "docker" "create" "-v" "/var/lib/crater-agent-workspace/builds/worker-7-tc2/target:/opt/rustwide/target:rw,Z" "-v" "/var/lib/crater-agent-workspace/builds/worker-7-tc2/source:/opt/rustwide/workdir:ro,Z" "-v" "/var/lib/crater-agent-workspace/cargo-home:/opt/rustwide/cargo-home:ro,Z" "-v" "/var/lib/crater-agent-workspace/rustup-home:/opt/rustwide/rustup-home:ro,Z" "-e" "SOURCE_DIR=/opt/rustwide/workdir" "-e" "CARGO_TARGET_DIR=/opt/rustwide/target" "-e" "CARGO_INCREMENTAL=0" "-e" "RUST_BACKTRACE=full" "-e" "RUSTFLAGS=--cap-lints=warn" "-e" "RUSTDOCFLAGS=--cap-lints=warn" "-e" "CARGO_HOME=/opt/rustwide/cargo-home" "-e" "RUSTUP_HOME=/opt/rustwide/rustup-home" "-w" "/opt/rustwide/workdir" "-m" "1610612736" "--user" "0:0" "--network" "none" "ghcr.io/rust-lang/crates-build-env/linux@sha256:2788e3201cd34a07e3172128adcd8b3090168a8e3bcc40d7c032b9dda1df7d1c" "/opt/rustwide/cargo-home/bin/cargo" "+beta-2023-12-22" "test" "--frozen" "--no-run" "--message-format=json", kill_on_drop: false }`
[INFO] [stdout] bce11be6c74a3db2195d70ba6f549b767e1dee363f858eeca4fb81829360101a
[INFO] running `Command { std: "docker" "start" "-a" "bce11be6c74a3db2195d70ba6f549b767e1dee363f858eeca4fb81829360101a", kill_on_drop: false }`
[INFO] [stderr]    Compiling sbvc_lib v0.5.3 (/opt/rustwide/workdir)
[INFO] [stderr]     Finished test [unoptimized + debuginfo] target(s) in 0.64s
[INFO] running `Command { std: "docker" "inspect" "bce11be6c74a3db2195d70ba6f549b767e1dee363f858eeca4fb81829360101a", kill_on_drop: false }`
[INFO] running `Command { std: "docker" "rm" "-f" "bce11be6c74a3db2195d70ba6f549b767e1dee363f858eeca4fb81829360101a", kill_on_drop: false }`
[INFO] [stdout] bce11be6c74a3db2195d70ba6f549b767e1dee363f858eeca4fb81829360101a
[INFO] running `Command { std: "docker" "create" "-v" "/var/lib/crater-agent-workspace/builds/worker-7-tc2/target:/opt/rustwide/target:rw,Z" "-v" "/var/lib/crater-agent-workspace/builds/worker-7-tc2/source:/opt/rustwide/workdir:ro,Z" "-v" "/var/lib/crater-agent-workspace/cargo-home:/opt/rustwide/cargo-home:ro,Z" "-v" "/var/lib/crater-agent-workspace/rustup-home:/opt/rustwide/rustup-home:ro,Z" "-e" "SOURCE_DIR=/opt/rustwide/workdir" "-e" "CARGO_TARGET_DIR=/opt/rustwide/target" "-e" "CARGO_INCREMENTAL=0" "-e" "RUST_BACKTRACE=full" "-e" "RUSTFLAGS=--cap-lints=warn" "-e" "RUSTDOCFLAGS=--cap-lints=warn" "-e" "CARGO_HOME=/opt/rustwide/cargo-home" "-e" "RUSTUP_HOME=/opt/rustwide/rustup-home" "-w" "/opt/rustwide/workdir" "-m" "1610612736" "--user" "0:0" "--network" "none" "ghcr.io/rust-lang/crates-build-env/linux@sha256:2788e3201cd34a07e3172128adcd8b3090168a8e3bcc40d7c032b9dda1df7d1c" "/opt/rustwide/cargo-home/bin/cargo" "+beta-2023-12-22" "test" "--frozen", kill_on_drop: false }`
[INFO] [stdout] c820685e0abd5ce046656b1c7ce421dbd54b77a6a69e48e6ebec70f74006f263
[INFO] running `Command { std: "docker" "start" "-a" "c820685e0abd5ce046656b1c7ce421dbd54b77a6a69e48e6ebec70f74006f263", kill_on_drop: false }`
[INFO] [stderr]     Finished test [unoptimized + debuginfo] target(s) in 0.01s
[INFO] [stderr]      Running unittests src/lib.rs (/opt/rustwide/target/debug/deps/sbvc_lib-59c9d072f8232fcc)
[INFO] [stdout] 
[INFO] [stdout] running 0 tests
[INFO] [stdout] 
[INFO] [stdout] test result: ok. 0 passed; 0 failed; 0 ignored; 0 measured; 0 filtered out; finished in 0.00s
[INFO] [stdout] 
[INFO] [stderr]      Running tests/integration.rs (/opt/rustwide/target/debug/deps/integration-036840f420e1d2de)
[INFO] [stdout] 
[INFO] [stdout] running 4 tests
[INFO] [stdout] test rollback ... FAILED
[INFO] [stdout] test delete ... FAILED
[INFO] [stdout] test create ... FAILED
[INFO] [stdout] test rename ... FAILED
[INFO] [stdout] 
[INFO] [stdout] failures:
[INFO] [stdout] 
[INFO] [stdout] ---- rollback stdout ----
[INFO] [stdout] Error: Io(Os { code: 30, kind: ReadOnlyFilesystem, message: "Read-only file system" })
[INFO] [stdout] 
[INFO] [stdout] ---- delete stdout ----
[INFO] [stdout] Error: Io(Os { code: 30, kind: ReadOnlyFilesystem, message: "Read-only file system" })
[INFO] [stdout] 
[INFO] [stdout] ---- create stdout ----
[INFO] [stdout] Error: Io(Os { code: 30, kind: ReadOnlyFilesystem, message: "Read-only file system" })
[INFO] [stdout] 
[INFO] [stdout] ---- rename stdout ----
[INFO] [stdout] Error: Io(Os { code: 30, kind: ReadOnlyFilesystem, message: "Read-only file system" })
[INFO] [stdout] 
[INFO] [stdout] 
[INFO] [stdout] failures:
[INFO] [stdout]     create
[INFO] [stdout]     delete
[INFO] [stdout]     rename
[INFO] [stdout]     rollback
[INFO] [stdout] 
[INFO] [stdout] test result: FAILED. 0 passed; 4 failed; 0 ignored; 0 measured; 0 filtered out; finished in 0.01s
[INFO] [stdout] 
[INFO] [stderr] error: test failed, to rerun pass `--test integration`
[INFO] running `Command { std: "docker" "inspect" "c820685e0abd5ce046656b1c7ce421dbd54b77a6a69e48e6ebec70f74006f263", kill_on_drop: false }`
[INFO] running `Command { std: "docker" "rm" "-f" "c820685e0abd5ce046656b1c7ce421dbd54b77a6a69e48e6ebec70f74006f263", kill_on_drop: false }`
[INFO] [stdout] c820685e0abd5ce046656b1c7ce421dbd54b77a6a69e48e6ebec70f74006f263
