[INFO] fetching crate sawtooth 0.8.0...
[INFO] testing sawtooth-0.8.0 against 1.75.0 for beta-1.76-1
[INFO] extracting crate sawtooth 0.8.0 into /workspace/builds/worker-7-tc1/source
[INFO] validating manifest of crates.io crate sawtooth 0.8.0 on toolchain 1.75.0
[INFO] running `Command { std: CARGO_HOME="/workspace/cargo-home" RUSTUP_HOME="/workspace/rustup-home" "/workspace/cargo-home/bin/cargo" "+1.75.0" "metadata" "--manifest-path" "Cargo.toml" "--no-deps", kill_on_drop: false }`
[INFO] started tweaking crates.io crate sawtooth 0.8.0
[INFO] finished tweaking crates.io crate sawtooth 0.8.0
[INFO] tweaked toml for crates.io crate sawtooth 0.8.0 written to /workspace/builds/worker-7-tc1/source/Cargo.toml
[INFO] running `Command { std: CARGO_HOME="/workspace/cargo-home" RUSTUP_HOME="/workspace/rustup-home" "/workspace/cargo-home/bin/cargo" "+1.75.0" "generate-lockfile" "--manifest-path" "Cargo.toml", kill_on_drop: false }`
[INFO] [stderr]     Updating crates.io index
[INFO] running `Command { std: CARGO_HOME="/workspace/cargo-home" RUSTUP_HOME="/workspace/rustup-home" "/workspace/cargo-home/bin/cargo" "+1.75.0" "fetch" "--manifest-path" "Cargo.toml", kill_on_drop: false }`
[INFO] [stderr]  Downloading crates ...
[INFO] [stderr]   Downloaded secp256k1 v0.20.3
[INFO] [stderr]   Downloaded metrics-macros v0.4.1
[INFO] [stderr]   Downloaded diesel_migrations v1.4.0
[INFO] [stderr]   Downloaded migrations_internals v1.4.1
[INFO] [stderr]   Downloaded cylinder v0.2.4
[INFO] [stderr]   Downloaded migrations_macros v1.4.2
[INFO] [stderr]   Downloaded sabre-sdk v0.4.2
[INFO] [stderr]   Downloaded sawtooth-xo v0.5.2
[INFO] [stderr]   Downloaded sabre-sdk v0.7.2
[INFO] [stderr]   Downloaded wasmi v0.9.1
[INFO] [stderr]   Downloaded secp256k1-sys v0.4.2
[INFO] [stderr]   Downloaded liblmdb-sys v0.2.2
[INFO] [stderr]   Downloaded secp256k1 v0.21.3
[INFO] [stderr]   Downloaded sawtooth-sdk v0.5.2
[INFO] [stderr]   Downloaded transact v0.3.14
[INFO] [stderr]   Downloaded parity-wasm v0.42.2
[INFO] [stderr]   Downloaded wasmi-validation v0.4.1
[INFO] [stderr]   Downloaded metrics v0.17.1
[INFO] [stderr]   Downloaded supercow v0.1.0
[INFO] [stderr]   Downloaded lmdb-zero v0.4.4
[INFO] running `Command { std: "docker" "create" "-v" "/var/lib/crater-agent-workspace/builds/worker-7-tc1/target:/opt/rustwide/target:rw,Z" "-v" "/var/lib/crater-agent-workspace/builds/worker-7-tc1/source:/opt/rustwide/workdir:ro,Z" "-v" "/var/lib/crater-agent-workspace/cargo-home:/opt/rustwide/cargo-home:ro,Z" "-v" "/var/lib/crater-agent-workspace/rustup-home:/opt/rustwide/rustup-home:ro,Z" "-e" "SOURCE_DIR=/opt/rustwide/workdir" "-e" "CARGO_TARGET_DIR=/opt/rustwide/target" "-e" "CARGO_HOME=/opt/rustwide/cargo-home" "-e" "RUSTUP_HOME=/opt/rustwide/rustup-home" "-w" "/opt/rustwide/workdir" "-m" "1610612736" "--user" "0:0" "--network" "none" "ghcr.io/rust-lang/crates-build-env/linux@sha256:2788e3201cd34a07e3172128adcd8b3090168a8e3bcc40d7c032b9dda1df7d1c" "/opt/rustwide/cargo-home/bin/cargo" "+1.75.0" "metadata" "--no-deps" "--format-version=1", kill_on_drop: false }`
[INFO] [stdout] ed808ccacd77ffecde0f33f69156acda245447c7d64a8d70225e87cf53f10f6f
[INFO] running `Command { std: "docker" "start" "-a" "ed808ccacd77ffecde0f33f69156acda245447c7d64a8d70225e87cf53f10f6f", kill_on_drop: false }`
[INFO] running `Command { std: "docker" "inspect" "ed808ccacd77ffecde0f33f69156acda245447c7d64a8d70225e87cf53f10f6f", kill_on_drop: false }`
[INFO] running `Command { std: "docker" "rm" "-f" "ed808ccacd77ffecde0f33f69156acda245447c7d64a8d70225e87cf53f10f6f", kill_on_drop: false }`
[INFO] [stdout] ed808ccacd77ffecde0f33f69156acda245447c7d64a8d70225e87cf53f10f6f
[INFO] running `Command { std: "docker" "create" "-v" "/var/lib/crater-agent-workspace/builds/worker-7-tc1/target:/opt/rustwide/target:rw,Z" "-v" "/var/lib/crater-agent-workspace/builds/worker-7-tc1/source:/opt/rustwide/workdir:ro,Z" "-v" "/var/lib/crater-agent-workspace/cargo-home:/opt/rustwide/cargo-home:ro,Z" "-v" "/var/lib/crater-agent-workspace/rustup-home:/opt/rustwide/rustup-home:ro,Z" "-e" "SOURCE_DIR=/opt/rustwide/workdir" "-e" "CARGO_TARGET_DIR=/opt/rustwide/target" "-e" "CARGO_INCREMENTAL=0" "-e" "RUST_BACKTRACE=full" "-e" "RUSTFLAGS=--cap-lints=warn" "-e" "RUSTDOCFLAGS=--cap-lints=warn" "-e" "CARGO_HOME=/opt/rustwide/cargo-home" "-e" "RUSTUP_HOME=/opt/rustwide/rustup-home" "-w" "/opt/rustwide/workdir" "-m" "1610612736" "--user" "0:0" "--network" "none" "ghcr.io/rust-lang/crates-build-env/linux@sha256:2788e3201cd34a07e3172128adcd8b3090168a8e3bcc40d7c032b9dda1df7d1c" "/opt/rustwide/cargo-home/bin/cargo" "+1.75.0" "build" "--frozen" "--message-format=json", kill_on_drop: false }`
[INFO] [stdout] 19fff8ee7e415f68d7039eb217a25808bd636ab403d7308bc97c3471d64f7384
[INFO] running `Command { std: "docker" "start" "-a" "19fff8ee7e415f68d7039eb217a25808bd636ab403d7308bc97c3471d64f7384", kill_on_drop: false }`
[INFO] [stderr]    Compiling rustix v0.38.28
[INFO] [stderr]    Compiling bitflags v2.4.1
[INFO] [stderr]    Compiling linux-raw-sys v0.4.12
[INFO] [stderr]    Compiling serde v1.0.194
[INFO] [stderr]    Compiling protobuf v2.28.0
[INFO] [stderr]    Compiling cc v1.0.83
[INFO] [stderr]    Compiling either v1.9.0
[INFO] [stderr]    Compiling home v0.5.9
[INFO] [stderr]    Compiling getrandom v0.2.11
[INFO] [stderr]    Compiling fastrand v2.0.1
[INFO] [stderr]    Compiling gcc v0.3.55
[INFO] [stderr]    Compiling rand_core v0.6.4
[INFO] [stderr]    Compiling rand v0.4.6
[INFO] [stderr]    Compiling time v0.1.45
[INFO] [stderr]    Compiling rand_chacha v0.3.1
[INFO] [stderr]    Compiling glob v0.3.1
[INFO] [stderr]    Compiling rust-crypto v0.2.36
[INFO] [stderr]    Compiling rand v0.3.23
[INFO] [stderr]    Compiling rustc-serialize v0.3.25
[INFO] [stderr]    Compiling rand v0.8.5
[INFO] [stderr]    Compiling sha2 v0.9.9
[INFO] [stderr]    Compiling secp256k1-sys v0.4.2
[INFO] [stderr]    Compiling which v4.4.2
[INFO] [stderr]    Compiling tempfile v3.9.0
[INFO] [stderr]    Compiling secp256k1 v0.20.3
[INFO] [stderr]    Compiling log v0.4.20
[INFO] [stderr]    Compiling protoc v2.28.0
[INFO] [stderr]    Compiling protobuf-codegen v2.28.0
[INFO] [stderr]    Compiling protoc-rust v2.28.0
[INFO] [stderr]    Compiling cylinder v0.2.4
[INFO] [stderr]    Compiling sawtooth v0.8.0 (/opt/rustwide/workdir)
[INFO] [stderr]     Finished dev [unoptimized + debuginfo] target(s) in 25.11s
[INFO] running `Command { std: "docker" "inspect" "19fff8ee7e415f68d7039eb217a25808bd636ab403d7308bc97c3471d64f7384", kill_on_drop: false }`
[INFO] running `Command { std: "docker" "rm" "-f" "19fff8ee7e415f68d7039eb217a25808bd636ab403d7308bc97c3471d64f7384", kill_on_drop: false }`
[INFO] [stdout] 19fff8ee7e415f68d7039eb217a25808bd636ab403d7308bc97c3471d64f7384
[INFO] running `Command { std: "docker" "create" "-v" "/var/lib/crater-agent-workspace/builds/worker-7-tc1/target:/opt/rustwide/target:rw,Z" "-v" "/var/lib/crater-agent-workspace/builds/worker-7-tc1/source:/opt/rustwide/workdir:ro,Z" "-v" "/var/lib/crater-agent-workspace/cargo-home:/opt/rustwide/cargo-home:ro,Z" "-v" "/var/lib/crater-agent-workspace/rustup-home:/opt/rustwide/rustup-home:ro,Z" "-e" "SOURCE_DIR=/opt/rustwide/workdir" "-e" "CARGO_TARGET_DIR=/opt/rustwide/target" "-e" "CARGO_INCREMENTAL=0" "-e" "RUST_BACKTRACE=full" "-e" "RUSTFLAGS=--cap-lints=warn" "-e" "RUSTDOCFLAGS=--cap-lints=warn" "-e" "CARGO_HOME=/opt/rustwide/cargo-home" "-e" "RUSTUP_HOME=/opt/rustwide/rustup-home" "-w" "/opt/rustwide/workdir" "-m" "1610612736" "--user" "0:0" "--network" "none" "ghcr.io/rust-lang/crates-build-env/linux@sha256:2788e3201cd34a07e3172128adcd8b3090168a8e3bcc40d7c032b9dda1df7d1c" "/opt/rustwide/cargo-home/bin/cargo" "+1.75.0" "test" "--frozen" "--no-run" "--message-format=json", kill_on_drop: false }`
[INFO] [stdout] c8461797d6701168c3ed69563a1cf8e7524b6fd9b3c89cafebe3a6afc6059e52
[INFO] running `Command { std: "docker" "start" "-a" "c8461797d6701168c3ed69563a1cf8e7524b6fd9b3c89cafebe3a6afc6059e52", kill_on_drop: false }`
[INFO] [stderr]    Compiling bitflags v2.4.1
[INFO] [stderr]    Compiling pkg-config v0.3.28
[INFO] [stderr]    Compiling linux-raw-sys v0.4.12
[INFO] [stderr]    Compiling rustix v0.38.28
[INFO] [stderr]    Compiling log v0.4.20
[INFO] [stderr]    Compiling fastrand v2.0.1
[INFO] [stderr]    Compiling toml v0.2.1
[INFO] [stderr]    Compiling error-chain v0.10.0
[INFO] [stderr]    Compiling vcpkg v0.2.15
[INFO] [stderr]    Compiling syn v2.0.48
[INFO] [stderr]    Compiling indexmap v1.9.3
[INFO] [stderr]    Compiling lock_api v0.4.11
[INFO] [stderr]    Compiling metadeps v1.1.2
[INFO] [stderr]    Compiling syn v1.0.109
[INFO] [stderr]    Compiling zmq v0.9.2
[INFO] [stderr]    Compiling parking_lot_core v0.8.6
[INFO] [stderr]    Compiling linked-hash-map v0.5.6
[INFO] [stderr]    Compiling openssl v0.10.62
[INFO] [stderr]    Compiling traitobject v0.1.0
[INFO] [stderr]    Compiling hashbrown v0.12.3
[INFO] [stderr]    Compiling zmq-sys v0.11.0
[INFO] [stderr]    Compiling unsafe-any v0.4.2
[INFO] [stderr]    Compiling miniz_oxide v0.7.1
[INFO] [stderr]    Compiling yaml-rust v0.4.5
[INFO] [stderr]    Compiling openssl-sys v0.9.98
[INFO] [stderr]    Compiling ordered-float v1.1.1
[INFO] [stderr]    Compiling nix v0.27.1
[INFO] [stderr]    Compiling instant v0.1.12
[INFO] [stderr]    Compiling unicode-width v0.1.11
[INFO] [stderr]    Compiling iana-time-zone v0.1.59
[INFO] [stderr]    Compiling smallvec v1.11.2
[INFO] [stderr]    Compiling serde_yaml v0.8.26
[INFO] [stderr]    Compiling which v4.4.2
[INFO] [stderr]    Compiling tempfile v3.9.0
[INFO] [stderr]    Compiling protoc v2.28.0
[INFO] [stderr]    Compiling ctrlc v3.4.2
[INFO] [stderr]    Compiling protoc-rust v2.28.0
[INFO] [stderr]    Compiling chrono v0.4.31
[INFO] [stderr]    Compiling textwrap v0.11.0
[INFO] [stderr]    Compiling sawtooth-sdk v0.5.2
[INFO] [stderr]    Compiling sawtooth v0.8.0 (/opt/rustwide/workdir)
[INFO] [stderr]    Compiling flate2 v1.0.28
[INFO] [stderr]    Compiling serde-value v0.5.3
[INFO] [stderr]    Compiling sha2 v0.10.8
[INFO] [stderr]    Compiling typemap v0.3.3
[INFO] [stderr]    Compiling secp256k1 v0.21.3
[INFO] [stderr]    Compiling uuid v0.8.2
[INFO] [stderr]    Compiling thread-id v3.3.0
[INFO] [stderr]    Compiling atty v0.2.14
[INFO] [stderr]    Compiling arc-swap v0.3.11
[INFO] [stderr]    Compiling ansi_term v0.12.1
[INFO] [stderr]    Compiling log-mdc v0.1.0
[INFO] [stderr]    Compiling antidote v1.0.0
[INFO] [stderr]    Compiling clap v2.34.0
[INFO] [stderr]    Compiling parking_lot v0.11.2
[INFO] [stderr]    Compiling wait-timeout v0.2.0
[INFO] [stderr]    Compiling cfg-if v0.1.10
[INFO] [stderr]    Compiling tempdir v0.3.7
[INFO] [stderr]    Compiling rusty-fork v0.3.0
[INFO] [stderr]    Compiling openssl-macros v0.1.1
[INFO] [stderr]    Compiling serde_derive v1.0.194
[INFO] [stderr]    Compiling serial_test_derive v0.5.1
[INFO] [stderr]    Compiling serial_test v0.5.1
[INFO] [stderr]    Compiling log4rs v0.8.3
[INFO] [stderr]    Compiling sawtooth-xo v0.5.2
[INFO] [stderr]     Finished test [unoptimized + debuginfo] target(s) in 28.31s
[INFO] [stderr] warning: the following packages contain code that will be rejected by a future version of Rust: traitobject v0.1.0
[INFO] [stderr] note: to see what the problems were, use the option `--future-incompat-report`, or run `cargo report future-incompatibilities --id 2`
[INFO] running `Command { std: "docker" "inspect" "c8461797d6701168c3ed69563a1cf8e7524b6fd9b3c89cafebe3a6afc6059e52", kill_on_drop: false }`
[INFO] running `Command { std: "docker" "rm" "-f" "c8461797d6701168c3ed69563a1cf8e7524b6fd9b3c89cafebe3a6afc6059e52", kill_on_drop: false }`
[INFO] [stdout] c8461797d6701168c3ed69563a1cf8e7524b6fd9b3c89cafebe3a6afc6059e52
[INFO] running `Command { std: "docker" "create" "-v" "/var/lib/crater-agent-workspace/builds/worker-7-tc1/target:/opt/rustwide/target:rw,Z" "-v" "/var/lib/crater-agent-workspace/builds/worker-7-tc1/source:/opt/rustwide/workdir:ro,Z" "-v" "/var/lib/crater-agent-workspace/cargo-home:/opt/rustwide/cargo-home:ro,Z" "-v" "/var/lib/crater-agent-workspace/rustup-home:/opt/rustwide/rustup-home:ro,Z" "-e" "SOURCE_DIR=/opt/rustwide/workdir" "-e" "CARGO_TARGET_DIR=/opt/rustwide/target" "-e" "CARGO_INCREMENTAL=0" "-e" "RUST_BACKTRACE=full" "-e" "RUSTFLAGS=--cap-lints=warn" "-e" "RUSTDOCFLAGS=--cap-lints=warn" "-e" "CARGO_HOME=/opt/rustwide/cargo-home" "-e" "RUSTUP_HOME=/opt/rustwide/rustup-home" "-w" "/opt/rustwide/workdir" "-m" "1610612736" "--user" "0:0" "--network" "none" "ghcr.io/rust-lang/crates-build-env/linux@sha256:2788e3201cd34a07e3172128adcd8b3090168a8e3bcc40d7c032b9dda1df7d1c" "/opt/rustwide/cargo-home/bin/cargo" "+1.75.0" "test" "--frozen", kill_on_drop: false }`
[INFO] [stdout] be7c7b374b83864105ec4abed4e31274002cbad34209ed927fdb58d03b01a6e5
[INFO] running `Command { std: "docker" "start" "-a" "be7c7b374b83864105ec4abed4e31274002cbad34209ed927fdb58d03b01a6e5", kill_on_drop: false }`
[INFO] [stderr]     Finished test [unoptimized + debuginfo] target(s) in 0.15s
[INFO] [stderr] warning: the following packages contain code that will be rejected by a future version of Rust: traitobject v0.1.0
[INFO] [stderr] note: to see what the problems were, use the option `--future-incompat-report`, or run `cargo report future-incompatibilities --id 2`
[INFO] [stderr]      Running unittests src/lib.rs (/opt/rustwide/target/debug/deps/sawtooth-3b2e80b8874b4715)
[INFO] [stdout] 
[INFO] [stdout] running 62 tests
[INFO] [stdout] test error::constraint_violation::tests::test_debug_with_violation_type ... ok
[INFO] [stdout] test error::constraint_violation::tests::test_display_with_violation_type ... ok
[INFO] [stdout] test error::internal::tests::test_debug_with_message ... ok
[INFO] [stdout] test error::internal::tests::test_display_from_source_with_message ... ok
[INFO] [stdout] test error::internal::tests::test_display_from_source ... ok
[INFO] [stdout] test error::internal::tests::test_display_from_source_with_prefix ... ok
[INFO] [stdout] test error::internal::tests::test_debug_from_source ... ok
[INFO] [stdout] test error::internal::tests::test_display_with_message ... ok
[INFO] [stdout] test error::invalid_state::tests::test_display_with_message ... ok
[INFO] [stdout] test error::unavailable::tests::test_display_from_source ... ok
[INFO] [stdout] test error::unavailable::tests::test_display_from_source_with_hint ... ok
[INFO] [stdout] test error::constraint_violation::tests::test_debug_from_source_with_violation_type ... ok
[INFO] [stdout] test error::constraint_violation::tests::test_display_from_source_with_violation_type ... ok
[INFO] [stdout] test error::internal::tests::test_debug_from_source_with_prefix ... ok
[INFO] [stdout] test error::internal::tests::test_debug_from_source_with_message ... ok
[INFO] [stdout] test protocol::block_info::tests::builder_separate ... ok
[INFO] [stdout] test protocol::block_info::tests::builder_defaults ... ok
[INFO] [stdout] test protocol::identity::tests::policy_builder_chain ... ok
[INFO] [stdout] test protocol::identity::tests::policy_builder_separate ... ok
[INFO] [stdout] test protocol::identity::tests::role_builder_chain ... ok
[INFO] [stdout] test protocol::identity::tests::role_builder_missing_fields ... ok
[INFO] [stdout] test protocol::block_info::tests::builder_missing_fields ... ok
[INFO] [stdout] test protocol::block_info::tests::builder_chain ... ok
[INFO] [stdout] test protocol::identity::tests::policy_builder_missing_fields ... ok
[INFO] [stdout] test protocol::setting::tests::builder_chain ... ok
[INFO] [stdout] test protocol::identity::tests::role_builder_separate ... ok
[INFO] [stdout] test protocol::setting::tests::builder_missing_fields ... ok
[INFO] [stdout] test protocol::setting::tests::builder_separate ... ok
[INFO] [stdout] test transact::database::btree::tests::test_btree_database ... ok
[INFO] [stdout] test transact::database::btree::tests::test_btree_reader_database_cursor ... ok
[INFO] [stdout] test transact::database::btree::tests::test_btree_writer_database_cursor ... ok
[INFO] [stdout] test transact::protocol::batch::tests::batch_fields ... ok
[INFO] [stdout] test transact::protocol::batch::tests::batch_header_bytes ... ok
[INFO] [stdout] test transact::protocol::batch::tests::batch_header_fields ... ok
[INFO] [stdout] test transact::protocol::receipt::tests::event_builder_chain ... ok
[INFO] [stdout] test transact::protocol::receipt::tests::event_builder_separate ... ok
[INFO] [stdout] test transact::protocol::receipt::tests::event_builder_chain_bytes ... ok
[INFO] [stdout] test transact::protocol::receipt::tests::invalid_receipt_to_state_change_conversions ... ok
[INFO] [stdout] test transact::protocol::receipt::tests::invalid_result_to_state_change_conversions ... ok
[INFO] [stdout] test transact::protocol::receipt::tests::event_fields ... ok
[INFO] [stdout] test transact::protocol::receipt::tests::invalid_transaction_receipt_builder_chain ... ok
[INFO] [stdout] test transact::protocol::batch::tests::batch_builder_separate ... ok
[INFO] [stdout] test transact::protocol::receipt::tests::state_state_change_conversion ... ok
[INFO] [stdout] test transact::protocol::receipt::tests::invalid_transaction_receipt_builder_separate ... ok
[INFO] [stdout] test transact::protocol::receipt::tests::state_change_fields ... ok
[INFO] [stdout] test protocol::block::tests::builder_separate ... ok
[INFO] [stdout] test transact::protocol::receipt::tests::valid_result_to_state_change_conversions ... ok
[INFO] [stdout] test transact::protocol::receipt::tests::valid_receipt_to_state_change_conversions ... ok
[INFO] [stdout] test transact::protocol::receipt::tests::valid_transaction_receipt_builder_separate ... ok
[INFO] [stdout] test transact::protocol::receipt::tests::valid_transaction_receipt_bytes ... ok
[INFO] [stdout] test protocol::block::tests::builder_chain ... ok
[INFO] [stdout] test protocol::block::tests::builder_missing_fields ... ok
[INFO] [stdout] test transact::protocol::receipt::tests::valid_transaction_receipt_builder_chain ... ok
[INFO] [stdout] test transact::protocol::transaction::tests::transaction_header_bytes ... ok
[INFO] [stdout] test transact::protocol::batch::tests::batch_builder_chain ... ok
[INFO] [stdout] test transact::protocol::receipt::tests::valid_transaction_receipt_fields ... ok
[INFO] [stdout] test transact::protocol::transaction::tests::transaction_fields ... ok
[INFO] [stdout] test transact::protocol::transaction::tests::transaction_header_fields ... ok
[INFO] [stdout] test transact::state::hashmap::tests::test_commit ... ok
[INFO] [stdout] test protocol::block::tests::builder_defaults ... ok
[INFO] [stdout] test transact::protocol::transaction::tests::transaction_builder_chain ... ok
[INFO] [stdout] test transact::protocol::transaction::tests::transaction_builder_seperate ... ok
[INFO] [stdout] 
[INFO] [stdout] test result: ok. 62 passed; 0 failed; 0 ignored; 0 measured; 0 filtered out; finished in 0.36s
[INFO] [stdout] 
[INFO] [stderr]      Running tests/mod.rs (/opt/rustwide/target/debug/deps/mod-b36ad3d0890bc08d)
[INFO] [stdout] 
[INFO] [stdout] running 0 tests
[INFO] [stdout] 
[INFO] [stdout] test result: ok. 0 passed; 0 failed; 0 ignored; 0 measured; 0 filtered out; finished in 0.00s
[INFO] [stdout] 
[INFO] [stderr]    Doc-tests sawtooth
[INFO] [stdout] 
[INFO] [stdout] running 12 tests
[INFO] [stdout] test src/error/mod.rs - error (line 26) ... ok
[INFO] [stdout] test src/error/mod.rs - error (line 42) ... ok
[INFO] [stdout] test src/error/internal.rs - error::internal::InternalError::from_source (line 47) ... FAILED
[INFO] [stdout] test src/error/internal.rs - error::internal::InternalError::from_source_with_message (line 71) ... FAILED
[INFO] [stdout] test src/migrations/mod.rs - migrations (line 21) ... ignored
[INFO] [stdout] test src/error/internal.rs - error::internal::InternalError::from_source_with_prefix (line 96) ... FAILED
[INFO] [stdout] test src/error/invalid_state.rs - error::invalid_state::InvalidStateError::with_message (line 40) ... ok
[INFO] [stdout] test src/error/constraint_violation.rs - error::constraint_violation::ConstraintViolationError::from_source_with_violation_type (line 93) ... ok
[INFO] [stdout] test src/error/constraint_violation.rs - error::constraint_violation::ConstraintViolationError::with_violation_type (line 71) ... ok
[INFO] [stdout] test src/error/internal.rs - error::internal::InternalError::with_message (line 120) ... ok
[INFO] [stdout] test src/error/unavailable.rs - error::unavailable::ResourceTemporarilyUnavailableError::from_source_with_hint (line 64) ... ok
[INFO] [stdout] test src/error/unavailable.rs - error::unavailable::ResourceTemporarilyUnavailableError::from_source (line 38) ... ok
[INFO] [stdout] 
[INFO] [stdout] failures:
[INFO] [stdout] 
[INFO] [stdout] ---- src/error/internal.rs - error::internal::InternalError::from_source (line 47) stdout ----
[INFO] [stdout] error: linking with `cc` failed: exit status: 1
[INFO] [stdout]   |
[INFO] [stdout]   = note: LC_ALL="C" PATH="/opt/rustwide/rustup-home/toolchains/1.75.0-x86_64-unknown-linux-gnu/lib/rustlib/x86_64-unknown-linux-gnu/bin:/opt/rustwide/cargo-home/bin:/usr/local/sbin:/usr/local/bin:/usr/sbin:/usr/bin:/sbin:/bin" VSLANG="1033" "cc" "-m64" "/tmp/rustccET2Jp/symbols.o" "/tmp/rustdoctestzyC86H/rust_out.rust_out.263fb70ac1c95110-cgu.0.rcgu.o" "/tmp/rustdoctestzyC86H/rust_out.2uel00cfmdh5ufit.rcgu.o" "-Wl,--as-needed" "-L" "/opt/rustwide/target/debug/deps" "-L" "/opt/rustwide/target/debug/deps" "-L" "/opt/rustwide/target/debug/build/rust-crypto-d811dc2ffdd549ff/out" "-L" "/opt/rustwide/target/debug/build/secp256k1-sys-6d0d65d86a13bf36/out" "-L" "/usr/lib/x86_64-linux-gnu" "-L" "/opt/rustwide/rustup-home/toolchains/1.75.0-x86_64-unknown-linux-gnu/lib/rustlib/x86_64-unknown-linux-gnu/lib" "-Wl,-Bstatic" "/opt/rustwide/target/debug/deps/libsawtooth-1fde040b4f7fac44.rlib" "/opt/rustwide/target/debug/deps/libhex-05644b5497b79c5b.rlib" "/opt/rustwide/target/debug/deps/libsha2-01785af96f00d175.rlib" "/opt/rustwide/target/debug/deps/libcpufeatures-b8d9ed5bb45874e9.rlib" "/opt/rustwide/target/debug/deps/libopaque_debug-15273823c1ba1453.rlib" "/opt/rustwide/target/debug/deps/libdigest-ad45b802cb649b1e.rlib" "/opt/rustwide/target/debug/deps/libblock_buffer-81c308b92496b662.rlib" "/opt/rustwide/target/debug/deps/libgeneric_array-18b3188a0c567140.rlib" "/opt/rustwide/target/debug/deps/libtypenum-da95465dc70d2c95.rlib" "/opt/rustwide/target/debug/deps/libprotobuf-a3269561fd7232fe.rlib" "/opt/rustwide/target/debug/deps/libcylinder-97c2e2f75c21268b.rlib" "/opt/rustwide/target/debug/deps/libsecp256k1-04665053d45d44c1.rlib" "/opt/rustwide/target/debug/deps/libsecp256k1_sys-08c11083ae71e663.rlib" "/opt/rustwide/target/debug/deps/librand-6b1751f97fc780d8.rlib" "/opt/rustwide/target/debug/deps/librand_chacha-190d94af5566d2d7.rlib" "/opt/rustwide/target/debug/deps/libppv_lite86-9f808eb911999ef2.rlib" "/opt/rustwide/target/debug/deps/librand_core-6b5cc83d202a6ca4.rlib" "/opt/rustwide/target/debug/deps/libgetrandom-6f8cebb06b407ea9.rlib" "/opt/rustwide/target/debug/deps/libcfg_if-61dc7a6799e72b18.rlib" "/opt/rustwide/target/debug/deps/libcrypto-8d19c4c8aaa32e65.rlib" "/opt/rustwide/target/debug/deps/libtime-29918f4542d2a484.rlib" "/opt/rustwide/target/debug/deps/librustc_serialize-738cfa055e92ab76.rlib" "/opt/rustwide/target/debug/deps/librand-388fbd0ba5e4d46b.rlib" "/opt/rustwide/target/debug/deps/librand-ecd8ee92bfb8e148.rlib" "/opt/rustwide/target/debug/deps/liblibc-4f34ddd04c373408.rlib" "/opt/rustwide/rustup-home/toolchains/1.75.0-x86_64-unknown-linux-gnu/lib/rustlib/x86_64-unknown-linux-gnu/lib/libstd-90f6ddbf82de36ec.rlib" "/opt/rustwide/rustup-home/toolchains/1.75.0-x86_64-unknown-linux-gnu/lib/rustlib/x86_64-unknown-linux-gnu/lib/libpanic_unwind-480c41e9d4e1f677.rlib" "/opt/rustwide/rustup-home/toolchains/1.75.0-x86_64-unknown-linux-gnu/lib/rustlib/x86_64-unknown-linux-gnu/lib/libobject-db744c0ca03eed1d.rlib" "/opt/rustwide/rustup-home/toolchains/1.75.0-x86_64-unknown-linux-gnu/lib/rustlib/x86_64-unknown-linux-gnu/lib/libmemchr-8ba652dc7d4b285a.rlib" "/opt/rustwide/rustup-home/toolchains/1.75.0-x86_64-unknown-linux-gnu/lib/rustlib/x86_64-unknown-linux-gnu/lib/libaddr2line-d5f4520a9ebc0d58.rlib" "/opt/rustwide/rustup-home/toolchains/1.75.0-x86_64-unknown-linux-gnu/lib/rustlib/x86_64-unknown-linux-gnu/lib/libgimli-4ad84de58f0cb463.rlib" "/opt/rustwide/rustup-home/toolchains/1.75.0-x86_64-unknown-linux-gnu/lib/rustlib/x86_64-unknown-linux-gnu/lib/librustc_demangle-0d10aae2e0f38735.rlib" "/opt/rustwide/rustup-home/toolchains/1.75.0-x86_64-unknown-linux-gnu/lib/rustlib/x86_64-unknown-linux-gnu/lib/libstd_detect-0c17cff739e6745b.rlib" "/opt/rustwide/rustup-home/toolchains/1.75.0-x86_64-unknown-linux-gnu/lib/rustlib/x86_64-unknown-linux-gnu/lib/libhashbrown-b29e17139dde1aa8.rlib" "/opt/rustwide/rustup-home/toolchains/1.75.0-x86_64-unknown-linux-gnu/lib/rustlib/x86_64-unknown-linux-gnu/lib/librustc_std_workspace_alloc-1f975299829cc7bd.rlib" "/opt/rustwide/rustup-home/toolchains/1.75.0-x86_64-unknown-linux-gnu/lib/rustlib/x86_64-unknown-linux-gnu/lib/libminiz_oxide-86bae3bc3079f89b.rlib" "/opt/rustwide/rustup-home/toolchains/1.75.0-x86_64-unknown-linux-gnu/lib/rustlib/x86_64-unknown-linux-gnu/lib/libadler-321b82c30dffdf5f.rlib" "/opt/rustwide/rustup-home/toolchains/1.75.0-x86_64-unknown-linux-gnu/lib/rustlib/x86_64-unknown-linux-gnu/lib/libunwind-3dd8a6810a0bdfef.rlib" "/opt/rustwide/rustup-home/toolchains/1.75.0-x86_64-unknown-linux-gnu/lib/rustlib/x86_64-unknown-linux-gnu/lib/libcfg_if-eb39a61c0c879984.rlib" "/opt/rustwide/rustup-home/toolchains/1.75.0-x86_64-unknown-linux-gnu/lib/rustlib/x86_64-unknown-linux-gnu/lib/liblibc-aa769569f91c3548.rlib" "/opt/rustwide/rustup-home/toolchains/1.75.0-x86_64-unknown-linux-gnu/lib/rustlib/x86_64-unknown-linux-gnu/lib/liballoc-510a192a50a983ed.rlib" "/opt/rustwide/rustup-home/toolchains/1.75.0-x86_64-unknown-linux-gnu/lib/rustlib/x86_64-unknown-linux-gnu/lib/librustc_std_workspace_core-0577018320f99037.rlib" "/opt/rustwide/rustup-home/toolchains/1.75.0-x86_64-unknown-linux-gnu/lib/rustlib/x86_64-unknown-linux-gnu/lib/libcore-193cf992125ccd4c.rlib" "/opt/rustwide/rustup-home/toolchains/1.75.0-x86_64-unknown-linux-gnu/lib/rustlib/x86_64-unknown-linux-gnu/lib/libcompiler_builtins-8e138eaf26ebb4a8.rlib" "-Wl,-Bdynamic" "-lgcc_s" "-lutil" "-lrt" "-lpthread" "-lm" "-ldl" "-lc" "-Wl,--eh-frame-hdr" "-Wl,-z,noexecstack" "-L" "/opt/rustwide/rustup-home/toolchains/1.75.0-x86_64-unknown-linux-gnu/lib/rustlib/x86_64-unknown-linux-gnu/lib" "-o" "/tmp/rustdoctestzyC86H/rust_out" "-Wl,--gc-sections" "-pie" "-Wl,-z,relro,-z,now" "-nodefaultlibs"
[INFO] [stdout]   = note: collect2: fatal error: ld terminated with signal 9 [Killed]
[INFO] [stdout]           compilation terminated.
[INFO] [stdout]           
[INFO] [stdout] 
[INFO] [stdout] error: aborting due to previous error
[INFO] [stdout] 
[INFO] [stdout] Couldn't compile the test.
[INFO] [stdout] ---- src/error/internal.rs - error::internal::InternalError::from_source_with_message (line 71) stdout ----
[INFO] [stdout] error: linking with `cc` failed: exit status: 1
[INFO] [stdout]   |
[INFO] [stdout]   = note: LC_ALL="C" PATH="/opt/rustwide/rustup-home/toolchains/1.75.0-x86_64-unknown-linux-gnu/lib/rustlib/x86_64-unknown-linux-gnu/bin:/opt/rustwide/cargo-home/bin:/usr/local/sbin:/usr/local/bin:/usr/sbin:/usr/bin:/sbin:/bin" VSLANG="1033" "cc" "-m64" "/tmp/rustcNvvqaz/symbols.o" "/tmp/rustdoctestE5UBHZ/rust_out.rust_out.263fb70ac1c95110-cgu.0.rcgu.o" "/tmp/rustdoctestE5UBHZ/rust_out.2uel00cfmdh5ufit.rcgu.o" "-Wl,--as-needed" "-L" "/opt/rustwide/target/debug/deps" "-L" "/opt/rustwide/target/debug/deps" "-L" "/opt/rustwide/target/debug/build/rust-crypto-d811dc2ffdd549ff/out" "-L" "/opt/rustwide/target/debug/build/secp256k1-sys-6d0d65d86a13bf36/out" "-L" "/usr/lib/x86_64-linux-gnu" "-L" "/opt/rustwide/rustup-home/toolchains/1.75.0-x86_64-unknown-linux-gnu/lib/rustlib/x86_64-unknown-linux-gnu/lib" "-Wl,-Bstatic" "/opt/rustwide/target/debug/deps/libsawtooth-1fde040b4f7fac44.rlib" "/opt/rustwide/target/debug/deps/libhex-05644b5497b79c5b.rlib" "/opt/rustwide/target/debug/deps/libsha2-01785af96f00d175.rlib" "/opt/rustwide/target/debug/deps/libcpufeatures-b8d9ed5bb45874e9.rlib" "/opt/rustwide/target/debug/deps/libopaque_debug-15273823c1ba1453.rlib" "/opt/rustwide/target/debug/deps/libdigest-ad45b802cb649b1e.rlib" "/opt/rustwide/target/debug/deps/libblock_buffer-81c308b92496b662.rlib" "/opt/rustwide/target/debug/deps/libgeneric_array-18b3188a0c567140.rlib" "/opt/rustwide/target/debug/deps/libtypenum-da95465dc70d2c95.rlib" "/opt/rustwide/target/debug/deps/libprotobuf-a3269561fd7232fe.rlib" "/opt/rustwide/target/debug/deps/libcylinder-97c2e2f75c21268b.rlib" "/opt/rustwide/target/debug/deps/libsecp256k1-04665053d45d44c1.rlib" "/opt/rustwide/target/debug/deps/libsecp256k1_sys-08c11083ae71e663.rlib" "/opt/rustwide/target/debug/deps/librand-6b1751f97fc780d8.rlib" "/opt/rustwide/target/debug/deps/librand_chacha-190d94af5566d2d7.rlib" "/opt/rustwide/target/debug/deps/libppv_lite86-9f808eb911999ef2.rlib" "/opt/rustwide/target/debug/deps/librand_core-6b5cc83d202a6ca4.rlib" "/opt/rustwide/target/debug/deps/libgetrandom-6f8cebb06b407ea9.rlib" "/opt/rustwide/target/debug/deps/libcfg_if-61dc7a6799e72b18.rlib" "/opt/rustwide/target/debug/deps/libcrypto-8d19c4c8aaa32e65.rlib" "/opt/rustwide/target/debug/deps/libtime-29918f4542d2a484.rlib" "/opt/rustwide/target/debug/deps/librustc_serialize-738cfa055e92ab76.rlib" "/opt/rustwide/target/debug/deps/librand-388fbd0ba5e4d46b.rlib" "/opt/rustwide/target/debug/deps/librand-ecd8ee92bfb8e148.rlib" "/opt/rustwide/target/debug/deps/liblibc-4f34ddd04c373408.rlib" "/opt/rustwide/rustup-home/toolchains/1.75.0-x86_64-unknown-linux-gnu/lib/rustlib/x86_64-unknown-linux-gnu/lib/libstd-90f6ddbf82de36ec.rlib" "/opt/rustwide/rustup-home/toolchains/1.75.0-x86_64-unknown-linux-gnu/lib/rustlib/x86_64-unknown-linux-gnu/lib/libpanic_unwind-480c41e9d4e1f677.rlib" "/opt/rustwide/rustup-home/toolchains/1.75.0-x86_64-unknown-linux-gnu/lib/rustlib/x86_64-unknown-linux-gnu/lib/libobject-db744c0ca03eed1d.rlib" "/opt/rustwide/rustup-home/toolchains/1.75.0-x86_64-unknown-linux-gnu/lib/rustlib/x86_64-unknown-linux-gnu/lib/libmemchr-8ba652dc7d4b285a.rlib" "/opt/rustwide/rustup-home/toolchains/1.75.0-x86_64-unknown-linux-gnu/lib/rustlib/x86_64-unknown-linux-gnu/lib/libaddr2line-d5f4520a9ebc0d58.rlib" "/opt/rustwide/rustup-home/toolchains/1.75.0-x86_64-unknown-linux-gnu/lib/rustlib/x86_64-unknown-linux-gnu/lib/libgimli-4ad84de58f0cb463.rlib" "/opt/rustwide/rustup-home/toolchains/1.75.0-x86_64-unknown-linux-gnu/lib/rustlib/x86_64-unknown-linux-gnu/lib/librustc_demangle-0d10aae2e0f38735.rlib" "/opt/rustwide/rustup-home/toolchains/1.75.0-x86_64-unknown-linux-gnu/lib/rustlib/x86_64-unknown-linux-gnu/lib/libstd_detect-0c17cff739e6745b.rlib" "/opt/rustwide/rustup-home/toolchains/1.75.0-x86_64-unknown-linux-gnu/lib/rustlib/x86_64-unknown-linux-gnu/lib/libhashbrown-b29e17139dde1aa8.rlib" "/opt/rustwide/rustup-home/toolchains/1.75.0-x86_64-unknown-linux-gnu/lib/rustlib/x86_64-unknown-linux-gnu/lib/librustc_std_workspace_alloc-1f975299829cc7bd.rlib" "/opt/rustwide/rustup-home/toolchains/1.75.0-x86_64-unknown-linux-gnu/lib/rustlib/x86_64-unknown-linux-gnu/lib/libminiz_oxide-86bae3bc3079f89b.rlib" "/opt/rustwide/rustup-home/toolchains/1.75.0-x86_64-unknown-linux-gnu/lib/rustlib/x86_64-unknown-linux-gnu/lib/libadler-321b82c30dffdf5f.rlib" "/opt/rustwide/rustup-home/toolchains/1.75.0-x86_64-unknown-linux-gnu/lib/rustlib/x86_64-unknown-linux-gnu/lib/libunwind-3dd8a6810a0bdfef.rlib" "/opt/rustwide/rustup-home/toolchains/1.75.0-x86_64-unknown-linux-gnu/lib/rustlib/x86_64-unknown-linux-gnu/lib/libcfg_if-eb39a61c0c879984.rlib" "/opt/rustwide/rustup-home/toolchains/1.75.0-x86_64-unknown-linux-gnu/lib/rustlib/x86_64-unknown-linux-gnu/lib/liblibc-aa769569f91c3548.rlib" "/opt/rustwide/rustup-home/toolchains/1.75.0-x86_64-unknown-linux-gnu/lib/rustlib/x86_64-unknown-linux-gnu/lib/liballoc-510a192a50a983ed.rlib" "/opt/rustwide/rustup-home/toolchains/1.75.0-x86_64-unknown-linux-gnu/lib/rustlib/x86_64-unknown-linux-gnu/lib/librustc_std_workspace_core-0577018320f99037.rlib" "/opt/rustwide/rustup-home/toolchains/1.75.0-x86_64-unknown-linux-gnu/lib/rustlib/x86_64-unknown-linux-gnu/lib/libcore-193cf992125ccd4c.rlib" "/opt/rustwide/rustup-home/toolchains/1.75.0-x86_64-unknown-linux-gnu/lib/rustlib/x86_64-unknown-linux-gnu/lib/libcompiler_builtins-8e138eaf26ebb4a8.rlib" "-Wl,-Bdynamic" "-lgcc_s" "-lutil" "-lrt" "-lpthread" "-lm" "-ldl" "-lc" "-Wl,--eh-frame-hdr" "-Wl,-z,noexecstack" "-L" "/opt/rustwide/rustup-home/toolchains/1.75.0-x86_64-unknown-linux-gnu/lib/rustlib/x86_64-unknown-linux-gnu/lib" "-o" "/tmp/rustdoctestE5UBHZ/rust_out" "-Wl,--gc-sections" "-pie" "-Wl,-z,relro,-z,now" "-nodefaultlibs"
[INFO] [stdout]   = note: collect2: fatal error: ld terminated with signal 9 [Killed]
[INFO] [stdout]           compilation terminated.
[INFO] [stdout]           
[INFO] [stdout] 
[INFO] [stdout] error: aborting due to previous error
[INFO] [stdout] 
[INFO] [stdout] Couldn't compile the test.
[INFO] [stdout] ---- src/error/internal.rs - error::internal::InternalError::from_source_with_prefix (line 96) stdout ----
[INFO] [stdout] error: linking with `cc` failed: exit status: 1
[INFO] [stdout]   |
[INFO] [stdout]   = note: LC_ALL="C" PATH="/opt/rustwide/rustup-home/toolchains/1.75.0-x86_64-unknown-linux-gnu/lib/rustlib/x86_64-unknown-linux-gnu/bin:/opt/rustwide/cargo-home/bin:/usr/local/sbin:/usr/local/bin:/usr/sbin:/usr/bin:/sbin:/bin" VSLANG="1033" "cc" "-m64" "/tmp/rustczc4yOa/symbols.o" "/tmp/rustdoctestjacCFf/rust_out.rust_out.263fb70ac1c95110-cgu.0.rcgu.o" "/tmp/rustdoctestjacCFf/rust_out.2uel00cfmdh5ufit.rcgu.o" "-Wl,--as-needed" "-L" "/opt/rustwide/target/debug/deps" "-L" "/opt/rustwide/target/debug/deps" "-L" "/opt/rustwide/target/debug/build/rust-crypto-d811dc2ffdd549ff/out" "-L" "/opt/rustwide/target/debug/build/secp256k1-sys-6d0d65d86a13bf36/out" "-L" "/usr/lib/x86_64-linux-gnu" "-L" "/opt/rustwide/rustup-home/toolchains/1.75.0-x86_64-unknown-linux-gnu/lib/rustlib/x86_64-unknown-linux-gnu/lib" "-Wl,-Bstatic" "/opt/rustwide/target/debug/deps/libsawtooth-1fde040b4f7fac44.rlib" "/opt/rustwide/target/debug/deps/libhex-05644b5497b79c5b.rlib" "/opt/rustwide/target/debug/deps/libsha2-01785af96f00d175.rlib" "/opt/rustwide/target/debug/deps/libcpufeatures-b8d9ed5bb45874e9.rlib" "/opt/rustwide/target/debug/deps/libopaque_debug-15273823c1ba1453.rlib" "/opt/rustwide/target/debug/deps/libdigest-ad45b802cb649b1e.rlib" "/opt/rustwide/target/debug/deps/libblock_buffer-81c308b92496b662.rlib" "/opt/rustwide/target/debug/deps/libgeneric_array-18b3188a0c567140.rlib" "/opt/rustwide/target/debug/deps/libtypenum-da95465dc70d2c95.rlib" "/opt/rustwide/target/debug/deps/libprotobuf-a3269561fd7232fe.rlib" "/opt/rustwide/target/debug/deps/libcylinder-97c2e2f75c21268b.rlib" "/opt/rustwide/target/debug/deps/libsecp256k1-04665053d45d44c1.rlib" "/opt/rustwide/target/debug/deps/libsecp256k1_sys-08c11083ae71e663.rlib" "/opt/rustwide/target/debug/deps/librand-6b1751f97fc780d8.rlib" "/opt/rustwide/target/debug/deps/librand_chacha-190d94af5566d2d7.rlib" "/opt/rustwide/target/debug/deps/libppv_lite86-9f808eb911999ef2.rlib" "/opt/rustwide/target/debug/deps/librand_core-6b5cc83d202a6ca4.rlib" "/opt/rustwide/target/debug/deps/libgetrandom-6f8cebb06b407ea9.rlib" "/opt/rustwide/target/debug/deps/libcfg_if-61dc7a6799e72b18.rlib" "/opt/rustwide/target/debug/deps/libcrypto-8d19c4c8aaa32e65.rlib" "/opt/rustwide/target/debug/deps/libtime-29918f4542d2a484.rlib" "/opt/rustwide/target/debug/deps/librustc_serialize-738cfa055e92ab76.rlib" "/opt/rustwide/target/debug/deps/librand-388fbd0ba5e4d46b.rlib" "/opt/rustwide/target/debug/deps/librand-ecd8ee92bfb8e148.rlib" "/opt/rustwide/target/debug/deps/liblibc-4f34ddd04c373408.rlib" "/opt/rustwide/rustup-home/toolchains/1.75.0-x86_64-unknown-linux-gnu/lib/rustlib/x86_64-unknown-linux-gnu/lib/libstd-90f6ddbf82de36ec.rlib" "/opt/rustwide/rustup-home/toolchains/1.75.0-x86_64-unknown-linux-gnu/lib/rustlib/x86_64-unknown-linux-gnu/lib/libpanic_unwind-480c41e9d4e1f677.rlib" "/opt/rustwide/rustup-home/toolchains/1.75.0-x86_64-unknown-linux-gnu/lib/rustlib/x86_64-unknown-linux-gnu/lib/libobject-db744c0ca03eed1d.rlib" "/opt/rustwide/rustup-home/toolchains/1.75.0-x86_64-unknown-linux-gnu/lib/rustlib/x86_64-unknown-linux-gnu/lib/libmemchr-8ba652dc7d4b285a.rlib" "/opt/rustwide/rustup-home/toolchains/1.75.0-x86_64-unknown-linux-gnu/lib/rustlib/x86_64-unknown-linux-gnu/lib/libaddr2line-d5f4520a9ebc0d58.rlib" "/opt/rustwide/rustup-home/toolchains/1.75.0-x86_64-unknown-linux-gnu/lib/rustlib/x86_64-unknown-linux-gnu/lib/libgimli-4ad84de58f0cb463.rlib" "/opt/rustwide/rustup-home/toolchains/1.75.0-x86_64-unknown-linux-gnu/lib/rustlib/x86_64-unknown-linux-gnu/lib/librustc_demangle-0d10aae2e0f38735.rlib" "/opt/rustwide/rustup-home/toolchains/1.75.0-x86_64-unknown-linux-gnu/lib/rustlib/x86_64-unknown-linux-gnu/lib/libstd_detect-0c17cff739e6745b.rlib" "/opt/rustwide/rustup-home/toolchains/1.75.0-x86_64-unknown-linux-gnu/lib/rustlib/x86_64-unknown-linux-gnu/lib/libhashbrown-b29e17139dde1aa8.rlib" "/opt/rustwide/rustup-home/toolchains/1.75.0-x86_64-unknown-linux-gnu/lib/rustlib/x86_64-unknown-linux-gnu/lib/librustc_std_workspace_alloc-1f975299829cc7bd.rlib" "/opt/rustwide/rustup-home/toolchains/1.75.0-x86_64-unknown-linux-gnu/lib/rustlib/x86_64-unknown-linux-gnu/lib/libminiz_oxide-86bae3bc3079f89b.rlib" "/opt/rustwide/rustup-home/toolchains/1.75.0-x86_64-unknown-linux-gnu/lib/rustlib/x86_64-unknown-linux-gnu/lib/libadler-321b82c30dffdf5f.rlib" "/opt/rustwide/rustup-home/toolchains/1.75.0-x86_64-unknown-linux-gnu/lib/rustlib/x86_64-unknown-linux-gnu/lib/libunwind-3dd8a6810a0bdfef.rlib" "/opt/rustwide/rustup-home/toolchains/1.75.0-x86_64-unknown-linux-gnu/lib/rustlib/x86_64-unknown-linux-gnu/lib/libcfg_if-eb39a61c0c879984.rlib" "/opt/rustwide/rustup-home/toolchains/1.75.0-x86_64-unknown-linux-gnu/lib/rustlib/x86_64-unknown-linux-gnu/lib/liblibc-aa769569f91c3548.rlib" "/opt/rustwide/rustup-home/toolchains/1.75.0-x86_64-unknown-linux-gnu/lib/rustlib/x86_64-unknown-linux-gnu/lib/liballoc-510a192a50a983ed.rlib" "/opt/rustwide/rustup-home/toolchains/1.75.0-x86_64-unknown-linux-gnu/lib/rustlib/x86_64-unknown-linux-gnu/lib/librustc_std_workspace_core-0577018320f99037.rlib" "/opt/rustwide/rustup-home/toolchains/1.75.0-x86_64-unknown-linux-gnu/lib/rustlib/x86_64-unknown-linux-gnu/lib/libcore-193cf992125ccd4c.rlib" "/opt/rustwide/rustup-home/toolchains/1.75.0-x86_64-unknown-linux-gnu/lib/rustlib/x86_64-unknown-linux-gnu/lib/libcompiler_builtins-8e138eaf26ebb4a8.rlib" "-Wl,-Bdynamic" "-lgcc_s" "-lutil" "-lrt" "-lpthread" "-lm" "-ldl" "-lc" "-Wl,--eh-frame-hdr" "-Wl,-z,noexecstack" "-L" "/opt/rustwide/rustup-home/toolchains/1.75.0-x86_64-unknown-linux-gnu/lib/rustlib/x86_64-unknown-linux-gnu/lib" "-o" "/tmp/rustdoctestjacCFf/rust_out" "-Wl,--gc-sections" "-pie" "-Wl,-z,relro,-z,now" "-nodefaultlibs"
[INFO] [stdout]   = note: collect2: fatal error: ld terminated with signal 9 [Killed]
[INFO] [stdout]           compilation terminated.
[INFO] [stdout]           
[INFO] [stdout] 
[INFO] [stdout] error: aborting due to previous error
[INFO] [stdout] 
[INFO] [stdout] Couldn't compile the test.
[INFO] [stdout] 
[INFO] [stdout] failures:
[INFO] [stdout]     src/error/internal.rs - error::internal::InternalError::from_source (line 47)
[INFO] [stdout]     src/error/internal.rs - error::internal::InternalError::from_source_with_message (line 71)
[INFO] [stdout]     src/error/internal.rs - error::internal::InternalError::from_source_with_prefix (line 96)
[INFO] [stdout] 
[INFO] [stdout] test result: FAILED. 8 passed; 3 failed; 1 ignored; 0 measured; 0 filtered out; finished in 7.13s
[INFO] [stdout] 
[INFO] [stderr] error: doctest failed, to rerun pass `--doc`
[INFO] running `Command { std: "docker" "inspect" "be7c7b374b83864105ec4abed4e31274002cbad34209ed927fdb58d03b01a6e5", kill_on_drop: false }`
[INFO] running `Command { std: "docker" "rm" "-f" "be7c7b374b83864105ec4abed4e31274002cbad34209ed927fdb58d03b01a6e5", kill_on_drop: false }`
[INFO] [stdout] be7c7b374b83864105ec4abed4e31274002cbad34209ed927fdb58d03b01a6e5
