[INFO] fetching crate sauron-core 0.60.7...
[INFO] testing sauron-core-0.60.7 against 1.75.0 for beta-1.76-1
[INFO] extracting crate sauron-core 0.60.7 into /workspace/builds/worker-3-tc1/source
[INFO] validating manifest of crates.io crate sauron-core 0.60.7 on toolchain 1.75.0
[INFO] running `Command { std: CARGO_HOME="/workspace/cargo-home" RUSTUP_HOME="/workspace/rustup-home" "/workspace/cargo-home/bin/cargo" "+1.75.0" "metadata" "--manifest-path" "Cargo.toml" "--no-deps", kill_on_drop: false }`
[INFO] started tweaking crates.io crate sauron-core 0.60.7
[INFO] finished tweaking crates.io crate sauron-core 0.60.7
[INFO] tweaked toml for crates.io crate sauron-core 0.60.7 written to /workspace/builds/worker-3-tc1/source/Cargo.toml
[INFO] running `Command { std: CARGO_HOME="/workspace/cargo-home" RUSTUP_HOME="/workspace/rustup-home" "/workspace/cargo-home/bin/cargo" "+1.75.0" "generate-lockfile" "--manifest-path" "Cargo.toml", kill_on_drop: false }`
[INFO] [stderr]     Updating crates.io index
[INFO] running `Command { std: CARGO_HOME="/workspace/cargo-home" RUSTUP_HOME="/workspace/rustup-home" "/workspace/cargo-home/bin/cargo" "+1.75.0" "fetch" "--manifest-path" "Cargo.toml", kill_on_drop: false }`
[INFO] [stderr]  Downloading crates ...
[INFO] [stderr]   Downloaded mt-dom v0.59.1
[INFO] [stderr]   Downloaded console_log v1.0.0
[INFO] running `Command { std: "docker" "create" "-v" "/var/lib/crater-agent-workspace/builds/worker-3-tc1/target:/opt/rustwide/target:rw,Z" "-v" "/var/lib/crater-agent-workspace/builds/worker-3-tc1/source:/opt/rustwide/workdir:ro,Z" "-v" "/var/lib/crater-agent-workspace/cargo-home:/opt/rustwide/cargo-home:ro,Z" "-v" "/var/lib/crater-agent-workspace/rustup-home:/opt/rustwide/rustup-home:ro,Z" "-e" "SOURCE_DIR=/opt/rustwide/workdir" "-e" "CARGO_TARGET_DIR=/opt/rustwide/target" "-e" "CARGO_HOME=/opt/rustwide/cargo-home" "-e" "RUSTUP_HOME=/opt/rustwide/rustup-home" "-w" "/opt/rustwide/workdir" "-m" "1610612736" "--user" "0:0" "--network" "none" "ghcr.io/rust-lang/crates-build-env/linux@sha256:2788e3201cd34a07e3172128adcd8b3090168a8e3bcc40d7c032b9dda1df7d1c" "/opt/rustwide/cargo-home/bin/cargo" "+1.75.0" "metadata" "--no-deps" "--format-version=1", kill_on_drop: false }`
[INFO] [stdout] 2459a71ce4f95a5b97ecc6efd97c403f4159af0cc3db87ee6c2cd280452a6f05
[INFO] running `Command { std: "docker" "start" "-a" "2459a71ce4f95a5b97ecc6efd97c403f4159af0cc3db87ee6c2cd280452a6f05", kill_on_drop: false }`
[INFO] running `Command { std: "docker" "inspect" "2459a71ce4f95a5b97ecc6efd97c403f4159af0cc3db87ee6c2cd280452a6f05", kill_on_drop: false }`
[INFO] running `Command { std: "docker" "rm" "-f" "2459a71ce4f95a5b97ecc6efd97c403f4159af0cc3db87ee6c2cd280452a6f05", kill_on_drop: false }`
[INFO] [stdout] 2459a71ce4f95a5b97ecc6efd97c403f4159af0cc3db87ee6c2cd280452a6f05
[INFO] running `Command { std: "docker" "create" "-v" "/var/lib/crater-agent-workspace/builds/worker-3-tc1/target:/opt/rustwide/target:rw,Z" "-v" "/var/lib/crater-agent-workspace/builds/worker-3-tc1/source:/opt/rustwide/workdir:ro,Z" "-v" "/var/lib/crater-agent-workspace/cargo-home:/opt/rustwide/cargo-home:ro,Z" "-v" "/var/lib/crater-agent-workspace/rustup-home:/opt/rustwide/rustup-home:ro,Z" "-e" "SOURCE_DIR=/opt/rustwide/workdir" "-e" "CARGO_TARGET_DIR=/opt/rustwide/target" "-e" "CARGO_INCREMENTAL=0" "-e" "RUST_BACKTRACE=full" "-e" "RUSTFLAGS=--cap-lints=warn" "-e" "RUSTDOCFLAGS=--cap-lints=warn" "-e" "CARGO_HOME=/opt/rustwide/cargo-home" "-e" "RUSTUP_HOME=/opt/rustwide/rustup-home" "-w" "/opt/rustwide/workdir" "-m" "1610612736" "--user" "0:0" "--network" "none" "ghcr.io/rust-lang/crates-build-env/linux@sha256:2788e3201cd34a07e3172128adcd8b3090168a8e3bcc40d7c032b9dda1df7d1c" "/opt/rustwide/cargo-home/bin/cargo" "+1.75.0" "build" "--frozen" "--message-format=json", kill_on_drop: false }`
[INFO] [stdout] b05ed49861e65d72ac2da1b84d39fdf4762ef6fa7c793df85006b4fd078e2c37
[INFO] running `Command { std: "docker" "start" "-a" "b05ed49861e65d72ac2da1b84d39fdf4762ef6fa7c793df85006b4fd078e2c37", kill_on_drop: false }`
[INFO] [stderr]    Compiling wasm-bindgen-shared v0.2.89
[INFO] [stderr]    Compiling log v0.4.20
[INFO] [stderr]    Compiling serde v1.0.194
[INFO] [stderr]    Compiling bumpalo v3.14.0
[INFO] [stderr]    Compiling serde_json v1.0.111
[INFO] [stderr]    Compiling itoa v1.0.10
[INFO] [stderr]    Compiling ryu v1.0.16
[INFO] [stderr]    Compiling wasm-bindgen v0.2.89
[INFO] [stderr]    Compiling siphasher v0.3.11
[INFO] [stderr]    Compiling rand_core v0.6.4
[INFO] [stderr]    Compiling doc-comment v0.3.3
[INFO] [stderr]    Compiling longest-increasing-subsequence v0.1.0
[INFO] [stderr]    Compiling syn v2.0.48
[INFO] [stderr]    Compiling mt-dom v0.59.1
[INFO] [stderr]    Compiling rand v0.8.5
[INFO] [stderr]    Compiling phf_shared v0.11.2
[INFO] [stderr]    Compiling phf_generator v0.11.2
[INFO] [stderr]    Compiling wasm-bindgen-backend v0.2.89
[INFO] [stderr]    Compiling phf_macros v0.11.2
[INFO] [stderr]    Compiling thiserror-impl v1.0.56
[INFO] [stderr]    Compiling wasm-bindgen-macro-support v0.2.89
[INFO] [stderr]    Compiling phf v0.11.2
[INFO] [stderr]    Compiling wasm-bindgen-macro v0.2.89
[INFO] [stderr]    Compiling thiserror v1.0.56
[INFO] [stderr]    Compiling js-sys v0.3.66
[INFO] [stderr]    Compiling serde-wasm-bindgen v0.5.0
[INFO] [stderr]    Compiling wasm-bindgen-futures v0.4.39
[INFO] [stderr]    Compiling web-sys v0.3.66
[INFO] [stderr]    Compiling sauron-core v0.60.7 (/opt/rustwide/workdir)
[INFO] [stderr]     Finished dev [unoptimized + debuginfo] target(s) in 20.65s
[INFO] running `Command { std: "docker" "inspect" "b05ed49861e65d72ac2da1b84d39fdf4762ef6fa7c793df85006b4fd078e2c37", kill_on_drop: false }`
[INFO] running `Command { std: "docker" "rm" "-f" "b05ed49861e65d72ac2da1b84d39fdf4762ef6fa7c793df85006b4fd078e2c37", kill_on_drop: false }`
[INFO] [stdout] b05ed49861e65d72ac2da1b84d39fdf4762ef6fa7c793df85006b4fd078e2c37
[INFO] running `Command { std: "docker" "create" "-v" "/var/lib/crater-agent-workspace/builds/worker-3-tc1/target:/opt/rustwide/target:rw,Z" "-v" "/var/lib/crater-agent-workspace/builds/worker-3-tc1/source:/opt/rustwide/workdir:ro,Z" "-v" "/var/lib/crater-agent-workspace/cargo-home:/opt/rustwide/cargo-home:ro,Z" "-v" "/var/lib/crater-agent-workspace/rustup-home:/opt/rustwide/rustup-home:ro,Z" "-e" "SOURCE_DIR=/opt/rustwide/workdir" "-e" "CARGO_TARGET_DIR=/opt/rustwide/target" "-e" "CARGO_INCREMENTAL=0" "-e" "RUST_BACKTRACE=full" "-e" "RUSTFLAGS=--cap-lints=warn" "-e" "RUSTDOCFLAGS=--cap-lints=warn" "-e" "CARGO_HOME=/opt/rustwide/cargo-home" "-e" "RUSTUP_HOME=/opt/rustwide/rustup-home" "-w" "/opt/rustwide/workdir" "-m" "1610612736" "--user" "0:0" "--network" "none" "ghcr.io/rust-lang/crates-build-env/linux@sha256:2788e3201cd34a07e3172128adcd8b3090168a8e3bcc40d7c032b9dda1df7d1c" "/opt/rustwide/cargo-home/bin/cargo" "+1.75.0" "test" "--frozen" "--no-run" "--message-format=json", kill_on_drop: false }`
[INFO] [stdout] 6908c11f52c55ad95355ca5080dac22e1ea70b3a79cefeeed4b0d0ec6e86bb58
[INFO] running `Command { std: "docker" "start" "-a" "6908c11f52c55ad95355ca5080dac22e1ea70b3a79cefeeed4b0d0ec6e86bb58", kill_on_drop: false }`
[INFO] [stderr]    Compiling serde v1.0.194
[INFO] [stderr]    Compiling num-traits v0.2.17
[INFO] [stderr]    Compiling either v1.9.0
[INFO] [stderr]    Compiling rayon-core v1.12.0
[INFO] [stderr]    Compiling rustix v0.38.28
[INFO] [stderr]    Compiling plotters-backend v0.3.5
[INFO] [stderr]    Compiling half v1.8.2
[INFO] [stderr]    Compiling regex-syntax v0.8.2
[INFO] [stderr]    Compiling anstyle v1.0.4
[INFO] [stderr]    Compiling ciborium-io v0.2.1
[INFO] [stderr]    Compiling clap_lex v0.6.0
[INFO] [stderr]    Compiling crossbeam-epoch v0.9.17
[INFO] [stderr]    Compiling linux-raw-sys v0.4.12
[INFO] [stderr]    Compiling serde_derive v1.0.194
[INFO] [stderr]    Compiling same-file v1.0.6
[INFO] [stderr]    Compiling cast v0.3.0
[INFO] [stderr]    Compiling itertools v0.10.5
[INFO] [stderr]    Compiling walkdir v2.4.0
[INFO] [stderr]    Compiling wasm-bindgen-test-macro v0.3.39
[INFO] [stderr]    Compiling crossbeam-deque v0.8.4
[INFO] [stderr]    Compiling clap_builder v4.4.12
[INFO] [stderr]    Compiling ciborium-ll v0.2.1
[INFO] [stderr]    Compiling plotters-svg v0.3.5
[INFO] [stderr]    Compiling oorandom v11.1.3
[INFO] [stderr]    Compiling anes v0.1.6
[INFO] [stderr]    Compiling scoped-tls v1.0.1
[INFO] [stderr]    Compiling rayon v1.8.0
[INFO] [stderr]    Compiling is-terminal v0.4.10
[INFO] [stderr]    Compiling regex-automata v0.4.3
[INFO] [stderr]    Compiling criterion-plot v0.5.0
[INFO] [stderr]    Compiling plotters v0.3.5
[INFO] [stderr]    Compiling clap v4.4.13
[INFO] [stderr]    Compiling regex v1.10.2
[INFO] [stderr]    Compiling serde_json v1.0.111
[INFO] [stderr]    Compiling ciborium v0.2.1
[INFO] [stderr]    Compiling wasm-bindgen v0.2.89
[INFO] [stderr]    Compiling tinytemplate v1.2.1
[INFO] [stderr]    Compiling criterion v0.5.1
[INFO] [stderr]    Compiling js-sys v0.3.66
[INFO] [stderr]    Compiling console_error_panic_hook v0.1.7
[INFO] [stderr]    Compiling wasm-bindgen-futures v0.4.39
[INFO] [stderr]    Compiling web-sys v0.3.66
[INFO] [stderr]    Compiling serde-wasm-bindgen v0.5.0
[INFO] [stderr]    Compiling wasm-bindgen-test v0.3.39
[INFO] [stderr]    Compiling console_log v1.0.0
[INFO] [stderr]    Compiling sauron-core v0.60.7 (/opt/rustwide/workdir)
[INFO] [stderr]     Finished test [unoptimized + debuginfo] target(s) in 26.55s
[INFO] running `Command { std: "docker" "inspect" "6908c11f52c55ad95355ca5080dac22e1ea70b3a79cefeeed4b0d0ec6e86bb58", kill_on_drop: false }`
[INFO] running `Command { std: "docker" "rm" "-f" "6908c11f52c55ad95355ca5080dac22e1ea70b3a79cefeeed4b0d0ec6e86bb58", kill_on_drop: false }`
[INFO] [stdout] 6908c11f52c55ad95355ca5080dac22e1ea70b3a79cefeeed4b0d0ec6e86bb58
[INFO] running `Command { std: "docker" "create" "-v" "/var/lib/crater-agent-workspace/builds/worker-3-tc1/target:/opt/rustwide/target:rw,Z" "-v" "/var/lib/crater-agent-workspace/builds/worker-3-tc1/source:/opt/rustwide/workdir:ro,Z" "-v" "/var/lib/crater-agent-workspace/cargo-home:/opt/rustwide/cargo-home:ro,Z" "-v" "/var/lib/crater-agent-workspace/rustup-home:/opt/rustwide/rustup-home:ro,Z" "-e" "SOURCE_DIR=/opt/rustwide/workdir" "-e" "CARGO_TARGET_DIR=/opt/rustwide/target" "-e" "CARGO_INCREMENTAL=0" "-e" "RUST_BACKTRACE=full" "-e" "RUSTFLAGS=--cap-lints=warn" "-e" "RUSTDOCFLAGS=--cap-lints=warn" "-e" "CARGO_HOME=/opt/rustwide/cargo-home" "-e" "RUSTUP_HOME=/opt/rustwide/rustup-home" "-w" "/opt/rustwide/workdir" "-m" "1610612736" "--user" "0:0" "--network" "none" "ghcr.io/rust-lang/crates-build-env/linux@sha256:2788e3201cd34a07e3172128adcd8b3090168a8e3bcc40d7c032b9dda1df7d1c" "/opt/rustwide/cargo-home/bin/cargo" "+1.75.0" "test" "--frozen", kill_on_drop: false }`
[INFO] [stdout] 76bf008e783d9a29679262bd8ef037b862c7080dcefe547c3951be83cd2a68f6
[INFO] running `Command { std: "docker" "start" "-a" "76bf008e783d9a29679262bd8ef037b862c7080dcefe547c3951be83cd2a68f6", kill_on_drop: false }`
[INFO] [stderr]     Finished test [unoptimized + debuginfo] target(s) in 0.10s
[INFO] [stderr]      Running unittests src/lib.rs (/opt/rustwide/target/debug/deps/sauron_core-13ba75437c0c6f71)
[INFO] [stdout] 
[INFO] [stdout] running 8 tests
[INFO] [stdout] test dom::component::test::test_name_with_generics ... ok
[INFO] [stdout] test dom::component::test::test_name_with_2_generics ... ok
[INFO] [stdout] test dom::component::test::test_extract_component_name ... ok
[INFO] [stdout] test html::units::tests::test_units ... ok
[INFO] [stdout] test render::test::test_render_comments ... ok
[INFO] [stdout] test render::test::test_render_classes ... ok
[INFO] [stdout] test render::test::test_render_class_flag ... ok
[INFO] [stdout] test render::test::test_render_text_siblings_should_be_separated_with_comments ... ok
[INFO] [stdout] 
[INFO] [stdout] test result: ok. 8 passed; 0 failed; 0 ignored; 0 measured; 0 filtered out; finished in 0.00s
[INFO] [stdout] 
[INFO] [stderr]    Doc-tests sauron-core
[INFO] [stdout] 
[INFO] [stdout] running 42 tests
[INFO] [stdout] test src/dom/program.rs - dom::program::Program<APP,MSG>::append_to_mount (line 306) ... ignored
[INFO] [stdout] test src/dom/program.rs - dom::program::Program<APP,MSG>::mount_to_body (line 380) ... ignored
[INFO] [stdout] test src/dom/program.rs - dom::program::Program<APP,MSG>::replace_mount (line 329) ... ignored
[INFO] [stdout] test src/html.rs - html::view_if (line 31) ... ignored
[INFO] [stdout] test src/html/attributes.rs - html::attributes::inner_html (line 241) ... FAILED
[INFO] [stdout] test src/html/attributes.rs - html::attributes::attrs_flag (line 138) ... FAILED
[INFO] [stdout] test src/html/attributes.rs - html::attributes::disabled (line 212) ... FAILED
[INFO] [stdout] test src/html.rs - html::comment (line 140) ... FAILED
[INFO] [stdout] test src/html.rs - html::text (line 93) ... FAILED
[INFO] [stdout] test src/html.rs - html::text (line 110) ... FAILED
[INFO] [stdout] test src/html/attributes/attribute_macros.rs - html::attributes::attribute_macros::declare_attributes (line 6) ... ignored
[INFO] [stdout] test src/html.rs - html::fragment (line 153) ... FAILED
[INFO] [stdout] test src/html/attributes.rs - html::attributes::focus (line 259) ... FAILED
[INFO] [stdout] test src/html/attributes.rs - html::attributes::empty_attr (line 282) ... FAILED
[INFO] [stdout] test src/html/attributes.rs - html::attributes::classes (line 119) ... FAILED
[INFO] [stdout] test src/html/attributes.rs - html::attributes::classes_flag (line 92) ... FAILED
[INFO] [stdout] test src/html.rs - html::html_element (line 62) ... FAILED
[INFO] [stdout] test src/html/attributes.rs - html::attributes::checked (line 189) ... FAILED
[INFO] [stdout] test src/html/attributes.rs - html::attributes::attr (line 270) ... FAILED
[INFO] [stdout] test src/html.rs - html::safe_html (line 126) ... FAILED
[INFO] [stdout] test src/html.rs - html::view_if (line 20) ... FAILED
[INFO] [stdout] test src/html/units.rs - html::units::cm (line 65) ... FAILED
[INFO] [stdout] test src/html/attributes.rs - html::attributes::styles_flag (line 59) ... FAILED
[INFO] [stdout] test src/html/attributes.rs - html::attributes::styles (line 25) ... FAILED
[INFO] [stdout] test src/html/attributes.rs - html::attributes::styles (line 31) ... FAILED
[INFO] [stdout] test src/html/units.rs - html::units::q (line 65) ... FAILED
[INFO] [stdout] test src/html/attributes.rs - html::attributes::maybe_attr (line 163) ... FAILED
[INFO] [stdout] test src/html/units.rs - html::units::px (line 67) ... FAILED
[INFO] [stdout] test src/html/units.rs - html::units::ch (line 65) ... FAILED
[INFO] [stdout] test src/html/units.rs - html::units::ex (line 65) ... FAILED
[INFO] [stdout] test src/html/units.rs - html::units::em (line 65) ... FAILED
[INFO] [stdout] test src/html/units.rs - html::units::pt (line 65) ... FAILED
[INFO] [stdout] test src/html/units.rs - html::units::mm (line 65) ... FAILED
[INFO] [stdout] test src/html/attributes/special.rs - html::attributes::special::key (line 36) ... FAILED
[INFO] [stdout] test src/html/units.rs - html::units::vh (line 65) ... FAILED
[INFO] [stdout] test src/html/units.rs - html::units::percent (line 178) ... FAILED
[INFO] [stdout] test src/html/attributes.rs - html::attributes::styles_flag (line 69) ... FAILED
[INFO] [stdout] test src/html/units.rs - html::units::rem (line 65) ... FAILED
[INFO] [stdout] test src/html/units.rs - html::units::pc (line 65) ... FAILED
[INFO] [stdout] test src/svg.rs - svg::svg_element (line 18) ... FAILED
[INFO] [stdout] test src/html/units.rs - html::units::r#in (line 178) ... FAILED
[INFO] [stderr] error: doctest failed, to rerun pass `--doc`
[INFO] [stdout] test src/html/units.rs - html::units::vw (line 65) ... FAILED
[INFO] [stdout] 
[INFO] [stdout] failures:
[INFO] [stdout] 
[INFO] [stdout] ---- src/html/attributes.rs - html::attributes::inner_html (line 241) stdout ----
[INFO] [stdout] error[E0433]: failed to resolve: use of undeclared crate or module `sauron`
[INFO] [stdout]  --> src/html/attributes.rs:242:5
[INFO] [stdout]   |
[INFO] [stdout] 3 | use sauron::{*, html::{*, attributes::*}};
[INFO] [stdout]   |     ^^^^^^ use of undeclared crate or module `sauron`
[INFO] [stdout] 
[INFO] [stdout] error[E0432]: unresolved import `sauron`
[INFO] [stdout]  --> src/html/attributes.rs:242:5
[INFO] [stdout]   |
[INFO] [stdout] 3 | use sauron::{*, html::{*, attributes::*}};
[INFO] [stdout]   |     ^^^^^^ use of undeclared crate or module `sauron`
[INFO] [stdout] 
[INFO] [stdout] error[E0412]: cannot find type `Node` in this scope
[INFO] [stdout]  --> src/html/attributes.rs:244:10
[INFO] [stdout]   |
[INFO] [stdout] 5 | let html:Node<()> =
[INFO] [stdout]   |          ^^^^ not found in this scope
[INFO] [stdout]   |
[INFO] [stdout] help: consider importing one of these items
[INFO] [stdout]   |
[INFO] [stdout] 2 + use mt_dom::Node;
[INFO] [stdout]   |
[INFO] [stdout] 2 + use sauron_core::vdom::Node;
[INFO] [stdout]   |
[INFO] [stdout] 2 + use wasm_bindgen_test::__rt::node::Node;
[INFO] [stdout]   |
[INFO] [stdout] 2 + use web_sys::Node;
[INFO] [stdout]   |
[INFO] [stdout] 
[INFO] [stdout] error[E0425]: cannot find function `div` in this scope
[INFO] [stdout]  --> src/html/attributes.rs:245:5
[INFO] [stdout]   |
[INFO] [stdout] 6 |     div(vec![inner_html("<p>This is a paragraph <b>injected</b> into a <strong>div</strong> via <i>inner_html</i></p>")], vec![]);
[INFO] [stdout]   |     ^^^ not found in this scope
[INFO] [stdout]   |
[INFO] [stdout] help: consider importing this function
[INFO] [stdout]   |
[INFO] [stdout] 2 + use sauron_core::html::div;
[INFO] [stdout]   |
[INFO] [stdout] 
[INFO] [stdout] error[E0425]: cannot find function `inner_html` in this scope
[INFO] [stdout]  --> src/html/attributes.rs:245:14
[INFO] [stdout]   |
[INFO] [stdout] 6 |     div(vec![inner_html("<p>This is a paragraph <b>injected</b> into a <strong>div</strong> via <i>inner_html</i></p>")], vec![]);
[INFO] [stdout]   |              ^^^^^^^^^^ not found in this scope
[INFO] [stdout]   |
[INFO] [stdout] help: consider importing this function
[INFO] [stdout]   |
[INFO] [stdout] 2 + use sauron_core::html::attributes::inner_html;
[INFO] [stdout]   |
[INFO] [stdout] 
[INFO] [stdout] error: aborting due to 5 previous errors
[INFO] [stdout] 
[INFO] [stdout] Some errors have detailed explanations: E0412, E0425, E0432, E0433.
[INFO] [stdout] For more information about an error, try `rustc --explain E0412`.
[INFO] [stdout] Couldn't compile the test.
[INFO] [stdout] ---- src/html/attributes.rs - html::attributes::attrs_flag (line 138) stdout ----
[INFO] [stdout] error[E0433]: failed to resolve: use of undeclared crate or module `sauron`
[INFO] [stdout]  --> src/html/attributes.rs:139:5
[INFO] [stdout]   |
[INFO] [stdout] 3 | use sauron::{*,html::*, html::attributes::attrs_flag};
[INFO] [stdout]   |     ^^^^^^ use of undeclared crate or module `sauron`
[INFO] [stdout] 
[INFO] [stdout] error[E0432]: unresolved import `sauron`
[INFO] [stdout]  --> src/html/attributes.rs:139:5
[INFO] [stdout]   |
[INFO] [stdout] 3 | use sauron::{*,html::*, html::attributes::attrs_flag};
[INFO] [stdout]   |     ^^^^^^ use of undeclared crate or module `sauron`
[INFO] [stdout] 
[INFO] [stdout] error[E0412]: cannot find type `Node` in this scope
[INFO] [stdout]  --> src/html/attributes.rs:142:11
[INFO] [stdout]   |
[INFO] [stdout] 6 | let html: Node<()> =
[INFO] [stdout]   |           ^^^^ not found in this scope
[INFO] [stdout]   |
[INFO] [stdout] help: consider importing one of these items
[INFO] [stdout]   |
[INFO] [stdout] 2 + use mt_dom::Node;
[INFO] [stdout]   |
[INFO] [stdout] 2 + use sauron_core::vdom::Node;
[INFO] [stdout]   |
[INFO] [stdout] 2 + use wasm_bindgen_test::__rt::node::Node;
[INFO] [stdout]   |
[INFO] [stdout] 2 + use web_sys::Node;
[INFO] [stdout]   |
[INFO] [stdout] 
[INFO] [stdout] error[E0425]: cannot find function `input` in this scope
[INFO] [stdout]  --> src/html/attributes.rs:143:5
[INFO] [stdout]   |
[INFO] [stdout] 7 |     input(vec![r#type("checkbox")], vec![]).with_attributes(attrs_flag(vec![(
[INFO] [stdout]   |     ^^^^^ not found in this scope
[INFO] [stdout]   |
[INFO] [stdout] help: consider importing this function
[INFO] [stdout]   |
[INFO] [stdout] 2 + use sauron_core::html::input;
[INFO] [stdout]   |
[INFO] [stdout] 
[INFO] [stdout] error[E0425]: cannot find function `r#type` in this scope
[INFO] [stdout]  --> src/html/attributes.rs:143:16
[INFO] [stdout]   |
[INFO] [stdout] 7 |     input(vec![r#type("checkbox")], vec![]).with_attributes(attrs_flag(vec![(
[INFO] [stdout]   |                ^^^^^^ not found in this scope
[INFO] [stdout]   |
[INFO] [stdout] help: consider importing this function
[INFO] [stdout]   |
[INFO] [stdout] 2 + use sauron_core::html::attributes::r#type;
[INFO] [stdout]   |
[INFO] [stdout] 
[INFO] [stdout] error: aborting due to 5 previous errors
[INFO] [stdout] 
[INFO] [stdout] Some errors have detailed explanations: E0412, E0425, E0432, E0433.
[INFO] [stdout] For more information about an error, try `rustc --explain E0412`.
[INFO] [stdout] Couldn't compile the test.
[INFO] [stdout] ---- src/html/attributes.rs - html::attributes::disabled (line 212) stdout ----
[INFO] [stdout] error[E0433]: failed to resolve: use of undeclared crate or module `sauron`
[INFO] [stdout]  --> src/html/attributes.rs:213:5
[INFO] [stdout]   |
[INFO] [stdout] 3 | use sauron::{*, html::*, html::attributes::*};
[INFO] [stdout]   |     ^^^^^^ use of undeclared crate or module `sauron`
[INFO] [stdout] 
[INFO] [stdout] error[E0432]: unresolved import `sauron`
[INFO] [stdout]  --> src/html/attributes.rs:213:5
[INFO] [stdout]   |
[INFO] [stdout] 3 | use sauron::{*, html::*, html::attributes::*};
[INFO] [stdout]   |     ^^^^^^ use of undeclared crate or module `sauron`
[INFO] [stdout] 
[INFO] [stdout] error[E0412]: cannot find type `Node` in this scope
[INFO] [stdout]  --> src/html/attributes.rs:215:11
[INFO] [stdout]   |
[INFO] [stdout] 5 | let html: Node<()> =
[INFO] [stdout]   |           ^^^^ not found in this scope
[INFO] [stdout]   |
[INFO] [stdout] help: consider importing one of these items
[INFO] [stdout]   |
[INFO] [stdout] 2 + use mt_dom::Node;
[INFO] [stdout]   |
[INFO] [stdout] 2 + use sauron_core::vdom::Node;
[INFO] [stdout]   |
[INFO] [stdout] 2 + use wasm_bindgen_test::__rt::node::Node;
[INFO] [stdout]   |
[INFO] [stdout] 2 + use web_sys::Node;
[INFO] [stdout]   |
[INFO] [stdout] 
[INFO] [stdout] error[E0425]: cannot find function `input` in this scope
[INFO] [stdout]  --> src/html/attributes.rs:216:5
[INFO] [stdout]   |
[INFO] [stdout] 6 |     input(vec![r#type("checkbox"), disabled(true)], vec![]);
[INFO] [stdout]   |     ^^^^^ not found in this scope
[INFO] [stdout]   |
[INFO] [stdout] help: consider importing this function
[INFO] [stdout]   |
[INFO] [stdout] 2 + use sauron_core::html::input;
[INFO] [stdout]   |
[INFO] [stdout] 
[INFO] [stdout] error[E0425]: cannot find function `r#type` in this scope
[INFO] [stdout]  --> src/html/attributes.rs:216:16
[INFO] [stdout]   |
[INFO] [stdout] 6 |     input(vec![r#type("checkbox"), disabled(true)], vec![]);
[INFO] [stdout]   |                ^^^^^^ not found in this scope
[INFO] [stdout]   |
[INFO] [stdout] help: consider importing this function
[INFO] [stdout]   |
[INFO] [stdout] 2 + use sauron_core::html::attributes::r#type;
[INFO] [stdout]   |
[INFO] [stdout] 
[INFO] [stdout] error[E0425]: cannot find function `disabled` in this scope
[INFO] [stdout]  --> src/html/attributes.rs:216:36
[INFO] [stdout]   |
[INFO] [stdout] 6 |     input(vec![r#type("checkbox"), disabled(true)], vec![]);
[INFO] [stdout]   |                                    ^^^^^^^^ not found in this scope
[INFO] [stdout]   |
[INFO] [stdout] help: consider importing this function
[INFO] [stdout]   |
[INFO] [stdout] 2 + use sauron_core::html::attributes::disabled;
[INFO] [stdout]   |
[INFO] [stdout] 
[INFO] [stdout] error: aborting due to 6 previous errors
[INFO] [stdout] 
[INFO] [stdout] Some errors have detailed explanations: E0412, E0425, E0432, E0433.
[INFO] [stdout] For more information about an error, try `rustc --explain E0412`.
[INFO] [stdout] Couldn't compile the test.
[INFO] [stdout] ---- src/html.rs - html::comment (line 140) stdout ----
[INFO] [stdout] error[E0432]: unresolved import `sauron`
[INFO] [stdout]  --> src/html.rs:141:5
[INFO] [stdout]   |
[INFO] [stdout] 3 | use sauron::*;
[INFO] [stdout]   |     ^^^^^^ use of undeclared crate or module `sauron`
[INFO] [stdout] 
[INFO] [stdout] error[E0412]: cannot find type `Node` in this scope
[INFO] [stdout]  --> src/html.rs:142:11
[INFO] [stdout]   |
[INFO] [stdout] 4 | let node: Node<()> = comment("This is a comment");
[INFO] [stdout]   |           ^^^^ not found in this scope
[INFO] [stdout]   |
[INFO] [stdout] help: consider importing one of these items
[INFO] [stdout]   |
[INFO] [stdout] 2 + use mt_dom::Node;
[INFO] [stdout]   |
[INFO] [stdout] 2 + use sauron_core::vdom::Node;
[INFO] [stdout]   |
[INFO] [stdout] 2 + use wasm_bindgen_test::__rt::node::Node;
[INFO] [stdout]   |
[INFO] [stdout] 2 + use web_sys::Node;
[INFO] [stdout]   |
[INFO] [stdout] 
[INFO] [stdout] error[E0425]: cannot find function `comment` in this scope
[INFO] [stdout]  --> src/html.rs:142:22
[INFO] [stdout]   |
[INFO] [stdout] 4 | let node: Node<()> = comment("This is a comment");
[INFO] [stdout]   |                      ^^^^^^^ not found in this scope
[INFO] [stdout]   |
[INFO] [stdout] help: consider importing one of these items
[INFO] [stdout]   |
[INFO] [stdout] 2 + use sauron_core::html::comment;
[INFO] [stdout]   |
[INFO] [stdout] 2 + use sauron_core::vdom::leaf::comment;
[INFO] [stdout]   |
[INFO] [stdout] 
[INFO] [stdout] error: aborting due to 3 previous errors
[INFO] [stdout] 
[INFO] [stdout] Some errors have detailed explanations: E0412, E0425, E0432.
[INFO] [stdout] For more information about an error, try `rustc --explain E0412`.
[INFO] [stdout] Couldn't compile the test.
[INFO] [stdout] ---- src/html.rs - html::text (line 93) stdout ----
[INFO] [stdout] error[E0432]: unresolved import `sauron`
[INFO] [stdout]  --> src/html.rs:94:5
[INFO] [stdout]   |
[INFO] [stdout] 3 | use sauron::*;
[INFO] [stdout]   |     ^^^^^^ use of undeclared crate or module `sauron`
[INFO] [stdout] 
[INFO] [stdout] error: cannot find macro `text` in this scope
[INFO] [stdout]  --> src/html.rs:97:38
[INFO] [stdout]   |
[INFO] [stdout] 6 | let title:Node<()> = h1(vec![], vec![text!("This is the content number: {}", number)]);
[INFO] [stdout]   |                                      ^^^^
[INFO] [stdout]   |
[INFO] [stdout] help: consider importing this macro
[INFO] [stdout]   |
[INFO] [stdout] 2 + use sauron_core::text;
[INFO] [stdout]   |
[INFO] [stdout] 
[INFO] [stdout] error: cannot find macro `node` in this scope
[INFO] [stdout]  --> src/html.rs:99:12
[INFO] [stdout]   |
[INFO] [stdout] 8 | assert_eq!(node!{<h1>"This is the content number: 42"</h1>}, title);
[INFO] [stdout]   |            ^^^^
[INFO] [stdout] 
[INFO] [stdout] error[E0412]: cannot find type `Node` in this scope
[INFO] [stdout]  --> src/html.rs:97:11
[INFO] [stdout]   |
[INFO] [stdout] 6 | let title:Node<()> = h1(vec![], vec![text!("This is the content number: {}", number)]);
[INFO] [stdout]   |           ^^^^ not found in this scope
[INFO] [stdout]   |
[INFO] [stdout] help: consider importing one of these items
[INFO] [stdout]   |
[INFO] [stdout] 2 + use mt_dom::Node;
[INFO] [stdout]   |
[INFO] [stdout] 2 + use sauron_core::vdom::Node;
[INFO] [stdout]   |
[INFO] [stdout] 2 + use wasm_bindgen_test::__rt::node::Node;
[INFO] [stdout]   |
[INFO] [stdout] 2 + use web_sys::Node;
[INFO] [stdout]   |
[INFO] [stdout] 
[INFO] [stdout] error[E0425]: cannot find function `h1` in this scope
[INFO] [stdout]  --> src/html.rs:97:22
[INFO] [stdout]   |
[INFO] [stdout] 6 | let title:Node<()> = h1(vec![], vec![text!("This is the content number: {}", number)]);
[INFO] [stdout]   |                      ^^ not found in this scope
[INFO] [stdout]   |
[INFO] [stdout] help: consider importing this function
[INFO] [stdout]   |
[INFO] [stdout] 2 + use sauron_core::html::h1;
[INFO] [stdout]   |
[INFO] [stdout] 
[INFO] [stdout] error: aborting due to 5 previous errors
[INFO] [stdout] 
[INFO] [stdout] Some errors have detailed explanations: E0412, E0425, E0432.
[INFO] [stdout] For more information about an error, try `rustc --explain E0412`.
[INFO] [stdout] Couldn't compile the test.
[INFO] [stdout] ---- src/html.rs - html::text (line 110) stdout ----
[INFO] [stdout] error[E0432]: unresolved import `sauron`
[INFO] [stdout]  --> src/html.rs:111:5
[INFO] [stdout]   |
[INFO] [stdout] 3 | use sauron::*;
[INFO] [stdout]   |     ^^^^^^ use of undeclared crate or module `sauron`
[INFO] [stdout] 
[INFO] [stdout] error[E0412]: cannot find type `Node` in this scope
[INFO] [stdout]  --> src/html.rs:112:11
[INFO] [stdout]   |
[INFO] [stdout] 4 | let node: Node<()> = text("hi");
[INFO] [stdout]   |           ^^^^ not found in this scope
[INFO] [stdout]   |
[INFO] [stdout] help: consider importing one of these items
[INFO] [stdout]   |
[INFO] [stdout] 2 + use mt_dom::Node;
[INFO] [stdout]   |
[INFO] [stdout] 2 + use sauron_core::vdom::Node;
[INFO] [stdout]   |
[INFO] [stdout] 2 + use wasm_bindgen_test::__rt::node::Node;
[INFO] [stdout]   |
[INFO] [stdout] 2 + use web_sys::Node;
[INFO] [stdout]   |
[INFO] [stdout] 
[INFO] [stdout] error[E0425]: cannot find function `text` in this scope
[INFO] [stdout]  --> src/html.rs:112:22
[INFO] [stdout]   |
[INFO] [stdout] 4 | let node: Node<()> = text("hi");
[INFO] [stdout]   |                      ^^^^ not found in this scope
[INFO] [stdout]   |
[INFO] [stdout] help: consider importing one of these items
[INFO] [stdout]   |
[INFO] [stdout] 2 + use sauron_core::html::text;
[INFO] [stdout]   |
[INFO] [stdout] 2 + use sauron_core::svg::tags::text;
[INFO] [stdout]   |
[INFO] [stdout] 2 + use sauron_core::vdom::leaf::text;
[INFO] [stdout]   |
[INFO] [stdout] 
[INFO] [stdout] error: aborting due to 3 previous errors
[INFO] [stdout] 
[INFO] [stdout] Some errors have detailed explanations: E0412, E0425, E0432.
[INFO] [stdout] For more information about an error, try `rustc --explain E0412`.
[INFO] [stdout] Couldn't compile the test.
[INFO] [stdout] ---- src/html.rs - html::fragment (line 153) stdout ----
[INFO] [stdout] error[E0433]: failed to resolve: use of undeclared crate or module `sauron`
[INFO] [stdout]  --> src/html.rs:154:5
[INFO] [stdout]   |
[INFO] [stdout] 3 | use sauron::{*, html::*};
[INFO] [stdout]   |     ^^^^^^ use of undeclared crate or module `sauron`
[INFO] [stdout] 
[INFO] [stdout] error[E0432]: unresolved import `sauron`
[INFO] [stdout]  --> src/html.rs:154:5
[INFO] [stdout]   |
[INFO] [stdout] 3 | use sauron::{*, html::*};
[INFO] [stdout]   |     ^^^^^^ use of undeclared crate or module `sauron`
[INFO] [stdout] 
[INFO] [stdout] error[E0412]: cannot find type `Node` in this scope
[INFO] [stdout]  --> src/html.rs:156:11
[INFO] [stdout]   |
[INFO] [stdout] 5 | let node: Node<()> = fragment([div([],[]), span([],[])]);
[INFO] [stdout]   |           ^^^^ not found in this scope
[INFO] [stdout]   |
[INFO] [stdout] help: consider importing one of these items
[INFO] [stdout]   |
[INFO] [stdout] 2 + use mt_dom::Node;
[INFO] [stdout]   |
[INFO] [stdout] 2 + use sauron_core::vdom::Node;
[INFO] [stdout]   |
[INFO] [stdout] 2 + use wasm_bindgen_test::__rt::node::Node;
[INFO] [stdout]   |
[INFO] [stdout] 2 + use web_sys::Node;
[INFO] [stdout]   |
[INFO] [stdout] 
[INFO] [stdout] error[E0425]: cannot find function `fragment` in this scope
[INFO] [stdout]  --> src/html.rs:156:22
[INFO] [stdout]   |
[INFO] [stdout] 5 | let node: Node<()> = fragment([div([],[]), span([],[])]);
[INFO] [stdout]   |                      ^^^^^^^^ not found in this scope
[INFO] [stdout]   |
[INFO] [stdout] help: consider importing one of these items
[INFO] [stdout]   |
[INFO] [stdout] 2 + use mt_dom::fragment;
[INFO] [stdout]   |
[INFO] [stdout] 2 + use sauron_core::html::fragment;
[INFO] [stdout]   |
[INFO] [stdout] 
[INFO] [stdout] error[E0425]: cannot find function `div` in this scope
[INFO] [stdout]  --> src/html.rs:156:32
[INFO] [stdout]   |
[INFO] [stdout] 5 | let node: Node<()> = fragment([div([],[]), span([],[])]);
[INFO] [stdout]   |                                ^^^ not found in this scope
[INFO] [stdout]   |
[INFO] [stdout] help: consider importing this function
[INFO] [stdout]   |
[INFO] [stdout] 2 + use sauron_core::html::div;
[INFO] [stdout]   |
[INFO] [stdout] 
[INFO] [stdout] error[E0425]: cannot find function `span` in this scope
[INFO] [stdout]  --> src/html.rs:156:44
[INFO] [stdout]   |
[INFO] [stdout] 5 | let node: Node<()> = fragment([div([],[]), span([],[])]);
[INFO] [stdout]   |                                            ^^^^ not found in this scope
[INFO] [stdout]   |
[INFO] [stdout] help: consider importing this function
[INFO] [stdout]   |
[INFO] [stdout] 2 + use sauron_core::html::span;
[INFO] [stdout]   |
[INFO] [stdout] 
[INFO] [stdout] error: aborting due to 6 previous errors
[INFO] [stdout] 
[INFO] [stdout] Some errors have detailed explanations: E0412, E0425, E0432, E0433.
[INFO] [stdout] For more information about an error, try `rustc --explain E0412`.
[INFO] [stdout] Couldn't compile the test.
[INFO] [stdout] ---- src/html/attributes.rs - html::attributes::focus (line 259) stdout ----
[INFO] [stdout] error[E0433]: failed to resolve: use of undeclared crate or module `sauron`
[INFO] [stdout]  --> src/html/attributes.rs:260:5
[INFO] [stdout]   |
[INFO] [stdout] 3 | use sauron::{*, html::*, html::attributes::*};
[INFO] [stdout]   |     ^^^^^^ use of undeclared crate or module `sauron`
[INFO] [stdout] 
[INFO] [stdout] error[E0432]: unresolved import `sauron`
[INFO] [stdout]  --> src/html/attributes.rs:260:5
[INFO] [stdout]   |
[INFO] [stdout] 3 | use sauron::{*, html::*, html::attributes::*};
[INFO] [stdout]   |     ^^^^^^ use of undeclared crate or module `sauron`
[INFO] [stdout] 
[INFO] [stdout] error[E0412]: cannot find type `Node` in this scope
[INFO] [stdout]  --> src/html/attributes.rs:262:12
[INFO] [stdout]   |
[INFO] [stdout] 5 | let editor:Node<()> = textarea(vec![focus(true)], vec![]);
[INFO] [stdout]   |            ^^^^ not found in this scope
[INFO] [stdout]   |
[INFO] [stdout] help: consider importing one of these items
[INFO] [stdout]   |
[INFO] [stdout] 2 + use mt_dom::Node;
[INFO] [stdout]   |
[INFO] [stdout] 2 + use sauron_core::vdom::Node;
[INFO] [stdout]   |
[INFO] [stdout] 2 + use wasm_bindgen_test::__rt::node::Node;
[INFO] [stdout]   |
[INFO] [stdout] 2 + use web_sys::Node;
[INFO] [stdout]   |
[INFO] [stdout] 
[INFO] [stdout] error[E0425]: cannot find function `textarea` in this scope
[INFO] [stdout]  --> src/html/attributes.rs:262:23
[INFO] [stdout]   |
[INFO] [stdout] 5 | let editor:Node<()> = textarea(vec![focus(true)], vec![]);
[INFO] [stdout]   |                       ^^^^^^^^ not found in this scope
[INFO] [stdout]   |
[INFO] [stdout] help: consider importing this function
[INFO] [stdout]   |
[INFO] [stdout] 2 + use sauron_core::html::textarea;
[INFO] [stdout]   |
[INFO] [stdout] 
[INFO] [stdout] error[E0425]: cannot find function `focus` in this scope
[INFO] [stdout]  --> src/html/attributes.rs:262:37
[INFO] [stdout]   |
[INFO] [stdout] 5 | let editor:Node<()> = textarea(vec![focus(true)], vec![]);
[INFO] [stdout]   |                                     ^^^^^ not found in this scope
[INFO] [stdout]   |
[INFO] [stdout] help: consider importing this function
[INFO] [stdout]   |
[INFO] [stdout] 2 + use sauron_core::html::attributes::focus;
[INFO] [stdout]   |
[INFO] [stdout] 
[INFO] [stdout] error: aborting due to 5 previous errors
[INFO] [stdout] 
[INFO] [stdout] Some errors have detailed explanations: E0412, E0425, E0432, E0433.
[INFO] [stdout] For more information about an error, try `rustc --explain E0412`.
[INFO] [stdout] Couldn't compile the test.
[INFO] [stdout] ---- src/html/attributes.rs - html::attributes::empty_attr (line 282) stdout ----
[INFO] [stdout] error[E0433]: failed to resolve: use of undeclared crate or module `sauron`
[INFO] [stdout]  --> src/html/attributes.rs:284:5
[INFO] [stdout]   |
[INFO] [stdout] 4 | use sauron::html::attributes::empty_attr;
[INFO] [stdout]   |     ^^^^^^ use of undeclared crate or module `sauron`
[INFO] [stdout] 
[INFO] [stdout] error[E0432]: unresolved import `sauron`
[INFO] [stdout]  --> src/html/attributes.rs:283:5
[INFO] [stdout]   |
[INFO] [stdout] 3 | use sauron::*;
[INFO] [stdout]   |     ^^^^^^ use of undeclared crate or module `sauron`
[INFO] [stdout] 
[INFO] [stdout] error[E0412]: cannot find type `Attribute` in this scope
[INFO] [stdout]  --> src/html/attributes.rs:287:13
[INFO] [stdout]   |
[INFO] [stdout] 7 | let result: Attribute<()> = if let Some(img_title) = img_title{
[INFO] [stdout]   |             ^^^^^^^^^ not found in this scope
[INFO] [stdout]   |
[INFO] [stdout] help: consider importing one of these items
[INFO] [stdout]   |
[INFO] [stdout] 2 + use mt_dom::Attribute;
[INFO] [stdout]   |
[INFO] [stdout] 2 + use sauron_core::vdom::Attribute;
[INFO] [stdout]   |
[INFO] [stdout] 
[INFO] [stdout] error[E0425]: cannot find function `title` in this scope
[INFO] [stdout]  --> src/html/attributes.rs:288:5
[INFO] [stdout]   |
[INFO] [stdout] 8 |     title(img_title)
[INFO] [stdout]   |     ^^^^^ not found in this scope
[INFO] [stdout]   |
[INFO] [stdout] help: consider importing one of these items
[INFO] [stdout]   |
[INFO] [stdout] 2 + use sauron_core::html::attributes::title;
[INFO] [stdout]   |
[INFO] [stdout] 2 + use sauron_core::html::title;
[INFO] [stdout]   |
[INFO] [stdout] 2 + use sauron_core::svg::tags::title;
[INFO] [stdout]   |
[INFO] [stdout] 
[INFO] [stdout] error[E0425]: cannot find function `title` in this scope
[INFO] [stdout]   --> src/html/attributes.rs:293:12
[INFO] [stdout]    |
[INFO] [stdout] 13 | assert_eq!(title("this is the image"), result);
[INFO] [stdout]    |            ^^^^^ not found in this scope
[INFO] [stdout]    |
[INFO] [stdout] help: consider importing one of these items
[INFO] [stdout]    |
[INFO] [stdout] 2  + use sauron_core::html::attributes::title;
[INFO] [stdout]    |
[INFO] [stdout] 2  + use sauron_core::html::title;
[INFO] [stdout]    |
[INFO] [stdout] 2  + use sauron_core::svg::tags::title;
[INFO] [stdout]    |
[INFO] [stdout] 
[INFO] [stdout] error: aborting due to 5 previous errors
[INFO] [stdout] 
[INFO] [stdout] Some errors have detailed explanations: E0412, E0425, E0432, E0433.
[INFO] [stdout] For more information about an error, try `rustc --explain E0412`.
[INFO] [stdout] Couldn't compile the test.
[INFO] [stdout] ---- src/html/attributes.rs - html::attributes::classes (line 119) stdout ----
[INFO] [stdout] error[E0433]: failed to resolve: use of undeclared crate or module `sauron`
[INFO] [stdout]  --> src/html/attributes.rs:120:5
[INFO] [stdout]   |
[INFO] [stdout] 3 | use sauron::{*,html::attributes::classes};
[INFO] [stdout]   |     ^^^^^^ use of undeclared crate or module `sauron`
[INFO] [stdout] 
[INFO] [stdout] error[E0432]: unresolved import `sauron`
[INFO] [stdout]  --> src/html/attributes.rs:120:5
[INFO] [stdout]   |
[INFO] [stdout] 3 | use sauron::{*,html::attributes::classes};
[INFO] [stdout]   |     ^^^^^^ use of undeclared crate or module `sauron`
[INFO] [stdout] 
[INFO] [stdout] error[E0412]: cannot find type `Node` in this scope
[INFO] [stdout]  --> src/html/attributes.rs:122:11
[INFO] [stdout]   |
[INFO] [stdout] 5 | let html: Node<()> =
[INFO] [stdout]   |           ^^^^ not found in this scope
[INFO] [stdout]   |
[INFO] [stdout] help: consider importing one of these items
[INFO] [stdout]   |
[INFO] [stdout] 2 + use mt_dom::Node;
[INFO] [stdout]   |
[INFO] [stdout] 2 + use sauron_core::vdom::Node;
[INFO] [stdout]   |
[INFO] [stdout] 2 + use wasm_bindgen_test::__rt::node::Node;
[INFO] [stdout]   |
[INFO] [stdout] 2 + use web_sys::Node;
[INFO] [stdout]   |
[INFO] [stdout] 
[INFO] [stdout] error[E0425]: cannot find function `div` in this scope
[INFO] [stdout]  --> src/html/attributes.rs:123:4
[INFO] [stdout]   |
[INFO] [stdout] 6 |    div(vec![classes(["dashed", "error"])], vec![]);
[INFO] [stdout]   |    ^^^ not found in this scope
[INFO] [stdout]   |
[INFO] [stdout] help: consider importing this function
[INFO] [stdout]   |
[INFO] [stdout] 2 + use sauron_core::html::div;
[INFO] [stdout]   |
[INFO] [stdout] 
[INFO] [stdout] error: aborting due to 4 previous errors
[INFO] [stdout] 
[INFO] [stdout] Some errors have detailed explanations: E0412, E0425, E0432, E0433.
[INFO] [stdout] For more information about an error, try `rustc --explain E0412`.
[INFO] [stdout] Couldn't compile the test.
[INFO] [stdout] ---- src/html/attributes.rs - html::attributes::classes_flag (line 92) stdout ----
[INFO] [stdout] error[E0432]: unresolved import `sauron`
[INFO] [stdout]  --> src/html/attributes.rs:93:5
[INFO] [stdout]   |
[INFO] [stdout] 3 | use sauron::*;
[INFO] [stdout]   |     ^^^^^^ use of undeclared crate or module `sauron`
[INFO] [stdout] 
[INFO] [stdout] error[E0412]: cannot find type `Attribute` in this scope
[INFO] [stdout]  --> src/html/attributes.rs:97:10
[INFO] [stdout]   |
[INFO] [stdout] 7 | let line:Attribute<()> = classes_flag([
[INFO] [stdout]   |          ^^^^^^^^^ not found in this scope
[INFO] [stdout]   |
[INFO] [stdout] help: consider importing one of these items
[INFO] [stdout]   |
[INFO] [stdout] 2 + use mt_dom::Attribute;
[INFO] [stdout]   |
[INFO] [stdout] 2 + use sauron_core::vdom::Attribute;
[INFO] [stdout]   |
[INFO] [stdout] 
[INFO] [stdout] error[E0425]: cannot find function `classes_flag` in this scope
[INFO] [stdout]  --> src/html/attributes.rs:97:26
[INFO] [stdout]   |
[INFO] [stdout] 7 | let line:Attribute<()> = classes_flag([
[INFO] [stdout]   |                          ^^^^^^^^^^^^ not found in this scope
[INFO] [stdout]   |
[INFO] [stdout] help: consider importing this function
[INFO] [stdout]   |
[INFO] [stdout] 2 + use sauron_core::html::attributes::classes_flag;
[INFO] [stdout]   |
[INFO] [stdout] 
[INFO] [stdout] error: aborting due to 3 previous errors
[INFO] [stdout] 
[INFO] [stdout] Some errors have detailed explanations: E0412, E0425, E0432.
[INFO] [stdout] For more information about an error, try `rustc --explain E0412`.
[INFO] [stdout] Couldn't compile the test.
[INFO] [stdout] ---- src/html.rs - html::html_element (line 62) stdout ----
[INFO] [stdout] error[E0433]: failed to resolve: use of undeclared crate or module `sauron`
[INFO] [stdout]  --> src/html.rs:63:5
[INFO] [stdout]   |
[INFO] [stdout] 3 | use sauron::{*,html::html_element};
[INFO] [stdout]   |     ^^^^^^ use of undeclared crate or module `sauron`
[INFO] [stdout] 
[INFO] [stdout] error[E0432]: unresolved import `sauron`
[INFO] [stdout]  --> src/html.rs:63:5
[INFO] [stdout]   |
[INFO] [stdout] 3 | use sauron::{*,html::html_element};
[INFO] [stdout]   |     ^^^^^^ use of undeclared crate or module `sauron`
[INFO] [stdout] 
[INFO] [stdout] error: cannot find macro `node` in this scope
[INFO] [stdout]  --> src/html.rs:67:12
[INFO] [stdout]   |
[INFO] [stdout] 7 | assert_eq!(node!{<svg width=200 height=200 xmlns="http://www.w3.org/2000/svg"></svg>}, html);
[INFO] [stdout]   |            ^^^^
[INFO] [stdout] 
[INFO] [stdout] error[E0412]: cannot find type `Node` in this scope
[INFO] [stdout]  --> src/html.rs:65:10
[INFO] [stdout]   |
[INFO] [stdout] 5 | let html:Node<()> =
[INFO] [stdout]   |          ^^^^ not found in this scope
[INFO] [stdout]   |
[INFO] [stdout] help: consider importing one of these items
[INFO] [stdout]   |
[INFO] [stdout] 2 + use mt_dom::Node;
[INFO] [stdout]   |
[INFO] [stdout] 2 + use sauron_core::vdom::Node;
[INFO] [stdout]   |
[INFO] [stdout] 2 + use wasm_bindgen_test::__rt::node::Node;
[INFO] [stdout]   |
[INFO] [stdout] 2 + use web_sys::Node;
[INFO] [stdout]   |
[INFO] [stdout] 
[INFO] [stdout] error[E0425]: cannot find function `width` in this scope
[INFO] [stdout]  --> src/html.rs:66:65
[INFO] [stdout]   |
[INFO] [stdout] 6 |     html_element(Some("http://www.w3.org/2000/svg"),"svg", vec![width(200), height(200), xmlns("http://www.w3.org/2000/svg")], vec![], fa...
[INFO] [stdout]   |                                                                 ^^^^^ not found in this scope
[INFO] [stdout]   |
[INFO] [stdout] help: consider importing one of these items
[INFO] [stdout]   |
[INFO] [stdout] 2 + use sauron_core::html::attributes::width;
[INFO] [stdout]   |
[INFO] [stdout] 2 + use sauron_core::svg::attributes::width;
[INFO] [stdout]   |
[INFO] [stdout] 
[INFO] [stdout] error[E0425]: cannot find function `height` in this scope
[INFO] [stdout]  --> src/html.rs:66:77
[INFO] [stdout]   |
[INFO] [stdout] 6 |     html_element(Some("http://www.w3.org/2000/svg"),"svg", vec![width(200), height(200), xmlns("http://www.w3.org/2000/svg")], vec![], fa...
[INFO] [stdout]   |                                                                             ^^^^^^ not found in this scope
[INFO] [stdout]   |
[INFO] [stdout] help: consider importing one of these items
[INFO] [stdout]   |
[INFO] [stdout] 2 + use sauron_core::html::attributes::height;
[INFO] [stdout]   |
[INFO] [stdout] 2 + use sauron_core::svg::attributes::height;
[INFO] [stdout]   |
[INFO] [stdout] 
[INFO] [stdout] error[E0425]: cannot find function `xmlns` in this scope
[INFO] [stdout]  --> src/html.rs:66:90
[INFO] [stdout]   |
[INFO] [stdout] 6 |     html_element(Some("http://www.w3.org/2000/svg"),"svg", vec![width(200), height(200), xmlns("http://www.w3.org/2000/svg")], vec![], fa...
[INFO] [stdout]   |                                                                                          ^^^^^ not found in this scope
[INFO] [stdout]   |
[INFO] [stdout] help: consider importing this function
[INFO] [stdout]   |
[INFO] [stdout] 2 + use sauron_core::svg::attributes::xmlns;
[INFO] [stdout]   |
[INFO] [stdout] 
[INFO] [stdout] error: aborting due to 7 previous errors
[INFO] [stdout] 
[INFO] [stdout] Some errors have detailed explanations: E0412, E0425, E0432, E0433.
[INFO] [stdout] For more information about an error, try `rustc --explain E0412`.
[INFO] [stdout] Couldn't compile the test.
[INFO] [stdout] ---- src/html/attributes.rs - html::attributes::checked (line 189) stdout ----
[INFO] [stdout] error[E0432]: unresolved import `sauron`
[INFO] [stdout]  --> src/html/attributes.rs:190:5
[INFO] [stdout]   |
[INFO] [stdout] 3 | use sauron::*;
[INFO] [stdout]   |     ^^^^^^ use of undeclared crate or module `sauron`
[INFO] [stdout] 
[INFO] [stdout] error[E0412]: cannot find type `Node` in this scope
[INFO] [stdout]  --> src/html/attributes.rs:192:11
[INFO] [stdout]   |
[INFO] [stdout] 5 | let html: Node<()> =
[INFO] [stdout]   |           ^^^^ not found in this scope
[INFO] [stdout]   |
[INFO] [stdout] help: consider importing one of these items
[INFO] [stdout]   |
[INFO] [stdout] 2 + use mt_dom::Node;
[INFO] [stdout]   |
[INFO] [stdout] 2 + use sauron_core::vdom::Node;
[INFO] [stdout]   |
[INFO] [stdout] 2 + use wasm_bindgen_test::__rt::node::Node;
[INFO] [stdout]   |
[INFO] [stdout] 2 + use web_sys::Node;
[INFO] [stdout]   |
[INFO] [stdout] 
[INFO] [stdout] error[E0425]: cannot find function `input` in this scope
[INFO] [stdout]  --> src/html/attributes.rs:193:5
[INFO] [stdout]   |
[INFO] [stdout] 6 |     input(vec![r#type("checkbox"), checked(true)], vec![]);
[INFO] [stdout]   |     ^^^^^ not found in this scope
[INFO] [stdout]   |
[INFO] [stdout] help: consider importing this function
[INFO] [stdout]   |
[INFO] [stdout] 2 + use sauron_core::html::input;
[INFO] [stdout]   |
[INFO] [stdout] 
[INFO] [stdout] error[E0425]: cannot find function `r#type` in this scope
[INFO] [stdout]  --> src/html/attributes.rs:193:16
[INFO] [stdout]   |
[INFO] [stdout] 6 |     input(vec![r#type("checkbox"), checked(true)], vec![]);
[INFO] [stdout]   |                ^^^^^^ not found in this scope
[INFO] [stdout]   |
[INFO] [stdout] help: consider importing this function
[INFO] [stdout]   |
[INFO] [stdout] 2 + use sauron_core::html::attributes::r#type;
[INFO] [stdout]   |
[INFO] [stdout] 
[INFO] [stdout] error[E0425]: cannot find function `checked` in this scope
[INFO] [stdout]  --> src/html/attributes.rs:193:36
[INFO] [stdout]   |
[INFO] [stdout] 6 |     input(vec![r#type("checkbox"), checked(true)], vec![]);
[INFO] [stdout]   |                                    ^^^^^^^ not found in this scope
[INFO] [stdout]   |
[INFO] [stdout] help: consider importing this function
[INFO] [stdout]   |
[INFO] [stdout] 2 + use sauron_core::html::attributes::checked;
[INFO] [stdout]   |
[INFO] [stdout] 
[INFO] [stdout] error: aborting due to 5 previous errors
[INFO] [stdout] 
[INFO] [stdout] Some errors have detailed explanations: E0412, E0425, E0432.
[INFO] [stdout] For more information about an error, try `rustc --explain E0412`.
[INFO] [stdout] Couldn't compile the test.
[INFO] [stdout] ---- src/html/attributes.rs - html::attributes::attr (line 270) stdout ----
[INFO] [stdout] error[E0433]: failed to resolve: use of undeclared crate or module `sauron`
[INFO] [stdout]  --> src/html/attributes.rs:271:5
[INFO] [stdout]   |
[INFO] [stdout] 3 | use sauron::{*,html::attributes::attr};
[INFO] [stdout]   |     ^^^^^^ use of undeclared crate or module `sauron`
[INFO] [stdout] 
[INFO] [stdout] error[E0432]: unresolved import `sauron`
[INFO] [stdout]  --> src/html/attributes.rs:271:5
[INFO] [stdout]   |
[INFO] [stdout] 3 | use sauron::{*,html::attributes::attr};
[INFO] [stdout]   |     ^^^^^^ use of undeclared crate or module `sauron`
[INFO] [stdout] 
[INFO] [stdout] error[E0412]: cannot find type `Attribute` in this scope
[INFO] [stdout]  --> src/html/attributes.rs:273:14
[INFO] [stdout]   |
[INFO] [stdout] 5 | let data_id: Attribute<()> = attr("data-id", 42);
[INFO] [stdout]   |              ^^^^^^^^^ not found in this scope
[INFO] [stdout]   |
[INFO] [stdout] help: consider importing one of these items
[INFO] [stdout]   |
[INFO] [stdout] 2 + use mt_dom::Attribute;
[INFO] [stdout]   |
[INFO] [stdout] 2 + use sauron_core::vdom::Attribute;
[INFO] [stdout]   |
[INFO] [stdout] 
[INFO] [stdout] error: aborting due to 3 previous errors
[INFO] [stdout] 
[INFO] [stdout] Some errors have detailed explanations: E0412, E0432, E0433.
[INFO] [stdout] For more information about an error, try `rustc --explain E0412`.
[INFO] [stdout] Couldn't compile the test.
[INFO] [stdout] ---- src/html.rs - html::safe_html (line 126) stdout ----
[INFO] [stdout] error[E0433]: failed to resolve: use of undeclared crate or module `sauron`
[INFO] [stdout]  --> src/html.rs:127:5
[INFO] [stdout]   |
[INFO] [stdout] 3 | use sauron::{*,html::safe_html};
[INFO] [stdout]   |     ^^^^^^ use of undeclared crate or module `sauron`
[INFO] [stdout] 
[INFO] [stdout] error[E0432]: unresolved import `sauron`
[INFO] [stdout]  --> src/html.rs:127:5
[INFO] [stdout]   |
[INFO] [stdout] 3 | use sauron::{*,html::safe_html};
[INFO] [stdout]   |     ^^^^^^ use of undeclared crate or module `sauron`
[INFO] [stdout] 
[INFO] [stdout] error[E0412]: cannot find type `Node` in this scope
[INFO] [stdout]  --> src/html.rs:129:11
[INFO] [stdout]   |
[INFO] [stdout] 5 | let node: Node<()> = safe_html("<div>In a safe html</div>");
[INFO] [stdout]   |           ^^^^ not found in this scope
[INFO] [stdout]   |
[INFO] [stdout] help: consider importing one of these items
[INFO] [stdout]   |
[INFO] [stdout] 2 + use mt_dom::Node;
[INFO] [stdout]   |
[INFO] [stdout] 2 + use sauron_core::vdom::Node;
[INFO] [stdout]   |
[INFO] [stdout] 2 + use wasm_bindgen_test::__rt::node::Node;
[INFO] [stdout]   |
[INFO] [stdout] 2 + use web_sys::Node;
[INFO] [stdout]   |
[INFO] [stdout] 
[INFO] [stdout] error: aborting due to 3 previous errors
[INFO] [stdout] 
[INFO] [stdout] Some errors have detailed explanations: E0412, E0432, E0433.
[INFO] [stdout] For more information about an error, try `rustc --explain E0412`.
[INFO] [stdout] Couldn't compile the test.
[INFO] [stdout] ---- src/html.rs - html::view_if (line 20) stdout ----
[INFO] [stdout] error[E0432]: unresolved import `sauron`
[INFO] [stdout]  --> src/html.rs:21:5
[INFO] [stdout]   |
[INFO] [stdout] 3 | use sauron::*;
[INFO] [stdout]   |     ^^^^^^ use of undeclared crate or module `sauron`
[INFO] [stdout] 
[INFO] [stdout] error: cannot find macro `node` in this scope
[INFO] [stdout]  --> src/html.rs:26:12
[INFO] [stdout]   |
[INFO] [stdout] 8 | assert_eq!(node!{<p>"hello world"</p>}, html);
[INFO] [stdout]   |            ^^^^
[INFO] [stdout] 
[INFO] [stdout] error[E0412]: cannot find type `Node` in this scope
[INFO] [stdout]  --> src/html.rs:24:11
[INFO] [stdout]   |
[INFO] [stdout] 6 | let html: Node<()> = view_if(!content.is_empty(), p(vec![], vec![text(content)]));
[INFO] [stdout]   |           ^^^^ not found in this scope
[INFO] [stdout]   |
[INFO] [stdout] help: consider importing one of these items
[INFO] [stdout]   |
[INFO] [stdout] 2 + use mt_dom::Node;
[INFO] [stdout]   |
[INFO] [stdout] 2 + use sauron_core::vdom::Node;
[INFO] [stdout]   |
[INFO] [stdout] 2 + use wasm_bindgen_test::__rt::node::Node;
[INFO] [stdout]   |
[INFO] [stdout] 2 + use web_sys::Node;
[INFO] [stdout]   |
[INFO] [stdout] 
[INFO] [stdout] error[E0425]: cannot find function `view_if` in this scope
[INFO] [stdout]  --> src/html.rs:24:22
[INFO] [stdout]   |
[INFO] [stdout] 6 | let html: Node<()> = view_if(!content.is_empty(), p(vec![], vec![text(content)]));
[INFO] [stdout]   |                      ^^^^^^^ not found in this scope
[INFO] [stdout]   |
[INFO] [stdout] help: consider importing this function
[INFO] [stdout]   |
[INFO] [stdout] 2 + use sauron_core::html::view_if;
[INFO] [stdout]   |
[INFO] [stdout] 
[INFO] [stdout] error[E0425]: cannot find function `p` in this scope
[INFO] [stdout]  --> src/html.rs:24:51
[INFO] [stdout]   |
[INFO] [stdout] 6 | let html: Node<()> = view_if(!content.is_empty(), p(vec![], vec![text(content)]));
[INFO] [stdout]   |                                                   ^ not found in this scope
[INFO] [stdout]   |
[INFO] [stdout] help: consider importing this function
[INFO] [stdout]   |
[INFO] [stdout] 2 + use sauron_core::html::p;
[INFO] [stdout]   |
[INFO] [stdout] 
[INFO] [stdout] error[E0425]: cannot find function `text` in this scope
[INFO] [stdout]  --> src/html.rs:24:66
[INFO] [stdout]   |
[INFO] [stdout] 6 | let html: Node<()> = view_if(!content.is_empty(), p(vec![], vec![text(content)]));
[INFO] [stdout]   |                                                                  ^^^^ not found in this scope
[INFO] [stdout]   |
[INFO] [stdout] help: consider importing one of these items
[INFO] [stdout]   |
[INFO] [stdout] 2 + use sauron_core::html::text;
[INFO] [stdout]   |
[INFO] [stdout] 2 + use sauron_core::svg::tags::text;
[INFO] [stdout]   |
[INFO] [stdout] 2 + use sauron_core::vdom::leaf::text;
[INFO] [stdout]   |
[INFO] [stdout] 
[INFO] [stdout] error: aborting due to 6 previous errors
[INFO] [stdout] 
[INFO] [stdout] Some errors have detailed explanations: E0412, E0425, E0432.
[INFO] [stdout] For more information about an error, try `rustc --explain E0412`.
[INFO] [stdout] Couldn't compile the test.
[INFO] [stdout] ---- src/html/units.rs - html::units::cm (line 65) stdout ----
[INFO] [stdout] error[E0433]: failed to resolve: use of undeclared crate or module `sauron`
[INFO] [stdout]  --> src/html/units.rs:66:5
[INFO] [stdout]   |
[INFO] [stdout] 3 | use sauron::html::units::*;
[INFO] [stdout]   |     ^^^^^^ use of undeclared crate or module `sauron`
[INFO] [stdout] 
[INFO] [stdout] error[E0425]: cannot find function `cm` in this scope
[INFO] [stdout]  --> src/html/units.rs:68:20
[INFO] [stdout]   |
[INFO] [stdout] 5 | assert_eq!("10cm", cm(10));
[INFO] [stdout]   |                    ^^ not found in this scope
[INFO] [stdout]   |
[INFO] [stdout] help: consider importing this function
[INFO] [stdout]   |
[INFO] [stdout] 2 + use sauron_core::html::units::cm;
[INFO] [stdout]   |
[INFO] [stdout] 
[INFO] [stdout] error: aborting due to 2 previous errors
[INFO] [stdout] 
[INFO] [stdout] Some errors have detailed explanations: E0425, E0433.
[INFO] [stdout] For more information about an error, try `rustc --explain E0425`.
[INFO] [stdout] Couldn't compile the test.
[INFO] [stdout] ---- src/html/attributes.rs - html::attributes::styles_flag (line 59) stdout ----
[INFO] [stdout] error[E0432]: unresolved import `sauron`
[INFO] [stdout]  --> src/html/attributes.rs:60:5
[INFO] [stdout]   |
[INFO] [stdout] 3 | use sauron::*;
[INFO] [stdout]   |     ^^^^^^ use of undeclared crate or module `sauron`
[INFO] [stdout] 
[INFO] [stdout] error[E0412]: cannot find type `Attribute` in this scope
[INFO] [stdout]  --> src/html/attributes.rs:63:13
[INFO] [stdout]   |
[INFO] [stdout] 6 | let display:Attribute<()> = styles_flag([
[INFO] [stdout]   |             ^^^^^^^^^ not found in this scope
[INFO] [stdout]   |
[INFO] [stdout] help: consider importing one of these items
[INFO] [stdout]   |
[INFO] [stdout] 2 + use mt_dom::Attribute;
[INFO] [stdout]   |
[INFO] [stdout] 2 + use sauron_core::vdom::Attribute;
[INFO] [stdout]   |
[INFO] [stdout] 
[INFO] [stdout] error[E0425]: cannot find function `styles_flag` in this scope
[INFO] [stdout]  --> src/html/attributes.rs:63:29
[INFO] [stdout]   |
[INFO] [stdout] 6 | let display:Attribute<()> = styles_flag([
[INFO] [stdout]   |                             ^^^^^^^^^^^ not found in this scope
[INFO] [stdout]   |
[INFO] [stdout] help: consider importing this function
[INFO] [stdout]   |
[INFO] [stdout] 2 + use sauron_core::html::attributes::styles_flag;
[INFO] [stdout]   |
[INFO] [stdout] 
[INFO] [stdout] error: aborting due to 3 previous errors
[INFO] [stdout] 
[INFO] [stdout] Some errors have detailed explanations: E0412, E0425, E0432.
[INFO] [stdout] For more information about an error, try `rustc --explain E0412`.
[INFO] [stdout] Couldn't compile the test.
[INFO] [stdout] ---- src/html/attributes.rs - html::attributes::styles (line 25) stdout ----
[INFO] [stdout] error[E0433]: failed to resolve: use of undeclared crate or module `sauron`
[INFO] [stdout]  --> src/html/attributes.rs:26:5
[INFO] [stdout]   |
[INFO] [stdout] 3 | use sauron::{*, html::attributes::styles};
[INFO] [stdout]   |     ^^^^^^ use of undeclared crate or module `sauron`
[INFO] [stdout] 
[INFO] [stdout] error[E0432]: unresolved import `sauron`
[INFO] [stdout]  --> src/html/attributes.rs:26:5
[INFO] [stdout]   |
[INFO] [stdout] 3 | use sauron::{*, html::attributes::styles};
[INFO] [stdout]   |     ^^^^^^ use of undeclared crate or module `sauron`
[INFO] [stdout] 
[INFO] [stdout] error[E0412]: cannot find type `Node` in this scope
[INFO] [stdout]  --> src/html/attributes.rs:28:10
[INFO] [stdout]   |
[INFO] [stdout] 5 | let html:Node<()> = div(vec![styles([("display", "flex"), ("flex-direction", "row")])], vec![]);
[INFO] [stdout]   |          ^^^^ not found in this scope
[INFO] [stdout]   |
[INFO] [stdout] help: consider importing one of these items
[INFO] [stdout]   |
[INFO] [stdout] 2 + use mt_dom::Node;
[INFO] [stdout]   |
[INFO] [stdout] 2 + use sauron_core::vdom::Node;
[INFO] [stdout]   |
[INFO] [stdout] 2 + use wasm_bindgen_test::__rt::node::Node;
[INFO] [stdout]   |
[INFO] [stdout] 2 + use web_sys::Node;
[INFO] [stdout]   |
[INFO] [stdout] 
[INFO] [stdout] error[E0425]: cannot find function `div` in this scope
[INFO] [stdout]  --> src/html/attributes.rs:28:21
[INFO] [stdout]   |
[INFO] [stdout] 5 | let html:Node<()> = div(vec![styles([("display", "flex"), ("flex-direction", "row")])], vec![]);
[INFO] [stdout]   |                     ^^^ not found in this scope
[INFO] [stdout]   |
[INFO] [stdout] help: consider importing this function
[INFO] [stdout]   |
[INFO] [stdout] 2 + use sauron_core::html::div;
[INFO] [stdout]   |
[INFO] [stdout] 
[INFO] [stdout] error: aborting due to 4 previous errors
[INFO] [stdout] 
[INFO] [stdout] Some errors have detailed explanations: E0412, E0425, E0432, E0433.
[INFO] [stdout] For more information about an error, try `rustc --explain E0412`.
[INFO] [stdout] Couldn't compile the test.
[INFO] [stdout] ---- src/html/attributes.rs - html::attributes::styles (line 31) stdout ----
[INFO] [stdout] error[E0433]: failed to resolve: use of undeclared crate or module `sauron`
[INFO] [stdout]  --> src/html/attributes.rs:33:5
[INFO] [stdout]   |
[INFO] [stdout] 4 | use sauron::html::attributes::styles;
[INFO] [stdout]   |     ^^^^^^ use of undeclared crate or module `sauron`
[INFO] [stdout] 
[INFO] [stdout] error[E0432]: unresolved import `sauron`
[INFO] [stdout]  --> src/html/attributes.rs:32:5
[INFO] [stdout]   |
[INFO] [stdout] 3 | use sauron::*;
[INFO] [stdout]   |     ^^^^^^ use of undeclared crate or module `sauron`
[INFO] [stdout] 
[INFO] [stdout] error: cannot find macro `style` in this scope
[INFO] [stdout]  --> src/html/attributes.rs:35:31
[INFO] [stdout]   |
[INFO] [stdout] 6 | let html: Node<()> = div(vec![style!{"display":"flex","flex-direction":"row"}],vec![]);
[INFO] [stdout]   |                               ^^^^^
[INFO] [stdout] 
[INFO] [stdout] error[E0412]: cannot find type `Node` in this scope
[INFO] [stdout]  --> src/html/attributes.rs:35:11
[INFO] [stdout]   |
[INFO] [stdout] 6 | let html: Node<()> = div(vec![style!{"display":"flex","flex-direction":"row"}],vec![]);
[INFO] [stdout]   |           ^^^^ not found in this scope
[INFO] [stdout]   |
[INFO] [stdout] help: consider importing one of these items
[INFO] [stdout]   |
[INFO] [stdout] 2 + use mt_dom::Node;
[INFO] [stdout]   |
[INFO] [stdout] 2 + use sauron_core::vdom::Node;
[INFO] [stdout]   |
[INFO] [stdout] 2 + use wasm_bindgen_test::__rt::node::Node;
[INFO] [stdout]   |
[INFO] [stdout] 2 + use web_sys::Node;
[INFO] [stdout]   |
[INFO] [stdout] 
[INFO] [stdout] error[E0425]: cannot find function `div` in this scope
[INFO] [stdout]  --> src/html/attributes.rs:35:22
[INFO] [stdout]   |
[INFO] [stdout] 6 | let html: Node<()> = div(vec![style!{"display":"flex","flex-direction":"row"}],vec![]);
[INFO] [stdout]   |                      ^^^ not found in this scope
[INFO] [stdout]   |
[INFO] [stdout] help: consider importing this function
[INFO] [stdout]   |
[INFO] [stdout] 2 + use sauron_core::html::div;
[INFO] [stdout]   |
[INFO] [stdout] 
[INFO] [stdout] error: aborting due to 5 previous errors
[INFO] [stdout] 
[INFO] [stdout] Some errors have detailed explanations: E0412, E0425, E0432, E0433.
[INFO] [stdout] For more information about an error, try `rustc --explain E0412`.
[INFO] [stdout] Couldn't compile the test.
[INFO] [stdout] ---- src/html/units.rs - html::units::q (line 65) stdout ----
[INFO] [stdout] error[E0433]: failed to resolve: use of undeclared crate or module `sauron`
[INFO] [stdout]  --> src/html/units.rs:66:5
[INFO] [stdout]   |
[INFO] [stdout] 3 | use sauron::html::units::*;
[INFO] [stdout]   |     ^^^^^^ use of undeclared crate or module `sauron`
[INFO] [stdout] 
[INFO] [stdout] error[E0425]: cannot find function `q` in this scope
[INFO] [stdout]  --> src/html/units.rs:68:19
[INFO] [stdout]   |
[INFO] [stdout] 5 | assert_eq!("10q", q(10));
[INFO] [stdout]   |                   ^ not found in this scope
[INFO] [stdout]   |
[INFO] [stdout] help: consider importing one of these items
[INFO] [stdout]   |
[INFO] [stdout] 2 + use sauron_core::html::q;
[INFO] [stdout]   |
[INFO] [stdout] 2 + use sauron_core::html::units::q;
[INFO] [stdout]   |
[INFO] [stdout] 
[INFO] [stdout] error: aborting due to 2 previous errors
[INFO] [stdout] 
[INFO] [stdout] Some errors have detailed explanations: E0425, E0433.
[INFO] [stdout] For more information about an error, try `rustc --explain E0425`.
[INFO] [stdout] Couldn't compile the test.
[INFO] [stdout] ---- src/html/attributes.rs - html::attributes::maybe_attr (line 163) stdout ----
[INFO] [stdout] error[E0433]: failed to resolve: use of undeclared crate or module `sauron`
[INFO] [stdout]  --> src/html/attributes.rs:164:5
[INFO] [stdout]   |
[INFO] [stdout] 3 | use sauron::{*, html::attributes::maybe_attr};
[INFO] [stdout]   |     ^^^^^^ use of undeclared crate or module `sauron`
[INFO] [stdout] 
[INFO] [stdout] error[E0432]: unresolved import `sauron`
[INFO] [stdout]  --> src/html/attributes.rs:164:5
[INFO] [stdout]   |
[INFO] [stdout] 3 | use sauron::{*, html::attributes::maybe_attr};
[INFO] [stdout]   |     ^^^^^^ use of undeclared crate or module `sauron`
[INFO] [stdout] 
[INFO] [stdout] error[E0412]: cannot find type `Node` in this scope
[INFO] [stdout]  --> src/html/attributes.rs:167:11
[INFO] [stdout]   |
[INFO] [stdout] 6 | let html: Node<()> = button(vec![maybe_attr("width", width)], vec![]);
[INFO] [stdout]   |           ^^^^ not found in this scope
[INFO] [stdout]   |
[INFO] [stdout] help: consider importing one of these items
[INFO] [stdout]   |
[INFO] [stdout] 2 + use mt_dom::Node;
[INFO] [stdout]   |
[INFO] [stdout] 2 + use sauron_core::vdom::Node;
[INFO] [stdout]   |
[INFO] [stdout] 2 + use wasm_bindgen_test::__rt::node::Node;
[INFO] [stdout]   |
[INFO] [stdout] 2 + use web_sys::Node;
[INFO] [stdout]   |
[INFO] [stdout] 
[INFO] [stdout] error[E0425]: cannot find function `button` in this scope
[INFO] [stdout]  --> src/html/attributes.rs:167:22
[INFO] [stdout]   |
[INFO] [stdout] 6 | let html: Node<()> = button(vec![maybe_attr("width", width)], vec![]);
[INFO] [stdout]   |                      ^^^^^^ not found in this scope
[INFO] [stdout]   |
[INFO] [stdout] help: consider importing this function
[INFO] [stdout]   |
[INFO] [stdout] 2 + use sauron_core::html::button;
[INFO] [stdout]   |
[INFO] [stdout] 
[INFO] [stdout] error[E0412]: cannot find type `Node` in this scope
[INFO] [stdout]   --> src/html/attributes.rs:172:11
[INFO] [stdout]    |
[INFO] [stdout] 11 | let html: Node<()> = button(vec![maybe_attr("width", width)], vec![]);
[INFO] [stdout]    |           ^^^^ not found in this scope
[INFO] [stdout]    |
[INFO] [stdout] help: consider importing one of these items
[INFO] [stdout]    |
[INFO] [stdout] 2  + use mt_dom::Node;
[INFO] [stdout]    |
[INFO] [stdout] 2  + use sauron_core::vdom::Node;
[INFO] [stdout]    |
[INFO] [stdout] 2  + use wasm_bindgen_test::__rt::node::Node;
[INFO] [stdout]    |
[INFO] [stdout] 2  + use web_sys::Node;
[INFO] [stdout]    |
[INFO] [stdout] 
[INFO] [stdout] error[E0425]: cannot find function `button` in this scope
[INFO] [stdout]   --> src/html/attributes.rs:172:22
[INFO] [stdout]    |
[INFO] [stdout] 11 | let html: Node<()> = button(vec![maybe_attr("width", width)], vec![]);
[INFO] [stdout]    |                      ^^^^^^ not found in this scope
[INFO] [stdout]    |
[INFO] [stdout] help: consider importing this function
[INFO] [stdout]    |
[INFO] [stdout] 2  + use sauron_core::html::button;
[INFO] [stdout]    |
[INFO] [stdout] 
[INFO] [stdout] error: aborting due to 6 previous errors
[INFO] [stdout] 
[INFO] [stdout] Some errors have detailed explanations: E0412, E0425, E0432, E0433.
[INFO] [stdout] For more information about an error, try `rustc --explain E0412`.
[INFO] [stdout] Couldn't compile the test.
[INFO] [stdout] ---- src/html/units.rs - html::units::px (line 67) stdout ----
[INFO] [stdout] error[E0433]: failed to resolve: use of undeclared crate or module `sauron`
[INFO] [stdout]  --> src/html/units.rs:68:5
[INFO] [stdout]   |
[INFO] [stdout] 3 | use sauron::html::units::*;
[INFO] [stdout]   |     ^^^^^^ use of undeclared crate or module `sauron`
[INFO] [stdout] 
[INFO] [stdout] error[E0425]: cannot find function `px` in this scope
[INFO] [stdout]  --> src/html/units.rs:70:20
[INFO] [stdout]   |
[INFO] [stdout] 5 | assert_eq!("10px", px(10));
[INFO] [stdout]   |                    ^^ not found in this scope
[INFO] [stdout]   |
[INFO] [stdout] help: consider importing this function
[INFO] [stdout]   |
[INFO] [stdout] 2 + use sauron_core::html::units::px;
[INFO] [stdout]   |
[INFO] [stdout] 
[INFO] [stdout] error: aborting due to 2 previous errors
[INFO] [stdout] 
[INFO] [stdout] Some errors have detailed explanations: E0425, E0433.
[INFO] [stdout] For more information about an error, try `rustc --explain E0425`.
[INFO] [stdout] Couldn't compile the test.
[INFO] [stdout] ---- src/html/units.rs - html::units::ch (line 65) stdout ----
[INFO] [stdout] error[E0433]: failed to resolve: use of undeclared crate or module `sauron`
[INFO] [stdout]  --> src/html/units.rs:66:5
[INFO] [stdout]   |
[INFO] [stdout] 3 | use sauron::html::units::*;
[INFO] [stdout]   |     ^^^^^^ use of undeclared crate or module `sauron`
[INFO] [stdout] 
[INFO] [stdout] error[E0425]: cannot find function `ch` in this scope
[INFO] [stdout]  --> src/html/units.rs:68:20
[INFO] [stdout]   |
[INFO] [stdout] 5 | assert_eq!("10ch", ch(10));
[INFO] [stdout]   |                    ^^ not found in this scope
[INFO] [stdout]   |
[INFO] [stdout] help: consider importing this function
[INFO] [stdout]   |
[INFO] [stdout] 2 + use sauron_core::html::units::ch;
[INFO] [stdout]   |
[INFO] [stdout] 
[INFO] [stdout] error: aborting due to 2 previous errors
[INFO] [stdout] 
[INFO] [stdout] Some errors have detailed explanations: E0425, E0433.
[INFO] [stdout] For more information about an error, try `rustc --explain E0425`.
[INFO] [stdout] Couldn't compile the test.
[INFO] [stdout] ---- src/html/units.rs - html::units::ex (line 65) stdout ----
[INFO] [stdout] error[E0433]: failed to resolve: use of undeclared crate or module `sauron`
[INFO] [stdout]  --> src/html/units.rs:66:5
[INFO] [stdout]   |
[INFO] [stdout] 3 | use sauron::html::units::*;
[INFO] [stdout]   |     ^^^^^^ use of undeclared crate or module `sauron`
[INFO] [stdout] 
[INFO] [stdout] error[E0425]: cannot find function `ex` in this scope
[INFO] [stdout]  --> src/html/units.rs:68:20
[INFO] [stdout]   |
[INFO] [stdout] 5 | assert_eq!("10ex", ex(10));
[INFO] [stdout]   |                    ^^ not found in this scope
[INFO] [stdout]   |
[INFO] [stdout] help: consider importing this function
[INFO] [stdout]   |
[INFO] [stdout] 2 + use sauron_core::html::units::ex;
[INFO] [stdout]   |
[INFO] [stdout] 
[INFO] [stdout] error: aborting due to 2 previous errors
[INFO] [stdout] 
[INFO] [stdout] Some errors have detailed explanations: E0425, E0433.
[INFO] [stdout] For more information about an error, try `rustc --explain E0425`.
[INFO] [stdout] Couldn't compile the test.
[INFO] [stdout] ---- src/html/units.rs - html::units::em (line 65) stdout ----
[INFO] [stdout] error[E0433]: failed to resolve: use of undeclared crate or module `sauron`
[INFO] [stdout]  --> src/html/units.rs:66:5
[INFO] [stdout]   |
[INFO] [stdout] 3 | use sauron::html::units::*;
[INFO] [stdout]   |     ^^^^^^ use of undeclared crate or module `sauron`
[INFO] [stdout] 
[INFO] [stdout] error[E0425]: cannot find function `em` in this scope
[INFO] [stdout]  --> src/html/units.rs:68:20
[INFO] [stdout]   |
[INFO] [stdout] 5 | assert_eq!("10em", em(10));
[INFO] [stdout]   |                    ^^ not found in this scope
[INFO] [stdout]   |
[INFO] [stdout] help: consider importing one of these items
[INFO] [stdout]   |
[INFO] [stdout] 2 + use sauron_core::html::em;
[INFO] [stdout]   |
[INFO] [stdout] 2 + use sauron_core::html::units::em;
[INFO] [stdout]   |
[INFO] [stdout] 
[INFO] [stdout] error: aborting due to 2 previous errors
[INFO] [stdout] 
[INFO] [stdout] Some errors have detailed explanations: E0425, E0433.
[INFO] [stdout] For more information about an error, try `rustc --explain E0425`.
[INFO] [stdout] Couldn't compile the test.
[INFO] [stdout] ---- src/html/units.rs - html::units::pt (line 65) stdout ----
[INFO] [stdout] error[E0433]: failed to resolve: use of undeclared crate or module `sauron`
[INFO] [stdout]  --> src/html/units.rs:66:5
[INFO] [stdout]   |
[INFO] [stdout] 3 | use sauron::html::units::*;
[INFO] [stdout]   |     ^^^^^^ use of undeclared crate or module `sauron`
[INFO] [stdout] 
[INFO] [stdout] error[E0425]: cannot find function `pt` in this scope
[INFO] [stdout]  --> src/html/units.rs:68:20
[INFO] [stdout]   |
[INFO] [stdout] 5 | assert_eq!("10pt", pt(10));
[INFO] [stdout]   |                    ^^ not found in this scope
[INFO] [stdout]   |
[INFO] [stdout] help: consider importing this function
[INFO] [stdout]   |
[INFO] [stdout] 2 + use sauron_core::html::units::pt;
[INFO] [stdout]   |
[INFO] [stdout] 
[INFO] [stdout] error: aborting due to 2 previous errors
[INFO] [stdout] 
[INFO] [stdout] Some errors have detailed explanations: E0425, E0433.
[INFO] [stdout] For more information about an error, try `rustc --explain E0425`.
[INFO] [stdout] Couldn't compile the test.
[INFO] [stdout] ---- src/html/units.rs - html::units::mm (line 65) stdout ----
[INFO] [stdout] error[E0433]: failed to resolve: use of undeclared crate or module `sauron`
[INFO] [stdout]  --> src/html/units.rs:66:5
[INFO] [stdout]   |
[INFO] [stdout] 3 | use sauron::html::units::*;
[INFO] [stdout]   |     ^^^^^^ use of undeclared crate or module `sauron`
[INFO] [stdout] 
[INFO] [stdout] error[E0425]: cannot find function `mm` in this scope
[INFO] [stdout]  --> src/html/units.rs:68:20
[INFO] [stdout]   |
[INFO] [stdout] 5 | assert_eq!("10mm", mm(10));
[INFO] [stdout]   |                    ^^ not found in this scope
[INFO] [stdout]   |
[INFO] [stdout] help: consider importing this function
[INFO] [stdout]   |
[INFO] [stdout] 2 + use sauron_core::html::units::mm;
[INFO] [stdout]   |
[INFO] [stdout] 
[INFO] [stdout] error: aborting due to 2 previous errors
[INFO] [stdout] 
[INFO] [stdout] Some errors have detailed explanations: E0425, E0433.
[INFO] [stdout] For more information about an error, try `rustc --explain E0425`.
[INFO] [stdout] Couldn't compile the test.
[INFO] [stdout] ---- src/html/attributes/special.rs - html::attributes::special::key (line 36) stdout ----
[INFO] [stdout] error[E0433]: failed to resolve: use of undeclared crate or module `sauron`
[INFO] [stdout]  --> src/html/attributes/special.rs:37:5
[INFO] [stdout]   |
[INFO] [stdout] 3 | use sauron::{*, html::{*, attributes::*}};
[INFO] [stdout]   |     ^^^^^^ use of undeclared crate or module `sauron`
[INFO] [stdout] 
[INFO] [stdout] error[E0432]: unresolved import `sauron`
[INFO] [stdout]  --> src/html/attributes/special.rs:37:5
[INFO] [stdout]   |
[INFO] [stdout] 3 | use sauron::{*, html::{*, attributes::*}};
[INFO] [stdout]   |     ^^^^^^ use of undeclared crate or module `sauron`
[INFO] [stdout] 
[INFO] [stdout] error: cannot find macro `key` in this scope
[INFO] [stdout]  --> src/html/attributes/special.rs:40:31
[INFO] [stdout]   |
[INFO] [stdout] 6 | let button:Node<()> = button([key!("content-{}", 42)], [text("Click")]);
[INFO] [stdout]   |                               ^^^
[INFO] [stdout]   |
[INFO] [stdout] help: consider importing this macro
[INFO] [stdout]   |
[INFO] [stdout] 2 + use sauron_core::key;
[INFO] [stdout]   |
[INFO] [stdout] 
[INFO] [stdout] error: cannot find macro `node` in this scope
[INFO] [stdout]  --> src/html/attributes/special.rs:42:12
[INFO] [stdout]   |
[INFO] [stdout] 8 | assert_eq!(node!{<button key=format!("content-42")>"Click"</button>}, button);
[INFO] [stdout]   |            ^^^^
[INFO] [stdout] 
[INFO] [stdout] error[E0412]: cannot find type `Node` in this scope
[INFO] [stdout]  --> src/html/attributes/special.rs:40:12
[INFO] [stdout]   |
[INFO] [stdout] 6 | let button:Node<()> = button([key!("content-{}", 42)], [text("Click")]);
[INFO] [stdout]   |            ^^^^ not found in this scope
[INFO] [stdout]   |
[INFO] [stdout] help: consider importing one of these items
[INFO] [stdout]   |
[INFO] [stdout] 2 + use mt_dom::Node;
[INFO] [stdout]   |
[INFO] [stdout] 2 + use sauron_core::vdom::Node;
[INFO] [stdout]   |
[INFO] [stdout] 2 + use wasm_bindgen_test::__rt::node::Node;
[INFO] [stdout]   |
[INFO] [stdout] 2 + use web_sys::Node;
[INFO] [stdout]   |
[INFO] [stdout] 
[INFO] [stdout] error[E0425]: cannot find function `button` in this scope
[INFO] [stdout]  --> src/html/attributes/special.rs:40:23
[INFO] [stdout]   |
[INFO] [stdout] 6 | let button:Node<()> = button([key!("content-{}", 42)], [text("Click")]);
[INFO] [stdout]   |                       ^^^^^^ not found in this scope
[INFO] [stdout]   |
[INFO] [stdout] help: consider importing this function
[INFO] [stdout]   |
[INFO] [stdout] 2 + use sauron_core::html::button;
[INFO] [stdout]   |
[INFO] [stdout] 
[INFO] [stdout] error[E0425]: cannot find function `text` in this scope
[INFO] [stdout]  --> src/html/attributes/special.rs:40:57
[INFO] [stdout]   |
[INFO] [stdout] 6 | let button:Node<()> = button([key!("content-{}", 42)], [text("Click")]);
[INFO] [stdout]   |                                                         ^^^^ not found in this scope
[INFO] [stdout]   |
[INFO] [stdout] help: consider importing one of these items
[INFO] [stdout]   |
[INFO] [stdout] 2 + use sauron_core::html::text;
[INFO] [stdout]   |
[INFO] [stdout] 2 + use sauron_core::svg::tags::text;
[INFO] [stdout]   |
[INFO] [stdout] 2 + use sauron_core::vdom::leaf::text;
[INFO] [stdout]   |
[INFO] [stdout] 
[INFO] [stdout] error: aborting due to 7 previous errors
[INFO] [stdout] 
[INFO] [stdout] Some errors have detailed explanations: E0412, E0425, E0432, E0433.
[INFO] [stdout] For more information about an error, try `rustc --explain E0412`.
[INFO] [stdout] Couldn't compile the test.
[INFO] [stdout] ---- src/html/units.rs - html::units::vh (line 65) stdout ----
[INFO] [stdout] error[E0433]: failed to resolve: use of undeclared crate or module `sauron`
[INFO] [stdout]  --> src/html/units.rs:66:5
[INFO] [stdout]   |
[INFO] [stdout] 3 | use sauron::html::units::*;
[INFO] [stdout]   |     ^^^^^^ use of undeclared crate or module `sauron`
[INFO] [stdout] 
[INFO] [stdout] error[E0425]: cannot find function `vh` in this scope
[INFO] [stdout]  --> src/html/units.rs:68:20
[INFO] [stdout]   |
[INFO] [stdout] 5 | assert_eq!("10vh", vh(10));
[INFO] [stdout]   |                    ^^ not found in this scope
[INFO] [stdout]   |
[INFO] [stdout] help: consider importing this function
[INFO] [stdout]   |
[INFO] [stdout] 2 + use sauron_core::html::units::vh;
[INFO] [stdout]   |
[INFO] [stdout] 
[INFO] [stdout] error: aborting due to 2 previous errors
[INFO] [stdout] 
[INFO] [stdout] Some errors have detailed explanations: E0425, E0433.
[INFO] [stdout] For more information about an error, try `rustc --explain E0425`.
[INFO] [stdout] Couldn't compile the test.
[INFO] [stdout] ---- src/html/units.rs - html::units::percent (line 178) stdout ----
[INFO] [stdout] error[E0433]: failed to resolve: use of undeclared crate or module `sauron`
[INFO] [stdout]  --> src/html/units.rs:179:5
[INFO] [stdout]   |
[INFO] [stdout] 3 | use sauron::html::units::*;
[INFO] [stdout]   |     ^^^^^^ use of undeclared crate or module `sauron`
[INFO] [stdout] 
[INFO] [stdout] error[E0425]: cannot find function `percent` in this scope
[INFO] [stdout]  --> src/html/units.rs:181:19
[INFO] [stdout]   |
[INFO] [stdout] 5 | assert_eq!("10%", percent(10))
[INFO] [stdout]   |                   ^^^^^^^ not found in this scope
[INFO] [stdout]   |
[INFO] [stdout] help: consider importing this function
[INFO] [stdout]   |
[INFO] [stdout] 2 + use sauron_core::html::units::percent;
[INFO] [stdout]   |
[INFO] [stdout] 
[INFO] [stdout] error: aborting due to 2 previous errors
[INFO] [stdout] 
[INFO] [stdout] Some errors have detailed explanations: E0425, E0433.
[INFO] [stdout] For more information about an error, try `rustc --explain E0425`.
[INFO] [stdout] Couldn't compile the test.
[INFO] [stdout] ---- src/html/attributes.rs - html::attributes::styles_flag (line 69) stdout ----
[INFO] [stdout] error[E0433]: failed to resolve: use of undeclared crate or module `sauron`
[INFO] [stdout]  --> src/html/attributes.rs:70:5
[INFO] [stdout]   |
[INFO] [stdout] 3 | use sauron::{*, html::attributes::styles};
[INFO] [stdout]   |     ^^^^^^ use of undeclared crate or module `sauron`
[INFO] [stdout] 
[INFO] [stdout] error[E0432]: unresolved import `sauron`
[INFO] [stdout]  --> src/html/attributes.rs:70:5
[INFO] [stdout]   |
[INFO] [stdout] 3 | use sauron::{*, html::attributes::styles};
[INFO] [stdout]   |     ^^^^^^ use of undeclared crate or module `sauron`
[INFO] [stdout] 
[INFO] [stdout] error[E0412]: cannot find type `Attribute` in this scope
[INFO] [stdout]  --> src/html/attributes.rs:73:13
[INFO] [stdout]   |
[INFO] [stdout] 6 | let display:Attribute<()> =
[INFO] [stdout]   |             ^^^^^^^^^ not found in this scope
[INFO] [stdout]   |
[INFO] [stdout] help: consider importing one of these items
[INFO] [stdout]   |
[INFO] [stdout] 2 + use mt_dom::Attribute;
[INFO] [stdout]   |
[INFO] [stdout] 2 + use sauron_core::vdom::Attribute;
[INFO] [stdout]   |
[INFO] [stdout] 
[INFO] [stdout] error: aborting due to 3 previous errors
[INFO] [stdout] 
[INFO] [stdout] Some errors have detailed explanations: E0412, E0432, E0433.
[INFO] [stdout] For more information about an error, try `rustc --explain E0412`.
[INFO] [stdout] Couldn't compile the test.
[INFO] [stdout] ---- src/html/units.rs - html::units::rem (line 65) stdout ----
[INFO] [stdout] error[E0433]: failed to resolve: use of undeclared crate or module `sauron`
[INFO] [stdout]  --> src/html/units.rs:66:5
[INFO] [stdout]   |
[INFO] [stdout] 3 | use sauron::html::units::*;
[INFO] [stdout]   |     ^^^^^^ use of undeclared crate or module `sauron`
[INFO] [stdout] 
[INFO] [stdout] error[E0425]: cannot find function `rem` in this scope
[INFO] [stdout]  --> src/html/units.rs:68:21
[INFO] [stdout]   |
[INFO] [stdout] 5 | assert_eq!("10rem", rem(10));
[INFO] [stdout]   |                     ^^^ not found in this scope
[INFO] [stdout]   |
[INFO] [stdout] help: consider importing this function
[INFO] [stdout]   |
[INFO] [stdout] 2 + use sauron_core::html::units::rem;
[INFO] [stdout]   |
[INFO] [stdout] 
[INFO] [stdout] error: aborting due to 2 previous errors
[INFO] [stdout] 
[INFO] [stdout] Some errors have detailed explanations: E0425, E0433.
[INFO] [stdout] For more information about an error, try `rustc --explain E0425`.
[INFO] [stdout] Couldn't compile the test.
[INFO] [stdout] ---- src/html/units.rs - html::units::pc (line 65) stdout ----
[INFO] [stdout] error[E0433]: failed to resolve: use of undeclared crate or module `sauron`
[INFO] [stdout]  --> src/html/units.rs:66:5
[INFO] [stdout]   |
[INFO] [stdout] 3 | use sauron::html::units::*;
[INFO] [stdout]   |     ^^^^^^ use of undeclared crate or module `sauron`
[INFO] [stdout] 
[INFO] [stdout] error[E0425]: cannot find function `pc` in this scope
[INFO] [stdout]  --> src/html/units.rs:68:20
[INFO] [stdout]   |
[INFO] [stdout] 5 | assert_eq!("10pc", pc(10));
[INFO] [stdout]   |                    ^^ not found in this scope
[INFO] [stdout]   |
[INFO] [stdout] help: consider importing this function
[INFO] [stdout]   |
[INFO] [stdout] 2 + use sauron_core::html::units::pc;
[INFO] [stdout]   |
[INFO] [stdout] 
[INFO] [stdout] error: aborting due to 2 previous errors
[INFO] [stdout] 
[INFO] [stdout] Some errors have detailed explanations: E0425, E0433.
[INFO] [stdout] For more information about an error, try `rustc --explain E0425`.
[INFO] [stdout] Couldn't compile the test.
[INFO] [stdout] ---- src/svg.rs - svg::svg_element (line 18) stdout ----
[INFO] [stdout] error[E0433]: failed to resolve: use of undeclared crate or module `sauron`
[INFO] [stdout]  --> src/svg.rs:19:5
[INFO] [stdout]   |
[INFO] [stdout] 3 | use sauron::{*, svg::*, svg::attributes::*};
[INFO] [stdout]   |     ^^^^^^ use of undeclared crate or module `sauron`
[INFO] [stdout] 
[INFO] [stdout] error[E0432]: unresolved import `sauron`
[INFO] [stdout]  --> src/svg.rs:19:5
[INFO] [stdout]   |
[INFO] [stdout] 3 | use sauron::{*, svg::*, svg::attributes::*};
[INFO] [stdout]   |     ^^^^^^ use of undeclared crate or module `sauron`
[INFO] [stdout] 
[INFO] [stdout] error: cannot find macro `node` in this scope
[INFO] [stdout]  --> src/svg.rs:22:12
[INFO] [stdout]   |
[INFO] [stdout] 6 | assert_eq!(node!{<circle cx=1.0 cy=1.0 r=1.0></circle>}, circle);
[INFO] [stdout]   |            ^^^^
[INFO] [stdout] 
[INFO] [stdout] error[E0412]: cannot find type `Node` in this scope
[INFO] [stdout]  --> src/svg.rs:21:13
[INFO] [stdout]   |
[INFO] [stdout] 5 | let circle: Node<()> = svg_element("circle", vec![cx(1.0), cy(1.0), r(1.0)], vec![]);
[INFO] [stdout]   |             ^^^^ not found in this scope
[INFO] [stdout]   |
[INFO] [stdout] help: consider importing one of these items
[INFO] [stdout]   |
[INFO] [stdout] 2 + use mt_dom::Node;
[INFO] [stdout]   |
[INFO] [stdout] 2 + use sauron_core::vdom::Node;
[INFO] [stdout]   |
[INFO] [stdout] 2 + use wasm_bindgen_test::__rt::node::Node;
[INFO] [stdout]   |
[INFO] [stdout] 2 + use web_sys::Node;
[INFO] [stdout]   |
[INFO] [stdout] 
[INFO] [stdout] error[E0425]: cannot find function `svg_element` in this scope
[INFO] [stdout]  --> src/svg.rs:21:24
[INFO] [stdout]   |
[INFO] [stdout] 5 | let circle: Node<()> = svg_element("circle", vec![cx(1.0), cy(1.0), r(1.0)], vec![]);
[INFO] [stdout]   |                        ^^^^^^^^^^^ not found in this scope
[INFO] [stdout]   |
[INFO] [stdout] help: consider importing this function
[INFO] [stdout]   |
[INFO] [stdout] 2 + use sauron_core::svg::svg_element;
[INFO] [stdout]   |
[INFO] [stdout] 
[INFO] [stdout] error[E0425]: cannot find function `cx` in this scope
[INFO] [stdout]  --> src/svg.rs:21:51
[INFO] [stdout]   |
[INFO] [stdout] 5 | let circle: Node<()> = svg_element("circle", vec![cx(1.0), cy(1.0), r(1.0)], vec![]);
[INFO] [stdout]   |                                                   ^^ not found in this scope
[INFO] [stdout]   |
[INFO] [stdout] help: consider importing this function
[INFO] [stdout]   |
[INFO] [stdout] 2 + use sauron_core::svg::attributes::cx;
[INFO] [stdout]   |
[INFO] [stdout] 
[INFO] [stdout] error[E0425]: cannot find function `cy` in this scope
[INFO] [stdout]  --> src/svg.rs:21:60
[INFO] [stdout]   |
[INFO] [stdout] 5 | let circle: Node<()> = svg_element("circle", vec![cx(1.0), cy(1.0), r(1.0)], vec![]);
[INFO] [stdout]   |                                                            ^^ not found in this scope
[INFO] [stdout]   |
[INFO] [stdout] help: consider importing this function
[INFO] [stdout]   |
[INFO] [stdout] 2 + use sauron_core::svg::attributes::cy;
[INFO] [stdout]   |
[INFO] [stdout] 
[INFO] [stdout] error[E0425]: cannot find function `r` in this scope
[INFO] [stdout]  --> src/svg.rs:21:69
[INFO] [stdout]   |
[INFO] [stdout] 5 | let circle: Node<()> = svg_element("circle", vec![cx(1.0), cy(1.0), r(1.0)], vec![]);
[INFO] [stdout]   |                                                                     ^ not found in this scope
[INFO] [stdout]   |
[INFO] [stdout] help: consider importing this function
[INFO] [stdout]   |
[INFO] [stdout] 2 + use sauron_core::svg::attributes::r;
[INFO] [stdout]   |
[INFO] [stdout] 
[INFO] [stdout] error: aborting due to 8 previous errors
[INFO] [stdout] 
[INFO] [stdout] Some errors have detailed explanations: E0412, E0425, E0432, E0433.
[INFO] [stdout] For more information about an error, try `rustc --explain E0412`.
[INFO] [stdout] Couldn't compile the test.
[INFO] [stdout] ---- src/html/units.rs - html::units::r#in (line 178) stdout ----
[INFO] [stdout] error[E0433]: failed to resolve: use of undeclared crate or module `sauron`
[INFO] [stdout]  --> src/html/units.rs:179:5
[INFO] [stdout]   |
[INFO] [stdout] 3 | use sauron::html::units::*;
[INFO] [stdout]   |     ^^^^^^ use of undeclared crate or module `sauron`
[INFO] [stdout] 
[INFO] [stdout] error[E0425]: cannot find function `r#in` in this scope
[INFO] [stdout]  --> src/html/units.rs:181:20
[INFO] [stdout]   |
[INFO] [stdout] 5 | assert_eq!("10in", r#in(10))
[INFO] [stdout]   |                    ^^^^ not found in this scope
[INFO] [stdout]   |
[INFO] [stdout] help: consider importing one of these items
[INFO] [stdout]   |
[INFO] [stdout] 2 + use sauron_core::html::units::r#in;
[INFO] [stdout]   |
[INFO] [stdout] 2 + use sauron_core::svg::attributes::r#in;
[INFO] [stdout]   |
[INFO] [stdout] 
[INFO] [stdout] error: aborting due to 2 previous errors
[INFO] [stdout] 
[INFO] [stdout] Some errors have detailed explanations: E0425, E0433.
[INFO] [stdout] For more information about an error, try `rustc --explain E0425`.
[INFO] [stdout] Couldn't compile the test.
[INFO] [stdout] ---- src/html/units.rs - html::units::vw (line 65) stdout ----
[INFO] [stdout] error[E0433]: failed to resolve: use of undeclared crate or module `sauron`
[INFO] [stdout]  --> src/html/units.rs:66:5
[INFO] [stdout]   |
[INFO] [stdout] 3 | use sauron::html::units::*;
[INFO] [stdout]   |     ^^^^^^ use of undeclared crate or module `sauron`
[INFO] [stdout] 
[INFO] [stdout] error[E0425]: cannot find function `vw` in this scope
[INFO] [stdout]  --> src/html/units.rs:68:20
[INFO] [stdout]   |
[INFO] [stdout] 5 | assert_eq!("10vw", vw(10));
[INFO] [stdout]   |                    ^^ not found in this scope
[INFO] [stdout]   |
[INFO] [stdout] help: consider importing this function
[INFO] [stdout]   |
[INFO] [stdout] 2 + use sauron_core::html::units::vw;
[INFO] [stdout]   |
[INFO] [stdout] 
[INFO] [stdout] error: aborting due to 2 previous errors
[INFO] [stdout] 
[INFO] [stdout] Some errors have detailed explanations: E0425, E0433.
[INFO] [stdout] For more information about an error, try `rustc --explain E0425`.
[INFO] [stdout] Couldn't compile the test.
[INFO] [stdout] 
[INFO] [stdout] failures:
[INFO] [stdout]     src/html.rs - html::comment (line 140)
[INFO] [stdout]     src/html.rs - html::fragment (line 153)
[INFO] [stdout]     src/html.rs - html::html_element (line 62)
[INFO] [stdout]     src/html.rs - html::safe_html (line 126)
[INFO] [stdout]     src/html.rs - html::text (line 110)
[INFO] [stdout]     src/html.rs - html::text (line 93)
[INFO] [stdout]     src/html.rs - html::view_if (line 20)
[INFO] [stdout]     src/html/attributes.rs - html::attributes::attr (line 270)
[INFO] [stdout]     src/html/attributes.rs - html::attributes::attrs_flag (line 138)
[INFO] [stdout]     src/html/attributes.rs - html::attributes::checked (line 189)
[INFO] [stdout]     src/html/attributes.rs - html::attributes::classes (line 119)
[INFO] [stdout]     src/html/attributes.rs - html::attributes::classes_flag (line 92)
[INFO] [stdout]     src/html/attributes.rs - html::attributes::disabled (line 212)
[INFO] [stdout]     src/html/attributes.rs - html::attributes::empty_attr (line 282)
[INFO] [stdout]     src/html/attributes.rs - html::attributes::focus (line 259)
[INFO] [stdout]     src/html/attributes.rs - html::attributes::inner_html (line 241)
[INFO] [stdout]     src/html/attributes.rs - html::attributes::maybe_attr (line 163)
[INFO] [stdout]     src/html/attributes.rs - html::attributes::styles (line 25)
[INFO] [stdout]     src/html/attributes.rs - html::attributes::styles (line 31)
[INFO] [stdout]     src/html/attributes.rs - html::attributes::styles_flag (line 59)
[INFO] [stdout]     src/html/attributes.rs - html::attributes::styles_flag (line 69)
[INFO] [stdout]     src/html/attributes/special.rs - html::attributes::special::key (line 36)
[INFO] [stdout]     src/html/units.rs - html::units::ch (line 65)
[INFO] [stdout]     src/html/units.rs - html::units::cm (line 65)
[INFO] [stdout]     src/html/units.rs - html::units::em (line 65)
[INFO] [stdout]     src/html/units.rs - html::units::ex (line 65)
[INFO] [stdout]     src/html/units.rs - html::units::mm (line 65)
[INFO] [stdout]     src/html/units.rs - html::units::pc (line 65)
[INFO] [stdout]     src/html/units.rs - html::units::percent (line 178)
[INFO] [stdout]     src/html/units.rs - html::units::pt (line 65)
[INFO] [stdout]     src/html/units.rs - html::units::px (line 67)
[INFO] [stdout]     src/html/units.rs - html::units::q (line 65)
[INFO] [stdout]     src/html/units.rs - html::units::r#in (line 178)
[INFO] [stdout]     src/html/units.rs - html::units::rem (line 65)
[INFO] [stdout]     src/html/units.rs - html::units::vh (line 65)
[INFO] [stdout]     src/html/units.rs - html::units::vw (line 65)
[INFO] [stdout]     src/svg.rs - svg::svg_element (line 18)
[INFO] [stdout] 
[INFO] [stdout] test result: FAILED. 0 passed; 37 failed; 5 ignored; 0 measured; 0 filtered out; finished in 0.92s
[INFO] [stdout] 
[INFO] running `Command { std: "docker" "inspect" "76bf008e783d9a29679262bd8ef037b862c7080dcefe547c3951be83cd2a68f6", kill_on_drop: false }`
[INFO] running `Command { std: "docker" "rm" "-f" "76bf008e783d9a29679262bd8ef037b862c7080dcefe547c3951be83cd2a68f6", kill_on_drop: false }`
[INFO] [stdout] 76bf008e783d9a29679262bd8ef037b862c7080dcefe547c3951be83cd2a68f6
