[INFO] fetching crate sath 0.1.0...
[INFO] testing sath-0.1.0 against 1.75.0 for beta-1.76-1
[INFO] extracting crate sath 0.1.0 into /workspace/builds/worker-3-tc1/source
[INFO] validating manifest of crates.io crate sath 0.1.0 on toolchain 1.75.0
[INFO] running `Command { std: CARGO_HOME="/workspace/cargo-home" RUSTUP_HOME="/workspace/rustup-home" "/workspace/cargo-home/bin/cargo" "+1.75.0" "metadata" "--manifest-path" "Cargo.toml" "--no-deps", kill_on_drop: false }`
[INFO] started tweaking crates.io crate sath 0.1.0
[INFO] finished tweaking crates.io crate sath 0.1.0
[INFO] tweaked toml for crates.io crate sath 0.1.0 written to /workspace/builds/worker-3-tc1/source/Cargo.toml
[INFO] running `Command { std: CARGO_HOME="/workspace/cargo-home" RUSTUP_HOME="/workspace/rustup-home" "/workspace/cargo-home/bin/cargo" "+1.75.0" "generate-lockfile" "--manifest-path" "Cargo.toml", kill_on_drop: false }`
[INFO] [stderr]     Updating crates.io index
[INFO] running `Command { std: CARGO_HOME="/workspace/cargo-home" RUSTUP_HOME="/workspace/rustup-home" "/workspace/cargo-home/bin/cargo" "+1.75.0" "fetch" "--manifest-path" "Cargo.toml", kill_on_drop: false }`
[INFO] running `Command { std: "docker" "create" "-v" "/var/lib/crater-agent-workspace/builds/worker-3-tc1/target:/opt/rustwide/target:rw,Z" "-v" "/var/lib/crater-agent-workspace/builds/worker-3-tc1/source:/opt/rustwide/workdir:ro,Z" "-v" "/var/lib/crater-agent-workspace/cargo-home:/opt/rustwide/cargo-home:ro,Z" "-v" "/var/lib/crater-agent-workspace/rustup-home:/opt/rustwide/rustup-home:ro,Z" "-e" "SOURCE_DIR=/opt/rustwide/workdir" "-e" "CARGO_TARGET_DIR=/opt/rustwide/target" "-e" "CARGO_HOME=/opt/rustwide/cargo-home" "-e" "RUSTUP_HOME=/opt/rustwide/rustup-home" "-w" "/opt/rustwide/workdir" "-m" "1610612736" "--user" "0:0" "--network" "none" "ghcr.io/rust-lang/crates-build-env/linux@sha256:2788e3201cd34a07e3172128adcd8b3090168a8e3bcc40d7c032b9dda1df7d1c" "/opt/rustwide/cargo-home/bin/cargo" "+1.75.0" "metadata" "--no-deps" "--format-version=1", kill_on_drop: false }`
[INFO] [stdout] fe617b2d93d9f59250f9cdcf7707e96fc7e90b66ecda33feef7342969681504a
[INFO] running `Command { std: "docker" "start" "-a" "fe617b2d93d9f59250f9cdcf7707e96fc7e90b66ecda33feef7342969681504a", kill_on_drop: false }`
[INFO] running `Command { std: "docker" "inspect" "fe617b2d93d9f59250f9cdcf7707e96fc7e90b66ecda33feef7342969681504a", kill_on_drop: false }`
[INFO] running `Command { std: "docker" "rm" "-f" "fe617b2d93d9f59250f9cdcf7707e96fc7e90b66ecda33feef7342969681504a", kill_on_drop: false }`
[INFO] [stdout] fe617b2d93d9f59250f9cdcf7707e96fc7e90b66ecda33feef7342969681504a
[INFO] running `Command { std: "docker" "create" "-v" "/var/lib/crater-agent-workspace/builds/worker-3-tc1/target:/opt/rustwide/target:rw,Z" "-v" "/var/lib/crater-agent-workspace/builds/worker-3-tc1/source:/opt/rustwide/workdir:ro,Z" "-v" "/var/lib/crater-agent-workspace/cargo-home:/opt/rustwide/cargo-home:ro,Z" "-v" "/var/lib/crater-agent-workspace/rustup-home:/opt/rustwide/rustup-home:ro,Z" "-e" "SOURCE_DIR=/opt/rustwide/workdir" "-e" "CARGO_TARGET_DIR=/opt/rustwide/target" "-e" "CARGO_INCREMENTAL=0" "-e" "RUST_BACKTRACE=full" "-e" "RUSTFLAGS=--cap-lints=warn" "-e" "RUSTDOCFLAGS=--cap-lints=warn" "-e" "CARGO_HOME=/opt/rustwide/cargo-home" "-e" "RUSTUP_HOME=/opt/rustwide/rustup-home" "-w" "/opt/rustwide/workdir" "-m" "1610612736" "--user" "0:0" "--network" "none" "ghcr.io/rust-lang/crates-build-env/linux@sha256:2788e3201cd34a07e3172128adcd8b3090168a8e3bcc40d7c032b9dda1df7d1c" "/opt/rustwide/cargo-home/bin/cargo" "+1.75.0" "build" "--frozen" "--message-format=json", kill_on_drop: false }`
[INFO] [stdout] 38321eb83fc42c23bc71186b1b9dfa65b6545bddadfe42a6ad02606a0021dab4
[INFO] running `Command { std: "docker" "start" "-a" "38321eb83fc42c23bc71186b1b9dfa65b6545bddadfe42a6ad02606a0021dab4", kill_on_drop: false }`
[INFO] [stderr]    Compiling bytemuck v1.14.0
[INFO] [stderr]    Compiling sath v0.1.0 (/opt/rustwide/workdir)
[INFO] [stderr]     Finished dev [unoptimized + debuginfo] target(s) in 0.35s
[INFO] running `Command { std: "docker" "inspect" "38321eb83fc42c23bc71186b1b9dfa65b6545bddadfe42a6ad02606a0021dab4", kill_on_drop: false }`
[INFO] running `Command { std: "docker" "rm" "-f" "38321eb83fc42c23bc71186b1b9dfa65b6545bddadfe42a6ad02606a0021dab4", kill_on_drop: false }`
[INFO] [stdout] 38321eb83fc42c23bc71186b1b9dfa65b6545bddadfe42a6ad02606a0021dab4
[INFO] running `Command { std: "docker" "create" "-v" "/var/lib/crater-agent-workspace/builds/worker-3-tc1/target:/opt/rustwide/target:rw,Z" "-v" "/var/lib/crater-agent-workspace/builds/worker-3-tc1/source:/opt/rustwide/workdir:ro,Z" "-v" "/var/lib/crater-agent-workspace/cargo-home:/opt/rustwide/cargo-home:ro,Z" "-v" "/var/lib/crater-agent-workspace/rustup-home:/opt/rustwide/rustup-home:ro,Z" "-e" "SOURCE_DIR=/opt/rustwide/workdir" "-e" "CARGO_TARGET_DIR=/opt/rustwide/target" "-e" "CARGO_INCREMENTAL=0" "-e" "RUST_BACKTRACE=full" "-e" "RUSTFLAGS=--cap-lints=warn" "-e" "RUSTDOCFLAGS=--cap-lints=warn" "-e" "CARGO_HOME=/opt/rustwide/cargo-home" "-e" "RUSTUP_HOME=/opt/rustwide/rustup-home" "-w" "/opt/rustwide/workdir" "-m" "1610612736" "--user" "0:0" "--network" "none" "ghcr.io/rust-lang/crates-build-env/linux@sha256:2788e3201cd34a07e3172128adcd8b3090168a8e3bcc40d7c032b9dda1df7d1c" "/opt/rustwide/cargo-home/bin/cargo" "+1.75.0" "test" "--frozen" "--no-run" "--message-format=json", kill_on_drop: false }`
[INFO] [stdout] 865982df6fef5ecea61606185ca0d35c982bc341b3c25cc4208764f9368d3f89
[INFO] running `Command { std: "docker" "start" "-a" "865982df6fef5ecea61606185ca0d35c982bc341b3c25cc4208764f9368d3f89", kill_on_drop: false }`
[INFO] [stderr]    Compiling sath v0.1.0 (/opt/rustwide/workdir)
[INFO] [stderr]     Finished test [unoptimized + debuginfo] target(s) in 0.47s
[INFO] running `Command { std: "docker" "inspect" "865982df6fef5ecea61606185ca0d35c982bc341b3c25cc4208764f9368d3f89", kill_on_drop: false }`
[INFO] running `Command { std: "docker" "rm" "-f" "865982df6fef5ecea61606185ca0d35c982bc341b3c25cc4208764f9368d3f89", kill_on_drop: false }`
[INFO] [stdout] 865982df6fef5ecea61606185ca0d35c982bc341b3c25cc4208764f9368d3f89
[INFO] running `Command { std: "docker" "create" "-v" "/var/lib/crater-agent-workspace/builds/worker-3-tc1/target:/opt/rustwide/target:rw,Z" "-v" "/var/lib/crater-agent-workspace/builds/worker-3-tc1/source:/opt/rustwide/workdir:ro,Z" "-v" "/var/lib/crater-agent-workspace/cargo-home:/opt/rustwide/cargo-home:ro,Z" "-v" "/var/lib/crater-agent-workspace/rustup-home:/opt/rustwide/rustup-home:ro,Z" "-e" "SOURCE_DIR=/opt/rustwide/workdir" "-e" "CARGO_TARGET_DIR=/opt/rustwide/target" "-e" "CARGO_INCREMENTAL=0" "-e" "RUST_BACKTRACE=full" "-e" "RUSTFLAGS=--cap-lints=warn" "-e" "RUSTDOCFLAGS=--cap-lints=warn" "-e" "CARGO_HOME=/opt/rustwide/cargo-home" "-e" "RUSTUP_HOME=/opt/rustwide/rustup-home" "-w" "/opt/rustwide/workdir" "-m" "1610612736" "--user" "0:0" "--network" "none" "ghcr.io/rust-lang/crates-build-env/linux@sha256:2788e3201cd34a07e3172128adcd8b3090168a8e3bcc40d7c032b9dda1df7d1c" "/opt/rustwide/cargo-home/bin/cargo" "+1.75.0" "test" "--frozen", kill_on_drop: false }`
[INFO] [stdout] a94e15d2fb4b8593bc6cd4f2a7d0d8e1c7238c016010dabc8aedb90bb5725b12
[INFO] running `Command { std: "docker" "start" "-a" "a94e15d2fb4b8593bc6cd4f2a7d0d8e1c7238c016010dabc8aedb90bb5725b12", kill_on_drop: false }`
[INFO] [stderr]     Finished test [unoptimized + debuginfo] target(s) in 0.00s
[INFO] [stderr]      Running unittests src/lib.rs (/opt/rustwide/target/debug/deps/sath-7aee48ee505f20a9)
[INFO] [stdout] 
[INFO] [stdout] running 0 tests
[INFO] [stdout] 
[INFO] [stdout] test result: ok. 0 passed; 0 failed; 0 ignored; 0 measured; 0 filtered out; finished in 0.00s
[INFO] [stdout] 
[INFO] [stderr]    Doc-tests sath
[INFO] [stdout] 
[INFO] [stdout] running 3 tests
[INFO] [stdout] test src/vector/d3.rs - vector::d3::Vector3<F>::arc_angle_to (line 127) ... FAILED
[INFO] [stdout] test src/vector/d4.rs - vector::d4::Vector4<F>::arc_angle_to (line 95) ... FAILED
[INFO] [stdout] test src/vector/d2.rs - vector::d2::Vector2<F>::arc_angle_to (line 146) ... FAILED
[INFO] [stdout] 
[INFO] [stdout] failures:
[INFO] [stdout] 
[INFO] [stdout] ---- src/vector/d3.rs - vector::d3::Vector3<F>::arc_angle_to (line 127) stdout ----
[INFO] [stdout] error[E0432]: unresolved import `math`
[INFO] [stdout]  --> src/vector/d3.rs:128:5
[INFO] [stdout]   |
[INFO] [stdout] 3 | use math::vector;
[INFO] [stdout]   |     ^^^^ use of undeclared crate or module `math`
[INFO] [stdout]   |
[INFO] [stdout] help: there is a crate or module with a similar name
[INFO] [stdout]   |
[INFO] [stdout] 3 | use sath::vector;
[INFO] [stdout]   |     ~~~~
[INFO] [stdout] 
[INFO] [stdout] error: cannot determine resolution for the macro `vector`
[INFO] [stdout]  --> src/vector/d3.rs:129:9
[INFO] [stdout]   |
[INFO] [stdout] 4 | let a = vector!(1, 1);
[INFO] [stdout]   |         ^^^^^^
[INFO] [stdout]   |
[INFO] [stdout]   = note: import resolution is stuck, try simplifying macro imports
[INFO] [stdout] 
[INFO] [stdout] error: cannot determine resolution for the macro `vector`
[INFO] [stdout]  --> src/vector/d3.rs:130:9
[INFO] [stdout]   |
[INFO] [stdout] 5 | let b = vector!(-1, 1);
[INFO] [stdout]   |         ^^^^^^
[INFO] [stdout]   |
[INFO] [stdout]   = note: import resolution is stuck, try simplifying macro imports
[INFO] [stdout] 
[INFO] [stdout] error: aborting due to 3 previous errors
[INFO] [stdout] 
[INFO] [stdout] For more information about this error, try `rustc --explain E0432`.
[INFO] [stdout] Couldn't compile the test.
[INFO] [stdout] ---- src/vector/d4.rs - vector::d4::Vector4<F>::arc_angle_to (line 95) stdout ----
[INFO] [stdout] error[E0432]: unresolved import `math`
[INFO] [stdout]  --> src/vector/d4.rs:96:5
[INFO] [stdout]   |
[INFO] [stdout] 3 | use math::vector;
[INFO] [stdout]   |     ^^^^ use of undeclared crate or module `math`
[INFO] [stdout]   |
[INFO] [stdout] help: there is a crate or module with a similar name
[INFO] [stdout]   |
[INFO] [stdout] 3 | use sath::vector;
[INFO] [stdout]   |     ~~~~
[INFO] [stdout] 
[INFO] [stdout] error: cannot determine resolution for the macro `vector`
[INFO] [stdout]  --> src/vector/d4.rs:97:9
[INFO] [stdout]   |
[INFO] [stdout] 4 | let a = vector!(1, 1);
[INFO] [stdout]   |         ^^^^^^
[INFO] [stdout]   |
[INFO] [stdout]   = note: import resolution is stuck, try simplifying macro imports
[INFO] [stdout] 
[INFO] [stdout] error: cannot determine resolution for the macro `vector`
[INFO] [stdout]  --> src/vector/d4.rs:98:9
[INFO] [stdout]   |
[INFO] [stdout] 5 | let b = vector!(-1, 1);
[INFO] [stdout]   |         ^^^^^^
[INFO] [stdout]   |
[INFO] [stdout]   = note: import resolution is stuck, try simplifying macro imports
[INFO] [stdout] 
[INFO] [stdout] error: aborting due to 3 previous errors
[INFO] [stdout] 
[INFO] [stdout] For more information about this error, try `rustc --explain E0432`.
[INFO] [stdout] Couldn't compile the test.
[INFO] [stdout] ---- src/vector/d2.rs - vector::d2::Vector2<F>::arc_angle_to (line 146) stdout ----
[INFO] [stdout] error[E0432]: unresolved import `math`
[INFO] [stdout]  --> src/vector/d2.rs:147:5
[INFO] [stdout]   |
[INFO] [stdout] 3 | use math::vector;
[INFO] [stdout]   |     ^^^^ use of undeclared crate or module `math`
[INFO] [stdout]   |
[INFO] [stdout] help: there is a crate or module with a similar name
[INFO] [stdout]   |
[INFO] [stdout] 3 | use sath::vector;
[INFO] [stdout]   |     ~~~~
[INFO] [stdout] 
[INFO] [stdout] error: cannot determine resolution for the macro `vector`
[INFO] [stdout]  --> src/vector/d2.rs:148:9
[INFO] [stdout]   |
[INFO] [stdout] 4 | let a = vector!(1, 1);
[INFO] [stdout]   |         ^^^^^^
[INFO] [stdout]   |
[INFO] [stdout]   = note: import resolution is stuck, try simplifying macro imports
[INFO] [stdout] 
[INFO] [stdout] error: cannot determine resolution for the macro `vector`
[INFO] [stdout]  --> src/vector/d2.rs:149:9
[INFO] [stdout]   |
[INFO] [stdout] 5 | let b = vector!(-1, 1);
[INFO] [stdout]   |         ^^^^^^
[INFO] [stdout]   |
[INFO] [stdout]   = note: import resolution is stuck, try simplifying macro imports
[INFO] [stdout] 
[INFO] [stdout] error: aborting due to 3 previous errors
[INFO] [stdout] 
[INFO] [stdout] For more information about this error, try `rustc --explain E0432`.
[INFO] [stdout] Couldn't compile the test.
[INFO] [stdout] 
[INFO] [stdout] failures:
[INFO] [stdout]     src/vector/d2.rs - vector::d2::Vector2<F>::arc_angle_to (line 146)
[INFO] [stdout]     src/vector/d3.rs - vector::d3::Vector3<F>::arc_angle_to (line 127)
[INFO] [stdout]     src/vector/d4.rs - vector::d4::Vector4<F>::arc_angle_to (line 95)
[INFO] [stdout] 
[INFO] [stdout] test result: FAILED. 0 passed; 3 failed; 0 ignored; 0 measured; 0 filtered out; finished in 0.05s
[INFO] [stdout] 
[INFO] [stderr] error: doctest failed, to rerun pass `--doc`
[INFO] running `Command { std: "docker" "inspect" "a94e15d2fb4b8593bc6cd4f2a7d0d8e1c7238c016010dabc8aedb90bb5725b12", kill_on_drop: false }`
[INFO] running `Command { std: "docker" "rm" "-f" "a94e15d2fb4b8593bc6cd4f2a7d0d8e1c7238c016010dabc8aedb90bb5725b12", kill_on_drop: false }`
[INFO] [stdout] a94e15d2fb4b8593bc6cd4f2a7d0d8e1c7238c016010dabc8aedb90bb5725b12
