[INFO] fetching crate sapling-crypto_ce 0.1.3...
[INFO] testing sapling-crypto_ce-0.1.3 against 1.75.0 for beta-1.76-1
[INFO] extracting crate sapling-crypto_ce 0.1.3 into /workspace/builds/worker-6-tc1/source
[INFO] validating manifest of crates.io crate sapling-crypto_ce 0.1.3 on toolchain 1.75.0
[INFO] running `Command { std: CARGO_HOME="/workspace/cargo-home" RUSTUP_HOME="/workspace/rustup-home" "/workspace/cargo-home/bin/cargo" "+1.75.0" "metadata" "--manifest-path" "Cargo.toml" "--no-deps", kill_on_drop: false }`
[INFO] started tweaking crates.io crate sapling-crypto_ce 0.1.3
[INFO] finished tweaking crates.io crate sapling-crypto_ce 0.1.3
[INFO] tweaked toml for crates.io crate sapling-crypto_ce 0.1.3 written to /workspace/builds/worker-6-tc1/source/Cargo.toml
[INFO] crate crates.io crate sapling-crypto_ce 0.1.3 already has a lockfile, it will not be regenerated
[INFO] running `Command { std: CARGO_HOME="/workspace/cargo-home" RUSTUP_HOME="/workspace/rustup-home" "/workspace/cargo-home/bin/cargo" "+1.75.0" "fetch" "--manifest-path" "Cargo.toml", kill_on_drop: false }`
[INFO] [stderr]     Updating crates.io index
[INFO] [stderr]  Downloading crates ...
[INFO] [stderr]   Downloaded ff_derive_ce v0.8.0
[INFO] [stderr]   Downloaded prefetch v0.2.0
[INFO] [stderr]   Downloaded pin-project v0.4.16
[INFO] [stderr]   Downloaded hex-literal-impl v0.2.1
[INFO] [stderr]   Downloaded sha2 v0.8.1
[INFO] [stderr]   Downloaded bit-vec v0.6.2
[INFO] [stderr]   Downloaded syn v1.0.21
[INFO] [stderr]   Downloaded blake2-rfc_bellman_edition v0.0.1
[INFO] [stderr]   Downloaded hex-literal v0.2.1
[INFO] [stderr]   Downloaded pin-project-internal v0.4.16
[INFO] [stderr]   Downloaded proc-macro-hack v0.5.15
[INFO] [stderr]   Downloaded ff_ce v0.10.2
[INFO] [stderr]   Downloaded bellman_ce v0.3.4
[INFO] [stderr]   Downloaded pairing_ce v0.21.0
[INFO] running `Command { std: "docker" "create" "-v" "/var/lib/crater-agent-workspace/builds/worker-6-tc1/target:/opt/rustwide/target:rw,Z" "-v" "/var/lib/crater-agent-workspace/builds/worker-6-tc1/source:/opt/rustwide/workdir:ro,Z" "-v" "/var/lib/crater-agent-workspace/cargo-home:/opt/rustwide/cargo-home:ro,Z" "-v" "/var/lib/crater-agent-workspace/rustup-home:/opt/rustwide/rustup-home:ro,Z" "-e" "SOURCE_DIR=/opt/rustwide/workdir" "-e" "CARGO_TARGET_DIR=/opt/rustwide/target" "-e" "CARGO_HOME=/opt/rustwide/cargo-home" "-e" "RUSTUP_HOME=/opt/rustwide/rustup-home" "-w" "/opt/rustwide/workdir" "-m" "1610612736" "--user" "0:0" "--network" "none" "ghcr.io/rust-lang/crates-build-env/linux@sha256:2788e3201cd34a07e3172128adcd8b3090168a8e3bcc40d7c032b9dda1df7d1c" "/opt/rustwide/cargo-home/bin/cargo" "+1.75.0" "metadata" "--no-deps" "--format-version=1", kill_on_drop: false }`
[INFO] [stdout] 577b7f66944e755760a0379185d803f8ba4238cdfac09cd173bffce5822930ca
[INFO] running `Command { std: "docker" "start" "-a" "577b7f66944e755760a0379185d803f8ba4238cdfac09cd173bffce5822930ca", kill_on_drop: false }`
[INFO] running `Command { std: "docker" "inspect" "577b7f66944e755760a0379185d803f8ba4238cdfac09cd173bffce5822930ca", kill_on_drop: false }`
[INFO] running `Command { std: "docker" "rm" "-f" "577b7f66944e755760a0379185d803f8ba4238cdfac09cd173bffce5822930ca", kill_on_drop: false }`
[INFO] [stdout] 577b7f66944e755760a0379185d803f8ba4238cdfac09cd173bffce5822930ca
[INFO] running `Command { std: "docker" "create" "-v" "/var/lib/crater-agent-workspace/builds/worker-6-tc1/target:/opt/rustwide/target:rw,Z" "-v" "/var/lib/crater-agent-workspace/builds/worker-6-tc1/source:/opt/rustwide/workdir:ro,Z" "-v" "/var/lib/crater-agent-workspace/cargo-home:/opt/rustwide/cargo-home:ro,Z" "-v" "/var/lib/crater-agent-workspace/rustup-home:/opt/rustwide/rustup-home:ro,Z" "-e" "SOURCE_DIR=/opt/rustwide/workdir" "-e" "CARGO_TARGET_DIR=/opt/rustwide/target" "-e" "CARGO_INCREMENTAL=0" "-e" "RUST_BACKTRACE=full" "-e" "RUSTFLAGS=--cap-lints=warn" "-e" "RUSTDOCFLAGS=--cap-lints=warn" "-e" "CARGO_HOME=/opt/rustwide/cargo-home" "-e" "RUSTUP_HOME=/opt/rustwide/rustup-home" "-w" "/opt/rustwide/workdir" "-m" "1610612736" "--user" "0:0" "--network" "none" "ghcr.io/rust-lang/crates-build-env/linux@sha256:2788e3201cd34a07e3172128adcd8b3090168a8e3bcc40d7c032b9dda1df7d1c" "/opt/rustwide/cargo-home/bin/cargo" "+1.75.0" "build" "--frozen" "--message-format=json", kill_on_drop: false }`
[INFO] [stdout] 08babb3e8fcc46af2fc01c37eea4961d7d1c87d3349ed034a594ae143fe3a4e9
[INFO] running `Command { std: "docker" "start" "-a" "08babb3e8fcc46af2fc01c37eea4961d7d1c87d3349ed034a594ae143fe3a4e9", kill_on_drop: false }`
[INFO] [stderr]    Compiling proc-macro2 v1.0.12
[INFO] [stderr]    Compiling syn v1.0.21
[INFO] [stderr]    Compiling libc v0.2.70
[INFO] [stderr]    Compiling crossbeam-utils v0.7.2
[INFO] [stderr]    Compiling num-traits v0.2.11
[INFO] [stderr]    Compiling byteorder v1.3.4
[INFO] [stderr]    Compiling num-integer v0.1.42
[INFO] [stderr]    Compiling memoffset v0.5.4
[INFO] [stderr]    Compiling num-bigint v0.2.6
[INFO] [stderr]    Compiling typenum v1.12.0
[INFO] [stderr]    Compiling memchr v2.3.3
[INFO] [stderr]    Compiling crossbeam-epoch v0.8.2
[INFO] [stderr]    Compiling futures-sink v0.3.5
[INFO] [stderr]    Compiling once_cell v1.4.0
[INFO] [stderr]    Compiling futures-core v0.3.5
[INFO] [stderr]    Compiling quote v1.0.5
[INFO] [stderr]    Compiling futures-task v0.3.5
[INFO] [stderr]    Compiling futures-channel v0.3.5
[INFO] [stderr]    Compiling futures-io v0.3.5
[INFO] [stderr]    Compiling num_cpus v1.13.0
[INFO] [stderr]    Compiling rand v0.4.6
[INFO] [stderr]    Compiling arrayvec v0.4.12
[INFO] [stderr]    Compiling hex v0.4.2
[INFO] [stderr]    Compiling byte-tools v0.3.1
[INFO] [stderr]    Compiling block-padding v0.1.5
[INFO] [stderr]    Compiling crossbeam-deque v0.7.3
[INFO] [stderr]    Compiling crossbeam-channel v0.4.2
[INFO] [stderr]    Compiling crossbeam-queue v0.2.1
[INFO] [stderr]    Compiling serde v1.0.110
[INFO] [stderr]    Compiling nodrop v0.1.14
[INFO] [stderr]    Compiling tiny-keccak v2.0.2
[INFO] [stderr]    Compiling generic-array v0.12.3
[INFO] [stderr]    Compiling constant_time_eq v0.1.5
[INFO] [stderr]    Compiling fake-simd v0.1.2
[INFO] [stderr]    Compiling opaque-debug v0.2.3
[INFO] [stderr]    Compiling bit-vec v0.6.2
[INFO] [stderr]    Compiling digest v0.8.1
[INFO] [stderr]    Compiling block-buffer v0.7.3
[INFO] [stderr]    Compiling blake2-rfc_bellman_edition v0.0.1
[INFO] [stderr]    Compiling crossbeam v0.7.3
[INFO] [stderr]    Compiling sha2 v0.8.1
[INFO] [stderr]    Compiling pin-project-internal v0.4.16
[INFO] [stderr]    Compiling ff_derive_ce v0.8.0
[INFO] [stderr]    Compiling serde_derive v1.0.110
[INFO] [stderr]    Compiling pin-project v0.4.16
[INFO] [stderr]    Compiling futures-util v0.3.5
[INFO] [stderr]    Compiling ff_ce v0.10.2
[INFO] [stderr]    Compiling pairing_ce v0.21.0
[INFO] [stderr]    Compiling futures-executor v0.3.5
[INFO] [stderr]    Compiling futures v0.3.5
[INFO] [stderr]    Compiling bellman_ce v0.3.4
[INFO] [stderr]    Compiling sapling-crypto_ce v0.1.3 (/opt/rustwide/workdir)
[INFO] [stdout] warning: anonymous parameters are deprecated and will be removed in the next edition
[INFO] [stdout]    --> src/babyjubjub/mod.rs:137:34
[INFO] [stdout]     |
[INFO] [stdout] 137 |     fn circuit_generators(&self, FixedGenerators) -> &[Vec<(E::Fr, E::Fr)>];
[INFO] [stdout]     |                                  ^^^^^^^^^^^^^^^ help: try naming the parameter or explicitly ignoring it: `_: FixedGenerators`
[INFO] [stdout]     |
[INFO] [stdout]     = warning: this is accepted in the current edition (Rust 2015) but is a hard error in Rust 2018!
[INFO] [stdout]     = note: for more information, see issue #41686 <https://github.com/rust-lang/rust/issues/41686>
[INFO] [stdout]     = note: `#[warn(anonymous_parameters)]` on by default
[INFO] [stdout] 
[INFO] [stdout] 
[INFO] [stdout] warning: anonymous parameters are deprecated and will be removed in the next edition
[INFO] [stdout]    --> src/jubjub/mod.rs:134:34
[INFO] [stdout]     |
[INFO] [stdout] 134 |     fn circuit_generators(&self, FixedGenerators) -> &[Vec<(E::Fr, E::Fr)>];
[INFO] [stdout]     |                                  ^^^^^^^^^^^^^^^ help: try naming the parameter or explicitly ignoring it: `_: FixedGenerators`
[INFO] [stdout]     |
[INFO] [stdout]     = warning: this is accepted in the current edition (Rust 2015) but is a hard error in Rust 2018!
[INFO] [stdout]     = note: for more information, see issue #41686 <https://github.com/rust-lang/rust/issues/41686>
[INFO] [stdout] 
[INFO] [stdout] 
[INFO] [stdout] warning: call to `.clone()` on a reference in this situation does nothing
[INFO] [stdout]    --> src/circuit/merkle.rs:150:39
[INFO] [stdout]     |
[INFO] [stdout] 150 |         for (i, direction_bit) in path.clone().into_iter()
[INFO] [stdout]     |                                       ^^^^^^^^ help: remove this redundant call
[INFO] [stdout]     |
[INFO] [stdout]     = note: the type `[Boolean]` does not implement `Clone`, so calling `clone` on `&[Boolean]` copies the reference, which does not do anything and can be removed
[INFO] [stdout]     = note: `#[warn(noop_method_call)]` on by default
[INFO] [stdout] 
[INFO] [stdout] 
[INFO] [stdout] warning: call to `.clone()` on a reference in this situation does nothing
[INFO] [stdout]    --> src/circuit/merkle.rs:205:39
[INFO] [stdout]     |
[INFO] [stdout] 205 |         for (i, direction_bit) in path.clone().into_iter()
[INFO] [stdout]     |                                       ^^^^^^^^ help: remove this redundant call
[INFO] [stdout]     |
[INFO] [stdout]     = note: the type `[Boolean]` does not implement `Clone`, so calling `clone` on `&[Boolean]` copies the reference, which does not do anything and can be removed
[INFO] [stdout] 
[INFO] [stdout] 
[INFO] [stdout] warning: call to `.clone()` on a reference in this situation does nothing
[INFO] [stdout]    --> src/circuit/merkle.rs:274:91
[INFO] [stdout]     |
[INFO] [stdout] 274 |             for (i, ((direction_bit_0, direction_bit_1), intersection_bit)) in path_bits_0.clone().into_iter()
[INFO] [stdout]     |                                                                                           ^^^^^^^^ help: remove this redundant call
[INFO] [stdout]     |
[INFO] [stdout]     = note: the type `[Boolean]` does not implement `Clone`, so calling `clone` on `&[Boolean]` copies the reference, which does not do anything and can be removed
[INFO] [stdout] 
[INFO] [stdout] 
[INFO] [stdout] warning: call to `.clone()` on a reference in this situation does nothing
[INFO] [stdout]    --> src/circuit/merkle.rs:275:109
[INFO] [stdout]     |
[INFO] [stdout] 275 | ...                   .zip(path_bits_1.clone().into_iter())
[INFO] [stdout]     |                                       ^^^^^^^^ help: remove this redundant call
[INFO] [stdout]     |
[INFO] [stdout]     = note: the type `[Boolean]` does not implement `Clone`, so calling `clone` on `&[Boolean]` copies the reference, which does not do anything and can be removed
[INFO] [stdout] 
[INFO] [stdout] 
[INFO] [stdout] warning: 6 warnings emitted
[INFO] [stdout] 
[INFO] [stdout] 
[INFO] [stderr]     Finished dev [unoptimized + debuginfo] target(s) in 8.31s
[INFO] running `Command { std: "docker" "inspect" "08babb3e8fcc46af2fc01c37eea4961d7d1c87d3349ed034a594ae143fe3a4e9", kill_on_drop: false }`
[INFO] running `Command { std: "docker" "rm" "-f" "08babb3e8fcc46af2fc01c37eea4961d7d1c87d3349ed034a594ae143fe3a4e9", kill_on_drop: false }`
[INFO] [stdout] 08babb3e8fcc46af2fc01c37eea4961d7d1c87d3349ed034a594ae143fe3a4e9
[INFO] running `Command { std: "docker" "create" "-v" "/var/lib/crater-agent-workspace/builds/worker-6-tc1/target:/opt/rustwide/target:rw,Z" "-v" "/var/lib/crater-agent-workspace/builds/worker-6-tc1/source:/opt/rustwide/workdir:ro,Z" "-v" "/var/lib/crater-agent-workspace/cargo-home:/opt/rustwide/cargo-home:ro,Z" "-v" "/var/lib/crater-agent-workspace/rustup-home:/opt/rustwide/rustup-home:ro,Z" "-e" "SOURCE_DIR=/opt/rustwide/workdir" "-e" "CARGO_TARGET_DIR=/opt/rustwide/target" "-e" "CARGO_INCREMENTAL=0" "-e" "RUST_BACKTRACE=full" "-e" "RUSTFLAGS=--cap-lints=warn" "-e" "RUSTDOCFLAGS=--cap-lints=warn" "-e" "CARGO_HOME=/opt/rustwide/cargo-home" "-e" "RUSTUP_HOME=/opt/rustwide/rustup-home" "-w" "/opt/rustwide/workdir" "-m" "1610612736" "--user" "0:0" "--network" "none" "ghcr.io/rust-lang/crates-build-env/linux@sha256:2788e3201cd34a07e3172128adcd8b3090168a8e3bcc40d7c032b9dda1df7d1c" "/opt/rustwide/cargo-home/bin/cargo" "+1.75.0" "test" "--frozen" "--no-run" "--message-format=json", kill_on_drop: false }`
[INFO] [stdout] 28d38aea8350103dd509c4f97441cba8b97092e619d061a78e4be80113c125fd
[INFO] running `Command { std: "docker" "start" "-a" "28d38aea8350103dd509c4f97441cba8b97092e619d061a78e4be80113c125fd", kill_on_drop: false }`
[INFO] [stderr]    Compiling proc-macro-hack v0.5.15
[INFO] [stdout] warning: anonymous parameters are deprecated and will be removed in the next edition
[INFO] [stdout]    --> src/babyjubjub/mod.rs:137:34
[INFO] [stdout]     |
[INFO] [stdout] 137 |     fn circuit_generators(&self, FixedGenerators) -> &[Vec<(E::Fr, E::Fr)>];
[INFO] [stdout]     |                                  ^^^^^^^^^^^^^^^ help: try naming the parameter or explicitly ignoring it: `_: FixedGenerators`
[INFO] [stdout]     |
[INFO] [stdout]     = warning: this is accepted in the current edition (Rust 2015) but is a hard error in Rust 2018!
[INFO] [stdout]     = note: for more information, see issue #41686 <https://github.com/rust-lang/rust/issues/41686>
[INFO] [stdout]     = note: `#[warn(anonymous_parameters)]` on by default
[INFO] [stdout] 
[INFO] [stdout] 
[INFO] [stdout] warning: anonymous parameters are deprecated and will be removed in the next edition
[INFO] [stdout]    --> src/jubjub/mod.rs:134:34
[INFO] [stdout]     |
[INFO] [stdout] 134 |     fn circuit_generators(&self, FixedGenerators) -> &[Vec<(E::Fr, E::Fr)>];
[INFO] [stdout]     |                                  ^^^^^^^^^^^^^^^ help: try naming the parameter or explicitly ignoring it: `_: FixedGenerators`
[INFO] [stdout]     |
[INFO] [stdout]     = warning: this is accepted in the current edition (Rust 2015) but is a hard error in Rust 2018!
[INFO] [stdout]     = note: for more information, see issue #41686 <https://github.com/rust-lang/rust/issues/41686>
[INFO] [stdout] 
[INFO] [stdout] 
[INFO] [stdout] warning: call to `.clone()` on a reference in this situation does nothing
[INFO] [stdout]    --> src/circuit/merkle.rs:150:39
[INFO] [stdout]     |
[INFO] [stdout] 150 |         for (i, direction_bit) in path.clone().into_iter()
[INFO] [stdout]     |                                       ^^^^^^^^ help: remove this redundant call
[INFO] [stdout]     |
[INFO] [stdout]     = note: the type `[Boolean]` does not implement `Clone`, so calling `clone` on `&[Boolean]` copies the reference, which does not do anything and can be removed
[INFO] [stdout]     = note: `#[warn(noop_method_call)]` on by default
[INFO] [stdout] 
[INFO] [stdout] 
[INFO] [stdout] warning: call to `.clone()` on a reference in this situation does nothing
[INFO] [stdout]    --> src/circuit/merkle.rs:205:39
[INFO] [stdout]     |
[INFO] [stdout] 205 |         for (i, direction_bit) in path.clone().into_iter()
[INFO] [stdout]     |                                       ^^^^^^^^ help: remove this redundant call
[INFO] [stdout]     |
[INFO] [stdout]     = note: the type `[Boolean]` does not implement `Clone`, so calling `clone` on `&[Boolean]` copies the reference, which does not do anything and can be removed
[INFO] [stdout] 
[INFO] [stdout] 
[INFO] [stdout] warning: call to `.clone()` on a reference in this situation does nothing
[INFO] [stdout]    --> src/circuit/merkle.rs:274:91
[INFO] [stdout]     |
[INFO] [stdout] 274 |             for (i, ((direction_bit_0, direction_bit_1), intersection_bit)) in path_bits_0.clone().into_iter()
[INFO] [stdout]     |                                                                                           ^^^^^^^^ help: remove this redundant call
[INFO] [stdout]     |
[INFO] [stdout]     = note: the type `[Boolean]` does not implement `Clone`, so calling `clone` on `&[Boolean]` copies the reference, which does not do anything and can be removed
[INFO] [stdout] 
[INFO] [stdout] 
[INFO] [stdout] warning: call to `.clone()` on a reference in this situation does nothing
[INFO] [stdout]    --> src/circuit/merkle.rs:275:109
[INFO] [stdout]     |
[INFO] [stdout] 275 | ...                   .zip(path_bits_1.clone().into_iter())
[INFO] [stdout]     |                                       ^^^^^^^^ help: remove this redundant call
[INFO] [stdout]     |
[INFO] [stdout]     = note: the type `[Boolean]` does not implement `Clone`, so calling `clone` on `&[Boolean]` copies the reference, which does not do anything and can be removed
[INFO] [stdout] 
[INFO] [stdout] 
[INFO] [stdout] warning: 6 warnings emitted
[INFO] [stdout] 
[INFO] [stdout] 
[INFO] [stderr]    Compiling hex-literal-impl v0.2.1
[INFO] [stderr]    Compiling hex-literal v0.2.1
[INFO] [stderr]    Compiling sapling-crypto_ce v0.1.3 (/opt/rustwide/workdir)
[INFO] [stdout] warning: anonymous parameters are deprecated and will be removed in the next edition
[INFO] [stdout]    --> src/babyjubjub/mod.rs:137:34
[INFO] [stdout]     |
[INFO] [stdout] 137 |     fn circuit_generators(&self, FixedGenerators) -> &[Vec<(E::Fr, E::Fr)>];
[INFO] [stdout]     |                                  ^^^^^^^^^^^^^^^ help: try naming the parameter or explicitly ignoring it: `_: FixedGenerators`
[INFO] [stdout]     |
[INFO] [stdout]     = warning: this is accepted in the current edition (Rust 2015) but is a hard error in Rust 2018!
[INFO] [stdout]     = note: for more information, see issue #41686 <https://github.com/rust-lang/rust/issues/41686>
[INFO] [stdout]     = note: `#[warn(anonymous_parameters)]` on by default
[INFO] [stdout] 
[INFO] [stdout] 
[INFO] [stdout] warning: anonymous parameters are deprecated and will be removed in the next edition
[INFO] [stdout]    --> src/jubjub/mod.rs:134:34
[INFO] [stdout]     |
[INFO] [stdout] 134 |     fn circuit_generators(&self, FixedGenerators) -> &[Vec<(E::Fr, E::Fr)>];
[INFO] [stdout]     |                                  ^^^^^^^^^^^^^^^ help: try naming the parameter or explicitly ignoring it: `_: FixedGenerators`
[INFO] [stdout]     |
[INFO] [stdout]     = warning: this is accepted in the current edition (Rust 2015) but is a hard error in Rust 2018!
[INFO] [stdout]     = note: for more information, see issue #41686 <https://github.com/rust-lang/rust/issues/41686>
[INFO] [stdout] 
[INFO] [stdout] 
[INFO] [stdout] warning: this method call resolves to `<&[T; N] as IntoIterator>::into_iter` (due to backwards compatibility), but will resolve to <[T; N] as IntoIterator>::into_iter in Rust 2021
[INFO] [stdout]    --> src/circuit/blake2s.rs:345:27
[INFO] [stdout]     |
[INFO] [stdout] 345 |         for b in expected.into_iter() {
[INFO] [stdout]     |                           ^^^^^^^^^
[INFO] [stdout]     |
[INFO] [stdout]     = warning: this changes meaning in Rust 2021
[INFO] [stdout]     = note: for more information, see <https://doc.rust-lang.org/nightly/edition-guide/rust-2021/IntoIterator-for-arrays.html>
[INFO] [stdout]     = note: `#[warn(array_into_iter)]` on by default
[INFO] [stdout] help: use `.iter()` instead of `.into_iter()` to avoid ambiguity
[INFO] [stdout]     |
[INFO] [stdout] 345 |         for b in expected.iter() {
[INFO] [stdout]     |                           ~~~~
[INFO] [stdout] help: or remove `.into_iter()` to iterate by value
[INFO] [stdout]     |
[INFO] [stdout] 345 -         for b in expected.into_iter() {
[INFO] [stdout] 345 +         for b in expected {
[INFO] [stdout]     |
[INFO] [stdout] 
[INFO] [stdout] 
[INFO] [stdout] warning: this method call resolves to `<&[T; N] as IntoIterator>::into_iter` (due to backwards compatibility), but will resolve to <[T; N] as IntoIterator>::into_iter in Rust 2021
[INFO] [stdout]    --> src/circuit/sha256.rs:333:27
[INFO] [stdout]     |
[INFO] [stdout] 333 |         for b in expected.into_iter() {
[INFO] [stdout]     |                           ^^^^^^^^^
[INFO] [stdout]     |
[INFO] [stdout]     = warning: this changes meaning in Rust 2021
[INFO] [stdout]     = note: for more information, see <https://doc.rust-lang.org/nightly/edition-guide/rust-2021/IntoIterator-for-arrays.html>
[INFO] [stdout] help: use `.iter()` instead of `.into_iter()` to avoid ambiguity
[INFO] [stdout]     |
[INFO] [stdout] 333 |         for b in expected.iter() {
[INFO] [stdout]     |                           ~~~~
[INFO] [stdout] help: or remove `.into_iter()` to iterate by value
[INFO] [stdout]     |
[INFO] [stdout] 333 -         for b in expected.into_iter() {
[INFO] [stdout] 333 +         for b in expected {
[INFO] [stdout]     |
[INFO] [stdout] 
[INFO] [stdout] 
[INFO] [stdout] warning: call to `.clone()` on a reference in this situation does nothing
[INFO] [stdout]    --> src/circuit/merkle.rs:150:39
[INFO] [stdout]     |
[INFO] [stdout] 150 |         for (i, direction_bit) in path.clone().into_iter()
[INFO] [stdout]     |                                       ^^^^^^^^ help: remove this redundant call
[INFO] [stdout]     |
[INFO] [stdout]     = note: the type `[boolean::Boolean]` does not implement `Clone`, so calling `clone` on `&[boolean::Boolean]` copies the reference, which does not do anything and can be removed
[INFO] [stdout]     = note: `#[warn(noop_method_call)]` on by default
[INFO] [stdout] 
[INFO] [stdout] 
[INFO] [stdout] warning: call to `.clone()` on a reference in this situation does nothing
[INFO] [stdout]    --> src/circuit/merkle.rs:205:39
[INFO] [stdout]     |
[INFO] [stdout] 205 |         for (i, direction_bit) in path.clone().into_iter()
[INFO] [stdout]     |                                       ^^^^^^^^ help: remove this redundant call
[INFO] [stdout]     |
[INFO] [stdout]     = note: the type `[boolean::Boolean]` does not implement `Clone`, so calling `clone` on `&[boolean::Boolean]` copies the reference, which does not do anything and can be removed
[INFO] [stdout] 
[INFO] [stdout] 
[INFO] [stdout] warning: call to `.clone()` on a reference in this situation does nothing
[INFO] [stdout]    --> src/circuit/merkle.rs:274:91
[INFO] [stdout]     |
[INFO] [stdout] 274 |             for (i, ((direction_bit_0, direction_bit_1), intersection_bit)) in path_bits_0.clone().into_iter()
[INFO] [stdout]     |                                                                                           ^^^^^^^^ help: remove this redundant call
[INFO] [stdout]     |
[INFO] [stdout]     = note: the type `[boolean::Boolean]` does not implement `Clone`, so calling `clone` on `&[boolean::Boolean]` copies the reference, which does not do anything and can be removed
[INFO] [stdout] 
[INFO] [stdout] 
[INFO] [stdout] warning: call to `.clone()` on a reference in this situation does nothing
[INFO] [stdout]    --> src/circuit/merkle.rs:275:109
[INFO] [stdout]     |
[INFO] [stdout] 275 | ...                   .zip(path_bits_1.clone().into_iter())
[INFO] [stdout]     |                                       ^^^^^^^^ help: remove this redundant call
[INFO] [stdout]     |
[INFO] [stdout]     = note: the type `[boolean::Boolean]` does not implement `Clone`, so calling `clone` on `&[boolean::Boolean]` copies the reference, which does not do anything and can be removed
[INFO] [stdout] 
[INFO] [stdout] 
[INFO] [stdout] warning: 8 warnings emitted
[INFO] [stdout] 
[INFO] [stdout] 
[INFO] [stderr]     Finished test [unoptimized + debuginfo] target(s) in 7.64s
[INFO] running `Command { std: "docker" "inspect" "28d38aea8350103dd509c4f97441cba8b97092e619d061a78e4be80113c125fd", kill_on_drop: false }`
[INFO] running `Command { std: "docker" "rm" "-f" "28d38aea8350103dd509c4f97441cba8b97092e619d061a78e4be80113c125fd", kill_on_drop: false }`
[INFO] [stdout] 28d38aea8350103dd509c4f97441cba8b97092e619d061a78e4be80113c125fd
[INFO] running `Command { std: "docker" "create" "-v" "/var/lib/crater-agent-workspace/builds/worker-6-tc1/target:/opt/rustwide/target:rw,Z" "-v" "/var/lib/crater-agent-workspace/builds/worker-6-tc1/source:/opt/rustwide/workdir:ro,Z" "-v" "/var/lib/crater-agent-workspace/cargo-home:/opt/rustwide/cargo-home:ro,Z" "-v" "/var/lib/crater-agent-workspace/rustup-home:/opt/rustwide/rustup-home:ro,Z" "-e" "SOURCE_DIR=/opt/rustwide/workdir" "-e" "CARGO_TARGET_DIR=/opt/rustwide/target" "-e" "CARGO_INCREMENTAL=0" "-e" "RUST_BACKTRACE=full" "-e" "RUSTFLAGS=--cap-lints=warn" "-e" "RUSTDOCFLAGS=--cap-lints=warn" "-e" "CARGO_HOME=/opt/rustwide/cargo-home" "-e" "RUSTUP_HOME=/opt/rustwide/rustup-home" "-w" "/opt/rustwide/workdir" "-m" "1610612736" "--user" "0:0" "--network" "none" "ghcr.io/rust-lang/crates-build-env/linux@sha256:2788e3201cd34a07e3172128adcd8b3090168a8e3bcc40d7c032b9dda1df7d1c" "/opt/rustwide/cargo-home/bin/cargo" "+1.75.0" "test" "--frozen", kill_on_drop: false }`
[INFO] [stdout] 66884b36f6afeee0e42fbfc78dbe0015d7d8765345d36ebab25c4112d07c4b89
[INFO] running `Command { std: "docker" "start" "-a" "66884b36f6afeee0e42fbfc78dbe0015d7d8765345d36ebab25c4112d07c4b89", kill_on_drop: false }`
[INFO] [stderr] warning: anonymous parameters are deprecated and will be removed in the next edition
[INFO] [stderr]    --> src/babyjubjub/mod.rs:137:34
[INFO] [stderr]     |
[INFO] [stderr] 137 |     fn circuit_generators(&self, FixedGenerators) -> &[Vec<(E::Fr, E::Fr)>];
[INFO] [stderr]     |                                  ^^^^^^^^^^^^^^^ help: try naming the parameter or explicitly ignoring it: `_: FixedGenerators`
[INFO] [stderr]     |
[INFO] [stderr]     = warning: this is accepted in the current edition (Rust 2015) but is a hard error in Rust 2018!
[INFO] [stderr]     = note: for more information, see issue #41686 <https://github.com/rust-lang/rust/issues/41686>
[INFO] [stderr]     = note: `#[warn(anonymous_parameters)]` on by default
[INFO] [stderr] 
[INFO] [stderr] warning: anonymous parameters are deprecated and will be removed in the next edition
[INFO] [stderr]    --> src/jubjub/mod.rs:134:34
[INFO] [stderr]     |
[INFO] [stderr] 134 |     fn circuit_generators(&self, FixedGenerators) -> &[Vec<(E::Fr, E::Fr)>];
[INFO] [stderr]     |                                  ^^^^^^^^^^^^^^^ help: try naming the parameter or explicitly ignoring it: `_: FixedGenerators`
[INFO] [stderr]     |
[INFO] [stderr]     = warning: this is accepted in the current edition (Rust 2015) but is a hard error in Rust 2018!
[INFO] [stderr]     = note: for more information, see issue #41686 <https://github.com/rust-lang/rust/issues/41686>
[INFO] [stderr] 
[INFO] [stderr] warning: call to `.clone()` on a reference in this situation does nothing
[INFO] [stderr]    --> src/circuit/merkle.rs:150:39
[INFO] [stderr]     |
[INFO] [stderr] 150 |         for (i, direction_bit) in path.clone().into_iter()
[INFO] [stderr]     |                                       ^^^^^^^^ help: remove this redundant call
[INFO] [stderr]     |
[INFO] [stderr]     = note: the type `[Boolean]` does not implement `Clone`, so calling `clone` on `&[Boolean]` copies the reference, which does not do anything and can be removed
[INFO] [stderr]     = note: `#[warn(noop_method_call)]` on by default
[INFO] [stderr] 
[INFO] [stderr] warning: call to `.clone()` on a reference in this situation does nothing
[INFO] [stderr]    --> src/circuit/merkle.rs:205:39
[INFO] [stderr]     |
[INFO] [stderr] 205 |         for (i, direction_bit) in path.clone().into_iter()
[INFO] [stderr]     |                                       ^^^^^^^^ help: remove this redundant call
[INFO] [stderr]     |
[INFO] [stderr]     = note: the type `[Boolean]` does not implement `Clone`, so calling `clone` on `&[Boolean]` copies the reference, which does not do anything and can be removed
[INFO] [stderr] 
[INFO] [stderr] warning: call to `.clone()` on a reference in this situation does nothing
[INFO] [stderr]    --> src/circuit/merkle.rs:274:91
[INFO] [stderr]     |
[INFO] [stderr] 274 |             for (i, ((direction_bit_0, direction_bit_1), intersection_bit)) in path_bits_0.clone().into_iter()
[INFO] [stderr]     |                                                                                           ^^^^^^^^ help: remove this redundant call
[INFO] [stderr]     |
[INFO] [stderr]     = note: the type `[Boolean]` does not implement `Clone`, so calling `clone` on `&[Boolean]` copies the reference, which does not do anything and can be removed
[INFO] [stderr] 
[INFO] [stderr] warning: call to `.clone()` on a reference in this situation does nothing
[INFO] [stderr]    --> src/circuit/merkle.rs:275:109
[INFO] [stderr]     |
[INFO] [stderr] 275 | ...                   .zip(path_bits_1.clone().into_iter())
[INFO] [stderr]     |                                       ^^^^^^^^ help: remove this redundant call
[INFO] [stderr]     |
[INFO] [stderr]     = note: the type `[Boolean]` does not implement `Clone`, so calling `clone` on `&[Boolean]` copies the reference, which does not do anything and can be removed
[INFO] [stderr] 
[INFO] [stderr] warning: `sapling-crypto_ce` (lib) generated 6 warnings (run `cargo fix --lib -p sapling-crypto_ce` to apply 6 suggestions)
[INFO] [stderr] warning: this method call resolves to `<&[T; N] as IntoIterator>::into_iter` (due to backwards compatibility), but will resolve to <[T; N] as IntoIterator>::into_iter in Rust 2021
[INFO] [stderr]    --> src/circuit/blake2s.rs:345:27
[INFO] [stderr]     |
[INFO] [stderr] 345 |         for b in expected.into_iter() {
[INFO] [stderr]     |                           ^^^^^^^^^
[INFO] [stderr]     |
[INFO] [stderr]     = warning: this changes meaning in Rust 2021
[INFO] [stderr]     = note: for more information, see <https://doc.rust-lang.org/nightly/edition-guide/rust-2021/IntoIterator-for-arrays.html>
[INFO] [stderr]     = note: `#[warn(array_into_iter)]` on by default
[INFO] [stderr] help: use `.iter()` instead of `.into_iter()` to avoid ambiguity
[INFO] [stderr]     |
[INFO] [stderr] 345 |         for b in expected.iter() {
[INFO] [stderr]     |                           ~~~~
[INFO] [stderr] help: or remove `.into_iter()` to iterate by value
[INFO] [stderr]     |
[INFO] [stderr] 345 -         for b in expected.into_iter() {
[INFO] [stderr] 345 +         for b in expected {
[INFO] [stderr]     |
[INFO] [stderr] 
[INFO] [stderr] warning: this method call resolves to `<&[T; N] as IntoIterator>::into_iter` (due to backwards compatibility), but will resolve to <[T; N] as IntoIterator>::into_iter in Rust 2021
[INFO] [stderr]    --> src/circuit/sha256.rs:333:27
[INFO] [stderr]     |
[INFO] [stderr] 333 |         for b in expected.into_iter() {
[INFO] [stderr]     |                           ^^^^^^^^^
[INFO] [stderr]     |
[INFO] [stderr]     = warning: this changes meaning in Rust 2021
[INFO] [stderr]     = note: for more information, see <https://doc.rust-lang.org/nightly/edition-guide/rust-2021/IntoIterator-for-arrays.html>
[INFO] [stderr] help: use `.iter()` instead of `.into_iter()` to avoid ambiguity
[INFO] [stderr]     |
[INFO] [stderr] 333 |         for b in expected.iter() {
[INFO] [stderr]     |                           ~~~~
[INFO] [stderr] help: or remove `.into_iter()` to iterate by value
[INFO] [stderr]     |
[INFO] [stderr] 333 -         for b in expected.into_iter() {
[INFO] [stderr] 333 +         for b in expected {
[INFO] [stderr]     |
[INFO] [stderr] 
[INFO] [stderr] warning: call to `.clone()` on a reference in this situation does nothing
[INFO] [stderr]    --> src/circuit/merkle.rs:150:39
[INFO] [stderr]     |
[INFO] [stderr] 150 |         for (i, direction_bit) in path.clone().into_iter()
[INFO] [stderr]     |                                       ^^^^^^^^ help: remove this redundant call
[INFO] [stderr]     |
[INFO] [stderr]     = note: the type `[boolean::Boolean]` does not implement `Clone`, so calling `clone` on `&[boolean::Boolean]` copies the reference, which does not do anything and can be removed
[INFO] [stderr]     = note: `#[warn(noop_method_call)]` on by default
[INFO] [stderr] 
[INFO] [stderr] warning: call to `.clone()` on a reference in this situation does nothing
[INFO] [stderr]    --> src/circuit/merkle.rs:205:39
[INFO] [stderr]     |
[INFO] [stderr] 205 |         for (i, direction_bit) in path.clone().into_iter()
[INFO] [stderr]     |                                       ^^^^^^^^ help: remove this redundant call
[INFO] [stderr]     |
[INFO] [stderr]     = note: the type `[boolean::Boolean]` does not implement `Clone`, so calling `clone` on `&[boolean::Boolean]` copies the reference, which does not do anything and can be removed
[INFO] [stderr] 
[INFO] [stderr] warning: call to `.clone()` on a reference in this situation does nothing
[INFO] [stderr]    --> src/circuit/merkle.rs:274:91
[INFO] [stderr]     |
[INFO] [stderr] 274 |             for (i, ((direction_bit_0, direction_bit_1), intersection_bit)) in path_bits_0.clone().into_iter()
[INFO] [stderr]     |                                                                                           ^^^^^^^^ help: remove this redundant call
[INFO] [stderr]     |
[INFO] [stderr]     = note: the type `[boolean::Boolean]` does not implement `Clone`, so calling `clone` on `&[boolean::Boolean]` copies the reference, which does not do anything and can be removed
[INFO] [stderr] 
[INFO] [stderr] warning: call to `.clone()` on a reference in this situation does nothing
[INFO] [stderr]    --> src/circuit/merkle.rs:275:109
[INFO] [stderr]     |
[INFO] [stderr] 275 | ...                   .zip(path_bits_1.clone().into_iter())
[INFO] [stderr]     |                                       ^^^^^^^^ help: remove this redundant call
[INFO] [stderr]     |
[INFO] [stderr]     = note: the type `[boolean::Boolean]` does not implement `Clone`, so calling `clone` on `&[boolean::Boolean]` copies the reference, which does not do anything and can be removed
[INFO] [stderr] 
[INFO] [stderr] warning: `sapling-crypto_ce` (lib test) generated 8 warnings (2 duplicates) (run `cargo fix --lib -p sapling-crypto_ce --tests` to apply 6 suggestions)
[INFO] [stderr]     Finished test [unoptimized + debuginfo] target(s) in 0.04s
[INFO] [stderr]      Running unittests src/lib.rs (/opt/rustwide/target/debug/deps/sapling_crypto_ce-38fb41f33e848297)
[INFO] [stdout] 
[INFO] [stdout] running 214 tests
[INFO] [stdout] test alt_babyjubjub::fs::test_fs_double ... ok
[INFO] [stdout] test alt_babyjubjub::fs::test_fs_add_assign ... ok
[INFO] [stdout] test alt_babyjubjub::fs::test_fr_repr_add_nocarry ... ok
[INFO] [stdout] test alt_babyjubjub::fs::test_fs_negate ... ok
[INFO] [stdout] test alt_babyjubjub::fs::test_fs_num_bits ... ok
[INFO] [stdout] test alt_babyjubjub::fs::test_fs_is_valid ... ok
[INFO] [stdout] test alt_babyjubjub::fs::test_fs_from_into_repr ... FAILED
[INFO] [stdout] test alt_babyjubjub::fs::test_fs_display ... FAILED
[INFO] [stdout] test alt_babyjubjub::fs::test_fs_legendre ... FAILED
[INFO] [stdout] test alt_babyjubjub::fs::test_fs_repr_div2 ... ok
[INFO] [stdout] test alt_babyjubjub::fs::test_fs_repr_is_odd ... ok
[INFO] [stdout] test alt_babyjubjub::fs::test_fs_repr_from ... ok
[INFO] [stdout] test alt_babyjubjub::fs::test_fs_repr_is_zero ... ok
[INFO] [stdout] test alt_babyjubjub::fs::test_fs_repr_mul2 ... ok
[INFO] [stdout] test alt_babyjubjub::fs::test_fs_repr_ordering ... ok
[INFO] [stdout] test alt_babyjubjub::fs::test_fs_repr_sub_noborrow ... ok
[INFO] [stdout] test alt_babyjubjub::fs::test_fs_repr_display ... ok
[INFO] [stdout] test alt_babyjubjub::fs::test_fs_repr_num_bits ... ok
[INFO] [stdout] test alt_babyjubjub::fs::test_fs_root_of_unity ... ok
[INFO] [stdout] test alt_babyjubjub::fs::test_neg_one ... ok
[INFO] [stdout] test alt_babyjubjub::fs::test_fs_repr_shr ... ok
[INFO] [stdout] test alt_babyjubjub::fs::test_fs_sub_assign ... ok
[INFO] [stdout] test alt_babyjubjub::fs::test_fs_sqrt ... FAILED
[INFO] [stdout] test alt_babyjubjub::fs::test_fs_inverse ... ok
[INFO] [stdout] test as_waksman::test_aswaksman ... ok
[INFO] [stdout] test as_waksman::test_back_and_forward_pass ... ok
[INFO] [stdout] test as_waksman::test_forward_pass ... ok
[INFO] [stdout] test alt_babyjubjub::fs::test_fs_pow ... ok
[INFO] [stdout] test as_waksman::test_trivial_permutations ... ok
[INFO] [stdout] test alt_babyjubjub::fs::test_fr_squaring ... ok
[INFO] [stdout] test babyjubjub::fs::test_fr_repr_add_nocarry ... ok
[INFO] [stdout] test alt_babyjubjub::pretty_print_params_for_keccak ... ok
[INFO] [stdout] test babyjubjub::fs::test_fs_add_assign ... ok
[INFO] [stdout] test babyjubjub::fs::test_fs_display ... FAILED
[INFO] [stdout] test babyjubjub::fs::test_fs_double ... ok
[INFO] [stdout] test babyjubjub::fs::test_fs_from_into_repr ... FAILED
[INFO] [stdout] test alt_babyjubjub::pretty_print_params_for_blake ... ok
[INFO] [stdout] test babyjubjub::fs::test_fs_is_valid ... ok
[INFO] [stdout] test babyjubjub::fs::test_fs_legendre ... FAILED
[INFO] [stdout] test babyjubjub::fs::test_fs_inverse ... ok
[INFO] [stdout] test babyjubjub::fs::test_fs_negate ... ok
[INFO] [stdout] test babyjubjub::fs::test_fs_num_bits ... ok
[INFO] [stdout] test babyjubjub::fs::test_fs_pow ... ok
[INFO] [stdout] test babyjubjub::fs::test_fs_repr_display ... ok
[INFO] [stdout] test babyjubjub::fs::test_fs_repr_div2 ... ok
[INFO] [stdout] test babyjubjub::fs::test_fs_repr_from ... ok
[INFO] [stdout] test babyjubjub::fs::test_fs_repr_is_odd ... ok
[INFO] [stdout] test babyjubjub::fs::test_fs_repr_is_zero ... ok
[INFO] [stdout] test babyjubjub::fs::test_fs_repr_mul2 ... ok
[INFO] [stdout] test babyjubjub::fs::test_fs_repr_num_bits ... ok
[INFO] [stdout] test babyjubjub::fs::test_fs_repr_ordering ... ok
[INFO] [stdout] test babyjubjub::fs::test_fs_repr_shr ... ok
[INFO] [stdout] test babyjubjub::fs::test_fs_repr_sub_noborrow ... ok
[INFO] [stdout] test babyjubjub::fs::test_fs_root_of_unity ... ok
[INFO] [stdout] test babyjubjub::fs::test_fs_sqrt ... FAILED
[INFO] [stdout] test babyjubjub::fs::test_fs_sub_assign ... ok
[INFO] [stdout] test babyjubjub::fs::test_neg_one ... ok
[INFO] [stdout] test babyjubjub::fs::test_fr_squaring ... ok
[INFO] [stdout] test alt_babyjubjub::test_generic_params ... ok
[INFO] [stdout] test babyjubjub::test_params ... ok
[INFO] [stdout] test alt_babyjubjub::fs::test_fs_mul_assign ... ok
[INFO] [stdout] test babyjubjub::fs::test_fs_mul_assign ... ok
[INFO] [stdout] test circuit::baby_ecc::test::test_conditionally_select ... ok
[INFO] [stdout] test circuit::baby_ecc::test::test_edwards_addition ... ok
[INFO] [stdout] test circuit::baby_ecc::test::test_edwards_doubling ... ok
[INFO] [stdout] test circuit::baby_ecc::test::test_edwards_fixed_base_multiplication ... ok
[INFO] [stdout] test circuit::baby_ecc::test::test_interpret ... ok
[INFO] [stdout] test circuit::baby_ecc::test::test_into_edwards ... ok
[INFO] [stdout] test circuit::baby_ecc::test::test_montgomery_addition ... ok
[INFO] [stdout] test circuit::baby_eddsa::test::test_schnorr_signatures ... ok
[INFO] [stdout] test circuit::baby_eddsa::test::test_valid_musig_signatures ... ok
[INFO] [stdout] test as_waksman::test_routing_for_permutation ... ok
[INFO] [stdout] test circuit::baby_eddsa::test::test_valid_raw_message_signatures ... ok
[INFO] [stdout] test alt_babyjubjub::test_jubjub_altbn256 has been running for over 60 seconds
[INFO] [stdout] test circuit::baby_pedersen_hash::test::test_pedersen_hash_constraints ... FAILED
[INFO] [stdout] test as_waksman::test_uniformity has been running for over 60 seconds
[INFO] [stdout] test babyjubjub::test_jubjub_bn256 has been running for over 60 seconds
[INFO] [stdout] test circuit::as_waksman::test::test_as_waksman_gadget_negative has been running for over 60 seconds
[INFO] [stdout] test circuit::as_waksman::test::test_as_waksman_gadget_positive has been running for over 60 seconds
[INFO] [stdout] test circuit::baby_ecc::test::test_edwards_multiplication ... ok
[INFO] [stdout] test circuit::blake2s::test::test_blake2s_constant_constraints ... ok
[INFO] [stdout] test circuit::blake2s::test::test_blake2s_constraints ... ok
[INFO] [stdout] test circuit::blake2s::test::test_blake2s_precomp_constraints ... ok
[INFO] [stdout] test circuit::blake2s::test::test_blank_hash ... ok
[INFO] [stdout] test circuit::boolean::test::test_allocated_bit ... ok
[INFO] [stdout] test circuit::boolean::test::test_and ... ok
[INFO] [stdout] test circuit::boolean::test::test_and_not ... ok
[INFO] [stdout] test circuit::boolean::test::test_boolean_and ... ok
[INFO] [stdout] test circuit::boolean::test::test_boolean_negation ... ok
[INFO] [stdout] test circuit::boolean::test::test_boolean_sha256_ch ... ok
[INFO] [stdout] test circuit::boolean::test::test_boolean_sha256_maj ... ok
[INFO] [stdout] test circuit::boolean::test::test_boolean_xor ... ok
[INFO] [stdout] test circuit::boolean::test::test_enforce_equal ... ok
[INFO] [stdout] test circuit::boolean::test::test_field_into_allocated_bits_le ... ok
[INFO] [stdout] test circuit::boolean::test::test_nor ... ok
[INFO] [stdout] test circuit::boolean::test::test_u64_into_boolean_vec_le ... ok
[INFO] [stdout] test circuit::boolean::test::test_xor ... ok
[INFO] [stdout] test circuit::ecc::baby_test::test_conditionally_select ... ok
[INFO] [stdout] test circuit::ecc::baby_test::test_edwards_addition ... ok
[INFO] [stdout] test circuit::as_waksman::test::test_as_waksman_gadget_negative ... ok
[INFO] [stdout] test circuit::ecc::baby_test::test_edwards_doubling ... ok
[INFO] [stdout] test circuit::as_waksman::test::test_as_waksman_gadget_positive ... ok
[INFO] [stdout] test circuit::ecc::baby_test::test_interpret ... ok
[INFO] [stdout] test circuit::ecc::baby_test::test_into_edwards ... ok
[INFO] [stdout] test circuit::ecc::baby_test::test_edwards_fixed_base_multiplication ... ok
[INFO] [stdout] test circuit::ecc::baby_test::test_montgomery_addition ... ok
[INFO] [stdout] test circuit::baby_pedersen_hash::test::test_pedersen_hash has been running for over 60 seconds
[INFO] [stdout] test circuit::ecc::test::test_edwards_addition ... ok
[INFO] [stdout] test circuit::ecc::test::test_conditionally_select ... ok
[INFO] [stdout] test circuit::blake2s::test::test_blake2s has been running for over 60 seconds
[INFO] [stdout] test circuit::ecc::test::test_edwards_doubling ... ok
[INFO] [stdout] test circuit::ecc::test::test_edwards_fixed_base_multiplication ... ok
[INFO] [stdout] test circuit::ecc::test::test_interpret ... ok
[INFO] [stdout] test circuit::ecc::test::test_into_edwards ... ok
[INFO] [stdout] test circuit::ecc::test::test_montgomery_addition ... ok
[INFO] [stdout] test circuit::float_point::test_encoding ... ok
[INFO] [stdout] test circuit::float_point::test_encoding_powers_of_two ... ok
[INFO] [stdout] test circuit::float_point::test_encoding_small_numbers ... ok
[INFO] [stdout] test circuit::float_point::test_encoding_specific ... ok
[INFO] [stdout] test circuit::float_point::test_parsing ... ok
[INFO] [stdout] test circuit::lookup::test::test_lookup3_xy ... ok
[INFO] [stdout] test circuit::lookup::test::test_lookup3_xy_with_conditional_negation ... ok
[INFO] [stdout] test circuit::lookup::test::test_synth ... ok
[INFO] [stdout] test circuit::merkle::test_poseidon_quartic_tree ... ok
[INFO] [stdout] test circuit::ecc::baby_test::test_edwards_multiplication ... ok
[INFO] [stdout] test circuit::num::test::test_allocated_num ... ok
[INFO] [stdout] test circuit::ecc::test::test_edwards_multiplication ... ok
[INFO] [stdout] test circuit::num::test::test_into_bits_strict ... ok
[INFO] [stdout] test circuit::num::test::test_limit_number_of_bits ... ok
[INFO] [stdout] test circuit::num::test::test_limit_number_of_bits_error ... ok
[INFO] [stdout] test circuit::num::test::test_num_conditional_reversal ... ok
[INFO] [stdout] test circuit::num::test::test_num_conditional_select ... ok
[INFO] [stdout] test circuit::num::test::test_num_equals ... ok
[INFO] [stdout] test circuit::num::test::test_num_multiplication ... ok
[INFO] [stdout] test circuit::num::test::test_num_nonzero ... ok
[INFO] [stdout] test circuit::num::test::test_num_squaring ... ok
[INFO] [stdout] test circuit::blake2s::test::test_blake2s ... ok
[INFO] [stdout] test circuit::multipack::test_multipacking ... ok
[INFO] [stdout] test circuit::pedersen_hash::baby_test::test_baby_pedersen_hash_constraints ... ok
[INFO] [stdout] test circuit::pedersen_hash::test::test_pedersen_hash_constraints ... ok
[INFO] [stdout] test circuit::poseidon_hash::test::test_poseidon_hash_gadget ... ok
[INFO] [stdout] test circuit::poseidon_hash::test::test_poseidon_mimc_gadget ... ok
[INFO] [stdout] test alt_babyjubjub::test_jubjub_altbn256 ... ok
[INFO] [stdout] test babyjubjub::test_jubjub_bn256 ... ok
[INFO] [stdout] test circuit::num::test::test_into_bits has been running for over 60 seconds
[INFO] [stdout] test circuit::pedersen_hash::baby_test::test_baby_pedersen_hash has been running for over 60 seconds
[INFO] [stdout] test circuit::pedersen_hash::test::test_pedersen_hash has been running for over 60 seconds
[INFO] [stdout] test circuit::sapling::test_input_circuit_with_bls12_381 has been running for over 60 seconds
[INFO] [stdout] test circuit::sapling::test_output_circuit_with_bls12_381 has been running for over 60 seconds
[INFO] [stdout] test circuit::sha256::test::test_against_vectors has been running for over 60 seconds
[INFO] [stdout] test circuit::sha256::test::test_against_vectors ... ok
[INFO] [stdout] test circuit::sha256::test::test_blank_hash ... ok
[INFO] [stdout] test circuit::sha256::test::test_full_block ... ok
[INFO] [stdout] test circuit::sapling::test_input_circuit_with_bls12_381 ... ok
[INFO] [stdout] test circuit::test::test_cs ... ok
[INFO] [stdout] test circuit::sapling::test_output_circuit_with_bls12_381 ... ok
[INFO] [stdout] test circuit::uint32::test::test_uint32_addmany_constants ... ok
[INFO] [stdout] test circuit::uint32::test::test_uint32_from_bits ... ok
[INFO] [stdout] test circuit::uint32::test::test_uint32_from_bits_be ... ok
[INFO] [stdout] test circuit::uint32::test::test_uint32_rotr ... ok
[INFO] [stdout] test circuit::uint32::test::test_uint32_addmany ... ok
[INFO] [stdout] test circuit::uint32::test::test_uint32_sha256_ch ... ok
[INFO] [stdout] test circuit::uint32::test::test_uint32_shr ... FAILED
[INFO] [stdout] test circuit::uint32::test::test_uint32_sha256_maj ... ok
[INFO] [stdout] test circuit::uint32::test::test_uint32_xor ... ok
[INFO] [stdout] test eddsa::baby_tests::cofactor_check ... ok
[INFO] [stdout] test eddsa::baby_tests::get_generator_for_signatures ... ok
[INFO] [stderr] error: test failed, to rerun pass `--lib`
[INFO] [stderr] 
[INFO] [stderr] Caused by:
[INFO] [stderr]   process didn't exit successfully: `/opt/rustwide/target/debug/deps/sapling_crypto_ce-38fb41f33e848297` (signal: 9, SIGKILL: kill)
[INFO] running `Command { std: "docker" "inspect" "66884b36f6afeee0e42fbfc78dbe0015d7d8765345d36ebab25c4112d07c4b89", kill_on_drop: false }`
[INFO] running `Command { std: "docker" "rm" "-f" "66884b36f6afeee0e42fbfc78dbe0015d7d8765345d36ebab25c4112d07c4b89", kill_on_drop: false }`
[INFO] [stdout] 66884b36f6afeee0e42fbfc78dbe0015d7d8765345d36ebab25c4112d07c4b89
[INFO] testing sapling-crypto_ce-0.1.3 against beta-2023-12-22 for beta-1.76-1
[INFO] extracting crate sapling-crypto_ce 0.1.3 into /workspace/builds/worker-6-tc2/source
[INFO] validating manifest of crates.io crate sapling-crypto_ce 0.1.3 on toolchain beta-2023-12-22
[INFO] running `Command { std: CARGO_HOME="/workspace/cargo-home" RUSTUP_HOME="/workspace/rustup-home" "/workspace/cargo-home/bin/cargo" "+beta-2023-12-22" "metadata" "--manifest-path" "Cargo.toml" "--no-deps", kill_on_drop: false }`
[INFO] started tweaking crates.io crate sapling-crypto_ce 0.1.3
[INFO] finished tweaking crates.io crate sapling-crypto_ce 0.1.3
[INFO] tweaked toml for crates.io crate sapling-crypto_ce 0.1.3 written to /workspace/builds/worker-6-tc2/source/Cargo.toml
[INFO] crate crates.io crate sapling-crypto_ce 0.1.3 already has a lockfile, it will not be regenerated
[INFO] running `Command { std: CARGO_HOME="/workspace/cargo-home" RUSTUP_HOME="/workspace/rustup-home" "/workspace/cargo-home/bin/cargo" "+beta-2023-12-22" "fetch" "--manifest-path" "Cargo.toml", kill_on_drop: false }`
[INFO] [stderr]     Blocking waiting for file lock on package cache
[INFO] running `Command { std: "docker" "create" "-v" "/var/lib/crater-agent-workspace/builds/worker-6-tc2/target:/opt/rustwide/target:rw,Z" "-v" "/var/lib/crater-agent-workspace/builds/worker-6-tc2/source:/opt/rustwide/workdir:ro,Z" "-v" "/var/lib/crater-agent-workspace/cargo-home:/opt/rustwide/cargo-home:ro,Z" "-v" "/var/lib/crater-agent-workspace/rustup-home:/opt/rustwide/rustup-home:ro,Z" "-e" "SOURCE_DIR=/opt/rustwide/workdir" "-e" "CARGO_TARGET_DIR=/opt/rustwide/target" "-e" "CARGO_HOME=/opt/rustwide/cargo-home" "-e" "RUSTUP_HOME=/opt/rustwide/rustup-home" "-w" "/opt/rustwide/workdir" "-m" "1610612736" "--user" "0:0" "--network" "none" "ghcr.io/rust-lang/crates-build-env/linux@sha256:2788e3201cd34a07e3172128adcd8b3090168a8e3bcc40d7c032b9dda1df7d1c" "/opt/rustwide/cargo-home/bin/cargo" "+beta-2023-12-22" "metadata" "--no-deps" "--format-version=1", kill_on_drop: false }`
[INFO] [stdout] 53bb7f468f9eac8f5f1ecd55c5b4b5d3c7ac689c30caf953c32d13a55e146c54
[INFO] running `Command { std: "docker" "start" "-a" "53bb7f468f9eac8f5f1ecd55c5b4b5d3c7ac689c30caf953c32d13a55e146c54", kill_on_drop: false }`
[INFO] running `Command { std: "docker" "inspect" "53bb7f468f9eac8f5f1ecd55c5b4b5d3c7ac689c30caf953c32d13a55e146c54", kill_on_drop: false }`
[INFO] running `Command { std: "docker" "rm" "-f" "53bb7f468f9eac8f5f1ecd55c5b4b5d3c7ac689c30caf953c32d13a55e146c54", kill_on_drop: false }`
[INFO] [stdout] 53bb7f468f9eac8f5f1ecd55c5b4b5d3c7ac689c30caf953c32d13a55e146c54
[INFO] running `Command { std: "docker" "create" "-v" "/var/lib/crater-agent-workspace/builds/worker-6-tc2/target:/opt/rustwide/target:rw,Z" "-v" "/var/lib/crater-agent-workspace/builds/worker-6-tc2/source:/opt/rustwide/workdir:ro,Z" "-v" "/var/lib/crater-agent-workspace/cargo-home:/opt/rustwide/cargo-home:ro,Z" "-v" "/var/lib/crater-agent-workspace/rustup-home:/opt/rustwide/rustup-home:ro,Z" "-e" "SOURCE_DIR=/opt/rustwide/workdir" "-e" "CARGO_TARGET_DIR=/opt/rustwide/target" "-e" "CARGO_INCREMENTAL=0" "-e" "RUST_BACKTRACE=full" "-e" "RUSTFLAGS=--cap-lints=warn" "-e" "RUSTDOCFLAGS=--cap-lints=warn" "-e" "CARGO_HOME=/opt/rustwide/cargo-home" "-e" "RUSTUP_HOME=/opt/rustwide/rustup-home" "-w" "/opt/rustwide/workdir" "-m" "1610612736" "--user" "0:0" "--network" "none" "ghcr.io/rust-lang/crates-build-env/linux@sha256:2788e3201cd34a07e3172128adcd8b3090168a8e3bcc40d7c032b9dda1df7d1c" "/opt/rustwide/cargo-home/bin/cargo" "+beta-2023-12-22" "build" "--frozen" "--message-format=json", kill_on_drop: false }`
[INFO] [stdout] 04d0d628eb000cf7c49867797b3f886d91ef675fdee5276a936f7e87a7191162
[INFO] running `Command { std: "docker" "start" "-a" "04d0d628eb000cf7c49867797b3f886d91ef675fdee5276a936f7e87a7191162", kill_on_drop: false }`
[INFO] [stderr]    Compiling proc-macro2 v1.0.12
[INFO] [stderr]    Compiling syn v1.0.21
[INFO] [stderr]    Compiling libc v0.2.70
[INFO] [stderr]    Compiling crossbeam-utils v0.7.2
[INFO] [stderr]    Compiling num-traits v0.2.11
[INFO] [stderr]    Compiling byteorder v1.3.4
[INFO] [stderr]    Compiling num-integer v0.1.42
[INFO] [stderr]    Compiling memoffset v0.5.4
[INFO] [stderr]    Compiling num-bigint v0.2.6
[INFO] [stderr]    Compiling typenum v1.12.0
[INFO] [stderr]    Compiling memchr v2.3.3
[INFO] [stderr]    Compiling crossbeam-epoch v0.8.2
[INFO] [stderr]    Compiling futures-sink v0.3.5
[INFO] [stderr]    Compiling futures-core v0.3.5
[INFO] [stderr]    Compiling once_cell v1.4.0
[INFO] [stderr]    Compiling futures-channel v0.3.5
[INFO] [stderr]    Compiling futures-task v0.3.5
[INFO] [stderr]    Compiling quote v1.0.5
[INFO] [stderr]    Compiling futures-io v0.3.5
[INFO] [stderr]    Compiling rand v0.4.6
[INFO] [stderr]    Compiling num_cpus v1.13.0
[INFO] [stderr]    Compiling byte-tools v0.3.1
[INFO] [stderr]    Compiling arrayvec v0.4.12
[INFO] [stderr]    Compiling hex v0.4.2
[INFO] [stderr]    Compiling block-padding v0.1.5
[INFO] [stderr]    Compiling crossbeam-deque v0.7.3
[INFO] [stderr]    Compiling crossbeam-channel v0.4.2
[INFO] [stderr]    Compiling generic-array v0.12.3
[INFO] [stderr]    Compiling crossbeam-queue v0.2.1
[INFO] [stderr]    Compiling serde v1.0.110
[INFO] [stderr]    Compiling tiny-keccak v2.0.2
[INFO] [stderr]    Compiling nodrop v0.1.14
[INFO] [stderr]    Compiling digest v0.8.1
[INFO] [stderr]    Compiling block-buffer v0.7.3
[INFO] [stderr]    Compiling crossbeam v0.7.3
[INFO] [stderr]    Compiling opaque-debug v0.2.3
[INFO] [stderr]    Compiling fake-simd v0.1.2
[INFO] [stderr]    Compiling constant_time_eq v0.1.5
[INFO] [stderr]    Compiling bit-vec v0.6.2
[INFO] [stderr]    Compiling sha2 v0.8.1
[INFO] [stderr]    Compiling blake2-rfc_bellman_edition v0.0.1
[INFO] [stderr]    Compiling pin-project-internal v0.4.16
[INFO] [stderr]    Compiling ff_derive_ce v0.8.0
[INFO] [stderr]    Compiling serde_derive v1.0.110
[INFO] [stderr]    Compiling pin-project v0.4.16
[INFO] [stderr]    Compiling futures-util v0.3.5
[INFO] [stderr]    Compiling ff_ce v0.10.2
[INFO] [stderr]    Compiling pairing_ce v0.21.0
[INFO] [stderr]    Compiling futures-executor v0.3.5
[INFO] [stderr]    Compiling futures v0.3.5
[INFO] [stderr]    Compiling bellman_ce v0.3.4
[INFO] [stderr]    Compiling sapling-crypto_ce v0.1.3 (/opt/rustwide/workdir)
[INFO] [stdout] warning: anonymous parameters are deprecated and will be removed in the next edition
[INFO] [stdout]    --> src/babyjubjub/mod.rs:137:34
[INFO] [stdout]     |
[INFO] [stdout] 137 |     fn circuit_generators(&self, FixedGenerators) -> &[Vec<(E::Fr, E::Fr)>];
[INFO] [stdout]     |                                  ^^^^^^^^^^^^^^^ help: try naming the parameter or explicitly ignoring it: `_: FixedGenerators`
[INFO] [stdout]     |
[INFO] [stdout]     = warning: this is accepted in the current edition (Rust 2015) but is a hard error in Rust 2018!
[INFO] [stdout]     = note: for more information, see issue #41686 <https://github.com/rust-lang/rust/issues/41686>
[INFO] [stdout]     = note: `#[warn(anonymous_parameters)]` on by default
[INFO] [stdout] 
[INFO] [stdout] 
[INFO] [stdout] warning: anonymous parameters are deprecated and will be removed in the next edition
[INFO] [stdout]    --> src/jubjub/mod.rs:134:34
[INFO] [stdout]     |
[INFO] [stdout] 134 |     fn circuit_generators(&self, FixedGenerators) -> &[Vec<(E::Fr, E::Fr)>];
[INFO] [stdout]     |                                  ^^^^^^^^^^^^^^^ help: try naming the parameter or explicitly ignoring it: `_: FixedGenerators`
[INFO] [stdout]     |
[INFO] [stdout]     = warning: this is accepted in the current edition (Rust 2015) but is a hard error in Rust 2018!
[INFO] [stdout]     = note: for more information, see issue #41686 <https://github.com/rust-lang/rust/issues/41686>
[INFO] [stdout] 
[INFO] [stdout] 
[INFO] [stdout] warning: call to `.clone()` on a reference in this situation does nothing
[INFO] [stdout]    --> src/circuit/merkle.rs:150:39
[INFO] [stdout]     |
[INFO] [stdout] 150 |         for (i, direction_bit) in path.clone().into_iter()
[INFO] [stdout]     |                                       ^^^^^^^^ help: remove this redundant call
[INFO] [stdout]     |
[INFO] [stdout]     = note: the type `[Boolean]` does not implement `Clone`, so calling `clone` on `&[Boolean]` copies the reference, which does not do anything and can be removed
[INFO] [stdout]     = note: `#[warn(noop_method_call)]` on by default
[INFO] [stdout] 
[INFO] [stdout] 
[INFO] [stdout] warning: call to `.clone()` on a reference in this situation does nothing
[INFO] [stdout]    --> src/circuit/merkle.rs:205:39
[INFO] [stdout]     |
[INFO] [stdout] 205 |         for (i, direction_bit) in path.clone().into_iter()
[INFO] [stdout]     |                                       ^^^^^^^^ help: remove this redundant call
[INFO] [stdout]     |
[INFO] [stdout]     = note: the type `[Boolean]` does not implement `Clone`, so calling `clone` on `&[Boolean]` copies the reference, which does not do anything and can be removed
[INFO] [stdout] 
[INFO] [stdout] 
[INFO] [stdout] warning: call to `.clone()` on a reference in this situation does nothing
[INFO] [stdout]    --> src/circuit/merkle.rs:274:91
[INFO] [stdout]     |
[INFO] [stdout] 274 |             for (i, ((direction_bit_0, direction_bit_1), intersection_bit)) in path_bits_0.clone().into_iter()
[INFO] [stdout]     |                                                                                           ^^^^^^^^ help: remove this redundant call
[INFO] [stdout]     |
[INFO] [stdout]     = note: the type `[Boolean]` does not implement `Clone`, so calling `clone` on `&[Boolean]` copies the reference, which does not do anything and can be removed
[INFO] [stdout] 
[INFO] [stdout] 
[INFO] [stdout] warning: call to `.clone()` on a reference in this situation does nothing
[INFO] [stdout]    --> src/circuit/merkle.rs:275:109
[INFO] [stdout]     |
[INFO] [stdout] 275 | ...                   .zip(path_bits_1.clone().into_iter())
[INFO] [stdout]     |                                       ^^^^^^^^ help: remove this redundant call
[INFO] [stdout]     |
[INFO] [stdout]     = note: the type `[Boolean]` does not implement `Clone`, so calling `clone` on `&[Boolean]` copies the reference, which does not do anything and can be removed
[INFO] [stdout] 
[INFO] [stdout] 
[INFO] [stdout] warning: 6 warnings emitted
[INFO] [stdout] 
[INFO] [stdout] 
[INFO] [stderr]     Finished dev [unoptimized + debuginfo] target(s) in 14.67s
[INFO] running `Command { std: "docker" "inspect" "04d0d628eb000cf7c49867797b3f886d91ef675fdee5276a936f7e87a7191162", kill_on_drop: false }`
[INFO] running `Command { std: "docker" "rm" "-f" "04d0d628eb000cf7c49867797b3f886d91ef675fdee5276a936f7e87a7191162", kill_on_drop: false }`
[INFO] [stdout] 04d0d628eb000cf7c49867797b3f886d91ef675fdee5276a936f7e87a7191162
[INFO] running `Command { std: "docker" "create" "-v" "/var/lib/crater-agent-workspace/builds/worker-6-tc2/target:/opt/rustwide/target:rw,Z" "-v" "/var/lib/crater-agent-workspace/builds/worker-6-tc2/source:/opt/rustwide/workdir:ro,Z" "-v" "/var/lib/crater-agent-workspace/cargo-home:/opt/rustwide/cargo-home:ro,Z" "-v" "/var/lib/crater-agent-workspace/rustup-home:/opt/rustwide/rustup-home:ro,Z" "-e" "SOURCE_DIR=/opt/rustwide/workdir" "-e" "CARGO_TARGET_DIR=/opt/rustwide/target" "-e" "CARGO_INCREMENTAL=0" "-e" "RUST_BACKTRACE=full" "-e" "RUSTFLAGS=--cap-lints=warn" "-e" "RUSTDOCFLAGS=--cap-lints=warn" "-e" "CARGO_HOME=/opt/rustwide/cargo-home" "-e" "RUSTUP_HOME=/opt/rustwide/rustup-home" "-w" "/opt/rustwide/workdir" "-m" "1610612736" "--user" "0:0" "--network" "none" "ghcr.io/rust-lang/crates-build-env/linux@sha256:2788e3201cd34a07e3172128adcd8b3090168a8e3bcc40d7c032b9dda1df7d1c" "/opt/rustwide/cargo-home/bin/cargo" "+beta-2023-12-22" "test" "--frozen" "--no-run" "--message-format=json", kill_on_drop: false }`
[INFO] [stdout] 657d693cf66c84de4d2719ba6caa5eaa945b6ea4da5df86c3e98a6a884aeb58f
[INFO] running `Command { std: "docker" "start" "-a" "657d693cf66c84de4d2719ba6caa5eaa945b6ea4da5df86c3e98a6a884aeb58f", kill_on_drop: false }`
[INFO] [stderr]    Compiling proc-macro-hack v0.5.15
[INFO] [stdout] warning: anonymous parameters are deprecated and will be removed in the next edition
[INFO] [stdout]    --> src/babyjubjub/mod.rs:137:34
[INFO] [stdout]     |
[INFO] [stdout] 137 |     fn circuit_generators(&self, FixedGenerators) -> &[Vec<(E::Fr, E::Fr)>];
[INFO] [stdout]     |                                  ^^^^^^^^^^^^^^^ help: try naming the parameter or explicitly ignoring it: `_: FixedGenerators`
[INFO] [stdout]     |
[INFO] [stdout]     = warning: this is accepted in the current edition (Rust 2015) but is a hard error in Rust 2018!
[INFO] [stdout]     = note: for more information, see issue #41686 <https://github.com/rust-lang/rust/issues/41686>
[INFO] [stdout]     = note: `#[warn(anonymous_parameters)]` on by default
[INFO] [stdout] 
[INFO] [stdout] 
[INFO] [stdout] warning: anonymous parameters are deprecated and will be removed in the next edition
[INFO] [stdout]    --> src/jubjub/mod.rs:134:34
[INFO] [stdout]     |
[INFO] [stdout] 134 |     fn circuit_generators(&self, FixedGenerators) -> &[Vec<(E::Fr, E::Fr)>];
[INFO] [stdout]     |                                  ^^^^^^^^^^^^^^^ help: try naming the parameter or explicitly ignoring it: `_: FixedGenerators`
[INFO] [stdout]     |
[INFO] [stdout]     = warning: this is accepted in the current edition (Rust 2015) but is a hard error in Rust 2018!
[INFO] [stdout]     = note: for more information, see issue #41686 <https://github.com/rust-lang/rust/issues/41686>
[INFO] [stdout] 
[INFO] [stdout] 
[INFO] [stdout] warning: call to `.clone()` on a reference in this situation does nothing
[INFO] [stdout]    --> src/circuit/merkle.rs:150:39
[INFO] [stdout]     |
[INFO] [stdout] 150 |         for (i, direction_bit) in path.clone().into_iter()
[INFO] [stdout]     |                                       ^^^^^^^^ help: remove this redundant call
[INFO] [stdout]     |
[INFO] [stdout]     = note: the type `[Boolean]` does not implement `Clone`, so calling `clone` on `&[Boolean]` copies the reference, which does not do anything and can be removed
[INFO] [stdout]     = note: `#[warn(noop_method_call)]` on by default
[INFO] [stdout] 
[INFO] [stdout] 
[INFO] [stdout] warning: call to `.clone()` on a reference in this situation does nothing
[INFO] [stdout]    --> src/circuit/merkle.rs:205:39
[INFO] [stdout]     |
[INFO] [stdout] 205 |         for (i, direction_bit) in path.clone().into_iter()
[INFO] [stdout]     |                                       ^^^^^^^^ help: remove this redundant call
[INFO] [stdout]     |
[INFO] [stdout]     = note: the type `[Boolean]` does not implement `Clone`, so calling `clone` on `&[Boolean]` copies the reference, which does not do anything and can be removed
[INFO] [stdout] 
[INFO] [stdout] 
[INFO] [stdout] warning: call to `.clone()` on a reference in this situation does nothing
[INFO] [stdout]    --> src/circuit/merkle.rs:274:91
[INFO] [stdout]     |
[INFO] [stdout] 274 |             for (i, ((direction_bit_0, direction_bit_1), intersection_bit)) in path_bits_0.clone().into_iter()
[INFO] [stdout]     |                                                                                           ^^^^^^^^ help: remove this redundant call
[INFO] [stdout]     |
[INFO] [stdout]     = note: the type `[Boolean]` does not implement `Clone`, so calling `clone` on `&[Boolean]` copies the reference, which does not do anything and can be removed
[INFO] [stdout] 
[INFO] [stdout] 
[INFO] [stdout] warning: call to `.clone()` on a reference in this situation does nothing
[INFO] [stdout]    --> src/circuit/merkle.rs:275:109
[INFO] [stdout]     |
[INFO] [stdout] 275 | ...                   .zip(path_bits_1.clone().into_iter())
[INFO] [stdout]     |                                       ^^^^^^^^ help: remove this redundant call
[INFO] [stdout]     |
[INFO] [stdout]     = note: the type `[Boolean]` does not implement `Clone`, so calling `clone` on `&[Boolean]` copies the reference, which does not do anything and can be removed
[INFO] [stdout] 
[INFO] [stdout] 
[INFO] [stdout] warning: 6 warnings emitted
[INFO] [stdout] 
[INFO] [stdout] 
[INFO] [stderr]    Compiling hex-literal-impl v0.2.1
[INFO] [stderr]    Compiling hex-literal v0.2.1
[INFO] [stderr]    Compiling sapling-crypto_ce v0.1.3 (/opt/rustwide/workdir)
[INFO] [stdout] warning: anonymous parameters are deprecated and will be removed in the next edition
[INFO] [stdout]    --> src/babyjubjub/mod.rs:137:34
[INFO] [stdout]     |
[INFO] [stdout] 137 |     fn circuit_generators(&self, FixedGenerators) -> &[Vec<(E::Fr, E::Fr)>];
[INFO] [stdout]     |                                  ^^^^^^^^^^^^^^^ help: try naming the parameter or explicitly ignoring it: `_: FixedGenerators`
[INFO] [stdout]     |
[INFO] [stdout]     = warning: this is accepted in the current edition (Rust 2015) but is a hard error in Rust 2018!
[INFO] [stdout]     = note: for more information, see issue #41686 <https://github.com/rust-lang/rust/issues/41686>
[INFO] [stdout]     = note: `#[warn(anonymous_parameters)]` on by default
[INFO] [stdout] 
[INFO] [stdout] 
[INFO] [stdout] warning: anonymous parameters are deprecated and will be removed in the next edition
[INFO] [stdout]    --> src/jubjub/mod.rs:134:34
[INFO] [stdout]     |
[INFO] [stdout] 134 |     fn circuit_generators(&self, FixedGenerators) -> &[Vec<(E::Fr, E::Fr)>];
[INFO] [stdout]     |                                  ^^^^^^^^^^^^^^^ help: try naming the parameter or explicitly ignoring it: `_: FixedGenerators`
[INFO] [stdout]     |
[INFO] [stdout]     = warning: this is accepted in the current edition (Rust 2015) but is a hard error in Rust 2018!
[INFO] [stdout]     = note: for more information, see issue #41686 <https://github.com/rust-lang/rust/issues/41686>
[INFO] [stdout] 
[INFO] [stdout] 
[INFO] [stdout] warning: this method call resolves to `<&[T; N] as IntoIterator>::into_iter` (due to backwards compatibility), but will resolve to <[T; N] as IntoIterator>::into_iter in Rust 2021
[INFO] [stdout]    --> src/circuit/blake2s.rs:345:27
[INFO] [stdout]     |
[INFO] [stdout] 345 |         for b in expected.into_iter() {
[INFO] [stdout]     |                           ^^^^^^^^^
[INFO] [stdout]     |
[INFO] [stdout]     = warning: this changes meaning in Rust 2021
[INFO] [stdout]     = note: for more information, see <https://doc.rust-lang.org/nightly/edition-guide/rust-2021/IntoIterator-for-arrays.html>
[INFO] [stdout]     = note: `#[warn(array_into_iter)]` on by default
[INFO] [stdout] help: use `.iter()` instead of `.into_iter()` to avoid ambiguity
[INFO] [stdout]     |
[INFO] [stdout] 345 |         for b in expected.iter() {
[INFO] [stdout]     |                           ~~~~
[INFO] [stdout] help: or remove `.into_iter()` to iterate by value
[INFO] [stdout]     |
[INFO] [stdout] 345 -         for b in expected.into_iter() {
[INFO] [stdout] 345 +         for b in expected {
[INFO] [stdout]     |
[INFO] [stdout] 
[INFO] [stdout] 
[INFO] [stdout] warning: this method call resolves to `<&[T; N] as IntoIterator>::into_iter` (due to backwards compatibility), but will resolve to <[T; N] as IntoIterator>::into_iter in Rust 2021
[INFO] [stdout]    --> src/circuit/sha256.rs:333:27
[INFO] [stdout]     |
[INFO] [stdout] 333 |         for b in expected.into_iter() {
[INFO] [stdout]     |                           ^^^^^^^^^
[INFO] [stdout]     |
[INFO] [stdout]     = warning: this changes meaning in Rust 2021
[INFO] [stdout]     = note: for more information, see <https://doc.rust-lang.org/nightly/edition-guide/rust-2021/IntoIterator-for-arrays.html>
[INFO] [stdout] help: use `.iter()` instead of `.into_iter()` to avoid ambiguity
[INFO] [stdout]     |
[INFO] [stdout] 333 |         for b in expected.iter() {
[INFO] [stdout]     |                           ~~~~
[INFO] [stdout] help: or remove `.into_iter()` to iterate by value
[INFO] [stdout]     |
[INFO] [stdout] 333 -         for b in expected.into_iter() {
[INFO] [stdout] 333 +         for b in expected {
[INFO] [stdout]     |
[INFO] [stdout] 
[INFO] [stdout] 
[INFO] [stdout] warning: call to `.clone()` on a reference in this situation does nothing
[INFO] [stdout]    --> src/circuit/merkle.rs:150:39
[INFO] [stdout]     |
[INFO] [stdout] 150 |         for (i, direction_bit) in path.clone().into_iter()
[INFO] [stdout]     |                                       ^^^^^^^^ help: remove this redundant call
[INFO] [stdout]     |
[INFO] [stdout]     = note: the type `[boolean::Boolean]` does not implement `Clone`, so calling `clone` on `&[boolean::Boolean]` copies the reference, which does not do anything and can be removed
[INFO] [stdout]     = note: `#[warn(noop_method_call)]` on by default
[INFO] [stdout] 
[INFO] [stdout] 
[INFO] [stdout] warning: call to `.clone()` on a reference in this situation does nothing
[INFO] [stdout]    --> src/circuit/merkle.rs:205:39
[INFO] [stdout]     |
[INFO] [stdout] 205 |         for (i, direction_bit) in path.clone().into_iter()
[INFO] [stdout]     |                                       ^^^^^^^^ help: remove this redundant call
[INFO] [stdout]     |
[INFO] [stdout]     = note: the type `[boolean::Boolean]` does not implement `Clone`, so calling `clone` on `&[boolean::Boolean]` copies the reference, which does not do anything and can be removed
[INFO] [stdout] 
[INFO] [stdout] 
[INFO] [stdout] warning: call to `.clone()` on a reference in this situation does nothing
[INFO] [stdout]    --> src/circuit/merkle.rs:274:91
[INFO] [stdout]     |
[INFO] [stdout] 274 |             for (i, ((direction_bit_0, direction_bit_1), intersection_bit)) in path_bits_0.clone().into_iter()
[INFO] [stdout]     |                                                                                           ^^^^^^^^ help: remove this redundant call
[INFO] [stdout]     |
[INFO] [stdout]     = note: the type `[boolean::Boolean]` does not implement `Clone`, so calling `clone` on `&[boolean::Boolean]` copies the reference, which does not do anything and can be removed
[INFO] [stdout] 
[INFO] [stdout] 
[INFO] [stdout] warning: call to `.clone()` on a reference in this situation does nothing
[INFO] [stdout]    --> src/circuit/merkle.rs:275:109
[INFO] [stdout]     |
[INFO] [stdout] 275 | ...                   .zip(path_bits_1.clone().into_iter())
[INFO] [stdout]     |                                       ^^^^^^^^ help: remove this redundant call
[INFO] [stdout]     |
[INFO] [stdout]     = note: the type `[boolean::Boolean]` does not implement `Clone`, so calling `clone` on `&[boolean::Boolean]` copies the reference, which does not do anything and can be removed
[INFO] [stdout] 
[INFO] [stdout] 
[INFO] [stdout] warning: 8 warnings emitted
[INFO] [stdout] 
[INFO] [stdout] 
[INFO] [stderr]     Finished test [unoptimized + debuginfo] target(s) in 5.42s
[INFO] running `Command { std: "docker" "inspect" "657d693cf66c84de4d2719ba6caa5eaa945b6ea4da5df86c3e98a6a884aeb58f", kill_on_drop: false }`
[INFO] running `Command { std: "docker" "rm" "-f" "657d693cf66c84de4d2719ba6caa5eaa945b6ea4da5df86c3e98a6a884aeb58f", kill_on_drop: false }`
[INFO] [stdout] 657d693cf66c84de4d2719ba6caa5eaa945b6ea4da5df86c3e98a6a884aeb58f
[INFO] running `Command { std: "docker" "create" "-v" "/var/lib/crater-agent-workspace/builds/worker-6-tc2/target:/opt/rustwide/target:rw,Z" "-v" "/var/lib/crater-agent-workspace/builds/worker-6-tc2/source:/opt/rustwide/workdir:ro,Z" "-v" "/var/lib/crater-agent-workspace/cargo-home:/opt/rustwide/cargo-home:ro,Z" "-v" "/var/lib/crater-agent-workspace/rustup-home:/opt/rustwide/rustup-home:ro,Z" "-e" "SOURCE_DIR=/opt/rustwide/workdir" "-e" "CARGO_TARGET_DIR=/opt/rustwide/target" "-e" "CARGO_INCREMENTAL=0" "-e" "RUST_BACKTRACE=full" "-e" "RUSTFLAGS=--cap-lints=warn" "-e" "RUSTDOCFLAGS=--cap-lints=warn" "-e" "CARGO_HOME=/opt/rustwide/cargo-home" "-e" "RUSTUP_HOME=/opt/rustwide/rustup-home" "-w" "/opt/rustwide/workdir" "-m" "1610612736" "--user" "0:0" "--network" "none" "ghcr.io/rust-lang/crates-build-env/linux@sha256:2788e3201cd34a07e3172128adcd8b3090168a8e3bcc40d7c032b9dda1df7d1c" "/opt/rustwide/cargo-home/bin/cargo" "+beta-2023-12-22" "test" "--frozen", kill_on_drop: false }`
[INFO] [stdout] fb623dfa985e198e1859aafee0365e3b4c6312940b0ba6942937181edb77f051
[INFO] running `Command { std: "docker" "start" "-a" "fb623dfa985e198e1859aafee0365e3b4c6312940b0ba6942937181edb77f051", kill_on_drop: false }`
[INFO] [stderr] warning: anonymous parameters are deprecated and will be removed in the next edition
[INFO] [stderr]    --> src/babyjubjub/mod.rs:137:34
[INFO] [stderr]     |
[INFO] [stderr] 137 |     fn circuit_generators(&self, FixedGenerators) -> &[Vec<(E::Fr, E::Fr)>];
[INFO] [stderr]     |                                  ^^^^^^^^^^^^^^^ help: try naming the parameter or explicitly ignoring it: `_: FixedGenerators`
[INFO] [stderr]     |
[INFO] [stderr]     = warning: this is accepted in the current edition (Rust 2015) but is a hard error in Rust 2018!
[INFO] [stderr]     = note: for more information, see issue #41686 <https://github.com/rust-lang/rust/issues/41686>
[INFO] [stderr]     = note: `#[warn(anonymous_parameters)]` on by default
[INFO] [stderr] 
[INFO] [stderr] warning: anonymous parameters are deprecated and will be removed in the next edition
[INFO] [stderr]    --> src/jubjub/mod.rs:134:34
[INFO] [stderr]     |
[INFO] [stderr] 134 |     fn circuit_generators(&self, FixedGenerators) -> &[Vec<(E::Fr, E::Fr)>];
[INFO] [stderr]     |                                  ^^^^^^^^^^^^^^^ help: try naming the parameter or explicitly ignoring it: `_: FixedGenerators`
[INFO] [stderr]     |
[INFO] [stderr]     = warning: this is accepted in the current edition (Rust 2015) but is a hard error in Rust 2018!
[INFO] [stderr]     = note: for more information, see issue #41686 <https://github.com/rust-lang/rust/issues/41686>
[INFO] [stderr] 
[INFO] [stderr] warning: call to `.clone()` on a reference in this situation does nothing
[INFO] [stderr]    --> src/circuit/merkle.rs:150:39
[INFO] [stderr]     |
[INFO] [stderr] 150 |         for (i, direction_bit) in path.clone().into_iter()
[INFO] [stderr]     |                                       ^^^^^^^^ help: remove this redundant call
[INFO] [stderr]     |
[INFO] [stderr]     = note: the type `[Boolean]` does not implement `Clone`, so calling `clone` on `&[Boolean]` copies the reference, which does not do anything and can be removed
[INFO] [stderr]     = note: `#[warn(noop_method_call)]` on by default
[INFO] [stderr] 
[INFO] [stderr] warning: call to `.clone()` on a reference in this situation does nothing
[INFO] [stderr]    --> src/circuit/merkle.rs:205:39
[INFO] [stderr]     |
[INFO] [stderr] 205 |         for (i, direction_bit) in path.clone().into_iter()
[INFO] [stderr]     |                                       ^^^^^^^^ help: remove this redundant call
[INFO] [stderr]     |
[INFO] [stderr]     = note: the type `[Boolean]` does not implement `Clone`, so calling `clone` on `&[Boolean]` copies the reference, which does not do anything and can be removed
[INFO] [stderr] 
[INFO] [stderr] warning: call to `.clone()` on a reference in this situation does nothing
[INFO] [stderr]    --> src/circuit/merkle.rs:274:91
[INFO] [stderr]     |
[INFO] [stderr] 274 |             for (i, ((direction_bit_0, direction_bit_1), intersection_bit)) in path_bits_0.clone().into_iter()
[INFO] [stderr]     |                                                                                           ^^^^^^^^ help: remove this redundant call
[INFO] [stderr]     |
[INFO] [stderr]     = note: the type `[Boolean]` does not implement `Clone`, so calling `clone` on `&[Boolean]` copies the reference, which does not do anything and can be removed
[INFO] [stderr] 
[INFO] [stderr] warning: call to `.clone()` on a reference in this situation does nothing
[INFO] [stderr]    --> src/circuit/merkle.rs:275:109
[INFO] [stderr]     |
[INFO] [stderr] 275 | ...                   .zip(path_bits_1.clone().into_iter())
[INFO] [stderr]     |                                       ^^^^^^^^ help: remove this redundant call
[INFO] [stderr]     |
[INFO] [stderr]     = note: the type `[Boolean]` does not implement `Clone`, so calling `clone` on `&[Boolean]` copies the reference, which does not do anything and can be removed
[INFO] [stderr] 
[INFO] [stderr] warning: this method call resolves to `<&[T; N] as IntoIterator>::into_iter` (due to backwards compatibility), but will resolve to <[T; N] as IntoIterator>::into_iter in Rust 2021
[INFO] [stderr]    --> src/circuit/blake2s.rs:345:27
[INFO] [stderr]     |
[INFO] [stderr] 345 |         for b in expected.into_iter() {
[INFO] [stderr]     |                           ^^^^^^^^^
[INFO] [stderr]     |
[INFO] [stderr]     = warning: this changes meaning in Rust 2021
[INFO] [stderr]     = note: for more information, see <https://doc.rust-lang.org/nightly/edition-guide/rust-2021/IntoIterator-for-arrays.html>
[INFO] [stderr]     = note: `#[warn(array_into_iter)]` on by default
[INFO] [stderr] help: use `.iter()` instead of `.into_iter()` to avoid ambiguity
[INFO] [stderr]     |
[INFO] [stderr] 345 |         for b in expected.iter() {
[INFO] [stderr]     |                           ~~~~
[INFO] [stderr] help: or remove `.into_iter()` to iterate by value
[INFO] [stderr]     |
[INFO] [stderr] 345 -         for b in expected.into_iter() {
[INFO] [stderr] 345 +         for b in expected {
[INFO] [stderr]     |
[INFO] [stderr] 
[INFO] [stderr] warning: this method call resolves to `<&[T; N] as IntoIterator>::into_iter` (due to backwards compatibility), but will resolve to <[T; N] as IntoIterator>::into_iter in Rust 2021
[INFO] [stderr]    --> src/circuit/sha256.rs:333:27
[INFO] [stderr]     |
[INFO] [stderr] 333 |         for b in expected.into_iter() {
[INFO] [stderr]     |                           ^^^^^^^^^
[INFO] [stderr]     |
[INFO] [stderr]     = warning: this changes meaning in Rust 2021
[INFO] [stderr]     = note: for more information, see <https://doc.rust-lang.org/nightly/edition-guide/rust-2021/IntoIterator-for-arrays.html>
[INFO] [stderr] help: use `.iter()` instead of `.into_iter()` to avoid ambiguity
[INFO] [stderr]     |
[INFO] [stderr] 333 |         for b in expected.iter() {
[INFO] [stderr]     |                           ~~~~
[INFO] [stderr] help: or remove `.into_iter()` to iterate by value
[INFO] [stderr]     |
[INFO] [stderr] 333 -         for b in expected.into_iter() {
[INFO] [stderr] 333 +         for b in expected {
[INFO] [stderr]     |
[INFO] [stderr] 
[INFO] [stderr] warning: call to `.clone()` on a reference in this situation does nothing
[INFO] [stderr]    --> src/circuit/merkle.rs:150:39
[INFO] [stderr]     |
[INFO] [stderr] 150 |         for (i, direction_bit) in path.clone().into_iter()
[INFO] [stderr]     |                                       ^^^^^^^^ help: remove this redundant call
[INFO] [stderr]     |
[INFO] [stderr]     = note: the type `[boolean::Boolean]` does not implement `Clone`, so calling `clone` on `&[boolean::Boolean]` copies the reference, which does not do anything and can be removed
[INFO] [stderr]     = note: `#[warn(noop_method_call)]` on by default
[INFO] [stderr] 
[INFO] [stderr] warning: call to `.clone()` on a reference in this situation does nothing
[INFO] [stderr]    --> src/circuit/merkle.rs:205:39
[INFO] [stderr]     |
[INFO] [stderr] 205 |         for (i, direction_bit) in path.clone().into_iter()
[INFO] [stderr]     |                                       ^^^^^^^^ help: remove this redundant call
[INFO] [stderr]     |
[INFO] [stderr]     = note: the type `[boolean::Boolean]` does not implement `Clone`, so calling `clone` on `&[boolean::Boolean]` copies the reference, which does not do anything and can be removed
[INFO] [stderr] 
[INFO] [stderr] warning: call to `.clone()` on a reference in this situation does nothing
[INFO] [stderr]    --> src/circuit/merkle.rs:274:91
[INFO] [stderr]     |
[INFO] [stderr] 274 |             for (i, ((direction_bit_0, direction_bit_1), intersection_bit)) in path_bits_0.clone().into_iter()
[INFO] [stderr]     |                                                                                           ^^^^^^^^ help: remove this redundant call
[INFO] [stderr]     |
[INFO] [stderr]     = note: the type `[boolean::Boolean]` does not implement `Clone`, so calling `clone` on `&[boolean::Boolean]` copies the reference, which does not do anything and can be removed
[INFO] [stderr] 
[INFO] [stderr] warning: call to `.clone()` on a reference in this situation does nothing
[INFO] [stderr]    --> src/circuit/merkle.rs:275:109
[INFO] [stderr]     |
[INFO] [stderr] 275 | ...                   .zip(path_bits_1.clone().into_iter())
[INFO] [stderr]     |                                       ^^^^^^^^ help: remove this redundant call
[INFO] [stderr]     |
[INFO] [stderr]     = note: the type `[boolean::Boolean]` does not implement `Clone`, so calling `clone` on `&[boolean::Boolean]` copies the reference, which does not do anything and can be removed
[INFO] [stderr] 
[INFO] [stderr] warning: `sapling-crypto_ce` (lib) generated 6 warnings (run `cargo fix --lib -p sapling-crypto_ce` to apply 6 suggestions)
[INFO] [stderr] warning: `sapling-crypto_ce` (lib test) generated 8 warnings (2 duplicates) (run `cargo fix --lib -p sapling-crypto_ce --tests` to apply 6 suggestions)
[INFO] [stderr]     Finished test [unoptimized + debuginfo] target(s) in 0.04s
[INFO] [stderr]      Running unittests src/lib.rs (/opt/rustwide/target/debug/deps/sapling_crypto_ce-814998a0345e03a2)
[INFO] [stdout] 
[INFO] [stdout] running 214 tests
[INFO] [stdout] test alt_babyjubjub::fs::test_fs_is_valid ... ok
[INFO] [stdout] test alt_babyjubjub::fs::test_fs_double ... ok
[INFO] [stdout] test alt_babyjubjub::fs::test_fr_repr_add_nocarry ... ok
[INFO] [stdout] test alt_babyjubjub::fs::test_fs_add_assign ... ok
[INFO] [stdout] test alt_babyjubjub::fs::test_fs_num_bits ... ok
[INFO] [stdout] test alt_babyjubjub::fs::test_fs_negate ... ok
[INFO] [stdout] test alt_babyjubjub::fs::test_fs_repr_display ... ok
[INFO] [stdout] test alt_babyjubjub::fs::test_fs_repr_div2 ... ok
[INFO] [stdout] test alt_babyjubjub::fs::test_fs_repr_from ... ok
[INFO] [stdout] test alt_babyjubjub::fs::test_fs_repr_is_odd ... ok
[INFO] [stdout] test alt_babyjubjub::fs::test_fs_repr_is_zero ... ok
[INFO] [stdout] test alt_babyjubjub::fs::test_fs_repr_mul2 ... ok
[INFO] [stdout] test alt_babyjubjub::fs::test_fs_repr_num_bits ... ok
[INFO] [stdout] test alt_babyjubjub::fs::test_fs_repr_ordering ... ok
[INFO] [stdout] test alt_babyjubjub::fs::test_fs_repr_shr ... ok
[INFO] [stdout] test alt_babyjubjub::fs::test_fs_repr_sub_noborrow ... ok
[INFO] [stdout] test alt_babyjubjub::fs::test_fs_root_of_unity ... ok
[INFO] [stdout] test alt_babyjubjub::fs::test_fs_display ... FAILED
[INFO] [stdout] test alt_babyjubjub::fs::test_fs_from_into_repr ... FAILED
[INFO] [stdout] test alt_babyjubjub::fs::test_fs_legendre ... FAILED
[INFO] [stdout] test alt_babyjubjub::fs::test_fs_sub_assign ... ok
[INFO] [stdout] test alt_babyjubjub::fs::test_neg_one ... ok
[INFO] [stdout] test alt_babyjubjub::fs::test_fs_sqrt ... FAILED
[INFO] [stdout] test alt_babyjubjub::fs::test_fs_inverse ... ok
[INFO] [stdout] test as_waksman::test_aswaksman ... ok
[INFO] [stdout] test as_waksman::test_back_and_forward_pass ... ok
[INFO] [stdout] test as_waksman::test_forward_pass ... ok
[INFO] [stdout] test alt_babyjubjub::fs::test_fs_pow ... ok
[INFO] [stdout] test as_waksman::test_trivial_permutations ... ok
[INFO] [stdout] test alt_babyjubjub::fs::test_fr_squaring ... ok
[INFO] [stdout] test babyjubjub::fs::test_fr_repr_add_nocarry ... ok
[INFO] [stdout] test alt_babyjubjub::pretty_print_params_for_blake ... ok
[INFO] [stdout] test babyjubjub::fs::test_fs_add_assign ... ok
[INFO] [stdout] test babyjubjub::fs::test_fs_display ... FAILED
[INFO] [stdout] test babyjubjub::fs::test_fs_double ... ok
[INFO] [stdout] test babyjubjub::fs::test_fs_from_into_repr ... FAILED
[INFO] [stdout] test alt_babyjubjub::pretty_print_params_for_keccak ... ok
[INFO] [stdout] test babyjubjub::fs::test_fs_is_valid ... ok
[INFO] [stdout] test babyjubjub::fs::test_fs_legendre ... FAILED
[INFO] [stdout] test babyjubjub::fs::test_fs_inverse ... ok
[INFO] [stdout] test babyjubjub::fs::test_fs_negate ... ok
[INFO] [stdout] test babyjubjub::fs::test_fs_num_bits ... ok
[INFO] [stdout] test babyjubjub::fs::test_fs_pow ... ok
[INFO] [stdout] test babyjubjub::fs::test_fs_repr_display ... ok
[INFO] [stdout] test babyjubjub::fs::test_fs_repr_div2 ... ok
[INFO] [stdout] test babyjubjub::fs::test_fs_repr_from ... ok
[INFO] [stdout] test babyjubjub::fs::test_fs_repr_is_odd ... ok
[INFO] [stdout] test babyjubjub::fs::test_fs_repr_is_zero ... ok
[INFO] [stdout] test babyjubjub::fs::test_fs_repr_mul2 ... ok
[INFO] [stdout] test babyjubjub::fs::test_fs_repr_num_bits ... ok
[INFO] [stdout] test babyjubjub::fs::test_fs_repr_ordering ... ok
[INFO] [stdout] test babyjubjub::fs::test_fs_repr_shr ... ok
[INFO] [stdout] test babyjubjub::fs::test_fs_repr_sub_noborrow ... ok
[INFO] [stdout] test babyjubjub::fs::test_fs_root_of_unity ... ok
[INFO] [stdout] test babyjubjub::fs::test_fs_sqrt ... FAILED
[INFO] [stdout] test babyjubjub::fs::test_fs_sub_assign ... ok
[INFO] [stdout] test babyjubjub::fs::test_neg_one ... ok
[INFO] [stdout] test babyjubjub::fs::test_fr_squaring ... ok
[INFO] [stdout] test alt_babyjubjub::test_generic_params ... ok
[INFO] [stdout] test babyjubjub::test_params ... ok
[INFO] [stdout] test alt_babyjubjub::fs::test_fs_mul_assign ... ok
[INFO] [stdout] test babyjubjub::fs::test_fs_mul_assign ... ok
[INFO] [stdout] test circuit::baby_ecc::test::test_conditionally_select ... ok
[INFO] [stdout] test circuit::baby_ecc::test::test_edwards_addition ... ok
[INFO] [stdout] test circuit::baby_ecc::test::test_edwards_doubling ... ok
[INFO] [stdout] test circuit::baby_ecc::test::test_edwards_fixed_base_multiplication ... ok
[INFO] [stdout] test circuit::baby_ecc::test::test_interpret ... ok
[INFO] [stdout] test circuit::baby_ecc::test::test_into_edwards ... ok
[INFO] [stdout] test circuit::baby_ecc::test::test_montgomery_addition ... ok
[INFO] [stdout] test circuit::baby_eddsa::test::test_schnorr_signatures ... ok
[INFO] [stdout] test circuit::baby_eddsa::test::test_valid_musig_signatures ... ok
[INFO] [stdout] test as_waksman::test_routing_for_permutation ... ok
[INFO] [stdout] test circuit::baby_eddsa::test::test_valid_raw_message_signatures ... ok
[INFO] [stdout] test circuit::baby_pedersen_hash::test::test_pedersen_hash_constraints ... FAILED
[INFO] [stdout] test circuit::baby_ecc::test::test_edwards_multiplication ... ok
[INFO] [stdout] test circuit::blake2s::test::test_blake2s_constant_constraints ... ok
[INFO] [stdout] test circuit::blake2s::test::test_blake2s_constraints ... ok
[INFO] [stdout] test circuit::blake2s::test::test_blake2s_precomp_constraints ... ok
[INFO] [stdout] test circuit::blake2s::test::test_blank_hash ... ok
[INFO] [stdout] test circuit::boolean::test::test_allocated_bit ... ok
[INFO] [stdout] test circuit::boolean::test::test_and ... ok
[INFO] [stdout] test circuit::boolean::test::test_and_not ... ok
[INFO] [stdout] test circuit::boolean::test::test_boolean_and ... ok
[INFO] [stdout] test circuit::boolean::test::test_boolean_negation ... ok
[INFO] [stdout] test circuit::boolean::test::test_boolean_sha256_ch ... ok
[INFO] [stdout] test circuit::boolean::test::test_boolean_sha256_maj ... ok
[INFO] [stdout] test circuit::boolean::test::test_boolean_xor ... ok
[INFO] [stdout] test circuit::boolean::test::test_enforce_equal ... ok
[INFO] [stdout] test circuit::boolean::test::test_field_into_allocated_bits_le ... ok
[INFO] [stdout] test circuit::boolean::test::test_nor ... ok
[INFO] [stdout] test circuit::boolean::test::test_u64_into_boolean_vec_le ... ok
[INFO] [stdout] test circuit::boolean::test::test_xor ... ok
[INFO] [stdout] test circuit::ecc::baby_test::test_conditionally_select ... ok
[INFO] [stdout] test circuit::as_waksman::test::test_as_waksman_gadget_negative ... ok
[INFO] [stdout] test circuit::ecc::baby_test::test_edwards_addition ... ok
[INFO] [stdout] test circuit::as_waksman::test::test_as_waksman_gadget_positive ... ok
[INFO] [stdout] test circuit::ecc::baby_test::test_edwards_doubling ... ok
[INFO] [stdout] test alt_babyjubjub::test_jubjub_altbn256 has been running for over 60 seconds
[INFO] [stdout] test as_waksman::test_uniformity has been running for over 60 seconds
[INFO] [stdout] test babyjubjub::test_jubjub_bn256 has been running for over 60 seconds
[INFO] [stdout] test circuit::ecc::baby_test::test_interpret ... ok
[INFO] [stdout] test circuit::ecc::baby_test::test_into_edwards ... ok
[INFO] [stdout] test circuit::ecc::baby_test::test_montgomery_addition ... ok
[INFO] [stdout] test circuit::ecc::baby_test::test_edwards_fixed_base_multiplication ... ok
[INFO] [stdout] test circuit::ecc::test::test_edwards_addition ... ok
[INFO] [stdout] test circuit::ecc::test::test_conditionally_select ... ok
[INFO] [stdout] test circuit::ecc::test::test_edwards_doubling ... ok
[INFO] [stdout] test circuit::ecc::test::test_edwards_fixed_base_multiplication ... ok
[INFO] [stdout] test circuit::ecc::test::test_interpret ... ok
[INFO] [stdout] test circuit::ecc::test::test_into_edwards ... ok
[INFO] [stdout] test circuit::baby_pedersen_hash::test::test_pedersen_hash has been running for over 60 seconds
[INFO] [stdout] test circuit::ecc::test::test_montgomery_addition ... ok
[INFO] [stdout] test circuit::float_point::test_encoding ... ok
[INFO] [stdout] test circuit::float_point::test_encoding_powers_of_two ... ok
[INFO] [stdout] test circuit::float_point::test_encoding_small_numbers ... ok
[INFO] [stdout] test circuit::float_point::test_encoding_specific ... ok
[INFO] [stdout] test circuit::float_point::test_parsing ... ok
[INFO] [stdout] test circuit::lookup::test::test_lookup3_xy ... ok
[INFO] [stdout] test circuit::lookup::test::test_lookup3_xy_with_conditional_negation ... ok
[INFO] [stdout] test circuit::lookup::test::test_synth ... ok
[INFO] [stdout] test circuit::merkle::test_poseidon_quartic_tree ... ok
[INFO] [stdout] test circuit::blake2s::test::test_blake2s has been running for over 60 seconds
[INFO] [stdout] test circuit::ecc::baby_test::test_edwards_multiplication ... ok
[INFO] [stdout] test circuit::num::test::test_allocated_num ... ok
[INFO] [stdout] test circuit::multipack::test_multipacking ... ok
[INFO] [stdout] test circuit::num::test::test_into_bits_strict ... ok
[INFO] [stdout] test circuit::num::test::test_limit_number_of_bits ... ok
[INFO] [stdout] test circuit::num::test::test_limit_number_of_bits_error ... ok
[INFO] [stdout] test circuit::num::test::test_num_conditional_reversal ... ok
[INFO] [stdout] test circuit::num::test::test_num_conditional_select ... ok
[INFO] [stdout] test circuit::num::test::test_num_equals ... ok
[INFO] [stdout] test circuit::num::test::test_num_multiplication ... ok
[INFO] [stdout] test circuit::num::test::test_num_nonzero ... ok
[INFO] [stdout] test circuit::num::test::test_num_squaring ... ok
[INFO] [stdout] test circuit::ecc::test::test_edwards_multiplication ... ok
[INFO] [stdout] test circuit::pedersen_hash::baby_test::test_baby_pedersen_hash_constraints ... ok
[INFO] [stdout] test circuit::blake2s::test::test_blake2s ... ok
[INFO] [stdout] test circuit::pedersen_hash::test::test_pedersen_hash_constraints ... ok
[INFO] [stdout] test circuit::poseidon_hash::test::test_poseidon_hash_gadget ... ok
[INFO] [stdout] test circuit::poseidon_hash::test::test_poseidon_mimc_gadget ... ok
[INFO] [stdout] test alt_babyjubjub::test_jubjub_altbn256 ... ok
[INFO] [stdout] test babyjubjub::test_jubjub_bn256 ... ok
[INFO] [stdout] test circuit::num::test::test_into_bits has been running for over 60 seconds
[INFO] [stdout] test circuit::pedersen_hash::baby_test::test_baby_pedersen_hash has been running for over 60 seconds
[INFO] [stdout] test circuit::pedersen_hash::test::test_pedersen_hash has been running for over 60 seconds
[INFO] [stdout] test circuit::sapling::test_input_circuit_with_bls12_381 has been running for over 60 seconds
[INFO] [stdout] test circuit::sapling::test_output_circuit_with_bls12_381 has been running for over 60 seconds
[INFO] [stdout] test circuit::sha256::test::test_against_vectors has been running for over 60 seconds
[INFO] [stdout] test circuit::sha256::test::test_against_vectors ... ok
[INFO] [stdout] test circuit::sha256::test::test_blank_hash ... ok
[INFO] [stdout] test circuit::sha256::test::test_full_block ... ok
[INFO] [stdout] test circuit::sapling::test_input_circuit_with_bls12_381 ... ok
[INFO] [stdout] test circuit::test::test_cs ... ok
[INFO] [stdout] test circuit::sapling::test_output_circuit_with_bls12_381 ... ok
[INFO] [stdout] test circuit::uint32::test::test_uint32_addmany_constants ... ok
[INFO] [stdout] test circuit::uint32::test::test_uint32_from_bits ... ok
[INFO] [stdout] test circuit::uint32::test::test_uint32_from_bits_be ... ok
[INFO] [stdout] test circuit::uint32::test::test_uint32_rotr ... ok
[INFO] [stdout] test circuit::uint32::test::test_uint32_addmany ... ok
[INFO] [stdout] test circuit::uint32::test::test_uint32_sha256_ch ... ok
[INFO] [stdout] test circuit::uint32::test::test_uint32_shr ... FAILED
[INFO] [stdout] test circuit::uint32::test::test_uint32_sha256_maj ... ok
[INFO] [stdout] test circuit::uint32::test::test_uint32_xor ... ok
[INFO] [stdout] test eddsa::baby_tests::cofactor_check ... ok
[INFO] [stdout] test eddsa::baby_tests::get_generator_for_signatures ... ok
[INFO] [stdout] test circuit::num::test::test_into_bits ... ok
[INFO] [stderr] error: test failed, to rerun pass `--lib`
[INFO] [stderr] 
[INFO] [stderr] Caused by:
[INFO] [stderr]   process didn't exit successfully: `/opt/rustwide/target/debug/deps/sapling_crypto_ce-814998a0345e03a2` (signal: 9, SIGKILL: kill)
[INFO] running `Command { std: "docker" "inspect" "fb623dfa985e198e1859aafee0365e3b4c6312940b0ba6942937181edb77f051", kill_on_drop: false }`
[INFO] running `Command { std: "docker" "rm" "-f" "fb623dfa985e198e1859aafee0365e3b4c6312940b0ba6942937181edb77f051", kill_on_drop: false }`
[INFO] [stdout] fb623dfa985e198e1859aafee0365e3b4c6312940b0ba6942937181edb77f051
