[INFO] fetching crate sample_adder_topanisto 0.1.0...
[INFO] testing sample_adder_topanisto-0.1.0 against 1.75.0 for beta-1.76-1
[INFO] extracting crate sample_adder_topanisto 0.1.0 into /workspace/builds/worker-6-tc1/source
[INFO] validating manifest of crates.io crate sample_adder_topanisto 0.1.0 on toolchain 1.75.0
[INFO] running `Command { std: CARGO_HOME="/workspace/cargo-home" RUSTUP_HOME="/workspace/rustup-home" "/workspace/cargo-home/bin/cargo" "+1.75.0" "metadata" "--manifest-path" "Cargo.toml" "--no-deps", kill_on_drop: false }`
[INFO] started tweaking crates.io crate sample_adder_topanisto 0.1.0
[INFO] finished tweaking crates.io crate sample_adder_topanisto 0.1.0
[INFO] tweaked toml for crates.io crate sample_adder_topanisto 0.1.0 written to /workspace/builds/worker-6-tc1/source/Cargo.toml
[INFO] running `Command { std: CARGO_HOME="/workspace/cargo-home" RUSTUP_HOME="/workspace/rustup-home" "/workspace/cargo-home/bin/cargo" "+1.75.0" "generate-lockfile" "--manifest-path" "Cargo.toml", kill_on_drop: false }`
[INFO] running `Command { std: CARGO_HOME="/workspace/cargo-home" RUSTUP_HOME="/workspace/rustup-home" "/workspace/cargo-home/bin/cargo" "+1.75.0" "fetch" "--manifest-path" "Cargo.toml", kill_on_drop: false }`
[INFO] running `Command { std: "docker" "create" "-v" "/var/lib/crater-agent-workspace/builds/worker-6-tc1/target:/opt/rustwide/target:rw,Z" "-v" "/var/lib/crater-agent-workspace/builds/worker-6-tc1/source:/opt/rustwide/workdir:ro,Z" "-v" "/var/lib/crater-agent-workspace/cargo-home:/opt/rustwide/cargo-home:ro,Z" "-v" "/var/lib/crater-agent-workspace/rustup-home:/opt/rustwide/rustup-home:ro,Z" "-e" "SOURCE_DIR=/opt/rustwide/workdir" "-e" "CARGO_TARGET_DIR=/opt/rustwide/target" "-e" "CARGO_HOME=/opt/rustwide/cargo-home" "-e" "RUSTUP_HOME=/opt/rustwide/rustup-home" "-w" "/opt/rustwide/workdir" "-m" "1610612736" "--user" "0:0" "--network" "none" "ghcr.io/rust-lang/crates-build-env/linux@sha256:2788e3201cd34a07e3172128adcd8b3090168a8e3bcc40d7c032b9dda1df7d1c" "/opt/rustwide/cargo-home/bin/cargo" "+1.75.0" "metadata" "--no-deps" "--format-version=1", kill_on_drop: false }`
[INFO] [stdout] 68220cfac92eb817f51101f0d00665f1c4bbd9705463fae3e41e10081c5a5277
[INFO] running `Command { std: "docker" "start" "-a" "68220cfac92eb817f51101f0d00665f1c4bbd9705463fae3e41e10081c5a5277", kill_on_drop: false }`
[INFO] running `Command { std: "docker" "inspect" "68220cfac92eb817f51101f0d00665f1c4bbd9705463fae3e41e10081c5a5277", kill_on_drop: false }`
[INFO] running `Command { std: "docker" "rm" "-f" "68220cfac92eb817f51101f0d00665f1c4bbd9705463fae3e41e10081c5a5277", kill_on_drop: false }`
[INFO] [stdout] 68220cfac92eb817f51101f0d00665f1c4bbd9705463fae3e41e10081c5a5277
[INFO] running `Command { std: "docker" "create" "-v" "/var/lib/crater-agent-workspace/builds/worker-6-tc1/target:/opt/rustwide/target:rw,Z" "-v" "/var/lib/crater-agent-workspace/builds/worker-6-tc1/source:/opt/rustwide/workdir:ro,Z" "-v" "/var/lib/crater-agent-workspace/cargo-home:/opt/rustwide/cargo-home:ro,Z" "-v" "/var/lib/crater-agent-workspace/rustup-home:/opt/rustwide/rustup-home:ro,Z" "-e" "SOURCE_DIR=/opt/rustwide/workdir" "-e" "CARGO_TARGET_DIR=/opt/rustwide/target" "-e" "CARGO_INCREMENTAL=0" "-e" "RUST_BACKTRACE=full" "-e" "RUSTFLAGS=--cap-lints=warn" "-e" "RUSTDOCFLAGS=--cap-lints=warn" "-e" "CARGO_HOME=/opt/rustwide/cargo-home" "-e" "RUSTUP_HOME=/opt/rustwide/rustup-home" "-w" "/opt/rustwide/workdir" "-m" "1610612736" "--user" "0:0" "--network" "none" "ghcr.io/rust-lang/crates-build-env/linux@sha256:2788e3201cd34a07e3172128adcd8b3090168a8e3bcc40d7c032b9dda1df7d1c" "/opt/rustwide/cargo-home/bin/cargo" "+1.75.0" "build" "--frozen" "--message-format=json", kill_on_drop: false }`
[INFO] [stdout] 944411d302a4f142f6266d512126a17cda929e4728c28ab12defed369972c8d4
[INFO] running `Command { std: "docker" "start" "-a" "944411d302a4f142f6266d512126a17cda929e4728c28ab12defed369972c8d4", kill_on_drop: false }`
[INFO] [stderr]    Compiling sample_adder_topanisto v0.1.0 (/opt/rustwide/workdir)
[INFO] [stderr]     Finished dev [unoptimized + debuginfo] target(s) in 0.05s
[INFO] running `Command { std: "docker" "inspect" "944411d302a4f142f6266d512126a17cda929e4728c28ab12defed369972c8d4", kill_on_drop: false }`
[INFO] running `Command { std: "docker" "rm" "-f" "944411d302a4f142f6266d512126a17cda929e4728c28ab12defed369972c8d4", kill_on_drop: false }`
[INFO] [stdout] 944411d302a4f142f6266d512126a17cda929e4728c28ab12defed369972c8d4
[INFO] running `Command { std: "docker" "create" "-v" "/var/lib/crater-agent-workspace/builds/worker-6-tc1/target:/opt/rustwide/target:rw,Z" "-v" "/var/lib/crater-agent-workspace/builds/worker-6-tc1/source:/opt/rustwide/workdir:ro,Z" "-v" "/var/lib/crater-agent-workspace/cargo-home:/opt/rustwide/cargo-home:ro,Z" "-v" "/var/lib/crater-agent-workspace/rustup-home:/opt/rustwide/rustup-home:ro,Z" "-e" "SOURCE_DIR=/opt/rustwide/workdir" "-e" "CARGO_TARGET_DIR=/opt/rustwide/target" "-e" "CARGO_INCREMENTAL=0" "-e" "RUST_BACKTRACE=full" "-e" "RUSTFLAGS=--cap-lints=warn" "-e" "RUSTDOCFLAGS=--cap-lints=warn" "-e" "CARGO_HOME=/opt/rustwide/cargo-home" "-e" "RUSTUP_HOME=/opt/rustwide/rustup-home" "-w" "/opt/rustwide/workdir" "-m" "1610612736" "--user" "0:0" "--network" "none" "ghcr.io/rust-lang/crates-build-env/linux@sha256:2788e3201cd34a07e3172128adcd8b3090168a8e3bcc40d7c032b9dda1df7d1c" "/opt/rustwide/cargo-home/bin/cargo" "+1.75.0" "test" "--frozen" "--no-run" "--message-format=json", kill_on_drop: false }`
[INFO] [stdout] 49c71c51a5d60034f9269380a4881cead84bbf41a9e11a2e942a4d7e69d9fb36
[INFO] running `Command { std: "docker" "start" "-a" "49c71c51a5d60034f9269380a4881cead84bbf41a9e11a2e942a4d7e69d9fb36", kill_on_drop: false }`
[INFO] [stderr]    Compiling sample_adder_topanisto v0.1.0 (/opt/rustwide/workdir)
[INFO] [stderr]     Finished test [unoptimized + debuginfo] target(s) in 0.50s
[INFO] running `Command { std: "docker" "inspect" "49c71c51a5d60034f9269380a4881cead84bbf41a9e11a2e942a4d7e69d9fb36", kill_on_drop: false }`
[INFO] running `Command { std: "docker" "rm" "-f" "49c71c51a5d60034f9269380a4881cead84bbf41a9e11a2e942a4d7e69d9fb36", kill_on_drop: false }`
[INFO] [stdout] 49c71c51a5d60034f9269380a4881cead84bbf41a9e11a2e942a4d7e69d9fb36
[INFO] running `Command { std: "docker" "create" "-v" "/var/lib/crater-agent-workspace/builds/worker-6-tc1/target:/opt/rustwide/target:rw,Z" "-v" "/var/lib/crater-agent-workspace/builds/worker-6-tc1/source:/opt/rustwide/workdir:ro,Z" "-v" "/var/lib/crater-agent-workspace/cargo-home:/opt/rustwide/cargo-home:ro,Z" "-v" "/var/lib/crater-agent-workspace/rustup-home:/opt/rustwide/rustup-home:ro,Z" "-e" "SOURCE_DIR=/opt/rustwide/workdir" "-e" "CARGO_TARGET_DIR=/opt/rustwide/target" "-e" "CARGO_INCREMENTAL=0" "-e" "RUST_BACKTRACE=full" "-e" "RUSTFLAGS=--cap-lints=warn" "-e" "RUSTDOCFLAGS=--cap-lints=warn" "-e" "CARGO_HOME=/opt/rustwide/cargo-home" "-e" "RUSTUP_HOME=/opt/rustwide/rustup-home" "-w" "/opt/rustwide/workdir" "-m" "1610612736" "--user" "0:0" "--network" "none" "ghcr.io/rust-lang/crates-build-env/linux@sha256:2788e3201cd34a07e3172128adcd8b3090168a8e3bcc40d7c032b9dda1df7d1c" "/opt/rustwide/cargo-home/bin/cargo" "+1.75.0" "test" "--frozen", kill_on_drop: false }`
[INFO] [stdout] e4961d21cd922a06db56389eb6724006710b9bd36702aa54438f8622d9ecb1aa
[INFO] running `Command { std: "docker" "start" "-a" "e4961d21cd922a06db56389eb6724006710b9bd36702aa54438f8622d9ecb1aa", kill_on_drop: false }`
[INFO] [stderr]     Finished test [unoptimized + debuginfo] target(s) in 0.00s
[INFO] [stderr]      Running unittests src/lib.rs (/opt/rustwide/target/debug/deps/sample_adder_topanisto-50a6ea23b00c008e)
[INFO] [stdout] 
[INFO] [stdout] running 3 tests
[INFO] [stdout] test tests::add_100 ... ignored
[INFO] [stdout] test tests::add_3 ... ok
[INFO] [stdout] test tests::add_2 ... ok
[INFO] [stdout] 
[INFO] [stdout] test result: ok. 2 passed; 0 failed; 1 ignored; 0 measured; 0 filtered out; finished in 0.01s
[INFO] [stdout] 
[INFO] [stderr]      Running tests/integration_test.rs (/opt/rustwide/target/debug/deps/integration_test-2da7aa7e8006bd8c)
[INFO] [stdout] 
[INFO] [stdout] running 1 test
[INFO] [stdout] test it_adds_two ... ok
[INFO] [stdout] 
[INFO] [stdout] test result: ok. 1 passed; 0 failed; 0 ignored; 0 measured; 0 filtered out; finished in 0.01s
[INFO] [stdout] 
[INFO] [stderr]    Doc-tests sample_adder_topanisto
[INFO] [stdout] 
[INFO] [stdout] running 1 test
[INFO] [stderr] error: doctest failed, to rerun pass `--doc`
[INFO] [stdout] test src/lib.rs - add_two (line 9) ... FAILED
[INFO] [stdout] 
[INFO] [stdout] failures:
[INFO] [stdout] 
[INFO] [stdout] ---- src/lib.rs - add_two (line 9) stdout ----
[INFO] [stdout] error[E0433]: failed to resolve: use of undeclared crate or module `adder`
[INFO] [stdout]  --> src/lib.rs:11:14
[INFO] [stdout]   |
[INFO] [stdout] 4 | let answer = adder::add_two(arg);
[INFO] [stdout]   |              ^^^^^ use of undeclared crate or module `adder`
[INFO] [stdout] 
[INFO] [stdout] error: aborting due to previous error
[INFO] [stdout] 
[INFO] [stdout] For more information about this error, try `rustc --explain E0433`.
[INFO] [stdout] Couldn't compile the test.
[INFO] [stdout] 
[INFO] [stdout] failures:
[INFO] [stdout]     src/lib.rs - add_two (line 9)
[INFO] [stdout] 
[INFO] [stdout] test result: FAILED. 0 passed; 1 failed; 0 ignored; 0 measured; 0 filtered out; finished in 0.07s
[INFO] [stdout] 
[INFO] running `Command { std: "docker" "inspect" "e4961d21cd922a06db56389eb6724006710b9bd36702aa54438f8622d9ecb1aa", kill_on_drop: false }`
[INFO] running `Command { std: "docker" "rm" "-f" "e4961d21cd922a06db56389eb6724006710b9bd36702aa54438f8622d9ecb1aa", kill_on_drop: false }`
[INFO] [stdout] e4961d21cd922a06db56389eb6724006710b9bd36702aa54438f8622d9ecb1aa
