[INFO] fetching crate safe-proc-macro2 1.0.67...
[INFO] testing safe-proc-macro2-1.0.67 against 1.75.0 for beta-1.76-1
[INFO] extracting crate safe-proc-macro2 1.0.67 into /workspace/builds/worker-5-tc1/source
[INFO] validating manifest of crates.io crate safe-proc-macro2 1.0.67 on toolchain 1.75.0
[INFO] running `Command { std: CARGO_HOME="/workspace/cargo-home" RUSTUP_HOME="/workspace/rustup-home" "/workspace/cargo-home/bin/cargo" "+1.75.0" "metadata" "--manifest-path" "Cargo.toml" "--no-deps", kill_on_drop: false }`
[INFO] removed /workspace/builds/worker-5-tc1/source/rust-toolchain.toml
[INFO] started tweaking crates.io crate safe-proc-macro2 1.0.67
[INFO] finished tweaking crates.io crate safe-proc-macro2 1.0.67
[INFO] tweaked toml for crates.io crate safe-proc-macro2 1.0.67 written to /workspace/builds/worker-5-tc1/source/Cargo.toml
[INFO] running `Command { std: CARGO_HOME="/workspace/cargo-home" RUSTUP_HOME="/workspace/rustup-home" "/workspace/cargo-home/bin/cargo" "+1.75.0" "generate-lockfile" "--manifest-path" "Cargo.toml", kill_on_drop: false }`
[INFO] [stderr]     Updating crates.io index
[INFO] running `Command { std: CARGO_HOME="/workspace/cargo-home" RUSTUP_HOME="/workspace/rustup-home" "/workspace/cargo-home/bin/cargo" "+1.75.0" "fetch" "--manifest-path" "Cargo.toml", kill_on_drop: false }`
[INFO] [stderr]  Downloading crates ...
[INFO] [stderr]   Downloaded safe-proc-macro2 v1.0.67
[INFO] [stderr]   Downloaded safe-quote v1.0.15
[INFO] running `Command { std: "docker" "create" "-v" "/var/lib/crater-agent-workspace/builds/worker-5-tc1/target:/opt/rustwide/target:rw,Z" "-v" "/var/lib/crater-agent-workspace/builds/worker-5-tc1/source:/opt/rustwide/workdir:ro,Z" "-v" "/var/lib/crater-agent-workspace/cargo-home:/opt/rustwide/cargo-home:ro,Z" "-v" "/var/lib/crater-agent-workspace/rustup-home:/opt/rustwide/rustup-home:ro,Z" "-e" "SOURCE_DIR=/opt/rustwide/workdir" "-e" "CARGO_TARGET_DIR=/opt/rustwide/target" "-e" "CARGO_HOME=/opt/rustwide/cargo-home" "-e" "RUSTUP_HOME=/opt/rustwide/rustup-home" "-w" "/opt/rustwide/workdir" "-m" "1610612736" "--user" "0:0" "--network" "none" "ghcr.io/rust-lang/crates-build-env/linux@sha256:2788e3201cd34a07e3172128adcd8b3090168a8e3bcc40d7c032b9dda1df7d1c" "/opt/rustwide/cargo-home/bin/cargo" "+1.75.0" "metadata" "--no-deps" "--format-version=1", kill_on_drop: false }`
[INFO] [stdout] 800a721fb05c952ac41f13c992645b28e461a7f0469f70d5e5a6977b5b268e9c
[INFO] running `Command { std: "docker" "start" "-a" "800a721fb05c952ac41f13c992645b28e461a7f0469f70d5e5a6977b5b268e9c", kill_on_drop: false }`
[INFO] running `Command { std: "docker" "inspect" "800a721fb05c952ac41f13c992645b28e461a7f0469f70d5e5a6977b5b268e9c", kill_on_drop: false }`
[INFO] running `Command { std: "docker" "rm" "-f" "800a721fb05c952ac41f13c992645b28e461a7f0469f70d5e5a6977b5b268e9c", kill_on_drop: false }`
[INFO] [stdout] 800a721fb05c952ac41f13c992645b28e461a7f0469f70d5e5a6977b5b268e9c
[INFO] running `Command { std: "docker" "create" "-v" "/var/lib/crater-agent-workspace/builds/worker-5-tc1/target:/opt/rustwide/target:rw,Z" "-v" "/var/lib/crater-agent-workspace/builds/worker-5-tc1/source:/opt/rustwide/workdir:ro,Z" "-v" "/var/lib/crater-agent-workspace/cargo-home:/opt/rustwide/cargo-home:ro,Z" "-v" "/var/lib/crater-agent-workspace/rustup-home:/opt/rustwide/rustup-home:ro,Z" "-e" "SOURCE_DIR=/opt/rustwide/workdir" "-e" "CARGO_TARGET_DIR=/opt/rustwide/target" "-e" "CARGO_INCREMENTAL=0" "-e" "RUST_BACKTRACE=full" "-e" "RUSTFLAGS=--cap-lints=warn" "-e" "RUSTDOCFLAGS=--cap-lints=warn" "-e" "CARGO_HOME=/opt/rustwide/cargo-home" "-e" "RUSTUP_HOME=/opt/rustwide/rustup-home" "-w" "/opt/rustwide/workdir" "-m" "1610612736" "--user" "0:0" "--network" "none" "ghcr.io/rust-lang/crates-build-env/linux@sha256:2788e3201cd34a07e3172128adcd8b3090168a8e3bcc40d7c032b9dda1df7d1c" "/opt/rustwide/cargo-home/bin/cargo" "+1.75.0" "build" "--frozen" "--message-format=json", kill_on_drop: false }`
[INFO] [stdout] a3f1bb78db601a8b7280ae9f10af1dbd246a340bbf6273802f343f7ae79b7ce0
[INFO] running `Command { std: "docker" "start" "-a" "a3f1bb78db601a8b7280ae9f10af1dbd246a340bbf6273802f343f7ae79b7ce0", kill_on_drop: false }`
[INFO] [stderr]    Compiling safe-proc-macro2 v1.0.67 (/opt/rustwide/workdir)
[INFO] [stderr]    Compiling unicode-ident v1.0.12
[INFO] [stderr]     Finished dev [unoptimized + debuginfo] target(s) in 0.76s
[INFO] running `Command { std: "docker" "inspect" "a3f1bb78db601a8b7280ae9f10af1dbd246a340bbf6273802f343f7ae79b7ce0", kill_on_drop: false }`
[INFO] running `Command { std: "docker" "rm" "-f" "a3f1bb78db601a8b7280ae9f10af1dbd246a340bbf6273802f343f7ae79b7ce0", kill_on_drop: false }`
[INFO] [stdout] a3f1bb78db601a8b7280ae9f10af1dbd246a340bbf6273802f343f7ae79b7ce0
[INFO] running `Command { std: "docker" "create" "-v" "/var/lib/crater-agent-workspace/builds/worker-5-tc1/target:/opt/rustwide/target:rw,Z" "-v" "/var/lib/crater-agent-workspace/builds/worker-5-tc1/source:/opt/rustwide/workdir:ro,Z" "-v" "/var/lib/crater-agent-workspace/cargo-home:/opt/rustwide/cargo-home:ro,Z" "-v" "/var/lib/crater-agent-workspace/rustup-home:/opt/rustwide/rustup-home:ro,Z" "-e" "SOURCE_DIR=/opt/rustwide/workdir" "-e" "CARGO_TARGET_DIR=/opt/rustwide/target" "-e" "CARGO_INCREMENTAL=0" "-e" "RUST_BACKTRACE=full" "-e" "RUSTFLAGS=--cap-lints=warn" "-e" "RUSTDOCFLAGS=--cap-lints=warn" "-e" "CARGO_HOME=/opt/rustwide/cargo-home" "-e" "RUSTUP_HOME=/opt/rustwide/rustup-home" "-w" "/opt/rustwide/workdir" "-m" "1610612736" "--user" "0:0" "--network" "none" "ghcr.io/rust-lang/crates-build-env/linux@sha256:2788e3201cd34a07e3172128adcd8b3090168a8e3bcc40d7c032b9dda1df7d1c" "/opt/rustwide/cargo-home/bin/cargo" "+1.75.0" "test" "--frozen" "--no-run" "--message-format=json", kill_on_drop: false }`
[INFO] [stdout] 36723ca2913901922a7e17efa55327706e1a7dd4cd221d490dd9768bcecb431e
[INFO] running `Command { std: "docker" "start" "-a" "36723ca2913901922a7e17efa55327706e1a7dd4cd221d490dd9768bcecb431e", kill_on_drop: false }`
[INFO] [stderr]    Compiling safe-proc-macro2 v1.0.67
[INFO] [stderr]    Compiling rustversion v1.0.14
[INFO] [stderr]    Compiling safe-quote v1.0.15
[INFO] [stderr]    Compiling safe-proc-macro2 v1.0.67 (/opt/rustwide/workdir)
[INFO] [stderr]     Finished test [unoptimized + debuginfo] target(s) in 1.19s
[INFO] running `Command { std: "docker" "inspect" "36723ca2913901922a7e17efa55327706e1a7dd4cd221d490dd9768bcecb431e", kill_on_drop: false }`
[INFO] running `Command { std: "docker" "rm" "-f" "36723ca2913901922a7e17efa55327706e1a7dd4cd221d490dd9768bcecb431e", kill_on_drop: false }`
[INFO] [stdout] 36723ca2913901922a7e17efa55327706e1a7dd4cd221d490dd9768bcecb431e
[INFO] running `Command { std: "docker" "create" "-v" "/var/lib/crater-agent-workspace/builds/worker-5-tc1/target:/opt/rustwide/target:rw,Z" "-v" "/var/lib/crater-agent-workspace/builds/worker-5-tc1/source:/opt/rustwide/workdir:ro,Z" "-v" "/var/lib/crater-agent-workspace/cargo-home:/opt/rustwide/cargo-home:ro,Z" "-v" "/var/lib/crater-agent-workspace/rustup-home:/opt/rustwide/rustup-home:ro,Z" "-e" "SOURCE_DIR=/opt/rustwide/workdir" "-e" "CARGO_TARGET_DIR=/opt/rustwide/target" "-e" "CARGO_INCREMENTAL=0" "-e" "RUST_BACKTRACE=full" "-e" "RUSTFLAGS=--cap-lints=warn" "-e" "RUSTDOCFLAGS=--cap-lints=warn" "-e" "CARGO_HOME=/opt/rustwide/cargo-home" "-e" "RUSTUP_HOME=/opt/rustwide/rustup-home" "-w" "/opt/rustwide/workdir" "-m" "1610612736" "--user" "0:0" "--network" "none" "ghcr.io/rust-lang/crates-build-env/linux@sha256:2788e3201cd34a07e3172128adcd8b3090168a8e3bcc40d7c032b9dda1df7d1c" "/opt/rustwide/cargo-home/bin/cargo" "+1.75.0" "test" "--frozen", kill_on_drop: false }`
[INFO] [stdout] 273ff9e84ba6f59c90e976c6debc9d8212dedeca853dbaed7daf0f4cf8038a26
[INFO] running `Command { std: "docker" "start" "-a" "273ff9e84ba6f59c90e976c6debc9d8212dedeca853dbaed7daf0f4cf8038a26", kill_on_drop: false }`
[INFO] [stderr]     Finished test [unoptimized + debuginfo] target(s) in 0.01s
[INFO] [stderr]      Running unittests src/lib.rs (/opt/rustwide/target/debug/deps/safe_proc_macro2-4501b4fcb0914b07)
[INFO] [stdout] 
[INFO] [stdout] running 0 tests
[INFO] [stdout] 
[INFO] [stdout] test result: ok. 0 passed; 0 failed; 0 ignored; 0 measured; 0 filtered out; finished in 0.00s
[INFO] [stdout] 
[INFO] [stderr]      Running tests/comments.rs (/opt/rustwide/target/debug/deps/comments-b60116423294c514)
[INFO] [stdout] 
[INFO] [stdout] running 4 tests
[INFO] [stdout] test carriage_return ... ok
[INFO] [stdout] test closed_immediately ... ok
[INFO] [stdout] test incomplete ... ok
[INFO] [stdout] test lit ... ok
[INFO] [stdout] 
[INFO] [stdout] test result: ok. 4 passed; 0 failed; 0 ignored; 0 measured; 0 filtered out; finished in 0.00s
[INFO] [stdout] 
[INFO] [stderr]      Running tests/features.rs (/opt/rustwide/target/debug/deps/features-dd19a85b9676cfbf)
[INFO] [stdout] 
[INFO] [stdout] running 1 test
[INFO] [stdout] test make_sure_no_proc_macro ... ignored
[INFO] [stdout] 
[INFO] [stdout] test result: ok. 0 passed; 0 failed; 1 ignored; 0 measured; 0 filtered out; finished in 0.00s
[INFO] [stdout] 
[INFO] [stderr]      Running tests/marker.rs (/opt/rustwide/target/debug/deps/marker-0de9967f4538e119)
[INFO] [stdout] 
[INFO] [stdout] running 20 tests
[INFO] [stdout] test Delimiter ... ok
[INFO] [stdout] test Group ... ok
[INFO] [stdout] test Ident ... ok
[INFO] [stdout] test LexError ... ok
[INFO] [stdout] test Literal ... ok
[INFO] [stdout] test Punct ... ok
[INFO] [stdout] test Spacing ... ok
[INFO] [stdout] test Span ... ok
[INFO] [stdout] test TokenStream ... ok
[INFO] [stdout] test TokenTree ... ok
[INFO] [stdout] test unwind_safe::Delimiter ... ok
[INFO] [stdout] test unwind_safe::Group ... ok
[INFO] [stdout] test unwind_safe::Ident ... ok
[INFO] [stdout] test unwind_safe::LexError ... ok
[INFO] [stdout] test unwind_safe::Literal ... ok
[INFO] [stdout] test unwind_safe::Punct ... ok
[INFO] [stdout] test unwind_safe::Spacing ... ok
[INFO] [stdout] test unwind_safe::Span ... ok
[INFO] [stdout] test unwind_safe::TokenStream ... ok
[INFO] [stdout] test unwind_safe::TokenTree ... ok
[INFO] [stdout] 
[INFO] [stdout] test result: ok. 20 passed; 0 failed; 0 ignored; 0 measured; 0 filtered out; finished in 0.00s
[INFO] [stdout] 
[INFO] [stderr]      Running tests/test.rs (/opt/rustwide/target/debug/deps/test-2d2360ee9a982638)
[INFO] [stdout] 
[INFO] [stdout] running 37 tests
[INFO] [stdout] test byte_order_mark ... ok
[INFO] [stdout] test default_tokenstream_is_empty ... ok
[INFO] [stdout] test fail ... ok
[INFO] [stdout] test idents ... ok
[INFO] [stdout] test joint_last_token ... ok
[INFO] [stdout] test literal_byte_string ... ok
[INFO] [stdout] test literal_character ... ok
[INFO] [stdout] test literal_float ... ok
[INFO] [stdout] test literal_integer ... ok
[INFO] [stdout] test literal_parse ... ok
[INFO] [stdout] test literal_span ... ok
[INFO] [stdout] test literal_iter_negative ... ok
[INFO] [stdout] test literal_string ... ok
[INFO] [stdout] test literal_suffix ... ok
[INFO] [stdout] test literal_c_string ... ok
[INFO] [stdout] test literal_raw_string ... ok
[INFO] [stdout] test no_panic ... ok
[INFO] [stdout] test punct_before_comment ... ok
[INFO] [stdout] test raw_identifier ... ok
[INFO] [stdout] test raw_idents ... ok
[INFO] [stdout] test test_debug_ident ... ok
[INFO] [stdout] test roundtrip ... ok
[INFO] [stdout] test whitespace ... ok
[INFO] [stdout] test tuple_indexing ... ok
[INFO] [stdout] test test_debug_tokenstream ... ok
[INFO] [stdout] test tokenstream_size_hint ... ok
[INFO] [stdout] test ident_empty - should panic ... ok
[INFO] [stdout] test ident_invalid - should panic ... ok
[INFO] [stdout] test ident_number - should panic ... ok
[INFO] [stdout] test ident_raw_reserved - should panic ... ok
[INFO] [stdout] test ident_raw_underscore - should panic ... ok
[INFO] [stdout] test lifetime_empty - should panic ... ok
[INFO] [stdout] test lifetime_invalid - should panic ... ok
[INFO] [stdout] test lifetime_number - should panic ... ok
[INFO] [stdout] test raw_ident_empty - should panic ... ok
[INFO] [stdout] test raw_ident_number - should panic ... ok
[INFO] [stdout] test raw_ident_invalid - should panic ... ok
[INFO] [stdout] 
[INFO] [stdout] test result: ok. 37 passed; 0 failed; 0 ignored; 0 measured; 0 filtered out; finished in 0.02s
[INFO] [stdout] 
[INFO] [stderr]      Running tests/test_fmt.rs (/opt/rustwide/target/debug/deps/test_fmt-2be5bc28d187b69e)
[INFO] [stdout] 
[INFO] [stdout] running 1 test
[INFO] [stdout] test test_fmt_group ... ok
[INFO] [stdout] 
[INFO] [stdout] test result: ok. 1 passed; 0 failed; 0 ignored; 0 measured; 0 filtered out; finished in 0.00s
[INFO] [stdout] 
[INFO] [stderr]      Running tests/test_size.rs (/opt/rustwide/target/debug/deps/test_size-d7eee35746a9bf89)
[INFO] [stdout] 
[INFO] [stdout] running 4 tests
[INFO] [stdout] test test_proc_macro2_fallback_span_size_with_locations ... ignored
[INFO] [stdout] test test_proc_macro2_fallback_span_size_without_locations ... ignored
[INFO] [stdout] test test_proc_macro2_wrapper_span_size_with_locations ... ignored
[INFO] [stdout] test test_proc_macro2_wrapper_span_size_without_locations ... ok
[INFO] [stdout] 
[INFO] [stdout] test result: ok. 1 passed; 0 failed; 3 ignored; 0 measured; 0 filtered out; finished in 0.00s
[INFO] [stdout] 
[INFO] [stderr]    Doc-tests safe-proc-macro2
[INFO] [stdout] 
[INFO] [stdout] running 4 tests
[INFO] [stdout] test src/lib.rs - Ident (line 874) ... FAILED
[INFO] [stdout] test src/lib.rs - (line 34) ... ok
[INFO] [stdout] test src/lib.rs - Ident (line 893) ... ok
[INFO] [stdout] test src/lib.rs - Ident (line 862) ... ok
[INFO] [stdout] 
[INFO] [stdout] failures:
[INFO] [stdout] 
[INFO] [stdout] ---- src/lib.rs - Ident (line 874) stdout ----
[INFO] [stdout] error[E0277]: the trait bound `safe_proc_macro2::Ident: ToTokens` is not satisfied
[INFO] [stdout]   --> src/lib.rs:883:20
[INFO] [stdout]    |
[INFO] [stdout] 11 |     let expanded = quote! { let #ident = 10; };
[INFO] [stdout]    |                    ^^^^^^^^^^^^^^^^^^^^^^^^^^^
[INFO] [stdout]    |                    |
[INFO] [stdout]    |                    the trait `ToTokens` is not implemented for `safe_proc_macro2::Ident`
[INFO] [stdout]    |                    required by a bound introduced by this call
[INFO] [stdout]    |
[INFO] [stdout]    = help: the following other types implement trait `ToTokens`:
[INFO] [stdout]              bool
[INFO] [stdout]              char
[INFO] [stdout]              isize
[INFO] [stdout]              i8
[INFO] [stdout]              i16
[INFO] [stdout]              i32
[INFO] [stdout]              i64
[INFO] [stdout]              i128
[INFO] [stdout]            and 23 others
[INFO] [stdout]    = note: this error originates in the macro `$crate::quote_token_with_context` which comes from the expansion of the macro `quote` (in Nightly builds, run with -Z macro-backtrace for more info)
[INFO] [stdout] 
[INFO] [stdout] error[E0277]: the trait bound `safe_proc_macro2::Ident: ToTokens` is not satisfied
[INFO] [stdout]   --> src/lib.rs:887:20
[INFO] [stdout]    |
[INFO] [stdout] 15 |     let expanded = quote! { let #temp_ident = 10; };
[INFO] [stdout]    |                    ^^^^^^^^^^^^^^^^^^^^^^^^^^^^^^^^
[INFO] [stdout]    |                    |
[INFO] [stdout]    |                    the trait `ToTokens` is not implemented for `safe_proc_macro2::Ident`
[INFO] [stdout]    |                    required by a bound introduced by this call
[INFO] [stdout]    |
[INFO] [stdout]    = help: the following other types implement trait `ToTokens`:
[INFO] [stdout]              bool
[INFO] [stdout]              char
[INFO] [stdout]              isize
[INFO] [stdout]              i8
[INFO] [stdout]              i16
[INFO] [stdout]              i32
[INFO] [stdout]              i64
[INFO] [stdout]              i128
[INFO] [stdout]            and 23 others
[INFO] [stdout]    = note: this error originates in the macro `$crate::quote_token_with_context` which comes from the expansion of the macro `quote` (in Nightly builds, run with -Z macro-backtrace for more info)
[INFO] [stdout] 
[INFO] [stdout] error: aborting due to 2 previous errors
[INFO] [stdout] 
[INFO] [stdout] For more information about this error, try `rustc --explain E0277`.
[INFO] [stdout] Couldn't compile the test.
[INFO] [stdout] 
[INFO] [stdout] failures:
[INFO] [stdout]     src/lib.rs - Ident (line 874)
[INFO] [stdout] 
[INFO] [stdout] test result: FAILED. 3 passed; 1 failed; 0 ignored; 0 measured; 0 filtered out; finished in 0.21s
[INFO] [stdout] 
[INFO] [stderr] error: doctest failed, to rerun pass `--doc`
[INFO] running `Command { std: "docker" "inspect" "273ff9e84ba6f59c90e976c6debc9d8212dedeca853dbaed7daf0f4cf8038a26", kill_on_drop: false }`
[INFO] running `Command { std: "docker" "rm" "-f" "273ff9e84ba6f59c90e976c6debc9d8212dedeca853dbaed7daf0f4cf8038a26", kill_on_drop: false }`
[INFO] [stdout] 273ff9e84ba6f59c90e976c6debc9d8212dedeca853dbaed7daf0f4cf8038a26
[INFO] testing safe-proc-macro2-1.0.67 against beta-2023-12-22 for beta-1.76-1
[INFO] extracting crate safe-proc-macro2 1.0.67 into /workspace/builds/worker-5-tc2/source
[INFO] validating manifest of crates.io crate safe-proc-macro2 1.0.67 on toolchain beta-2023-12-22
[INFO] running `Command { std: CARGO_HOME="/workspace/cargo-home" RUSTUP_HOME="/workspace/rustup-home" "/workspace/cargo-home/bin/cargo" "+beta-2023-12-22" "metadata" "--manifest-path" "Cargo.toml" "--no-deps", kill_on_drop: false }`
[INFO] removed /workspace/builds/worker-5-tc2/source/rust-toolchain.toml
[INFO] started tweaking crates.io crate safe-proc-macro2 1.0.67
[INFO] finished tweaking crates.io crate safe-proc-macro2 1.0.67
[INFO] tweaked toml for crates.io crate safe-proc-macro2 1.0.67 written to /workspace/builds/worker-5-tc2/source/Cargo.toml
[INFO] running `Command { std: CARGO_HOME="/workspace/cargo-home" RUSTUP_HOME="/workspace/rustup-home" "/workspace/cargo-home/bin/cargo" "+beta-2023-12-22" "generate-lockfile" "--manifest-path" "Cargo.toml", kill_on_drop: false }`
[INFO] [stderr]     Updating crates.io index
[INFO] running `Command { std: CARGO_HOME="/workspace/cargo-home" RUSTUP_HOME="/workspace/rustup-home" "/workspace/cargo-home/bin/cargo" "+beta-2023-12-22" "fetch" "--manifest-path" "Cargo.toml", kill_on_drop: false }`
[INFO] running `Command { std: "docker" "create" "-v" "/var/lib/crater-agent-workspace/builds/worker-5-tc2/target:/opt/rustwide/target:rw,Z" "-v" "/var/lib/crater-agent-workspace/builds/worker-5-tc2/source:/opt/rustwide/workdir:ro,Z" "-v" "/var/lib/crater-agent-workspace/cargo-home:/opt/rustwide/cargo-home:ro,Z" "-v" "/var/lib/crater-agent-workspace/rustup-home:/opt/rustwide/rustup-home:ro,Z" "-e" "SOURCE_DIR=/opt/rustwide/workdir" "-e" "CARGO_TARGET_DIR=/opt/rustwide/target" "-e" "CARGO_HOME=/opt/rustwide/cargo-home" "-e" "RUSTUP_HOME=/opt/rustwide/rustup-home" "-w" "/opt/rustwide/workdir" "-m" "1610612736" "--user" "0:0" "--network" "none" "ghcr.io/rust-lang/crates-build-env/linux@sha256:2788e3201cd34a07e3172128adcd8b3090168a8e3bcc40d7c032b9dda1df7d1c" "/opt/rustwide/cargo-home/bin/cargo" "+beta-2023-12-22" "metadata" "--no-deps" "--format-version=1", kill_on_drop: false }`
[INFO] [stdout] 6bc5ad30ca0a66ca769a5e65a473f0a71f95e2e8a46a882a272a24aee2fcfb81
[INFO] running `Command { std: "docker" "start" "-a" "6bc5ad30ca0a66ca769a5e65a473f0a71f95e2e8a46a882a272a24aee2fcfb81", kill_on_drop: false }`
[INFO] running `Command { std: "docker" "inspect" "6bc5ad30ca0a66ca769a5e65a473f0a71f95e2e8a46a882a272a24aee2fcfb81", kill_on_drop: false }`
[INFO] running `Command { std: "docker" "rm" "-f" "6bc5ad30ca0a66ca769a5e65a473f0a71f95e2e8a46a882a272a24aee2fcfb81", kill_on_drop: false }`
[INFO] [stdout] 6bc5ad30ca0a66ca769a5e65a473f0a71f95e2e8a46a882a272a24aee2fcfb81
[INFO] running `Command { std: "docker" "create" "-v" "/var/lib/crater-agent-workspace/builds/worker-5-tc2/target:/opt/rustwide/target:rw,Z" "-v" "/var/lib/crater-agent-workspace/builds/worker-5-tc2/source:/opt/rustwide/workdir:ro,Z" "-v" "/var/lib/crater-agent-workspace/cargo-home:/opt/rustwide/cargo-home:ro,Z" "-v" "/var/lib/crater-agent-workspace/rustup-home:/opt/rustwide/rustup-home:ro,Z" "-e" "SOURCE_DIR=/opt/rustwide/workdir" "-e" "CARGO_TARGET_DIR=/opt/rustwide/target" "-e" "CARGO_INCREMENTAL=0" "-e" "RUST_BACKTRACE=full" "-e" "RUSTFLAGS=--cap-lints=warn" "-e" "RUSTDOCFLAGS=--cap-lints=warn" "-e" "CARGO_HOME=/opt/rustwide/cargo-home" "-e" "RUSTUP_HOME=/opt/rustwide/rustup-home" "-w" "/opt/rustwide/workdir" "-m" "1610612736" "--user" "0:0" "--network" "none" "ghcr.io/rust-lang/crates-build-env/linux@sha256:2788e3201cd34a07e3172128adcd8b3090168a8e3bcc40d7c032b9dda1df7d1c" "/opt/rustwide/cargo-home/bin/cargo" "+beta-2023-12-22" "build" "--frozen" "--message-format=json", kill_on_drop: false }`
[INFO] [stdout] 25c67492de1195fb66966b31789ecb675829f7acb9ffa9d531466235584f02d2
[INFO] running `Command { std: "docker" "start" "-a" "25c67492de1195fb66966b31789ecb675829f7acb9ffa9d531466235584f02d2", kill_on_drop: false }`
[INFO] [stderr]    Compiling safe-proc-macro2 v1.0.67 (/opt/rustwide/workdir)
[INFO] [stderr]    Compiling unicode-ident v1.0.12
[INFO] [stderr]     Finished dev [unoptimized + debuginfo] target(s) in 1.32s
[INFO] running `Command { std: "docker" "inspect" "25c67492de1195fb66966b31789ecb675829f7acb9ffa9d531466235584f02d2", kill_on_drop: false }`
[INFO] running `Command { std: "docker" "rm" "-f" "25c67492de1195fb66966b31789ecb675829f7acb9ffa9d531466235584f02d2", kill_on_drop: false }`
[INFO] [stdout] 25c67492de1195fb66966b31789ecb675829f7acb9ffa9d531466235584f02d2
[INFO] running `Command { std: "docker" "create" "-v" "/var/lib/crater-agent-workspace/builds/worker-5-tc2/target:/opt/rustwide/target:rw,Z" "-v" "/var/lib/crater-agent-workspace/builds/worker-5-tc2/source:/opt/rustwide/workdir:ro,Z" "-v" "/var/lib/crater-agent-workspace/cargo-home:/opt/rustwide/cargo-home:ro,Z" "-v" "/var/lib/crater-agent-workspace/rustup-home:/opt/rustwide/rustup-home:ro,Z" "-e" "SOURCE_DIR=/opt/rustwide/workdir" "-e" "CARGO_TARGET_DIR=/opt/rustwide/target" "-e" "CARGO_INCREMENTAL=0" "-e" "RUST_BACKTRACE=full" "-e" "RUSTFLAGS=--cap-lints=warn" "-e" "RUSTDOCFLAGS=--cap-lints=warn" "-e" "CARGO_HOME=/opt/rustwide/cargo-home" "-e" "RUSTUP_HOME=/opt/rustwide/rustup-home" "-w" "/opt/rustwide/workdir" "-m" "1610612736" "--user" "0:0" "--network" "none" "ghcr.io/rust-lang/crates-build-env/linux@sha256:2788e3201cd34a07e3172128adcd8b3090168a8e3bcc40d7c032b9dda1df7d1c" "/opt/rustwide/cargo-home/bin/cargo" "+beta-2023-12-22" "test" "--frozen" "--no-run" "--message-format=json", kill_on_drop: false }`
[INFO] [stdout] d364ca3e8b5bc4cd36fe762bd884961a1409ed61e80e75afdb7e62d7f97616be
[INFO] running `Command { std: "docker" "start" "-a" "d364ca3e8b5bc4cd36fe762bd884961a1409ed61e80e75afdb7e62d7f97616be", kill_on_drop: false }`
[INFO] [stderr]    Compiling safe-proc-macro2 v1.0.67
[INFO] [stderr]    Compiling rustversion v1.0.14
[INFO] [stderr]    Compiling safe-quote v1.0.15
[INFO] [stderr]    Compiling safe-proc-macro2 v1.0.67 (/opt/rustwide/workdir)
[INFO] [stderr]     Finished test [unoptimized + debuginfo] target(s) in 2.46s
[INFO] running `Command { std: "docker" "inspect" "d364ca3e8b5bc4cd36fe762bd884961a1409ed61e80e75afdb7e62d7f97616be", kill_on_drop: false }`
[INFO] running `Command { std: "docker" "rm" "-f" "d364ca3e8b5bc4cd36fe762bd884961a1409ed61e80e75afdb7e62d7f97616be", kill_on_drop: false }`
[INFO] [stdout] d364ca3e8b5bc4cd36fe762bd884961a1409ed61e80e75afdb7e62d7f97616be
[INFO] running `Command { std: "docker" "create" "-v" "/var/lib/crater-agent-workspace/builds/worker-5-tc2/target:/opt/rustwide/target:rw,Z" "-v" "/var/lib/crater-agent-workspace/builds/worker-5-tc2/source:/opt/rustwide/workdir:ro,Z" "-v" "/var/lib/crater-agent-workspace/cargo-home:/opt/rustwide/cargo-home:ro,Z" "-v" "/var/lib/crater-agent-workspace/rustup-home:/opt/rustwide/rustup-home:ro,Z" "-e" "SOURCE_DIR=/opt/rustwide/workdir" "-e" "CARGO_TARGET_DIR=/opt/rustwide/target" "-e" "CARGO_INCREMENTAL=0" "-e" "RUST_BACKTRACE=full" "-e" "RUSTFLAGS=--cap-lints=warn" "-e" "RUSTDOCFLAGS=--cap-lints=warn" "-e" "CARGO_HOME=/opt/rustwide/cargo-home" "-e" "RUSTUP_HOME=/opt/rustwide/rustup-home" "-w" "/opt/rustwide/workdir" "-m" "1610612736" "--user" "0:0" "--network" "none" "ghcr.io/rust-lang/crates-build-env/linux@sha256:2788e3201cd34a07e3172128adcd8b3090168a8e3bcc40d7c032b9dda1df7d1c" "/opt/rustwide/cargo-home/bin/cargo" "+beta-2023-12-22" "test" "--frozen", kill_on_drop: false }`
[INFO] [stdout] 9dc96cc2052168cfd55cb3e82050ddc9a3da54c660e57530b0d68d6282702eaa
[INFO] running `Command { std: "docker" "start" "-a" "9dc96cc2052168cfd55cb3e82050ddc9a3da54c660e57530b0d68d6282702eaa", kill_on_drop: false }`
[INFO] [stderr]     Finished test [unoptimized + debuginfo] target(s) in 0.01s
[INFO] [stderr]      Running unittests src/lib.rs (/opt/rustwide/target/debug/deps/safe_proc_macro2-94ed68fba8d3e8cb)
[INFO] [stdout] 
[INFO] [stdout] running 0 tests
[INFO] [stdout] 
[INFO] [stdout] test result: ok. 0 passed; 0 failed; 0 ignored; 0 measured; 0 filtered out; finished in 0.00s
[INFO] [stdout] 
[INFO] [stderr]      Running tests/comments.rs (/opt/rustwide/target/debug/deps/comments-ba63db3653a95dc4)
[INFO] [stdout] 
[INFO] [stdout] running 4 tests
[INFO] [stdout] test incomplete ... ok
[INFO] [stdout] test closed_immediately ... ok
[INFO] [stdout] test carriage_return ... ok
[INFO] [stdout] test lit ... ok
[INFO] [stdout] 
[INFO] [stdout] test result: ok. 4 passed; 0 failed; 0 ignored; 0 measured; 0 filtered out; finished in 0.01s
[INFO] [stdout] 
[INFO] [stderr]      Running tests/features.rs (/opt/rustwide/target/debug/deps/features-21d2a0cef72f1214)
[INFO] [stdout] 
[INFO] [stdout] running 1 test
[INFO] [stdout] test make_sure_no_proc_macro ... ignored
[INFO] [stdout] 
[INFO] [stdout] test result: ok. 0 passed; 0 failed; 1 ignored; 0 measured; 0 filtered out; finished in 0.00s
[INFO] [stdout] 
[INFO] [stderr]      Running tests/marker.rs (/opt/rustwide/target/debug/deps/marker-cbdf1545a7386831)
[INFO] [stdout] 
[INFO] [stdout] running 20 tests
[INFO] [stdout] test Ident ... ok
[INFO] [stdout] test LexError ... ok
[INFO] [stdout] test unwind_safe::Delimiter ... ok
[INFO] [stdout] test Span ... ok
[INFO] [stdout] test unwind_safe::LexError ... ok
[INFO] [stdout] test Literal ... ok
[INFO] [stdout] test unwind_safe::Spacing ... ok
[INFO] [stdout] test Spacing ... ok
[INFO] [stdout] test TokenTree ... ok
[INFO] [stdout] test Group ... ok
[INFO] [stdout] test Delimiter ... ok
[INFO] [stdout] test unwind_safe::Group ... ok
[INFO] [stdout] test unwind_safe::Punct ... ok
[INFO] [stdout] test unwind_safe::Ident ... ok
[INFO] [stdout] test TokenStream ... ok
[INFO] [stdout] test unwind_safe::Span ... ok
[INFO] [stdout] test unwind_safe::TokenStream ... ok
[INFO] [stdout] test unwind_safe::Literal ... ok
[INFO] [stdout] test unwind_safe::TokenTree ... ok
[INFO] [stdout] test Punct ... ok
[INFO] [stdout] 
[INFO] [stdout] test result: ok. 20 passed; 0 failed; 0 ignored; 0 measured; 0 filtered out; finished in 0.05s
[INFO] [stdout] 
[INFO] [stderr]      Running tests/test.rs (/opt/rustwide/target/debug/deps/test-1aa1269e869f7104)
[INFO] [stdout] 
[INFO] [stdout] running 37 tests
[INFO] [stdout] test default_tokenstream_is_empty ... ok
[INFO] [stdout] test joint_last_token ... ok
[INFO] [stdout] test idents ... ok
[INFO] [stdout] test fail ... ok
[INFO] [stdout] test literal_parse ... ok
[INFO] [stdout] test literal_integer ... ok
[INFO] [stdout] test literal_character ... ok
[INFO] [stdout] test byte_order_mark ... ok
[INFO] [stdout] test literal_raw_string ... ok
[INFO] [stdout] test literal_string ... ok
[INFO] [stdout] test literal_suffix ... ok
[INFO] [stdout] test no_panic ... ok
[INFO] [stdout] test literal_float ... ok
[INFO] [stdout] test literal_byte_string ... ok
[INFO] [stdout] test literal_c_string ... ok
[INFO] [stdout] test literal_span ... ok
[INFO] [stdout] test punct_before_comment ... ok
[INFO] [stdout] test raw_identifier ... ok
[INFO] [stdout] test test_debug_ident ... ok
[INFO] [stdout] test literal_iter_negative ... ok
[INFO] [stdout] test ident_number - should panic ... ok
[INFO] [stdout] test test_debug_tokenstream ... ok
[INFO] [stdout] test raw_idents ... ok
[INFO] [stdout] test tokenstream_size_hint ... ok
[INFO] [stdout] test raw_ident_invalid - should panic ... ok
[INFO] [stdout] test whitespace ... ok
[INFO] [stdout] test ident_invalid - should panic ... ok
[INFO] [stdout] test tuple_indexing ... ok
[INFO] [stdout] test roundtrip ... ok
[INFO] [stdout] test ident_raw_underscore - should panic ... ok
[INFO] [stdout] test ident_empty - should panic ... ok
[INFO] [stdout] test lifetime_empty - should panic ... ok
[INFO] [stdout] test lifetime_invalid - should panic ... ok
[INFO] [stdout] test lifetime_number - should panic ... ok
[INFO] [stdout] test ident_raw_reserved - should panic ... ok
[INFO] [stdout] test raw_ident_empty - should panic ... ok
[INFO] [stdout] test raw_ident_number - should panic ... ok
[INFO] [stdout] 
[INFO] [stdout] test result: ok. 37 passed; 0 failed; 0 ignored; 0 measured; 0 filtered out; finished in 0.11s
[INFO] [stdout] 
[INFO] [stderr]      Running tests/test_fmt.rs (/opt/rustwide/target/debug/deps/test_fmt-6f9ac1356bbf2dd4)
[INFO] [stdout] 
[INFO] [stdout] running 1 test
[INFO] [stdout] test test_fmt_group ... ok
[INFO] [stdout] 
[INFO] [stdout] test result: ok. 1 passed; 0 failed; 0 ignored; 0 measured; 0 filtered out; finished in 0.00s
[INFO] [stdout] 
[INFO] [stderr]      Running tests/test_size.rs (/opt/rustwide/target/debug/deps/test_size-c7a818272f9190a6)
[INFO] [stdout] 
[INFO] [stdout] running 4 tests
[INFO] [stdout] test test_proc_macro2_fallback_span_size_with_locations ... ignored
[INFO] [stdout] test test_proc_macro2_fallback_span_size_without_locations ... ignored
[INFO] [stdout] test test_proc_macro2_wrapper_span_size_with_locations ... ignored
[INFO] [stdout] test test_proc_macro2_wrapper_span_size_without_locations ... ok
[INFO] [stdout] 
[INFO] [stdout] test result: ok. 1 passed; 0 failed; 3 ignored; 0 measured; 0 filtered out; finished in 0.00s
[INFO] [stdout] 
[INFO] [stderr]    Doc-tests safe-proc-macro2
[INFO] [stdout] 
[INFO] [stdout] running 4 tests
[INFO] [stdout] test src/lib.rs - Ident (line 874) ... FAILED
[INFO] [stdout] test src/lib.rs - (line 34) ... ok
[INFO] [stdout] test src/lib.rs - Ident (line 862) ... ok
[INFO] [stdout] test src/lib.rs - Ident (line 893) ... ok
[INFO] [stdout] 
[INFO] [stdout] failures:
[INFO] [stdout] 
[INFO] [stdout] ---- src/lib.rs - Ident (line 874) stdout ----
[INFO] [stdout] error[E0277]: the trait bound `safe_proc_macro2::Ident: ToTokens` is not satisfied
[INFO] [stdout]   --> src/lib.rs:883:20
[INFO] [stdout]    |
[INFO] [stdout] 11 |     let expanded = quote! { let #ident = 10; };
[INFO] [stdout]    |                    ^^^^^^^^^^^^^^^^^^^^^^^^^^^
[INFO] [stdout]    |                    |
[INFO] [stdout]    |                    the trait `ToTokens` is not implemented for `safe_proc_macro2::Ident`
[INFO] [stdout]    |                    required by a bound introduced by this call
[INFO] [stdout]    |
[INFO] [stdout]    = help: the following other types implement trait `ToTokens`:
[INFO] [stdout]              bool
[INFO] [stdout]              char
[INFO] [stdout]              isize
[INFO] [stdout]              i8
[INFO] [stdout]              i16
[INFO] [stdout]              i32
[INFO] [stdout]              i64
[INFO] [stdout]              i128
[INFO] [stdout]            and 23 others
[INFO] [stdout]    = note: this error originates in the macro `$crate::quote_token_with_context` which comes from the expansion of the macro `quote` (in Nightly builds, run with -Z macro-backtrace for more info)
[INFO] [stdout] 
[INFO] [stdout] error[E0277]: the trait bound `safe_proc_macro2::Ident: ToTokens` is not satisfied
[INFO] [stdout]   --> src/lib.rs:887:20
[INFO] [stdout]    |
[INFO] [stdout] 15 |     let expanded = quote! { let #temp_ident = 10; };
[INFO] [stdout]    |                    ^^^^^^^^^^^^^^^^^^^^^^^^^^^^^^^^
[INFO] [stdout]    |                    |
[INFO] [stdout]    |                    the trait `ToTokens` is not implemented for `safe_proc_macro2::Ident`
[INFO] [stdout]    |                    required by a bound introduced by this call
[INFO] [stdout]    |
[INFO] [stdout]    = help: the following other types implement trait `ToTokens`:
[INFO] [stdout]              bool
[INFO] [stdout]              char
[INFO] [stdout]              isize
[INFO] [stdout]              i8
[INFO] [stdout]              i16
[INFO] [stdout]              i32
[INFO] [stdout]              i64
[INFO] [stdout]              i128
[INFO] [stdout]            and 23 others
[INFO] [stdout]    = note: this error originates in the macro `$crate::quote_token_with_context` which comes from the expansion of the macro `quote` (in Nightly builds, run with -Z macro-backtrace for more info)
[INFO] [stdout] 
[INFO] [stdout] error: aborting due to 2 previous errors
[INFO] [stdout] 
[INFO] [stdout] For more information about this error, try `rustc --explain E0277`.
[INFO] [stdout] Couldn't compile the test.
[INFO] [stdout] 
[INFO] [stdout] failures:
[INFO] [stdout]     src/lib.rs - Ident (line 874)
[INFO] [stdout] 
[INFO] [stdout] test result: FAILED. 3 passed; 1 failed; 0 ignored; 0 measured; 0 filtered out; finished in 0.36s
[INFO] [stdout] 
[INFO] [stderr] error: doctest failed, to rerun pass `--doc`
[INFO] running `Command { std: "docker" "inspect" "9dc96cc2052168cfd55cb3e82050ddc9a3da54c660e57530b0d68d6282702eaa", kill_on_drop: false }`
[INFO] running `Command { std: "docker" "rm" "-f" "9dc96cc2052168cfd55cb3e82050ddc9a3da54c660e57530b0d68d6282702eaa", kill_on_drop: false }`
[INFO] [stdout] 9dc96cc2052168cfd55cb3e82050ddc9a3da54c660e57530b0d68d6282702eaa
