[INFO] fetching crate s5 0.1.0...
[INFO] testing s5-0.1.0 against 1.75.0 for beta-1.76-1
[INFO] extracting crate s5 0.1.0 into /workspace/builds/worker-7-tc1/source
[INFO] validating manifest of crates.io crate s5 0.1.0 on toolchain 1.75.0
[INFO] running `Command { std: CARGO_HOME="/workspace/cargo-home" RUSTUP_HOME="/workspace/rustup-home" "/workspace/cargo-home/bin/cargo" "+1.75.0" "metadata" "--manifest-path" "Cargo.toml" "--no-deps", kill_on_drop: false }`
[INFO] started tweaking crates.io crate s5 0.1.0
[INFO] finished tweaking crates.io crate s5 0.1.0
[INFO] tweaked toml for crates.io crate s5 0.1.0 written to /workspace/builds/worker-7-tc1/source/Cargo.toml
[INFO] running `Command { std: CARGO_HOME="/workspace/cargo-home" RUSTUP_HOME="/workspace/rustup-home" "/workspace/cargo-home/bin/cargo" "+1.75.0" "generate-lockfile" "--manifest-path" "Cargo.toml", kill_on_drop: false }`
[INFO] running `Command { std: CARGO_HOME="/workspace/cargo-home" RUSTUP_HOME="/workspace/rustup-home" "/workspace/cargo-home/bin/cargo" "+1.75.0" "fetch" "--manifest-path" "Cargo.toml", kill_on_drop: false }`
[INFO] running `Command { std: "docker" "create" "-v" "/var/lib/crater-agent-workspace/builds/worker-7-tc1/target:/opt/rustwide/target:rw,Z" "-v" "/var/lib/crater-agent-workspace/builds/worker-7-tc1/source:/opt/rustwide/workdir:ro,Z" "-v" "/var/lib/crater-agent-workspace/cargo-home:/opt/rustwide/cargo-home:ro,Z" "-v" "/var/lib/crater-agent-workspace/rustup-home:/opt/rustwide/rustup-home:ro,Z" "-e" "SOURCE_DIR=/opt/rustwide/workdir" "-e" "CARGO_TARGET_DIR=/opt/rustwide/target" "-e" "CARGO_HOME=/opt/rustwide/cargo-home" "-e" "RUSTUP_HOME=/opt/rustwide/rustup-home" "-w" "/opt/rustwide/workdir" "-m" "1610612736" "--user" "0:0" "--network" "none" "ghcr.io/rust-lang/crates-build-env/linux@sha256:2788e3201cd34a07e3172128adcd8b3090168a8e3bcc40d7c032b9dda1df7d1c" "/opt/rustwide/cargo-home/bin/cargo" "+1.75.0" "metadata" "--no-deps" "--format-version=1", kill_on_drop: false }`
[INFO] [stdout] 1191793f2850846a4575719dcd3e5d2bbfe5d0f527224124d4ede8df4bf0075a
[INFO] running `Command { std: "docker" "start" "-a" "1191793f2850846a4575719dcd3e5d2bbfe5d0f527224124d4ede8df4bf0075a", kill_on_drop: false }`
[INFO] running `Command { std: "docker" "inspect" "1191793f2850846a4575719dcd3e5d2bbfe5d0f527224124d4ede8df4bf0075a", kill_on_drop: false }`
[INFO] running `Command { std: "docker" "rm" "-f" "1191793f2850846a4575719dcd3e5d2bbfe5d0f527224124d4ede8df4bf0075a", kill_on_drop: false }`
[INFO] [stdout] 1191793f2850846a4575719dcd3e5d2bbfe5d0f527224124d4ede8df4bf0075a
[INFO] running `Command { std: "docker" "create" "-v" "/var/lib/crater-agent-workspace/builds/worker-7-tc1/target:/opt/rustwide/target:rw,Z" "-v" "/var/lib/crater-agent-workspace/builds/worker-7-tc1/source:/opt/rustwide/workdir:ro,Z" "-v" "/var/lib/crater-agent-workspace/cargo-home:/opt/rustwide/cargo-home:ro,Z" "-v" "/var/lib/crater-agent-workspace/rustup-home:/opt/rustwide/rustup-home:ro,Z" "-e" "SOURCE_DIR=/opt/rustwide/workdir" "-e" "CARGO_TARGET_DIR=/opt/rustwide/target" "-e" "CARGO_INCREMENTAL=0" "-e" "RUST_BACKTRACE=full" "-e" "RUSTFLAGS=--cap-lints=warn" "-e" "RUSTDOCFLAGS=--cap-lints=warn" "-e" "CARGO_HOME=/opt/rustwide/cargo-home" "-e" "RUSTUP_HOME=/opt/rustwide/rustup-home" "-w" "/opt/rustwide/workdir" "-m" "1610612736" "--user" "0:0" "--network" "none" "ghcr.io/rust-lang/crates-build-env/linux@sha256:2788e3201cd34a07e3172128adcd8b3090168a8e3bcc40d7c032b9dda1df7d1c" "/opt/rustwide/cargo-home/bin/cargo" "+1.75.0" "build" "--frozen" "--message-format=json", kill_on_drop: false }`
[INFO] [stdout] 0d9d2aae51d2ec60b957b45052e1b4cca93cc257a17070897b7774dd30a8ba21
[INFO] running `Command { std: "docker" "start" "-a" "0d9d2aae51d2ec60b957b45052e1b4cca93cc257a17070897b7774dd30a8ba21", kill_on_drop: false }`
[INFO] [stderr]    Compiling s5 v0.1.0 (/opt/rustwide/workdir)
[INFO] [stdout] warning: unused doc comment
[INFO] [stdout]    --> src/formulas.rs:465:5
[INFO] [stdout]     |
[INFO] [stdout] 465 |     /// Return the sine of self
[INFO] [stdout]     |     ^^^^^^^^^^^^^^^^^^^^^^^^^^^ rustdoc does not generate documentation for macro invocations
[INFO] [stdout]     |
[INFO] [stdout]     = help: to document an item produced by a macro, the macro must produce the documentation as part of its expansion
[INFO] [stdout]     = note: `#[warn(unused_doc_comments)]` on by default
[INFO] [stdout] 
[INFO] [stdout] 
[INFO] [stdout] warning: unused doc comment
[INFO] [stdout]    --> src/formulas.rs:468:5
[INFO] [stdout]     |
[INFO] [stdout] 468 |     /// Return the cosine of self
[INFO] [stdout]     |     ^^^^^^^^^^^^^^^^^^^^^^^^^^^^^ rustdoc does not generate documentation for macro invocations
[INFO] [stdout]     |
[INFO] [stdout]     = help: to document an item produced by a macro, the macro must produce the documentation as part of its expansion
[INFO] [stdout] 
[INFO] [stdout] 
[INFO] [stdout] warning: unused doc comment
[INFO] [stdout]    --> src/formulas.rs:471:5
[INFO] [stdout]     |
[INFO] [stdout] 471 |     /// Return the positive arccosine of self
[INFO] [stdout]     |     ^^^^^^^^^^^^^^^^^^^^^^^^^^^^^^^^^^^^^^^^^ rustdoc does not generate documentation for macro invocations
[INFO] [stdout]     |
[INFO] [stdout]     = help: to document an item produced by a macro, the macro must produce the documentation as part of its expansion
[INFO] [stdout] 
[INFO] [stdout] 
[INFO] [stdout] warning: unused doc comment
[INFO] [stdout]    --> src/formulas.rs:474:5
[INFO] [stdout]     |
[INFO] [stdout] 474 |     /// Return the negative arccosine of self
[INFO] [stdout]     |     ^^^^^^^^^^^^^^^^^^^^^^^^^^^^^^^^^^^^^^^^^ rustdoc does not generate documentation for macro invocations
[INFO] [stdout]     |
[INFO] [stdout]     = help: to document an item produced by a macro, the macro must produce the documentation as part of its expansion
[INFO] [stdout] 
[INFO] [stdout] 
[INFO] [stdout] warning: unused doc comment
[INFO] [stdout]    --> src/formulas.rs:477:5
[INFO] [stdout]     |
[INFO] [stdout] 477 |     /// Return the signum of self
[INFO] [stdout]     |     ^^^^^^^^^^^^^^^^^^^^^^^^^^^^^ rustdoc does not generate documentation for macro invocations
[INFO] [stdout]     |
[INFO] [stdout]     = help: to document an item produced by a macro, the macro must produce the documentation as part of its expansion
[INFO] [stdout] 
[INFO] [stdout] 
[INFO] [stdout] warning: method `height` is never used
[INFO] [stdout]   --> src/display.rs:38:12
[INFO] [stdout]    |
[INFO] [stdout] 11 | impl PrintUnits {
[INFO] [stdout]    | --------------- method in this implementation
[INFO] [stdout] ...
[INFO] [stdout] 38 |     pub fn height(&self) -> usize {
[INFO] [stdout]    |            ^^^^^^
[INFO] [stdout]    |
[INFO] [stdout]    = note: `#[warn(dead_code)]` on by default
[INFO] [stdout] 
[INFO] [stdout] 
[INFO] [stdout] warning: 6 warnings emitted
[INFO] [stdout] 
[INFO] [stdout] 
[INFO] [stderr]     Finished dev [unoptimized + debuginfo] target(s) in 0.33s
[INFO] running `Command { std: "docker" "inspect" "0d9d2aae51d2ec60b957b45052e1b4cca93cc257a17070897b7774dd30a8ba21", kill_on_drop: false }`
[INFO] running `Command { std: "docker" "rm" "-f" "0d9d2aae51d2ec60b957b45052e1b4cca93cc257a17070897b7774dd30a8ba21", kill_on_drop: false }`
[INFO] [stdout] 0d9d2aae51d2ec60b957b45052e1b4cca93cc257a17070897b7774dd30a8ba21
[INFO] running `Command { std: "docker" "create" "-v" "/var/lib/crater-agent-workspace/builds/worker-7-tc1/target:/opt/rustwide/target:rw,Z" "-v" "/var/lib/crater-agent-workspace/builds/worker-7-tc1/source:/opt/rustwide/workdir:ro,Z" "-v" "/var/lib/crater-agent-workspace/cargo-home:/opt/rustwide/cargo-home:ro,Z" "-v" "/var/lib/crater-agent-workspace/rustup-home:/opt/rustwide/rustup-home:ro,Z" "-e" "SOURCE_DIR=/opt/rustwide/workdir" "-e" "CARGO_TARGET_DIR=/opt/rustwide/target" "-e" "CARGO_INCREMENTAL=0" "-e" "RUST_BACKTRACE=full" "-e" "RUSTFLAGS=--cap-lints=warn" "-e" "RUSTDOCFLAGS=--cap-lints=warn" "-e" "CARGO_HOME=/opt/rustwide/cargo-home" "-e" "RUSTUP_HOME=/opt/rustwide/rustup-home" "-w" "/opt/rustwide/workdir" "-m" "1610612736" "--user" "0:0" "--network" "none" "ghcr.io/rust-lang/crates-build-env/linux@sha256:2788e3201cd34a07e3172128adcd8b3090168a8e3bcc40d7c032b9dda1df7d1c" "/opt/rustwide/cargo-home/bin/cargo" "+1.75.0" "test" "--frozen" "--no-run" "--message-format=json", kill_on_drop: false }`
[INFO] [stdout] c86bf7177ffd40cb2d89506939771103b969cc7c2143ace100142e9e9e6d8d04
[INFO] running `Command { std: "docker" "start" "-a" "c86bf7177ffd40cb2d89506939771103b969cc7c2143ace100142e9e9e6d8d04", kill_on_drop: false }`
[INFO] [stdout] warning: unused doc comment
[INFO] [stdout]    --> src/formulas.rs:465:5
[INFO] [stdout]     |
[INFO] [stdout] 465 |     /// Return the sine of self
[INFO] [stdout]     |     ^^^^^^^^^^^^^^^^^^^^^^^^^^^ rustdoc does not generate documentation for macro invocations
[INFO] [stdout]     |
[INFO] [stdout]     = help: to document an item produced by a macro, the macro must produce the documentation as part of its expansion
[INFO] [stdout]     = note: `#[warn(unused_doc_comments)]` on by default
[INFO] [stdout] 
[INFO] [stdout] 
[INFO] [stdout] warning: unused doc comment
[INFO] [stdout]    --> src/formulas.rs:468:5
[INFO] [stdout]     |
[INFO] [stdout] 468 |     /// Return the cosine of self
[INFO] [stdout]     |     ^^^^^^^^^^^^^^^^^^^^^^^^^^^^^ rustdoc does not generate documentation for macro invocations
[INFO] [stdout]     |
[INFO] [stdout]     = help: to document an item produced by a macro, the macro must produce the documentation as part of its expansion
[INFO] [stdout] 
[INFO] [stdout] 
[INFO] [stdout] warning: unused doc comment
[INFO] [stdout]    --> src/formulas.rs:471:5
[INFO] [stdout]     |
[INFO] [stdout] 471 |     /// Return the positive arccosine of self
[INFO] [stdout]     |     ^^^^^^^^^^^^^^^^^^^^^^^^^^^^^^^^^^^^^^^^^ rustdoc does not generate documentation for macro invocations
[INFO] [stdout]     |
[INFO] [stdout]     = help: to document an item produced by a macro, the macro must produce the documentation as part of its expansion
[INFO] [stdout] 
[INFO] [stdout] 
[INFO] [stderr]    Compiling s5 v0.1.0 (/opt/rustwide/workdir)
[INFO] [stdout] warning: unused doc comment
[INFO] [stdout]    --> src/formulas.rs:474:5
[INFO] [stdout]     |
[INFO] [stdout] 474 |     /// Return the negative arccosine of self
[INFO] [stdout]     |     ^^^^^^^^^^^^^^^^^^^^^^^^^^^^^^^^^^^^^^^^^ rustdoc does not generate documentation for macro invocations
[INFO] [stdout]     |
[INFO] [stdout]     = help: to document an item produced by a macro, the macro must produce the documentation as part of its expansion
[INFO] [stdout] 
[INFO] [stdout] 
[INFO] [stdout] warning: unused doc comment
[INFO] [stdout]    --> src/formulas.rs:477:5
[INFO] [stdout]     |
[INFO] [stdout] 477 |     /// Return the signum of self
[INFO] [stdout]     |     ^^^^^^^^^^^^^^^^^^^^^^^^^^^^^ rustdoc does not generate documentation for macro invocations
[INFO] [stdout]     |
[INFO] [stdout]     = help: to document an item produced by a macro, the macro must produce the documentation as part of its expansion
[INFO] [stdout] 
[INFO] [stdout] 
[INFO] [stdout] warning: method `height` is never used
[INFO] [stdout]   --> src/display.rs:38:12
[INFO] [stdout]    |
[INFO] [stdout] 11 | impl PrintUnits {
[INFO] [stdout]    | --------------- method in this implementation
[INFO] [stdout] ...
[INFO] [stdout] 38 |     pub fn height(&self) -> usize {
[INFO] [stdout]    |            ^^^^^^
[INFO] [stdout]    |
[INFO] [stdout]    = note: `#[warn(dead_code)]` on by default
[INFO] [stdout] 
[INFO] [stdout] 
[INFO] [stdout] warning: 6 warnings emitted
[INFO] [stdout] 
[INFO] [stdout] 
[INFO] [stdout] warning: unused doc comment
[INFO] [stdout]    --> src/formulas.rs:465:5
[INFO] [stdout]     |
[INFO] [stdout] 465 |     /// Return the sine of self
[INFO] [stdout]     |     ^^^^^^^^^^^^^^^^^^^^^^^^^^^ rustdoc does not generate documentation for macro invocations
[INFO] [stdout]     |
[INFO] [stdout]     = help: to document an item produced by a macro, the macro must produce the documentation as part of its expansion
[INFO] [stdout]     = note: `#[warn(unused_doc_comments)]` on by default
[INFO] [stdout] 
[INFO] [stdout] 
[INFO] [stdout] warning: unused doc comment
[INFO] [stdout]    --> src/formulas.rs:468:5
[INFO] [stdout]     |
[INFO] [stdout] 468 |     /// Return the cosine of self
[INFO] [stdout]     |     ^^^^^^^^^^^^^^^^^^^^^^^^^^^^^ rustdoc does not generate documentation for macro invocations
[INFO] [stdout]     |
[INFO] [stdout]     = help: to document an item produced by a macro, the macro must produce the documentation as part of its expansion
[INFO] [stdout] 
[INFO] [stdout] 
[INFO] [stdout] warning: unused doc comment
[INFO] [stdout]    --> src/formulas.rs:471:5
[INFO] [stdout]     |
[INFO] [stdout] 471 |     /// Return the positive arccosine of self
[INFO] [stdout]     |     ^^^^^^^^^^^^^^^^^^^^^^^^^^^^^^^^^^^^^^^^^ rustdoc does not generate documentation for macro invocations
[INFO] [stdout]     |
[INFO] [stdout]     = help: to document an item produced by a macro, the macro must produce the documentation as part of its expansion
[INFO] [stdout] 
[INFO] [stdout] 
[INFO] [stdout] warning: unused doc comment
[INFO] [stdout]    --> src/formulas.rs:474:5
[INFO] [stdout]     |
[INFO] [stdout] 474 |     /// Return the negative arccosine of self
[INFO] [stdout]     |     ^^^^^^^^^^^^^^^^^^^^^^^^^^^^^^^^^^^^^^^^^ rustdoc does not generate documentation for macro invocations
[INFO] [stdout]     |
[INFO] [stdout]     = help: to document an item produced by a macro, the macro must produce the documentation as part of its expansion
[INFO] [stdout] 
[INFO] [stdout] 
[INFO] [stdout] warning: unused doc comment
[INFO] [stdout]    --> src/formulas.rs:477:5
[INFO] [stdout]     |
[INFO] [stdout] 477 |     /// Return the signum of self
[INFO] [stdout]     |     ^^^^^^^^^^^^^^^^^^^^^^^^^^^^^ rustdoc does not generate documentation for macro invocations
[INFO] [stdout]     |
[INFO] [stdout]     = help: to document an item produced by a macro, the macro must produce the documentation as part of its expansion
[INFO] [stdout] 
[INFO] [stdout] 
[INFO] [stdout] warning: method `height` is never used
[INFO] [stdout]   --> src/display.rs:38:12
[INFO] [stdout]    |
[INFO] [stdout] 11 | impl PrintUnits {
[INFO] [stdout]    | --------------- method in this implementation
[INFO] [stdout] ...
[INFO] [stdout] 38 |     pub fn height(&self) -> usize {
[INFO] [stdout]    |            ^^^^^^
[INFO] [stdout]    |
[INFO] [stdout]    = note: `#[warn(dead_code)]` on by default
[INFO] [stdout] 
[INFO] [stdout] 
[INFO] [stdout] warning: 6 warnings emitted
[INFO] [stdout] 
[INFO] [stdout] 
[INFO] [stderr]     Finished test [unoptimized + debuginfo] target(s) in 0.29s
[INFO] running `Command { std: "docker" "inspect" "c86bf7177ffd40cb2d89506939771103b969cc7c2143ace100142e9e9e6d8d04", kill_on_drop: false }`
[INFO] running `Command { std: "docker" "rm" "-f" "c86bf7177ffd40cb2d89506939771103b969cc7c2143ace100142e9e9e6d8d04", kill_on_drop: false }`
[INFO] [stdout] c86bf7177ffd40cb2d89506939771103b969cc7c2143ace100142e9e9e6d8d04
[INFO] running `Command { std: "docker" "create" "-v" "/var/lib/crater-agent-workspace/builds/worker-7-tc1/target:/opt/rustwide/target:rw,Z" "-v" "/var/lib/crater-agent-workspace/builds/worker-7-tc1/source:/opt/rustwide/workdir:ro,Z" "-v" "/var/lib/crater-agent-workspace/cargo-home:/opt/rustwide/cargo-home:ro,Z" "-v" "/var/lib/crater-agent-workspace/rustup-home:/opt/rustwide/rustup-home:ro,Z" "-e" "SOURCE_DIR=/opt/rustwide/workdir" "-e" "CARGO_TARGET_DIR=/opt/rustwide/target" "-e" "CARGO_INCREMENTAL=0" "-e" "RUST_BACKTRACE=full" "-e" "RUSTFLAGS=--cap-lints=warn" "-e" "RUSTDOCFLAGS=--cap-lints=warn" "-e" "CARGO_HOME=/opt/rustwide/cargo-home" "-e" "RUSTUP_HOME=/opt/rustwide/rustup-home" "-w" "/opt/rustwide/workdir" "-m" "1610612736" "--user" "0:0" "--network" "none" "ghcr.io/rust-lang/crates-build-env/linux@sha256:2788e3201cd34a07e3172128adcd8b3090168a8e3bcc40d7c032b9dda1df7d1c" "/opt/rustwide/cargo-home/bin/cargo" "+1.75.0" "test" "--frozen", kill_on_drop: false }`
[INFO] [stdout] 3f2d28612281b9752ca52048bb566eab99243b2ae37b6209e9f10733faf21dbb
[INFO] running `Command { std: "docker" "start" "-a" "3f2d28612281b9752ca52048bb566eab99243b2ae37b6209e9f10733faf21dbb", kill_on_drop: false }`
[INFO] [stderr] warning: unused doc comment
[INFO] [stderr]    --> src/formulas.rs:465:5
[INFO] [stderr]     |
[INFO] [stderr] 465 |     /// Return the sine of self
[INFO] [stderr]     |     ^^^^^^^^^^^^^^^^^^^^^^^^^^^ rustdoc does not generate documentation for macro invocations
[INFO] [stderr]     |
[INFO] [stderr]     = help: to document an item produced by a macro, the macro must produce the documentation as part of its expansion
[INFO] [stderr]     = note: `#[warn(unused_doc_comments)]` on by default
[INFO] [stderr] 
[INFO] [stderr] warning: unused doc comment
[INFO] [stderr]    --> src/formulas.rs:468:5
[INFO] [stderr]     |
[INFO] [stderr] 468 |     /// Return the cosine of self
[INFO] [stderr]     |     ^^^^^^^^^^^^^^^^^^^^^^^^^^^^^ rustdoc does not generate documentation for macro invocations
[INFO] [stderr]     |
[INFO] [stderr]     = help: to document an item produced by a macro, the macro must produce the documentation as part of its expansion
[INFO] [stderr] 
[INFO] [stderr] warning: unused doc comment
[INFO] [stderr]    --> src/formulas.rs:471:5
[INFO] [stderr]     |
[INFO] [stderr] 471 |     /// Return the positive arccosine of self
[INFO] [stderr]     |     ^^^^^^^^^^^^^^^^^^^^^^^^^^^^^^^^^^^^^^^^^ rustdoc does not generate documentation for macro invocations
[INFO] [stderr]     |
[INFO] [stderr]     = help: to document an item produced by a macro, the macro must produce the documentation as part of its expansion
[INFO] [stderr] 
[INFO] [stderr] warning: unused doc comment
[INFO] [stderr]    --> src/formulas.rs:474:5
[INFO] [stderr]     |
[INFO] [stderr] 474 |     /// Return the negative arccosine of self
[INFO] [stderr]     |     ^^^^^^^^^^^^^^^^^^^^^^^^^^^^^^^^^^^^^^^^^ rustdoc does not generate documentation for macro invocations
[INFO] [stderr]     |
[INFO] [stderr]     = help: to document an item produced by a macro, the macro must produce the documentation as part of its expansion
[INFO] [stderr] 
[INFO] [stderr] warning: unused doc comment
[INFO] [stderr]    --> src/formulas.rs:477:5
[INFO] [stderr]     |
[INFO] [stderr] 477 |     /// Return the signum of self
[INFO] [stderr]     |     ^^^^^^^^^^^^^^^^^^^^^^^^^^^^^ rustdoc does not generate documentation for macro invocations
[INFO] [stderr]     |
[INFO] [stderr]     = help: to document an item produced by a macro, the macro must produce the documentation as part of its expansion
[INFO] [stderr] 
[INFO] [stderr] warning: method `height` is never used
[INFO] [stderr]   --> src/display.rs:38:12
[INFO] [stderr]    |
[INFO] [stderr] 11 | impl PrintUnits {
[INFO] [stderr]    | --------------- method in this implementation
[INFO] [stderr] ...
[INFO] [stderr] 38 |     pub fn height(&self) -> usize {
[INFO] [stderr]    |            ^^^^^^
[INFO] [stderr]    |
[INFO] [stderr]    = note: `#[warn(dead_code)]` on by default
[INFO] [stderr] 
[INFO] [stderr] warning: `s5` (lib) generated 6 warnings
[INFO] [stderr] warning: `s5` (lib test) generated 6 warnings (6 duplicates)
[INFO] [stderr]     Finished test [unoptimized + debuginfo] target(s) in 0.01s
[INFO] [stderr]      Running unittests src/lib.rs (/opt/rustwide/target/debug/deps/s5-56d8d97ddd9e56a8)
[INFO] [stdout] 
[INFO] [stdout] running 0 tests
[INFO] [stdout] 
[INFO] [stdout] test result: ok. 0 passed; 0 failed; 0 ignored; 0 measured; 0 filtered out; finished in 0.00s
[INFO] [stdout] 
[INFO] [stderr]    Doc-tests s5
[INFO] [stdout] 
[INFO] [stdout] running 1 test
[INFO] [stdout] test src/formulas.rs - formulas (line 6) ... FAILED
[INFO] [stdout] 
[INFO] [stdout] failures:
[INFO] [stdout] 
[INFO] [stdout] ---- src/formulas.rs - formulas (line 6) stdout ----
[INFO] [stdout] error[E0433]: failed to resolve: use of undeclared crate or module `solver`
[INFO] [stdout]  --> src/formulas.rs:7:5
[INFO] [stdout]   |
[INFO] [stdout] 3 | use solver::formulas::*;
[INFO] [stdout]   |     ^^^^^^ use of undeclared crate or module `solver`
[INFO] [stdout] 
[INFO] [stdout] error[E0433]: failed to resolve: use of undeclared crate or module `solver`
[INFO] [stdout]  --> src/formulas.rs:8:5
[INFO] [stdout]   |
[INFO] [stdout] 4 | use solver::variables::*;
[INFO] [stdout]   |     ^^^^^^ use of undeclared crate or module `solver`
[INFO] [stdout] 
[INFO] [stdout] error[E0432]: unresolved imports `solver::formulas::*`, `solver::variables::*`
[INFO] [stdout]  --> src/formulas.rs:7:5
[INFO] [stdout]   |
[INFO] [stdout] 3 | use solver::formulas::*;
[INFO] [stdout]   |     ^^^^^^^^^^^^^^^^^^^
[INFO] [stdout] 4 | use solver::variables::*;
[INFO] [stdout]   |     ^^^^^^^^^^^^^^^^^^^^
[INFO] [stdout] 
[INFO] [stdout] error[E0433]: failed to resolve: use of undeclared type `Variable`
[INFO] [stdout]  --> src/formulas.rs:10:9
[INFO] [stdout]   |
[INFO] [stdout] 6 | let s = Variable::new("s", "speed of satellite");
[INFO] [stdout]   |         ^^^^^^^^ use of undeclared type `Variable`
[INFO] [stdout]   |
[INFO] [stdout] help: consider importing this struct
[INFO] [stdout]   |
[INFO] [stdout] 2 + use s5::variables::Variable;
[INFO] [stdout]   |
[INFO] [stdout] 
[INFO] [stdout] error[E0433]: failed to resolve: use of undeclared type `Variable`
[INFO] [stdout]  --> src/formulas.rs:11:10
[INFO] [stdout]   |
[INFO] [stdout] 7 | let me = Variable::new("E", "specific mechanical energy of orbit");
[INFO] [stdout]   |          ^^^^^^^^ use of undeclared type `Variable`
[INFO] [stdout]   |
[INFO] [stdout] help: consider importing this struct
[INFO] [stdout]   |
[INFO] [stdout] 2 + use s5::variables::Variable;
[INFO] [stdout]   |
[INFO] [stdout] 
[INFO] [stdout] error[E0433]: failed to resolve: use of undeclared type `Variable`
[INFO] [stdout]  --> src/formulas.rs:12:9
[INFO] [stdout]   |
[INFO] [stdout] 8 | let r = Variable::new("r", "distance of satellite from center of Earth");
[INFO] [stdout]   |         ^^^^^^^^ use of undeclared type `Variable`
[INFO] [stdout]   |
[INFO] [stdout] help: consider importing this struct
[INFO] [stdout]   |
[INFO] [stdout] 2 + use s5::variables::Variable;
[INFO] [stdout]   |
[INFO] [stdout] 
[INFO] [stdout] error[E0433]: failed to resolve: use of undeclared type `Variable`
[INFO] [stdout]  --> src/formulas.rs:13:9
[INFO] [stdout]   |
[INFO] [stdout] 9 | let u = Variable::new("u", "gravitational parameter of Earth");
[INFO] [stdout]   |         ^^^^^^^^ use of undeclared type `Variable`
[INFO] [stdout]   |
[INFO] [stdout] help: consider importing this struct
[INFO] [stdout]   |
[INFO] [stdout] 2 + use s5::variables::Variable;
[INFO] [stdout]   |
[INFO] [stdout] 
[INFO] [stdout] error[E0412]: cannot find type `Formula` in this scope
[INFO] [stdout]   --> src/formulas.rs:15:8
[INFO] [stdout]    |
[INFO] [stdout] 11 | let f: Formula = s^2 / 2 - u / r;
[INFO] [stdout]    |        ^^^^^^^ not found in this scope
[INFO] [stdout]    |
[INFO] [stdout] help: consider importing this struct
[INFO] [stdout]    |
[INFO] [stdout] 2  + use s5::formulas::Formula;
[INFO] [stdout]    |
[INFO] [stdout] 
[INFO] [stdout] error: aborting due to 8 previous errors
[INFO] [stdout] 
[INFO] [stdout] Some errors have detailed explanations: E0412, E0432, E0433.
[INFO] [stdout] For more information about an error, try `rustc --explain E0412`.
[INFO] [stdout] Couldn't compile the test.
[INFO] [stdout] 
[INFO] [stdout] failures:
[INFO] [stdout]     src/formulas.rs - formulas (line 6)
[INFO] [stdout] 
[INFO] [stdout] test result: FAILED. 0 passed; 1 failed; 0 ignored; 0 measured; 0 filtered out; finished in 0.05s
[INFO] [stdout] 
[INFO] [stderr] error: doctest failed, to rerun pass `--doc`
[INFO] running `Command { std: "docker" "inspect" "3f2d28612281b9752ca52048bb566eab99243b2ae37b6209e9f10733faf21dbb", kill_on_drop: false }`
[INFO] running `Command { std: "docker" "rm" "-f" "3f2d28612281b9752ca52048bb566eab99243b2ae37b6209e9f10733faf21dbb", kill_on_drop: false }`
[INFO] [stdout] 3f2d28612281b9752ca52048bb566eab99243b2ae37b6209e9f10733faf21dbb
[INFO] testing s5-0.1.0 against beta-2023-12-22 for beta-1.76-1
[INFO] extracting crate s5 0.1.0 into /workspace/builds/worker-7-tc2/source
[INFO] validating manifest of crates.io crate s5 0.1.0 on toolchain beta-2023-12-22
[INFO] running `Command { std: CARGO_HOME="/workspace/cargo-home" RUSTUP_HOME="/workspace/rustup-home" "/workspace/cargo-home/bin/cargo" "+beta-2023-12-22" "metadata" "--manifest-path" "Cargo.toml" "--no-deps", kill_on_drop: false }`
[INFO] started tweaking crates.io crate s5 0.1.0
[INFO] finished tweaking crates.io crate s5 0.1.0
[INFO] tweaked toml for crates.io crate s5 0.1.0 written to /workspace/builds/worker-7-tc2/source/Cargo.toml
[INFO] running `Command { std: CARGO_HOME="/workspace/cargo-home" RUSTUP_HOME="/workspace/rustup-home" "/workspace/cargo-home/bin/cargo" "+beta-2023-12-22" "generate-lockfile" "--manifest-path" "Cargo.toml", kill_on_drop: false }`
[INFO] running `Command { std: CARGO_HOME="/workspace/cargo-home" RUSTUP_HOME="/workspace/rustup-home" "/workspace/cargo-home/bin/cargo" "+beta-2023-12-22" "fetch" "--manifest-path" "Cargo.toml", kill_on_drop: false }`
[INFO] running `Command { std: "docker" "create" "-v" "/var/lib/crater-agent-workspace/builds/worker-7-tc2/target:/opt/rustwide/target:rw,Z" "-v" "/var/lib/crater-agent-workspace/builds/worker-7-tc2/source:/opt/rustwide/workdir:ro,Z" "-v" "/var/lib/crater-agent-workspace/cargo-home:/opt/rustwide/cargo-home:ro,Z" "-v" "/var/lib/crater-agent-workspace/rustup-home:/opt/rustwide/rustup-home:ro,Z" "-e" "SOURCE_DIR=/opt/rustwide/workdir" "-e" "CARGO_TARGET_DIR=/opt/rustwide/target" "-e" "CARGO_HOME=/opt/rustwide/cargo-home" "-e" "RUSTUP_HOME=/opt/rustwide/rustup-home" "-w" "/opt/rustwide/workdir" "-m" "1610612736" "--user" "0:0" "--network" "none" "ghcr.io/rust-lang/crates-build-env/linux@sha256:2788e3201cd34a07e3172128adcd8b3090168a8e3bcc40d7c032b9dda1df7d1c" "/opt/rustwide/cargo-home/bin/cargo" "+beta-2023-12-22" "metadata" "--no-deps" "--format-version=1", kill_on_drop: false }`
[INFO] [stdout] 3988625dba1f74025d33539a6651ff91a9a29afed2ac6c11dca0aac79bd24832
[INFO] running `Command { std: "docker" "start" "-a" "3988625dba1f74025d33539a6651ff91a9a29afed2ac6c11dca0aac79bd24832", kill_on_drop: false }`
[INFO] running `Command { std: "docker" "inspect" "3988625dba1f74025d33539a6651ff91a9a29afed2ac6c11dca0aac79bd24832", kill_on_drop: false }`
[INFO] running `Command { std: "docker" "rm" "-f" "3988625dba1f74025d33539a6651ff91a9a29afed2ac6c11dca0aac79bd24832", kill_on_drop: false }`
[INFO] [stdout] 3988625dba1f74025d33539a6651ff91a9a29afed2ac6c11dca0aac79bd24832
[INFO] running `Command { std: "docker" "create" "-v" "/var/lib/crater-agent-workspace/builds/worker-7-tc2/target:/opt/rustwide/target:rw,Z" "-v" "/var/lib/crater-agent-workspace/builds/worker-7-tc2/source:/opt/rustwide/workdir:ro,Z" "-v" "/var/lib/crater-agent-workspace/cargo-home:/opt/rustwide/cargo-home:ro,Z" "-v" "/var/lib/crater-agent-workspace/rustup-home:/opt/rustwide/rustup-home:ro,Z" "-e" "SOURCE_DIR=/opt/rustwide/workdir" "-e" "CARGO_TARGET_DIR=/opt/rustwide/target" "-e" "CARGO_INCREMENTAL=0" "-e" "RUST_BACKTRACE=full" "-e" "RUSTFLAGS=--cap-lints=warn" "-e" "RUSTDOCFLAGS=--cap-lints=warn" "-e" "CARGO_HOME=/opt/rustwide/cargo-home" "-e" "RUSTUP_HOME=/opt/rustwide/rustup-home" "-w" "/opt/rustwide/workdir" "-m" "1610612736" "--user" "0:0" "--network" "none" "ghcr.io/rust-lang/crates-build-env/linux@sha256:2788e3201cd34a07e3172128adcd8b3090168a8e3bcc40d7c032b9dda1df7d1c" "/opt/rustwide/cargo-home/bin/cargo" "+beta-2023-12-22" "build" "--frozen" "--message-format=json", kill_on_drop: false }`
[INFO] [stdout] c7ebe9247178972f57a57e50abdf41f867180ce4247e65cb446542e78d03ade6
[INFO] running `Command { std: "docker" "start" "-a" "c7ebe9247178972f57a57e50abdf41f867180ce4247e65cb446542e78d03ade6", kill_on_drop: false }`
[INFO] [stderr]    Compiling s5 v0.1.0 (/opt/rustwide/workdir)
[INFO] [stdout] warning: unused doc comment
[INFO] [stdout]    --> src/formulas.rs:465:5
[INFO] [stdout]     |
[INFO] [stdout] 465 |     /// Return the sine of self
[INFO] [stdout]     |     ^^^^^^^^^^^^^^^^^^^^^^^^^^^ rustdoc does not generate documentation for macro invocations
[INFO] [stdout]     |
[INFO] [stdout]     = help: to document an item produced by a macro, the macro must produce the documentation as part of its expansion
[INFO] [stdout]     = note: `#[warn(unused_doc_comments)]` on by default
[INFO] [stdout] 
[INFO] [stdout] 
[INFO] [stdout] warning: unused doc comment
[INFO] [stdout]    --> src/formulas.rs:468:5
[INFO] [stdout]     |
[INFO] [stdout] 468 |     /// Return the cosine of self
[INFO] [stdout]     |     ^^^^^^^^^^^^^^^^^^^^^^^^^^^^^ rustdoc does not generate documentation for macro invocations
[INFO] [stdout]     |
[INFO] [stdout]     = help: to document an item produced by a macro, the macro must produce the documentation as part of its expansion
[INFO] [stdout] 
[INFO] [stdout] 
[INFO] [stdout] warning: unused doc comment
[INFO] [stdout]    --> src/formulas.rs:471:5
[INFO] [stdout]     |
[INFO] [stdout] 471 |     /// Return the positive arccosine of self
[INFO] [stdout]     |     ^^^^^^^^^^^^^^^^^^^^^^^^^^^^^^^^^^^^^^^^^ rustdoc does not generate documentation for macro invocations
[INFO] [stdout]     |
[INFO] [stdout]     = help: to document an item produced by a macro, the macro must produce the documentation as part of its expansion
[INFO] [stdout] 
[INFO] [stdout] 
[INFO] [stdout] warning: unused doc comment
[INFO] [stdout]    --> src/formulas.rs:474:5
[INFO] [stdout]     |
[INFO] [stdout] 474 |     /// Return the negative arccosine of self
[INFO] [stdout]     |     ^^^^^^^^^^^^^^^^^^^^^^^^^^^^^^^^^^^^^^^^^ rustdoc does not generate documentation for macro invocations
[INFO] [stdout]     |
[INFO] [stdout]     = help: to document an item produced by a macro, the macro must produce the documentation as part of its expansion
[INFO] [stdout] 
[INFO] [stdout] 
[INFO] [stdout] warning: unused doc comment
[INFO] [stdout]    --> src/formulas.rs:477:5
[INFO] [stdout]     |
[INFO] [stdout] 477 |     /// Return the signum of self
[INFO] [stdout]     |     ^^^^^^^^^^^^^^^^^^^^^^^^^^^^^ rustdoc does not generate documentation for macro invocations
[INFO] [stdout]     |
[INFO] [stdout]     = help: to document an item produced by a macro, the macro must produce the documentation as part of its expansion
[INFO] [stdout] 
[INFO] [stdout] 
[INFO] [stdout] warning: method `height` is never used
[INFO] [stdout]   --> src/display.rs:38:12
[INFO] [stdout]    |
[INFO] [stdout] 11 | impl PrintUnits {
[INFO] [stdout]    | --------------- method in this implementation
[INFO] [stdout] ...
[INFO] [stdout] 38 |     pub fn height(&self) -> usize {
[INFO] [stdout]    |            ^^^^^^
[INFO] [stdout]    |
[INFO] [stdout]    = note: `#[warn(dead_code)]` on by default
[INFO] [stdout] 
[INFO] [stdout] 
[INFO] [stdout] warning: 6 warnings emitted
[INFO] [stdout] 
[INFO] [stdout] 
[INFO] [stderr]     Finished dev [unoptimized + debuginfo] target(s) in 0.38s
[INFO] running `Command { std: "docker" "inspect" "c7ebe9247178972f57a57e50abdf41f867180ce4247e65cb446542e78d03ade6", kill_on_drop: false }`
[INFO] running `Command { std: "docker" "rm" "-f" "c7ebe9247178972f57a57e50abdf41f867180ce4247e65cb446542e78d03ade6", kill_on_drop: false }`
[INFO] [stdout] c7ebe9247178972f57a57e50abdf41f867180ce4247e65cb446542e78d03ade6
[INFO] running `Command { std: "docker" "create" "-v" "/var/lib/crater-agent-workspace/builds/worker-7-tc2/target:/opt/rustwide/target:rw,Z" "-v" "/var/lib/crater-agent-workspace/builds/worker-7-tc2/source:/opt/rustwide/workdir:ro,Z" "-v" "/var/lib/crater-agent-workspace/cargo-home:/opt/rustwide/cargo-home:ro,Z" "-v" "/var/lib/crater-agent-workspace/rustup-home:/opt/rustwide/rustup-home:ro,Z" "-e" "SOURCE_DIR=/opt/rustwide/workdir" "-e" "CARGO_TARGET_DIR=/opt/rustwide/target" "-e" "CARGO_INCREMENTAL=0" "-e" "RUST_BACKTRACE=full" "-e" "RUSTFLAGS=--cap-lints=warn" "-e" "RUSTDOCFLAGS=--cap-lints=warn" "-e" "CARGO_HOME=/opt/rustwide/cargo-home" "-e" "RUSTUP_HOME=/opt/rustwide/rustup-home" "-w" "/opt/rustwide/workdir" "-m" "1610612736" "--user" "0:0" "--network" "none" "ghcr.io/rust-lang/crates-build-env/linux@sha256:2788e3201cd34a07e3172128adcd8b3090168a8e3bcc40d7c032b9dda1df7d1c" "/opt/rustwide/cargo-home/bin/cargo" "+beta-2023-12-22" "test" "--frozen" "--no-run" "--message-format=json", kill_on_drop: false }`
[INFO] [stdout] edd167d515ef8669ccfa30c6dd62d68afcc73c85fa4e76a67ca60c39dcdaf3f2
[INFO] running `Command { std: "docker" "start" "-a" "edd167d515ef8669ccfa30c6dd62d68afcc73c85fa4e76a67ca60c39dcdaf3f2", kill_on_drop: false }`
[INFO] [stdout] warning: unused doc comment
[INFO] [stdout]    --> src/formulas.rs:465:5
[INFO] [stdout]     |
[INFO] [stdout] 465 |     /// Return the sine of self
[INFO] [stdout]     |     ^^^^^^^^^^^^^^^^^^^^^^^^^^^ rustdoc does not generate documentation for macro invocations
[INFO] [stdout]     |
[INFO] [stdout]     = help: to document an item produced by a macro, the macro must produce the documentation as part of its expansion
[INFO] [stdout]     = note: `#[warn(unused_doc_comments)]` on by default
[INFO] [stdout] 
[INFO] [stdout] 
[INFO] [stderr]    Compiling s5 v0.1.0 (/opt/rustwide/workdir)
[INFO] [stdout] warning: unused doc comment
[INFO] [stdout]    --> src/formulas.rs:468:5
[INFO] [stdout]     |
[INFO] [stdout] 468 |     /// Return the cosine of self
[INFO] [stdout]     |     ^^^^^^^^^^^^^^^^^^^^^^^^^^^^^ rustdoc does not generate documentation for macro invocations
[INFO] [stdout]     |
[INFO] [stdout]     = help: to document an item produced by a macro, the macro must produce the documentation as part of its expansion
[INFO] [stdout] 
[INFO] [stdout] 
[INFO] [stdout] warning: unused doc comment
[INFO] [stdout]    --> src/formulas.rs:471:5
[INFO] [stdout]     |
[INFO] [stdout] 471 |     /// Return the positive arccosine of self
[INFO] [stdout]     |     ^^^^^^^^^^^^^^^^^^^^^^^^^^^^^^^^^^^^^^^^^ rustdoc does not generate documentation for macro invocations
[INFO] [stdout]     |
[INFO] [stdout]     = help: to document an item produced by a macro, the macro must produce the documentation as part of its expansion
[INFO] [stdout] 
[INFO] [stdout] 
[INFO] [stdout] warning: unused doc comment
[INFO] [stdout]    --> src/formulas.rs:474:5
[INFO] [stdout]     |
[INFO] [stdout] 474 |     /// Return the negative arccosine of self
[INFO] [stdout]     |     ^^^^^^^^^^^^^^^^^^^^^^^^^^^^^^^^^^^^^^^^^ rustdoc does not generate documentation for macro invocations
[INFO] [stdout]     |
[INFO] [stdout]     = help: to document an item produced by a macro, the macro must produce the documentation as part of its expansion
[INFO] [stdout] 
[INFO] [stdout] 
[INFO] [stdout] warning: unused doc comment
[INFO] [stdout]    --> src/formulas.rs:477:5
[INFO] [stdout]     |
[INFO] [stdout] 477 |     /// Return the signum of self
[INFO] [stdout]     |     ^^^^^^^^^^^^^^^^^^^^^^^^^^^^^ rustdoc does not generate documentation for macro invocations
[INFO] [stdout]     |
[INFO] [stdout]     = help: to document an item produced by a macro, the macro must produce the documentation as part of its expansion
[INFO] [stdout] 
[INFO] [stdout] 
[INFO] [stdout] warning: method `height` is never used
[INFO] [stdout]   --> src/display.rs:38:12
[INFO] [stdout]    |
[INFO] [stdout] 11 | impl PrintUnits {
[INFO] [stdout]    | --------------- method in this implementation
[INFO] [stdout] ...
[INFO] [stdout] 38 |     pub fn height(&self) -> usize {
[INFO] [stdout]    |            ^^^^^^
[INFO] [stdout]    |
[INFO] [stdout]    = note: `#[warn(dead_code)]` on by default
[INFO] [stdout] 
[INFO] [stdout] 
[INFO] [stdout] warning: 6 warnings emitted
[INFO] [stdout] 
[INFO] [stdout] 
[INFO] [stdout] warning: unused doc comment
[INFO] [stdout]    --> src/formulas.rs:465:5
[INFO] [stdout]     |
[INFO] [stdout] 465 |     /// Return the sine of self
[INFO] [stdout]     |     ^^^^^^^^^^^^^^^^^^^^^^^^^^^ rustdoc does not generate documentation for macro invocations
[INFO] [stdout]     |
[INFO] [stdout]     = help: to document an item produced by a macro, the macro must produce the documentation as part of its expansion
[INFO] [stdout]     = note: `#[warn(unused_doc_comments)]` on by default
[INFO] [stdout] 
[INFO] [stdout] 
[INFO] [stdout] warning: unused doc comment
[INFO] [stdout]    --> src/formulas.rs:468:5
[INFO] [stdout]     |
[INFO] [stdout] 468 |     /// Return the cosine of self
[INFO] [stdout]     |     ^^^^^^^^^^^^^^^^^^^^^^^^^^^^^ rustdoc does not generate documentation for macro invocations
[INFO] [stdout]     |
[INFO] [stdout]     = help: to document an item produced by a macro, the macro must produce the documentation as part of its expansion
[INFO] [stdout] 
[INFO] [stdout] 
[INFO] [stdout] warning: unused doc comment
[INFO] [stdout]    --> src/formulas.rs:471:5
[INFO] [stdout]     |
[INFO] [stdout] 471 |     /// Return the positive arccosine of self
[INFO] [stdout]     |     ^^^^^^^^^^^^^^^^^^^^^^^^^^^^^^^^^^^^^^^^^ rustdoc does not generate documentation for macro invocations
[INFO] [stdout]     |
[INFO] [stdout]     = help: to document an item produced by a macro, the macro must produce the documentation as part of its expansion
[INFO] [stdout] 
[INFO] [stdout] 
[INFO] [stdout] warning: unused doc comment
[INFO] [stdout]    --> src/formulas.rs:474:5
[INFO] [stdout]     |
[INFO] [stdout] 474 |     /// Return the negative arccosine of self
[INFO] [stdout]     |     ^^^^^^^^^^^^^^^^^^^^^^^^^^^^^^^^^^^^^^^^^ rustdoc does not generate documentation for macro invocations
[INFO] [stdout]     |
[INFO] [stdout]     = help: to document an item produced by a macro, the macro must produce the documentation as part of its expansion
[INFO] [stdout] 
[INFO] [stdout] 
[INFO] [stdout] warning: unused doc comment
[INFO] [stdout]    --> src/formulas.rs:477:5
[INFO] [stdout]     |
[INFO] [stdout] 477 |     /// Return the signum of self
[INFO] [stdout]     |     ^^^^^^^^^^^^^^^^^^^^^^^^^^^^^ rustdoc does not generate documentation for macro invocations
[INFO] [stdout]     |
[INFO] [stdout]     = help: to document an item produced by a macro, the macro must produce the documentation as part of its expansion
[INFO] [stdout] 
[INFO] [stdout] 
[INFO] [stdout] warning: method `height` is never used
[INFO] [stdout]   --> src/display.rs:38:12
[INFO] [stdout]    |
[INFO] [stdout] 11 | impl PrintUnits {
[INFO] [stdout]    | --------------- method in this implementation
[INFO] [stdout] ...
[INFO] [stdout] 38 |     pub fn height(&self) -> usize {
[INFO] [stdout]    |            ^^^^^^
[INFO] [stdout]    |
[INFO] [stdout]    = note: `#[warn(dead_code)]` on by default
[INFO] [stdout] 
[INFO] [stdout] 
[INFO] [stdout] warning: 6 warnings emitted
[INFO] [stdout] 
[INFO] [stdout] 
[INFO] [stderr]     Finished test [unoptimized + debuginfo] target(s) in 0.31s
[INFO] running `Command { std: "docker" "inspect" "edd167d515ef8669ccfa30c6dd62d68afcc73c85fa4e76a67ca60c39dcdaf3f2", kill_on_drop: false }`
[INFO] running `Command { std: "docker" "rm" "-f" "edd167d515ef8669ccfa30c6dd62d68afcc73c85fa4e76a67ca60c39dcdaf3f2", kill_on_drop: false }`
[INFO] [stdout] edd167d515ef8669ccfa30c6dd62d68afcc73c85fa4e76a67ca60c39dcdaf3f2
[INFO] running `Command { std: "docker" "create" "-v" "/var/lib/crater-agent-workspace/builds/worker-7-tc2/target:/opt/rustwide/target:rw,Z" "-v" "/var/lib/crater-agent-workspace/builds/worker-7-tc2/source:/opt/rustwide/workdir:ro,Z" "-v" "/var/lib/crater-agent-workspace/cargo-home:/opt/rustwide/cargo-home:ro,Z" "-v" "/var/lib/crater-agent-workspace/rustup-home:/opt/rustwide/rustup-home:ro,Z" "-e" "SOURCE_DIR=/opt/rustwide/workdir" "-e" "CARGO_TARGET_DIR=/opt/rustwide/target" "-e" "CARGO_INCREMENTAL=0" "-e" "RUST_BACKTRACE=full" "-e" "RUSTFLAGS=--cap-lints=warn" "-e" "RUSTDOCFLAGS=--cap-lints=warn" "-e" "CARGO_HOME=/opt/rustwide/cargo-home" "-e" "RUSTUP_HOME=/opt/rustwide/rustup-home" "-w" "/opt/rustwide/workdir" "-m" "1610612736" "--user" "0:0" "--network" "none" "ghcr.io/rust-lang/crates-build-env/linux@sha256:2788e3201cd34a07e3172128adcd8b3090168a8e3bcc40d7c032b9dda1df7d1c" "/opt/rustwide/cargo-home/bin/cargo" "+beta-2023-12-22" "test" "--frozen", kill_on_drop: false }`
[INFO] [stdout] 30518364747c4e1a6a7a3a6b9276ef9b68acd2f88eec10cdac1bcd5107352853
[INFO] running `Command { std: "docker" "start" "-a" "30518364747c4e1a6a7a3a6b9276ef9b68acd2f88eec10cdac1bcd5107352853", kill_on_drop: false }`
[INFO] [stderr] warning: unused doc comment
[INFO] [stderr]    --> src/formulas.rs:465:5
[INFO] [stderr]     |
[INFO] [stderr] 465 |     /// Return the sine of self
[INFO] [stderr]     |     ^^^^^^^^^^^^^^^^^^^^^^^^^^^ rustdoc does not generate documentation for macro invocations
[INFO] [stderr]     |
[INFO] [stderr]     = help: to document an item produced by a macro, the macro must produce the documentation as part of its expansion
[INFO] [stderr]     = note: `#[warn(unused_doc_comments)]` on by default
[INFO] [stderr] 
[INFO] [stderr] warning: unused doc comment
[INFO] [stderr]    --> src/formulas.rs:468:5
[INFO] [stderr]     |
[INFO] [stderr] 468 |     /// Return the cosine of self
[INFO] [stderr]     |     ^^^^^^^^^^^^^^^^^^^^^^^^^^^^^ rustdoc does not generate documentation for macro invocations
[INFO] [stderr]     |
[INFO] [stderr]     = help: to document an item produced by a macro, the macro must produce the documentation as part of its expansion
[INFO] [stderr] 
[INFO] [stderr] warning: unused doc comment
[INFO] [stderr]    --> src/formulas.rs:471:5
[INFO] [stderr]     |
[INFO] [stderr] 471 |     /// Return the positive arccosine of self
[INFO] [stderr]     |     ^^^^^^^^^^^^^^^^^^^^^^^^^^^^^^^^^^^^^^^^^ rustdoc does not generate documentation for macro invocations
[INFO] [stderr]     |
[INFO] [stderr]     = help: to document an item produced by a macro, the macro must produce the documentation as part of its expansion
[INFO] [stderr] 
[INFO] [stderr] warning: unused doc comment
[INFO] [stderr]    --> src/formulas.rs:474:5
[INFO] [stderr]     |
[INFO] [stderr] 474 |     /// Return the negative arccosine of self
[INFO] [stderr]     |     ^^^^^^^^^^^^^^^^^^^^^^^^^^^^^^^^^^^^^^^^^ rustdoc does not generate documentation for macro invocations
[INFO] [stderr]     |
[INFO] [stderr]     = help: to document an item produced by a macro, the macro must produce the documentation as part of its expansion
[INFO] [stderr] 
[INFO] [stderr] warning: unused doc comment
[INFO] [stderr]    --> src/formulas.rs:477:5
[INFO] [stderr]     |
[INFO] [stderr] 477 |     /// Return the signum of self
[INFO] [stderr]     |     ^^^^^^^^^^^^^^^^^^^^^^^^^^^^^ rustdoc does not generate documentation for macro invocations
[INFO] [stderr]     |
[INFO] [stderr]     = help: to document an item produced by a macro, the macro must produce the documentation as part of its expansion
[INFO] [stderr] 
[INFO] [stderr] warning: method `height` is never used
[INFO] [stderr]   --> src/display.rs:38:12
[INFO] [stderr]    |
[INFO] [stderr] 11 | impl PrintUnits {
[INFO] [stderr]    | --------------- method in this implementation
[INFO] [stderr] ...
[INFO] [stderr] 38 |     pub fn height(&self) -> usize {
[INFO] [stderr]    |            ^^^^^^
[INFO] [stderr]    |
[INFO] [stderr]    = note: `#[warn(dead_code)]` on by default
[INFO] [stderr] 
[INFO] [stderr] warning: `s5` (lib) generated 6 warnings
[INFO] [stderr] warning: `s5` (lib test) generated 6 warnings (6 duplicates)
[INFO] [stderr]     Finished test [unoptimized + debuginfo] target(s) in 0.00s
[INFO] [stderr]      Running unittests src/lib.rs (/opt/rustwide/target/debug/deps/s5-b47a14cb1a4484f3)
[INFO] [stdout] 
[INFO] [stdout] running 0 tests
[INFO] [stdout] 
[INFO] [stdout] test result: ok. 0 passed; 0 failed; 0 ignored; 0 measured; 0 filtered out; finished in 0.00s
[INFO] [stdout] 
[INFO] [stderr]    Doc-tests s5
[INFO] [stdout] 
[INFO] [stdout] running 1 test
[INFO] [stdout] test src/formulas.rs - formulas (line 6) ... FAILED
[INFO] [stdout] 
[INFO] [stdout] failures:
[INFO] [stdout] 
[INFO] [stdout] ---- src/formulas.rs - formulas (line 6) stdout ----
[INFO] [stdout] error[E0433]: failed to resolve: use of undeclared crate or module `solver`
[INFO] [stdout]  --> src/formulas.rs:7:5
[INFO] [stdout]   |
[INFO] [stdout] 3 | use solver::formulas::*;
[INFO] [stdout]   |     ^^^^^^ use of undeclared crate or module `solver`
[INFO] [stdout] 
[INFO] [stdout] error[E0433]: failed to resolve: use of undeclared crate or module `solver`
[INFO] [stdout]  --> src/formulas.rs:8:5
[INFO] [stdout]   |
[INFO] [stdout] 4 | use solver::variables::*;
[INFO] [stdout]   |     ^^^^^^ use of undeclared crate or module `solver`
[INFO] [stdout] 
[INFO] [stdout] error[E0432]: unresolved imports `solver::formulas::*`, `solver::variables::*`
[INFO] [stdout]  --> src/formulas.rs:7:5
[INFO] [stdout]   |
[INFO] [stdout] 3 | use solver::formulas::*;
[INFO] [stdout]   |     ^^^^^^^^^^^^^^^^^^^
[INFO] [stdout] 4 | use solver::variables::*;
[INFO] [stdout]   |     ^^^^^^^^^^^^^^^^^^^^
[INFO] [stdout] 
[INFO] [stdout] error[E0433]: failed to resolve: use of undeclared type `Variable`
[INFO] [stdout]  --> src/formulas.rs:10:9
[INFO] [stdout]   |
[INFO] [stdout] 6 | let s = Variable::new("s", "speed of satellite");
[INFO] [stdout]   |         ^^^^^^^^ use of undeclared type `Variable`
[INFO] [stdout]   |
[INFO] [stdout] help: consider importing this struct
[INFO] [stdout]   |
[INFO] [stdout] 2 + use s5::variables::Variable;
[INFO] [stdout]   |
[INFO] [stdout] 
[INFO] [stdout] error[E0433]: failed to resolve: use of undeclared type `Variable`
[INFO] [stdout]  --> src/formulas.rs:11:10
[INFO] [stdout]   |
[INFO] [stdout] 7 | let me = Variable::new("E", "specific mechanical energy of orbit");
[INFO] [stdout]   |          ^^^^^^^^ use of undeclared type `Variable`
[INFO] [stdout]   |
[INFO] [stdout] help: consider importing this struct
[INFO] [stdout]   |
[INFO] [stdout] 2 + use s5::variables::Variable;
[INFO] [stdout]   |
[INFO] [stdout] 
[INFO] [stdout] error[E0433]: failed to resolve: use of undeclared type `Variable`
[INFO] [stdout]  --> src/formulas.rs:12:9
[INFO] [stdout]   |
[INFO] [stdout] 8 | let r = Variable::new("r", "distance of satellite from center of Earth");
[INFO] [stdout]   |         ^^^^^^^^ use of undeclared type `Variable`
[INFO] [stdout]   |
[INFO] [stdout] help: consider importing this struct
[INFO] [stdout]   |
[INFO] [stdout] 2 + use s5::variables::Variable;
[INFO] [stdout]   |
[INFO] [stdout] 
[INFO] [stdout] error[E0433]: failed to resolve: use of undeclared type `Variable`
[INFO] [stdout]  --> src/formulas.rs:13:9
[INFO] [stdout]   |
[INFO] [stdout] 9 | let u = Variable::new("u", "gravitational parameter of Earth");
[INFO] [stdout]   |         ^^^^^^^^ use of undeclared type `Variable`
[INFO] [stdout]   |
[INFO] [stdout] help: consider importing this struct
[INFO] [stdout]   |
[INFO] [stdout] 2 + use s5::variables::Variable;
[INFO] [stdout]   |
[INFO] [stdout] 
[INFO] [stdout] error[E0412]: cannot find type `Formula` in this scope
[INFO] [stdout]   --> src/formulas.rs:15:8
[INFO] [stdout]    |
[INFO] [stdout] 11 | let f: Formula = s^2 / 2 - u / r;
[INFO] [stdout]    |        ^^^^^^^ not found in this scope
[INFO] [stdout]    |
[INFO] [stdout] help: consider importing this struct
[INFO] [stdout]    |
[INFO] [stdout] 2  + use s5::formulas::Formula;
[INFO] [stdout]    |
[INFO] [stdout] 
[INFO] [stdout] error: aborting due to 8 previous errors
[INFO] [stdout] 
[INFO] [stdout] Some errors have detailed explanations: E0412, E0432, E0433.
[INFO] [stdout] For more information about an error, try `rustc --explain E0412`.
[INFO] [stdout] Couldn't compile the test.
[INFO] [stdout] 
[INFO] [stdout] failures:
[INFO] [stdout]     src/formulas.rs - formulas (line 6)
[INFO] [stdout] 
[INFO] [stdout] test result: FAILED. 0 passed; 1 failed; 0 ignored; 0 measured; 0 filtered out; finished in 0.05s
[INFO] [stdout] 
[INFO] [stderr] error: doctest failed, to rerun pass `--doc`
[INFO] running `Command { std: "docker" "inspect" "30518364747c4e1a6a7a3a6b9276ef9b68acd2f88eec10cdac1bcd5107352853", kill_on_drop: false }`
[INFO] running `Command { std: "docker" "rm" "-f" "30518364747c4e1a6a7a3a6b9276ef9b68acd2f88eec10cdac1bcd5107352853", kill_on_drop: false }`
[INFO] [stdout] 30518364747c4e1a6a7a3a6b9276ef9b68acd2f88eec10cdac1bcd5107352853
