[INFO] fetching crate s2gpp 1.0.2...
[INFO] testing s2gpp-1.0.2 against 1.75.0 for beta-1.76-1
[INFO] extracting crate s2gpp 1.0.2 into /workspace/builds/worker-5-tc1/source
[INFO] validating manifest of crates.io crate s2gpp 1.0.2 on toolchain 1.75.0
[INFO] running `Command { std: CARGO_HOME="/workspace/cargo-home" RUSTUP_HOME="/workspace/rustup-home" "/workspace/cargo-home/bin/cargo" "+1.75.0" "metadata" "--manifest-path" "Cargo.toml" "--no-deps", kill_on_drop: false }`
[INFO] started tweaking crates.io crate s2gpp 1.0.2
[INFO] finished tweaking crates.io crate s2gpp 1.0.2
[INFO] tweaked toml for crates.io crate s2gpp 1.0.2 written to /workspace/builds/worker-5-tc1/source/Cargo.toml
[INFO] crate crates.io crate s2gpp 1.0.2 already has a lockfile, it will not be regenerated
[INFO] running `Command { std: CARGO_HOME="/workspace/cargo-home" RUSTUP_HOME="/workspace/rustup-home" "/workspace/cargo-home/bin/cargo" "+1.75.0" "fetch" "--manifest-path" "Cargo.toml", kill_on_drop: false }`
[INFO] [stderr]     Updating crates.io index
[INFO] [stderr]  Downloading crates ...
[INFO] [stderr]   Downloaded ndarray_einsum_beta v0.7.0
[INFO] [stderr]   Downloaded lax v0.2.0
[INFO] [stderr]   Downloaded cauchy v0.4.0
[INFO] [stderr]   Downloaded indoc v1.0.6
[INFO] [stderr]   Downloaded pyo3-macros v0.16.5
[INFO] [stderr]   Downloaded unindent v0.1.9
[INFO] [stderr]   Downloaded port_scanner v0.1.5
[INFO] [stderr]   Downloaded openblas-build v0.1.1
[INFO] [stderr]   Downloaded lapack-sys v0.12.1
[INFO] [stderr]   Downloaded target-lexicon v0.12.4
[INFO] [stderr]   Downloaded lapack v0.18.0
[INFO] [stderr]   Downloaded actix v0.12.0
[INFO] [stderr]   Downloaded pyo3 v0.16.5
[INFO] [stderr]   Downloaded pyo3-macros-backend v0.16.5
[INFO] [stderr]   Downloaded trust-dns-resolver v0.20.4
[INFO] [stderr]   Downloaded ndarray-linalg v0.14.1
[INFO] [stderr]   Downloaded pyo3-build-config v0.16.5
[INFO] [stderr]   Downloaded openblas-src v0.10.4
[INFO] [stderr]   Downloaded actix-telepathy v0.4.1
[INFO] [stderr]   Downloaded actix-broker v0.4.1
[INFO] [stderr]   Downloaded actix_telepathy_derive v0.3.0
[INFO] [stderr]   Downloaded sorted-vec v0.5.2
[INFO] [stderr]   Downloaded meanshift-rs v0.8.0
[INFO] [stderr]   Downloaded sortedvec v0.5.0
[INFO] [stderr]   Downloaded numpy v0.16.2
[INFO] [stderr]   Downloaded pyo3-ffi v0.16.5
[INFO] [stderr]   Downloaded num-complex v0.4.1
[INFO] [stderr]   Downloaded flexbuffers v2.0.0
[INFO] [stderr]   Downloaded async-trait v0.1.56
[INFO] [stderr]   Downloaded kdtree v0.6.0
[INFO] [stderr]   Downloaded ndarray-stats v0.5.0
[INFO] [stderr]   Downloaded noisy_float v0.2.0
[INFO] running `Command { std: "docker" "create" "-v" "/var/lib/crater-agent-workspace/builds/worker-5-tc1/target:/opt/rustwide/target:rw,Z" "-v" "/var/lib/crater-agent-workspace/builds/worker-5-tc1/source:/opt/rustwide/workdir:ro,Z" "-v" "/var/lib/crater-agent-workspace/cargo-home:/opt/rustwide/cargo-home:ro,Z" "-v" "/var/lib/crater-agent-workspace/rustup-home:/opt/rustwide/rustup-home:ro,Z" "-e" "SOURCE_DIR=/opt/rustwide/workdir" "-e" "CARGO_TARGET_DIR=/opt/rustwide/target" "-e" "CARGO_HOME=/opt/rustwide/cargo-home" "-e" "RUSTUP_HOME=/opt/rustwide/rustup-home" "-w" "/opt/rustwide/workdir" "-m" "1610612736" "--user" "0:0" "--network" "none" "ghcr.io/rust-lang/crates-build-env/linux@sha256:2788e3201cd34a07e3172128adcd8b3090168a8e3bcc40d7c032b9dda1df7d1c" "/opt/rustwide/cargo-home/bin/cargo" "+1.75.0" "metadata" "--no-deps" "--format-version=1", kill_on_drop: false }`
[INFO] [stdout] 2595dfa37d99ca0e763f175599a2193e3d7d3eb88244725bc9475883d5ea5cc2
[INFO] running `Command { std: "docker" "start" "-a" "2595dfa37d99ca0e763f175599a2193e3d7d3eb88244725bc9475883d5ea5cc2", kill_on_drop: false }`
[INFO] running `Command { std: "docker" "inspect" "2595dfa37d99ca0e763f175599a2193e3d7d3eb88244725bc9475883d5ea5cc2", kill_on_drop: false }`
[INFO] running `Command { std: "docker" "rm" "-f" "2595dfa37d99ca0e763f175599a2193e3d7d3eb88244725bc9475883d5ea5cc2", kill_on_drop: false }`
[INFO] [stdout] 2595dfa37d99ca0e763f175599a2193e3d7d3eb88244725bc9475883d5ea5cc2
[INFO] running `Command { std: "docker" "create" "-v" "/var/lib/crater-agent-workspace/builds/worker-5-tc1/target:/opt/rustwide/target:rw,Z" "-v" "/var/lib/crater-agent-workspace/builds/worker-5-tc1/source:/opt/rustwide/workdir:ro,Z" "-v" "/var/lib/crater-agent-workspace/cargo-home:/opt/rustwide/cargo-home:ro,Z" "-v" "/var/lib/crater-agent-workspace/rustup-home:/opt/rustwide/rustup-home:ro,Z" "-e" "SOURCE_DIR=/opt/rustwide/workdir" "-e" "CARGO_TARGET_DIR=/opt/rustwide/target" "-e" "CARGO_INCREMENTAL=0" "-e" "RUST_BACKTRACE=full" "-e" "RUSTFLAGS=--cap-lints=warn" "-e" "RUSTDOCFLAGS=--cap-lints=warn" "-e" "CARGO_HOME=/opt/rustwide/cargo-home" "-e" "RUSTUP_HOME=/opt/rustwide/rustup-home" "-w" "/opt/rustwide/workdir" "-m" "1610612736" "--user" "0:0" "--network" "none" "ghcr.io/rust-lang/crates-build-env/linux@sha256:2788e3201cd34a07e3172128adcd8b3090168a8e3bcc40d7c032b9dda1df7d1c" "/opt/rustwide/cargo-home/bin/cargo" "+1.75.0" "build" "--frozen" "--message-format=json", kill_on_drop: false }`
[INFO] [stdout] a976add95faeba39b4b2d7c523175b12c1b7ebddbe86e5da5819b47a1bdf0a58
[INFO] running `Command { std: "docker" "start" "-a" "a976add95faeba39b4b2d7c523175b12c1b7ebddbe86e5da5819b47a1bdf0a58", kill_on_drop: false }`
[INFO] [stderr]    Compiling proc-macro2 v1.0.39
[INFO] [stderr]    Compiling unicode-ident v1.0.1
[INFO] [stderr]    Compiling libc v0.2.126
[INFO] [stderr]    Compiling syn v1.0.96
[INFO] [stderr]    Compiling memchr v2.5.0
[INFO] [stderr]    Compiling serde_derive v1.0.137
[INFO] [stderr]    Compiling serde v1.0.137
[INFO] [stderr]    Compiling scopeguard v1.1.0
[INFO] [stderr]    Compiling log v0.4.17
[INFO] [stderr]    Compiling num-traits v0.2.15
[INFO] [stderr]    Compiling futures-core v0.3.21
[INFO] [stderr]    Compiling crossbeam-utils v0.8.8
[INFO] [stderr]    Compiling lock_api v0.4.7
[INFO] [stderr]    Compiling ppv-lite86 v0.2.16
[INFO] [stderr]    Compiling smallvec v1.8.0
[INFO] [stderr]    Compiling quote v1.0.18
[INFO] [stderr]    Compiling parking_lot_core v0.9.3
[INFO] [stderr]    Compiling once_cell v1.12.0
[INFO] [stderr]    Compiling getrandom v0.2.7
[INFO] [stderr]    Compiling num_cpus v1.13.1
[INFO] [stderr]    Compiling pin-project-lite v0.2.9
[INFO] [stderr]    Compiling rand_core v0.6.3
[INFO] [stderr]    Compiling memoffset v0.6.5
[INFO] [stderr]    Compiling rand_chacha v0.3.1
[INFO] [stderr]    Compiling futures-sink v0.3.21
[INFO] [stderr]    Compiling futures-channel v0.3.21
[INFO] [stderr]    Compiling futures-task v0.3.21
[INFO] [stderr]    Compiling parking_lot v0.12.1
[INFO] [stderr]    Compiling rand v0.8.5
[INFO] [stderr]    Compiling crossbeam-channel v0.5.4
[INFO] [stderr]    Compiling mio v0.8.3
[INFO] [stderr]    Compiling signal-hook-registry v1.4.0
[INFO] [stderr]    Compiling socket2 v0.4.4
[INFO] [stderr]    Compiling crossbeam-epoch v0.9.8
[INFO] [stderr]    Compiling bytes v1.1.0
[INFO] [stderr]    Compiling futures-util v0.3.21
[INFO] [stderr]    Compiling futures-io v0.3.21
[INFO] [stderr]    Compiling rayon-core v1.9.3
[INFO] [stderr]    Compiling tokio v1.19.2
[INFO] [stderr]    Compiling slab v0.4.6
[INFO] [stderr]    Compiling aho-corasick v0.7.18
[INFO] [stderr]    Compiling regex-syntax v0.6.26
[INFO] [stderr]    Compiling parking_lot_core v0.8.5
[INFO] [stderr]    Compiling num-integer v0.1.45
[INFO] [stderr]    Compiling indexmap v1.8.2
[INFO] [stderr]    Compiling crossbeam-deque v0.8.1
[INFO] [stderr]    Compiling instant v0.1.12
[INFO] [stderr]    Compiling rayon v1.5.3
[INFO] [stderr]    Compiling same-file v1.0.6
[INFO] [stderr]    Compiling tinyvec_macros v0.1.0
[INFO] [stderr]    Compiling either v1.6.1
[INFO] [stderr]    Compiling tinyvec v1.6.0
[INFO] [stderr]    Compiling walkdir v2.3.2
[INFO] [stderr]    Compiling atty v0.2.14
[INFO] [stderr]    Compiling dirs-sys v0.3.7
[INFO] [stderr]    Compiling rawpointer v0.2.1
[INFO] [stderr]    Compiling hashbrown v0.11.2
[INFO] [stderr]    Compiling linked-hash-map v0.5.4
[INFO] [stderr]    Compiling matches v0.1.9
[INFO] [stderr]    Compiling dirs v3.0.2
[INFO] [stderr]    Compiling matrixmultiply v0.3.2
[INFO] [stderr]    Compiling unicode-normalization v0.1.19
[INFO] [stderr]    Compiling regex v1.5.6
[INFO] [stderr]    Compiling parking_lot v0.11.2
[INFO] [stderr]    Compiling approx v0.4.0
[INFO] [stderr]    Compiling cblas-sys v0.1.4
[INFO] [stderr]    Compiling proc-macro-error-attr v1.0.4
[INFO] [stderr]    Compiling percent-encoding v2.1.0
[INFO] [stderr]    Compiling fnv v1.0.7
[INFO] [stderr]    Compiling unicode-width v0.1.9
[INFO] [stderr]    Compiling strsim v0.10.0
[INFO] [stderr]    Compiling ident_case v1.0.1
[INFO] [stderr]    Compiling unicode-bidi v0.3.8
[INFO] [stderr]    Compiling async-trait v0.1.56
[INFO] [stderr]    Compiling idna v0.2.3
[INFO] [stderr]    Compiling darling_core v0.13.4
[INFO] [stderr]    Compiling form_urlencoded v1.0.1
[INFO] [stderr]    Compiling tokio-util v0.6.10
[INFO] [stderr]    Compiling proc-macro-error v1.0.4
[INFO] [stderr]    Compiling ahash v0.7.6
[INFO] [stderr]    Compiling termcolor v1.1.3
[INFO] [stderr]    Compiling humantime v2.1.0
[INFO] [stderr]    Compiling match_cfg v0.1.0
[INFO] [stderr]    Compiling ryu v1.0.10
[INFO] [stderr]    Compiling heck v0.4.0
[INFO] [stderr]    Compiling hostname v0.3.1
[INFO] [stderr]    Compiling url v2.2.2
[INFO] [stderr]    Compiling yaml-rust v0.4.5
[INFO] [stderr]    Compiling lapack-sys v0.12.1
[INFO] [stderr]    Compiling thiserror-impl v1.0.31
[INFO] [stderr]    Compiling futures-macro v0.3.21
[INFO] [stderr]    Compiling actix-macros v0.2.3
[INFO] [stderr]    Compiling actix_derive v0.6.0
[INFO] [stderr]    Compiling actix-rt v2.7.0
[INFO] [stderr]    Compiling darling_macro v0.13.4
[INFO] [stderr]    Compiling thiserror v1.0.31
[INFO] [stderr]    Compiling openblas-build v0.1.1
[INFO] [stderr]    Compiling enum-as-inner v0.3.4
[INFO] [stderr]    Compiling ipnet v2.5.0
[INFO] [stderr]    Compiling openblas-src v0.10.4
[INFO] [stderr]    Compiling data-encoding v2.3.2
[INFO] [stderr]    Compiling quick-error v1.2.3
[INFO] [stderr]    Compiling unicode-segmentation v1.9.0
[INFO] [stderr]    Compiling anyhow v1.0.57
[INFO] [stderr]    Compiling resolv-conf v0.7.0
[INFO] [stderr]    Compiling darling v0.13.4
[INFO] [stderr]    Compiling heck v0.3.3
[INFO] [stderr]    Compiling textwrap v0.11.0
[INFO] [stderr]    Compiling lru-cache v0.1.2
[INFO] [stderr]    Compiling itertools v0.10.3
[INFO] [stderr]    Compiling noisy_float v0.2.0
[INFO] [stderr]    Compiling terminal_size v0.1.17
[INFO] [stderr]    Compiling strsim v0.8.0
[INFO] [stderr]    Compiling regex-automata v0.1.10
[INFO] [stderr]    Compiling vec_map v0.8.2
[INFO] [stderr]    Compiling byteorder v1.4.3
[INFO] [stderr]    Compiling ansi_term v0.12.1
[INFO] [stderr]    Compiling convert_case v0.4.0
[INFO] [stderr]    Compiling clap v2.34.0
[INFO] [stderr]    Compiling console v0.15.0
[INFO] [stderr]    Compiling structopt-derive v0.4.18
[INFO] [stderr]    Compiling derive_more v0.99.17
[INFO] [stderr]    Compiling actix v0.12.0
[INFO] [stderr]    Compiling futures-executor v0.3.21
[INFO] [stderr]    Compiling trust-dns-proto v0.20.4
[INFO] [stderr]    Compiling futures v0.3.21
[INFO] [stderr]    Compiling actix-broker v0.4.1
[INFO] [stderr]    Compiling serde_with_macros v1.5.2
[INFO] [stderr]    Compiling env_logger v0.9.0
[INFO] [stderr]    Compiling trust-dns-resolver v0.20.4
[INFO] [stderr]    Compiling env_logger v0.8.4
[INFO] [stderr]    Compiling tokio-stream v0.1.9
[INFO] [stderr]    Compiling num-complex v0.4.1
[INFO] [stderr]    Compiling toml v0.5.9
[INFO] [stderr]    Compiling serde_yaml v0.8.24
[INFO] [stderr]    Compiling ndarray v0.15.4
[INFO] [stderr]    Compiling proc-macro-crate v1.1.3
[INFO] [stderr]    Compiling lapack v0.18.0
[INFO] [stderr]    Compiling cauchy v0.4.0
[INFO] [stderr]    Compiling actix_telepathy_derive v0.3.0
[INFO] [stderr]    Compiling num_enum_derive v0.5.7
[INFO] [stderr]    Compiling bstr v0.2.17
[INFO] [stderr]    Compiling uuid v0.8.2
[INFO] [stderr]    Compiling kdtree v0.6.0
[INFO] [stderr]    Compiling csv-core v0.1.10
[INFO] [stderr]    Compiling itoa v0.4.8
[INFO] [stderr]    Compiling number_prefix v0.4.0
[INFO] [stderr]    Compiling sorted-vec v0.5.2
[INFO] [stderr]    Compiling indicatif v0.16.2
[INFO] [stderr]    Compiling serde_with v1.14.0
[INFO] [stderr]    Compiling num_enum v0.5.7
[INFO] [stderr]    Compiling flexbuffers v2.0.0
[INFO] [stderr]    Compiling csv v1.1.6
[INFO] [stderr]    Compiling structopt v0.3.26
[INFO] [stderr]    Compiling sortedvec v0.5.0
[INFO] [stderr]    Compiling actix-telepathy v0.4.1
[INFO] [stderr]    Compiling ndarray-stats v0.5.0
[INFO] [stderr]    Compiling ndarray_einsum_beta v0.7.0
[INFO] [stderr]    Compiling meanshift-rs v0.8.0
[INFO] [stderr]    Compiling lax v0.2.0
[INFO] [stderr]    Compiling ndarray-linalg v0.14.1
[INFO] [stderr]    Compiling s2gpp v1.0.2 (/opt/rustwide/workdir)
[INFO] [stdout] warning: unused import: `messages::DataReceivedMessage`
[INFO] [stdout]  --> src/data_manager/data_reader/mod.rs:3:9
[INFO] [stdout]   |
[INFO] [stdout] 3 | pub use messages::DataReceivedMessage;
[INFO] [stdout]   |         ^^^^^^^^^^^^^^^^^^^^^^^^^^^^^
[INFO] [stdout]   |
[INFO] [stdout]   = note: `#[warn(unused_imports)]` on by default
[INFO] [stdout] 
[INFO] [stdout] 
[INFO] [stdout] warning: unused import: `PCAMessage`
[INFO] [stdout]   --> src/training/rotation/pca/mod.rs:15:78
[INFO] [stdout]    |
[INFO] [stdout] 15 |     PCAComponents, PCADecompositionMessage, PCADoneMessage, PCAMeansMessage, PCAMessage,
[INFO] [stdout]    |                                                                              ^^^^^^^^^^
[INFO] [stdout] 
[INFO] [stdout] 
[INFO] [stdout] warning: call to `.deref()` on a reference in this situation does nothing
[INFO] [stdout]    --> src/training/scoring/weights.rs:133:56
[INFO] [stdout]     |
[INFO] [stdout] 133 |                     .map(|(node, degree)| (node.deref().deref().clone(), *degree))
[INFO] [stdout]     |                                                        ^^^^^^^^ help: remove this redundant call
[INFO] [stdout]     |
[INFO] [stdout]     = note: the type `IndependentNode` does not implement `Deref`, so calling `deref` on `&IndependentNode` copies the reference, which does not do anything and can be removed
[INFO] [stdout]     = note: `#[warn(noop_method_call)]` on by default
[INFO] [stdout] 
[INFO] [stdout] 
[INFO] [stdout] warning: 3 warnings emitted
[INFO] [stdout] 
[INFO] [stdout] 
[INFO] [stderr]     Finished dev [unoptimized + debuginfo] target(s) in 5m 01s
[INFO] running `Command { std: "docker" "inspect" "a976add95faeba39b4b2d7c523175b12c1b7ebddbe86e5da5819b47a1bdf0a58", kill_on_drop: false }`
[INFO] running `Command { std: "docker" "rm" "-f" "a976add95faeba39b4b2d7c523175b12c1b7ebddbe86e5da5819b47a1bdf0a58", kill_on_drop: false }`
[INFO] [stdout] a976add95faeba39b4b2d7c523175b12c1b7ebddbe86e5da5819b47a1bdf0a58
[INFO] running `Command { std: "docker" "create" "-v" "/var/lib/crater-agent-workspace/builds/worker-5-tc1/target:/opt/rustwide/target:rw,Z" "-v" "/var/lib/crater-agent-workspace/builds/worker-5-tc1/source:/opt/rustwide/workdir:ro,Z" "-v" "/var/lib/crater-agent-workspace/cargo-home:/opt/rustwide/cargo-home:ro,Z" "-v" "/var/lib/crater-agent-workspace/rustup-home:/opt/rustwide/rustup-home:ro,Z" "-e" "SOURCE_DIR=/opt/rustwide/workdir" "-e" "CARGO_TARGET_DIR=/opt/rustwide/target" "-e" "CARGO_INCREMENTAL=0" "-e" "RUST_BACKTRACE=full" "-e" "RUSTFLAGS=--cap-lints=warn" "-e" "RUSTDOCFLAGS=--cap-lints=warn" "-e" "CARGO_HOME=/opt/rustwide/cargo-home" "-e" "RUSTUP_HOME=/opt/rustwide/rustup-home" "-w" "/opt/rustwide/workdir" "-m" "1610612736" "--user" "0:0" "--network" "none" "ghcr.io/rust-lang/crates-build-env/linux@sha256:2788e3201cd34a07e3172128adcd8b3090168a8e3bcc40d7c032b9dda1df7d1c" "/opt/rustwide/cargo-home/bin/cargo" "+1.75.0" "test" "--frozen" "--no-run" "--message-format=json", kill_on_drop: false }`
[INFO] [stdout] 0440dc401ed0daddf60ce08acfe423910c38432cfac1872220db513e3d769b74
[INFO] running `Command { std: "docker" "start" "-a" "0440dc401ed0daddf60ce08acfe423910c38432cfac1872220db513e3d769b74", kill_on_drop: false }`
[INFO] [stderr]    Compiling port_scanner v0.1.5
[INFO] [stdout] warning: unused import: `messages::DataReceivedMessage`
[INFO] [stdout]  --> src/data_manager/data_reader/mod.rs:3:9
[INFO] [stdout]   |
[INFO] [stdout] 3 | pub use messages::DataReceivedMessage;
[INFO] [stdout]   |         ^^^^^^^^^^^^^^^^^^^^^^^^^^^^^
[INFO] [stdout]   |
[INFO] [stdout]   = note: `#[warn(unused_imports)]` on by default
[INFO] [stdout] 
[INFO] [stdout] 
[INFO] [stdout] warning: unused import: `PCAMessage`
[INFO] [stdout]   --> src/training/rotation/pca/mod.rs:15:78
[INFO] [stdout]    |
[INFO] [stdout] 15 |     PCAComponents, PCADecompositionMessage, PCADoneMessage, PCAMeansMessage, PCAMessage,
[INFO] [stdout]    |                                                                              ^^^^^^^^^^
[INFO] [stdout] 
[INFO] [stdout] 
[INFO] [stdout] warning: call to `.deref()` on a reference in this situation does nothing
[INFO] [stdout]    --> src/training/scoring/weights.rs:133:56
[INFO] [stdout]     |
[INFO] [stdout] 133 |                     .map(|(node, degree)| (node.deref().deref().clone(), *degree))
[INFO] [stdout]     |                                                        ^^^^^^^^ help: remove this redundant call
[INFO] [stdout]     |
[INFO] [stdout]     = note: the type `IndependentNode` does not implement `Deref`, so calling `deref` on `&IndependentNode` copies the reference, which does not do anything and can be removed
[INFO] [stdout]     = note: `#[warn(noop_method_call)]` on by default
[INFO] [stdout] 
[INFO] [stdout] 
[INFO] [stdout] warning: 3 warnings emitted
[INFO] [stdout] 
[INFO] [stdout] 
[INFO] [stderr]    Compiling s2gpp v1.0.2 (/opt/rustwide/workdir)
[INFO] [stdout] warning: unused import: `messages::DataReceivedMessage`
[INFO] [stdout]  --> src/data_manager/data_reader/mod.rs:3:9
[INFO] [stdout]   |
[INFO] [stdout] 3 | pub use messages::DataReceivedMessage;
[INFO] [stdout]   |         ^^^^^^^^^^^^^^^^^^^^^^^^^^^^^
[INFO] [stdout]   |
[INFO] [stdout]   = note: `#[warn(unused_imports)]` on by default
[INFO] [stdout] 
[INFO] [stdout] 
[INFO] [stdout] warning: unused import: `PCAMessage`
[INFO] [stdout]   --> src/training/rotation/pca/mod.rs:15:78
[INFO] [stdout]    |
[INFO] [stdout] 15 |     PCAComponents, PCADecompositionMessage, PCADoneMessage, PCAMeansMessage, PCAMessage,
[INFO] [stdout]    |                                                                              ^^^^^^^^^^
[INFO] [stdout] 
[INFO] [stdout] 
[INFO] [stdout] warning: call to `.deref()` on a reference in this situation does nothing
[INFO] [stdout]    --> src/training/scoring/weights.rs:133:56
[INFO] [stdout]     |
[INFO] [stdout] 133 |                     .map(|(node, degree)| (node.deref().deref().clone(), *degree))
[INFO] [stdout]     |                                                        ^^^^^^^^ help: remove this redundant call
[INFO] [stdout]     |
[INFO] [stdout]     = note: the type `IndependentNode` does not implement `Deref`, so calling `deref` on `&IndependentNode` copies the reference, which does not do anything and can be removed
[INFO] [stdout]     = note: `#[warn(noop_method_call)]` on by default
[INFO] [stdout] 
[INFO] [stdout] 
[INFO] [stdout] warning: 3 warnings emitted
[INFO] [stdout] 
[INFO] [stdout] 
[INFO] [stderr]     Finished test [unoptimized + debuginfo] target(s) in 18.07s
[INFO] running `Command { std: "docker" "inspect" "0440dc401ed0daddf60ce08acfe423910c38432cfac1872220db513e3d769b74", kill_on_drop: false }`
[INFO] running `Command { std: "docker" "rm" "-f" "0440dc401ed0daddf60ce08acfe423910c38432cfac1872220db513e3d769b74", kill_on_drop: false }`
[INFO] [stdout] 0440dc401ed0daddf60ce08acfe423910c38432cfac1872220db513e3d769b74
[INFO] running `Command { std: "docker" "create" "-v" "/var/lib/crater-agent-workspace/builds/worker-5-tc1/target:/opt/rustwide/target:rw,Z" "-v" "/var/lib/crater-agent-workspace/builds/worker-5-tc1/source:/opt/rustwide/workdir:ro,Z" "-v" "/var/lib/crater-agent-workspace/cargo-home:/opt/rustwide/cargo-home:ro,Z" "-v" "/var/lib/crater-agent-workspace/rustup-home:/opt/rustwide/rustup-home:ro,Z" "-e" "SOURCE_DIR=/opt/rustwide/workdir" "-e" "CARGO_TARGET_DIR=/opt/rustwide/target" "-e" "CARGO_INCREMENTAL=0" "-e" "RUST_BACKTRACE=full" "-e" "RUSTFLAGS=--cap-lints=warn" "-e" "RUSTDOCFLAGS=--cap-lints=warn" "-e" "CARGO_HOME=/opt/rustwide/cargo-home" "-e" "RUSTUP_HOME=/opt/rustwide/rustup-home" "-w" "/opt/rustwide/workdir" "-m" "1610612736" "--user" "0:0" "--network" "none" "ghcr.io/rust-lang/crates-build-env/linux@sha256:2788e3201cd34a07e3172128adcd8b3090168a8e3bcc40d7c032b9dda1df7d1c" "/opt/rustwide/cargo-home/bin/cargo" "+1.75.0" "test" "--frozen", kill_on_drop: false }`
[INFO] [stdout] 04fd8686b5c63224cb9d319eac65a2f486c39a7177e393fb922acf00883ea00d
[INFO] running `Command { std: "docker" "start" "-a" "04fd8686b5c63224cb9d319eac65a2f486c39a7177e393fb922acf00883ea00d", kill_on_drop: false }`
[INFO] [stderr] warning: unused import: `messages::DataReceivedMessage`
[INFO] [stderr]  --> src/data_manager/data_reader/mod.rs:3:9
[INFO] [stderr]   |
[INFO] [stderr] 3 | pub use messages::DataReceivedMessage;
[INFO] [stderr]   |         ^^^^^^^^^^^^^^^^^^^^^^^^^^^^^
[INFO] [stderr]   |
[INFO] [stderr]   = note: `#[warn(unused_imports)]` on by default
[INFO] [stderr] 
[INFO] [stderr] warning: unused import: `PCAMessage`
[INFO] [stderr]   --> src/training/rotation/pca/mod.rs:15:78
[INFO] [stderr]    |
[INFO] [stderr] 15 |     PCAComponents, PCADecompositionMessage, PCADoneMessage, PCAMeansMessage, PCAMessage,
[INFO] [stderr]    |                                                                              ^^^^^^^^^^
[INFO] [stderr] 
[INFO] [stderr] warning: call to `.deref()` on a reference in this situation does nothing
[INFO] [stderr]    --> src/training/scoring/weights.rs:133:56
[INFO] [stderr]     |
[INFO] [stderr] 133 |                     .map(|(node, degree)| (node.deref().deref().clone(), *degree))
[INFO] [stderr]     |                                                        ^^^^^^^^ help: remove this redundant call
[INFO] [stderr]     |
[INFO] [stderr]     = note: the type `IndependentNode` does not implement `Deref`, so calling `deref` on `&IndependentNode` copies the reference, which does not do anything and can be removed
[INFO] [stderr]     = note: `#[warn(noop_method_call)]` on by default
[INFO] [stderr] 
[INFO] [stderr] warning: `s2gpp` (lib) generated 3 warnings (run `cargo fix --lib -p s2gpp` to apply 3 suggestions)
[INFO] [stderr] warning: `s2gpp` (lib test) generated 3 warnings (3 duplicates)
[INFO] [stderr]     Finished test [unoptimized + debuginfo] target(s) in 0.33s
[INFO] [stderr]      Running unittests src/lib.rs (/opt/rustwide/target/debug/deps/s2gpp-9852975d413ef6ee)
[INFO] [stdout] 
[INFO] [stdout] running 70 tests
[INFO] [stdout] test data_manager::tests::test_data_management ... ignored
[INFO] [stdout] test tests::global_comut_distributed_2 ... ignored
[INFO] [stdout] test tests::global_test_kde_clustering ... ignored
[INFO] [stdout] test tests::global_test_kde_clustering_provided_data ... ignored
[INFO] [stdout] test training::anomaly_contribution::tests::test ... ok
[INFO] [stdout] test data_store::tests::test_mirroring ... ok
[INFO] [stdout] test training::edge_estimation::edges_orderer::tests::orders_edges_with_gap_with_predecessor ... ok
[INFO] [stdout] test data_manager::phase_spacer::tests::test_correct_spacing ... ok
[INFO] [stdout] test training::anomaly_contribution::tests::test_dim_combination ... ok
[INFO] [stdout] test training::edge_estimation::edges_orderer::tests::orders_edges_with_gap_with_predecessor2 ... ok
[INFO] [stdout] test training::edge_estimation::edges_orderer::tests::orders_edges_without_gap_one_node ... ok
[INFO] [stdout] test training::edge_estimation::edges_orderer::tests::orders_edges_with_gap_without_predecessor ... ok
[INFO] [stdout] test training::edge_estimation::edges_orderer::tests::orders_edges_with_small_gap_with_predecessor ... ok
[INFO] [stdout] test training::edge_estimation::edges_orderer::tests::orders_edges_without_gap ... ok
[INFO] [stdout] test training::edge_estimation::edges_orderer::tests::orders_edges_without_gap_with_previous ... ok
[INFO] [stdout] test training::edge_estimation::edges_orderer::tests::orders_edges_without_gap_same_segment_previous ... ok
[INFO] [stdout] test training::node_estimation::multi_kde::actors::tests::test_cov ... ignored
[INFO] [stdout] test training::edge_estimation::tests::test_edge_estimation_ordered ... ok
[INFO] [stdout] test training::edge_estimation::tests::test_edge_estimation_transition_over_0 ... ok
[INFO] [stdout] test training::node_estimation::multi_kde::gaussian_kde::tests::correct_evaluate ... ok
[INFO] [stdout] test training::node_estimation::multi_kde::gaussian_kde::tests::correct_fit ... ok
[INFO] [stdout] test training::node_estimation::multi_kde::gaussian_kernel_estimate::tests::test_1d ... ok
[INFO] [stdout] test training::node_estimation::multi_kde::tests::assign_correct_peaks ... ok
[INFO] [stdout] test training::node_estimation::multi_kde::tests::find_correct_peak_values ... ok
[INFO] [stdout] test training::node_estimation::multi_kde::tests::find_peak ... ok
[INFO] [stdout] test training::node_estimation::multi_kde::tests::kde_timing ... ok
[INFO] [stdout] test training::node_estimation::multi_kde::tests::multidim_clustering ... ok
[INFO] [stdout] test training::node_estimation::multi_kde::tests::multiple_peaks ... ok
[INFO] [stdout] test training::node_estimation::multi_kde::tests::returns_labels_from_cluster_centers ... ok
[INFO] [stdout] test training::node_estimation::multi_kde::tests::no_peaks ... ok
[INFO] [stdout] test training::rotation::pca::tests::test_distributed_pca_2 ... ignored
[INFO] [stdout] test training::rotation::pca::tests::test_distributed_pca_2_parallel ... ignored
[INFO] [stdout] test training::rotation::pca::tests::test_distributed_pca_3 ... ignored
[INFO] [stdout] test training::rotation::pca::tests::test_single_pca ... ignored
[INFO] [stdout] test training::rotation::pca::tests::test_single_pca_parallel_2 ... ignored
[INFO] [stdout] test training::rotation::pca::tests::test_single_pca_parallel_20 ... ignored
[INFO] [stdout] test training::rotation::pca::tests::test_single_pca_parallel_8 ... ignored
[INFO] [stdout] test training::rotation::tests::test_rotation_matrix ... ok
[INFO] [stdout] test training::scoring::tests::node_degrees_correctly_calculated ... ok
[INFO] [stdout] test training::segmentation::tests::test_node_questions ... ok
[INFO] [stdout] test training::segmentation::tests::test_segment_distribution ... ok
[INFO] [stdout] test training::segmentation::tests::test_segment_transitions_main ... ok
[INFO] [stdout] test training::segmentation::tests::test_segment_transitions_sub ... ok
[INFO] [stdout] test training::segmentation::tests::test_segmenting ... ok
[INFO] [stdout] test training::transposition::tests::test_assignments ... ok
[INFO] [stdout] test utils::float_approx::tests::approx_float ... ok
[INFO] [stdout] test utils::float_approx::tests::approx_float_hash_key ... ok
[INFO] [stdout] test utils::float_approx::tests::from_array_view ... ok
[INFO] [stdout] test utils::float_approx::tests::from_array_view_clone ... ok
[INFO] [stdout] test utils::geometry::tests::calculate_intersection ... ok
[INFO] [stdout] test training::scoring::tests::scores_are_written_to_file ... FAILED
[INFO] [stdout] test utils::geometry::tests::calculate_other_intersection ... ok
[INFO] [stdout] test utils::ndarray_extensions::index_arr::tests::array1_get_multiple ... ok
[INFO] [stdout] test utils::ndarray_extensions::index_arr::tests::array2_get_multiple_axis0 ... ok
[INFO] [stdout] test utils::ndarray_extensions::index_arr::tests::array2_get_multiple_axis1 ... ok
[INFO] [stdout] test utils::ndarray_extensions::shift::tests::shift_backward_array1 ... ok
[INFO] [stdout] test utils::ndarray_extensions::shift::tests::shift_forward_array1 ... ok
[INFO] [stdout] test utils::ndarray_extensions::shift::tests::shift_forward_array2_axis0 ... ok
[INFO] [stdout] test utils::ndarray_extensions::softmax::tests::correct_result_1d ... ok
[INFO] [stdout] test utils::ndarray_extensions::softmax::tests::correct_result_2d ... ok
[INFO] [stdout] test utils::ndarray_extensions::stack::tests::combine_dimensions ... ok
[INFO] [stdout] test utils::ndarray_extensions::tests::test_cross_product ... ok
[INFO] [stdout] test utils::ndarray_extensions::shift::tests::shift_forward_array2_axis1 ... ok
[INFO] [stdout] test utils::pop_clear::tests::removes_elements_in_correct_order ... ok
[INFO] [stdout] test data_manager::reference_dataset_builder::tests::test_correct_spacing ... ok
[INFO] [stdout] test training::node_estimation::multi_kde::tests::multidim_same_result_as_python ... ok
[INFO] [stdout] test training::node_estimation::multi_kde::actors::tests::correct_result_multithreading ... ok
[INFO] [stdout] test training::node_estimation::multi_kde::actors::tests::correct_result ... ok
[INFO] [stdout] test training::intersection_calculation::tests::get_intersections ... ok
[INFO] [stdout] test interface::tests::test_interface_for_training_actor ... ok
[INFO] [stdout] 
[INFO] [stdout] failures:
[INFO] [stdout] 
[INFO] [stdout] ---- training::scoring::tests::scores_are_written_to_file stdout ----
[INFO] [stdout] thread 'training::scoring::tests::scores_are_written_to_file' panicked at src/training/scoring/tests.rs:18:52:
[INFO] [stdout] called `Result::unwrap()` on an `Err` value: Read-only file system (os error 30)
[INFO] [stdout] stack backtrace:
[INFO] [stdout]    0:     0x55ab0c0cfc6c - std::backtrace_rs::backtrace::libunwind::trace::ha637c64ce894333a
[INFO] [stdout]                                at /rustc/82e1608dfa6e0b5569232559e3d385fea5a93112/library/std/src/../../backtrace/src/backtrace/libunwind.rs:104:5
[INFO] [stdout]    1:     0x55ab0c0cfc6c - std::backtrace_rs::backtrace::trace_unsynchronized::h47f62dea28e0c88d
[INFO] [stdout]                                at /rustc/82e1608dfa6e0b5569232559e3d385fea5a93112/library/std/src/../../backtrace/src/backtrace/mod.rs:66:5
[INFO] [stdout]    2:     0x55ab0c0cfc6c - std::sys_common::backtrace::_print_fmt::h9eef0abe20ede486
[INFO] [stdout]                                at /rustc/82e1608dfa6e0b5569232559e3d385fea5a93112/library/std/src/sys_common/backtrace.rs:67:5
[INFO] [stdout]    3:     0x55ab0c0cfc6c - <std::sys_common::backtrace::_print::DisplayBacktrace as core::fmt::Display>::fmt::hed7f999df88cc644
[INFO] [stdout]                                at /rustc/82e1608dfa6e0b5569232559e3d385fea5a93112/library/std/src/sys_common/backtrace.rs:44:22
[INFO] [stdout]    4:     0x55ab0c1000e0 - core::fmt::rt::Argument::fmt::h1539a9308b8d058d
[INFO] [stdout]                                at /rustc/82e1608dfa6e0b5569232559e3d385fea5a93112/library/core/src/fmt/rt.rs:142:9
[INFO] [stdout]    5:     0x55ab0c1000e0 - core::fmt::write::h3a39390d8560d9c9
[INFO] [stdout]                                at /rustc/82e1608dfa6e0b5569232559e3d385fea5a93112/library/core/src/fmt/mod.rs:1120:17
[INFO] [stdout]    6:     0x55ab0c0ccdff - std::io::Write::write_fmt::h040b369f3a0f9cbc
[INFO] [stdout]                                at /rustc/82e1608dfa6e0b5569232559e3d385fea5a93112/library/std/src/io/mod.rs:1762:15
[INFO] [stdout]    7:     0x55ab0c0cfa54 - std::sys_common::backtrace::_print::h894006fb5c6f3d45
[INFO] [stdout]                                at /rustc/82e1608dfa6e0b5569232559e3d385fea5a93112/library/std/src/sys_common/backtrace.rs:47:5
[INFO] [stdout]    8:     0x55ab0c0cfa54 - std::sys_common::backtrace::print::h23a2d212c6fff936
[INFO] [stdout]                                at /rustc/82e1608dfa6e0b5569232559e3d385fea5a93112/library/std/src/sys_common/backtrace.rs:34:9
[INFO] [stdout]    9:     0x55ab0c0d1717 - std::panicking::default_hook::{{closure}}::h8a1d2ee00185001a
[INFO] [stdout]   10:     0x55ab0c0d1403 - std::panicking::default_hook::h6038f2eba384e475
[INFO] [stdout]                                at /rustc/82e1608dfa6e0b5569232559e3d385fea5a93112/library/std/src/panicking.rs:289:9
[INFO] [stdout]   11:     0x55ab0bb1cc57 - <alloc::boxed::Box<F,A> as core::ops::function::Fn<Args>>::call::h0ad024c9bdc6d768
[INFO] [stdout]                                at /rustc/82e1608dfa6e0b5569232559e3d385fea5a93112/library/alloc/src/boxed.rs:2021:9
[INFO] [stdout]   12:     0x55ab0bb1cc57 - test::test_main::{{closure}}::h7500b54257359db6
[INFO] [stdout]                                at /rustc/82e1608dfa6e0b5569232559e3d385fea5a93112/library/test/src/lib.rs:138:21
[INFO] [stdout]   13:     0x55ab0c0d1d28 - <alloc::boxed::Box<F,A> as core::ops::function::Fn<Args>>::call::h1f8f335eaa9cfaee
[INFO] [stdout]                                at /rustc/82e1608dfa6e0b5569232559e3d385fea5a93112/library/alloc/src/boxed.rs:2021:9
[INFO] [stdout]   14:     0x55ab0c0d1d28 - std::panicking::rust_panic_with_hook::h2b5517d590cab22e
[INFO] [stdout]                                at /rustc/82e1608dfa6e0b5569232559e3d385fea5a93112/library/std/src/panicking.rs:783:13
[INFO] [stdout]   15:     0x55ab0c0d1a7e - std::panicking::begin_panic_handler::{{closure}}::h233112c06e0ef43e
[INFO] [stdout]                                at /rustc/82e1608dfa6e0b5569232559e3d385fea5a93112/library/std/src/panicking.rs:657:13
[INFO] [stdout]   16:     0x55ab0c0d0136 - std::sys_common::backtrace::__rust_end_short_backtrace::h6e893f24d7ebbff8
[INFO] [stdout]                                at /rustc/82e1608dfa6e0b5569232559e3d385fea5a93112/library/std/src/sys_common/backtrace.rs:170:18
[INFO] [stdout]   17:     0x55ab0c0d17e2 - rust_begin_unwind
[INFO] [stdout]                                at /rustc/82e1608dfa6e0b5569232559e3d385fea5a93112/library/std/src/panicking.rs:645:5
[INFO] [stdout]   18:     0x55ab0b52b8e5 - core::panicking::panic_fmt::hbf0e066aabfa482c
[INFO] [stdout]                                at /rustc/82e1608dfa6e0b5569232559e3d385fea5a93112/library/core/src/panicking.rs:72:14
[INFO] [stdout]   19:     0x55ab0b52beb3 - core::result::unwrap_failed::hddb4fea594200c52
[INFO] [stdout]                                at /rustc/82e1608dfa6e0b5569232559e3d385fea5a93112/library/core/src/result.rs:1653:5
[INFO] [stdout]   20:     0x55ab0b7323bd - core::result::Result<T,E>::unwrap::hf5351d1f79a08c0f
[INFO] [stdout]                                at /rustc/82e1608dfa6e0b5569232559e3d385fea5a93112/library/core/src/result.rs:1077:23
[INFO] [stdout]   21:     0x55ab0b974c51 - s2gpp::training::scoring::tests::scores_are_written_to_file::hed923a15801ffc44
[INFO] [stdout]                                at /opt/rustwide/workdir/src/training/scoring/tests.rs:18:5
[INFO] [stdout]   22:     0x55ab0b974ac7 - s2gpp::training::scoring::tests::scores_are_written_to_file::{{closure}}::h058b2b2ee0ede4cc
[INFO] [stdout]                                at /opt/rustwide/workdir/src/training/scoring/tests.rs:13:32
[INFO] [stdout]   23:     0x55ab0b8ee976 - core::ops::function::FnOnce::call_once::hec2c9185e64c2a35
[INFO] [stdout]                                at /rustc/82e1608dfa6e0b5569232559e3d385fea5a93112/library/core/src/ops/function.rs:250:5
[INFO] [stdout]   24:     0x55ab0bb222af - core::ops::function::FnOnce::call_once::h2b5d431d5046312d
[INFO] [stdout]                                at /rustc/82e1608dfa6e0b5569232559e3d385fea5a93112/library/core/src/ops/function.rs:250:5
[INFO] [stdout]   25:     0x55ab0bb222af - test::__rust_begin_short_backtrace::h7714669af176e207
[INFO] [stdout]                                at /rustc/82e1608dfa6e0b5569232559e3d385fea5a93112/library/test/src/lib.rs:628:18
[INFO] [stdout]   26:     0x55ab0bb212c5 - test::run_test_in_process::{{closure}}::h85218797dcbcec12
[INFO] [stdout]                                at /rustc/82e1608dfa6e0b5569232559e3d385fea5a93112/library/test/src/lib.rs:651:60
[INFO] [stdout]   27:     0x55ab0bb212c5 - <core::panic::unwind_safe::AssertUnwindSafe<F> as core::ops::function::FnOnce<()>>::call_once::h76c106ea31c14d7b
[INFO] [stdout]                                at /rustc/82e1608dfa6e0b5569232559e3d385fea5a93112/library/core/src/panic/unwind_safe.rs:272:9
[INFO] [stdout]   28:     0x55ab0bb212c5 - std::panicking::try::do_call::h3bd5d0f6620ee946
[INFO] [stdout]                                at /rustc/82e1608dfa6e0b5569232559e3d385fea5a93112/library/std/src/panicking.rs:552:40
[INFO] [stdout]   29:     0x55ab0bb212c5 - std::panicking::try::h232e535e4744fe31
[INFO] [stdout]                                at /rustc/82e1608dfa6e0b5569232559e3d385fea5a93112/library/std/src/panicking.rs:516:19
[INFO] [stdout]   30:     0x55ab0bb212c5 - std::panic::catch_unwind::h3ce3bd6ca8dbac68
[INFO] [stdout]                                at /rustc/82e1608dfa6e0b5569232559e3d385fea5a93112/library/std/src/panic.rs:142:14
[INFO] [stdout]   31:     0x55ab0bb212c5 - test::run_test_in_process::hc97b257c9621286a
[INFO] [stdout]                                at /rustc/82e1608dfa6e0b5569232559e3d385fea5a93112/library/test/src/lib.rs:651:27
[INFO] [stdout]   32:     0x55ab0bb212c5 - test::run_test::{{closure}}::h2aa798823a438d38
[INFO] [stdout]                                at /rustc/82e1608dfa6e0b5569232559e3d385fea5a93112/library/test/src/lib.rs:574:43
[INFO] [stdout]   33:     0x55ab0bae9586 - test::run_test::{{closure}}::h87d231c78fb59832
[INFO] [stdout]                                at /rustc/82e1608dfa6e0b5569232559e3d385fea5a93112/library/test/src/lib.rs:602:41
[INFO] [stdout]   34:     0x55ab0bae9586 - std::sys_common::backtrace::__rust_begin_short_backtrace::he6df152596625789
[INFO] [stdout]                                at /rustc/82e1608dfa6e0b5569232559e3d385fea5a93112/library/std/src/sys_common/backtrace.rs:154:18
[INFO] [stdout]   35:     0x55ab0baee637 - std::thread::Builder::spawn_unchecked_::{{closure}}::{{closure}}::ha94be15d1e0acf36
[INFO] [stdout]                                at /rustc/82e1608dfa6e0b5569232559e3d385fea5a93112/library/std/src/thread/mod.rs:529:17
[INFO] [stdout]   36:     0x55ab0baee637 - <core::panic::unwind_safe::AssertUnwindSafe<F> as core::ops::function::FnOnce<()>>::call_once::h9dc6bd6372f16606
[INFO] [stdout]                                at /rustc/82e1608dfa6e0b5569232559e3d385fea5a93112/library/core/src/panic/unwind_safe.rs:272:9
[INFO] [stdout]   37:     0x55ab0baee637 - std::panicking::try::do_call::h9057517f80303cd4
[INFO] [stdout]                                at /rustc/82e1608dfa6e0b5569232559e3d385fea5a93112/library/std/src/panicking.rs:552:40
[INFO] [stdout]   38:     0x55ab0baee637 - std::panicking::try::he3a30b11ee45340c
[INFO] [stdout]                                at /rustc/82e1608dfa6e0b5569232559e3d385fea5a93112/library/std/src/panicking.rs:516:19
[INFO] [stdout]   39:     0x55ab0baee637 - std::panic::catch_unwind::h410458cfd3528b8b
[INFO] [stdout]                                at /rustc/82e1608dfa6e0b5569232559e3d385fea5a93112/library/std/src/panic.rs:142:14
[INFO] [stdout]   40:     0x55ab0baee637 - std::thread::Builder::spawn_unchecked_::{{closure}}::h72ac3bdb567b737b
[INFO] [stdout]                                at /rustc/82e1608dfa6e0b5569232559e3d385fea5a93112/library/std/src/thread/mod.rs:528:30
[INFO] [stdout]   41:     0x55ab0baee637 - core::ops::function::FnOnce::call_once{{vtable.shim}}::h38f34da3654a8344
[INFO] [stdout]                                at /rustc/82e1608dfa6e0b5569232559e3d385fea5a93112/library/core/src/ops/function.rs:250:5
[INFO] [stdout]   42:     0x55ab0c0d6bf5 - <alloc::boxed::Box<F,A> as core::ops::function::FnOnce<Args>>::call_once::hc7eafaff61e32df9
[INFO] [stdout]                                at /rustc/82e1608dfa6e0b5569232559e3d385fea5a93112/library/alloc/src/boxed.rs:2007:9
[INFO] [stdout]   43:     0x55ab0c0d6bf5 - <alloc::boxed::Box<F,A> as core::ops::function::FnOnce<Args>>::call_once::h6ba4a5de48dd2304
[INFO] [stdout]                                at /rustc/82e1608dfa6e0b5569232559e3d385fea5a93112/library/alloc/src/boxed.rs:2007:9
[INFO] [stdout]   44:     0x55ab0c0d6bf5 - std::sys::unix::thread::Thread::new::thread_start::he469335aef763e45
[INFO] [stdout]                                at /rustc/82e1608dfa6e0b5569232559e3d385fea5a93112/library/std/src/sys/unix/thread.rs:108:17
[INFO] [stdout]   45:     0x7fcb6db9fac3 - <unknown>
[INFO] [stdout]   46:     0x7fcb6dc30bf4 - __clone
[INFO] [stdout]   47:                0x0 - <unknown>
[INFO] [stdout] 
[INFO] [stdout] 
[INFO] [stdout] failures:
[INFO] [stdout]     training::scoring::tests::scores_are_written_to_file
[INFO] [stdout] 
[INFO] [stdout] test result: FAILED. 57 passed; 1 failed; 12 ignored; 0 measured; 0 filtered out; finished in 7.36s
[INFO] [stdout] 
[INFO] [stderr] error: test failed, to rerun pass `--lib`
[INFO] running `Command { std: "docker" "inspect" "04fd8686b5c63224cb9d319eac65a2f486c39a7177e393fb922acf00883ea00d", kill_on_drop: false }`
[INFO] running `Command { std: "docker" "rm" "-f" "04fd8686b5c63224cb9d319eac65a2f486c39a7177e393fb922acf00883ea00d", kill_on_drop: false }`
[INFO] [stdout] 04fd8686b5c63224cb9d319eac65a2f486c39a7177e393fb922acf00883ea00d
