[INFO] fetching crate ryzen-reader 0.1.1...
[INFO] testing ryzen-reader-0.1.1 against 1.75.0 for beta-1.76-1
[INFO] extracting crate ryzen-reader 0.1.1 into /workspace/builds/worker-1-tc1/source
[INFO] validating manifest of crates.io crate ryzen-reader 0.1.1 on toolchain 1.75.0
[INFO] running `Command { std: CARGO_HOME="/workspace/cargo-home" RUSTUP_HOME="/workspace/rustup-home" "/workspace/cargo-home/bin/cargo" "+1.75.0" "metadata" "--manifest-path" "Cargo.toml" "--no-deps", kill_on_drop: false }`
[INFO] removed /workspace/builds/worker-1-tc1/source/.cargo/config
[INFO] started tweaking crates.io crate ryzen-reader 0.1.1
[INFO] finished tweaking crates.io crate ryzen-reader 0.1.1
[INFO] tweaked toml for crates.io crate ryzen-reader 0.1.1 written to /workspace/builds/worker-1-tc1/source/Cargo.toml
[INFO] crate crates.io crate ryzen-reader 0.1.1 already has a lockfile, it will not be regenerated
[INFO] running `Command { std: CARGO_HOME="/workspace/cargo-home" RUSTUP_HOME="/workspace/rustup-home" "/workspace/cargo-home/bin/cargo" "+1.75.0" "fetch" "--manifest-path" "Cargo.toml", kill_on_drop: false }`
[INFO] running `Command { std: "docker" "create" "-v" "/var/lib/crater-agent-workspace/builds/worker-1-tc1/target:/opt/rustwide/target:rw,Z" "-v" "/var/lib/crater-agent-workspace/builds/worker-1-tc1/source:/opt/rustwide/workdir:ro,Z" "-v" "/var/lib/crater-agent-workspace/cargo-home:/opt/rustwide/cargo-home:ro,Z" "-v" "/var/lib/crater-agent-workspace/rustup-home:/opt/rustwide/rustup-home:ro,Z" "-e" "SOURCE_DIR=/opt/rustwide/workdir" "-e" "CARGO_TARGET_DIR=/opt/rustwide/target" "-e" "CARGO_HOME=/opt/rustwide/cargo-home" "-e" "RUSTUP_HOME=/opt/rustwide/rustup-home" "-w" "/opt/rustwide/workdir" "-m" "1610612736" "--user" "0:0" "--network" "none" "ghcr.io/rust-lang/crates-build-env/linux@sha256:2788e3201cd34a07e3172128adcd8b3090168a8e3bcc40d7c032b9dda1df7d1c" "/opt/rustwide/cargo-home/bin/cargo" "+1.75.0" "metadata" "--no-deps" "--format-version=1", kill_on_drop: false }`
[INFO] [stdout] dc6c396e73cf085b16c01ff767ede5ec1f55907f22ea6a5680c4c779fa3390d8
[INFO] running `Command { std: "docker" "start" "-a" "dc6c396e73cf085b16c01ff767ede5ec1f55907f22ea6a5680c4c779fa3390d8", kill_on_drop: false }`
[INFO] running `Command { std: "docker" "inspect" "dc6c396e73cf085b16c01ff767ede5ec1f55907f22ea6a5680c4c779fa3390d8", kill_on_drop: false }`
[INFO] running `Command { std: "docker" "rm" "-f" "dc6c396e73cf085b16c01ff767ede5ec1f55907f22ea6a5680c4c779fa3390d8", kill_on_drop: false }`
[INFO] [stdout] dc6c396e73cf085b16c01ff767ede5ec1f55907f22ea6a5680c4c779fa3390d8
[INFO] running `Command { std: "docker" "create" "-v" "/var/lib/crater-agent-workspace/builds/worker-1-tc1/target:/opt/rustwide/target:rw,Z" "-v" "/var/lib/crater-agent-workspace/builds/worker-1-tc1/source:/opt/rustwide/workdir:ro,Z" "-v" "/var/lib/crater-agent-workspace/cargo-home:/opt/rustwide/cargo-home:ro,Z" "-v" "/var/lib/crater-agent-workspace/rustup-home:/opt/rustwide/rustup-home:ro,Z" "-e" "SOURCE_DIR=/opt/rustwide/workdir" "-e" "CARGO_TARGET_DIR=/opt/rustwide/target" "-e" "CARGO_INCREMENTAL=0" "-e" "RUST_BACKTRACE=full" "-e" "RUSTFLAGS=--cap-lints=warn" "-e" "RUSTDOCFLAGS=--cap-lints=warn" "-e" "CARGO_HOME=/opt/rustwide/cargo-home" "-e" "RUSTUP_HOME=/opt/rustwide/rustup-home" "-w" "/opt/rustwide/workdir" "-m" "1610612736" "--user" "0:0" "--network" "none" "ghcr.io/rust-lang/crates-build-env/linux@sha256:2788e3201cd34a07e3172128adcd8b3090168a8e3bcc40d7c032b9dda1df7d1c" "/opt/rustwide/cargo-home/bin/cargo" "+1.75.0" "build" "--frozen" "--message-format=json", kill_on_drop: false }`
[INFO] [stdout] 8f1d691de9173c930c3108c70c60e20ab604df29661b09f980ee6773913bea4f
[INFO] running `Command { std: "docker" "start" "-a" "8f1d691de9173c930c3108c70c60e20ab604df29661b09f980ee6773913bea4f", kill_on_drop: false }`
[INFO] [stderr]    Compiling proc-macro2 v1.0.19
[INFO] [stderr]    Compiling unicode-xid v0.2.1
[INFO] [stderr]    Compiling syn v1.0.38
[INFO] [stderr]    Compiling quote v1.0.7
[INFO] [stderr]    Compiling thiserror-impl v1.0.20
[INFO] [stderr]    Compiling thiserror v1.0.20
[INFO] [stderr]    Compiling ryzen-reader v0.1.1 (/opt/rustwide/workdir)
[INFO] [stdout] warning: fields `time_unit` and `power_unit` are never read
[INFO] [stdout]    --> src/lib.rs:126:5
[INFO] [stdout]     |
[INFO] [stdout] 125 | struct PowerUnits {
[INFO] [stdout]     |        ---------- fields in this struct
[INFO] [stdout] 126 |     time_unit: f64,
[INFO] [stdout]     |     ^^^^^^^^^
[INFO] [stdout] 127 |     energy_unit: f64,
[INFO] [stdout] 128 |     power_unit: f64,
[INFO] [stdout]     |     ^^^^^^^^^^
[INFO] [stdout]     |
[INFO] [stdout]     = note: `PowerUnits` has a derived impl for the trait `Debug`, but this is intentionally ignored during dead code analysis
[INFO] [stdout]     = note: `#[warn(dead_code)]` on by default
[INFO] [stdout] 
[INFO] [stdout] 
[INFO] [stdout] warning: 1 warning emitted
[INFO] [stdout] 
[INFO] [stdout] 
[INFO] [stderr]     Finished dev [unoptimized + debuginfo] target(s) in 4.63s
[INFO] running `Command { std: "docker" "inspect" "8f1d691de9173c930c3108c70c60e20ab604df29661b09f980ee6773913bea4f", kill_on_drop: false }`
[INFO] running `Command { std: "docker" "rm" "-f" "8f1d691de9173c930c3108c70c60e20ab604df29661b09f980ee6773913bea4f", kill_on_drop: false }`
[INFO] [stdout] 8f1d691de9173c930c3108c70c60e20ab604df29661b09f980ee6773913bea4f
[INFO] running `Command { std: "docker" "create" "-v" "/var/lib/crater-agent-workspace/builds/worker-1-tc1/target:/opt/rustwide/target:rw,Z" "-v" "/var/lib/crater-agent-workspace/builds/worker-1-tc1/source:/opt/rustwide/workdir:ro,Z" "-v" "/var/lib/crater-agent-workspace/cargo-home:/opt/rustwide/cargo-home:ro,Z" "-v" "/var/lib/crater-agent-workspace/rustup-home:/opt/rustwide/rustup-home:ro,Z" "-e" "SOURCE_DIR=/opt/rustwide/workdir" "-e" "CARGO_TARGET_DIR=/opt/rustwide/target" "-e" "CARGO_INCREMENTAL=0" "-e" "RUST_BACKTRACE=full" "-e" "RUSTFLAGS=--cap-lints=warn" "-e" "RUSTDOCFLAGS=--cap-lints=warn" "-e" "CARGO_HOME=/opt/rustwide/cargo-home" "-e" "RUSTUP_HOME=/opt/rustwide/rustup-home" "-w" "/opt/rustwide/workdir" "-m" "1610612736" "--user" "0:0" "--network" "none" "ghcr.io/rust-lang/crates-build-env/linux@sha256:2788e3201cd34a07e3172128adcd8b3090168a8e3bcc40d7c032b9dda1df7d1c" "/opt/rustwide/cargo-home/bin/cargo" "+1.75.0" "test" "--frozen" "--no-run" "--message-format=json", kill_on_drop: false }`
[INFO] [stdout] 3f7967d91e585670a95b6bdd8c7c6d1876cd72c01d4ad41ebc821a2933e3288a
[INFO] running `Command { std: "docker" "start" "-a" "3f7967d91e585670a95b6bdd8c7c6d1876cd72c01d4ad41ebc821a2933e3288a", kill_on_drop: false }`
[INFO] [stderr]    Compiling ryzen-reader v0.1.1 (/opt/rustwide/workdir)
[INFO] [stdout] warning: fields `time_unit` and `power_unit` are never read
[INFO] [stdout]    --> src/lib.rs:126:5
[INFO] [stdout]     |
[INFO] [stdout] 125 | struct PowerUnits {
[INFO] [stdout]     |        ---------- fields in this struct
[INFO] [stdout] 126 |     time_unit: f64,
[INFO] [stdout]     |     ^^^^^^^^^
[INFO] [stdout] 127 |     energy_unit: f64,
[INFO] [stdout] 128 |     power_unit: f64,
[INFO] [stdout]     |     ^^^^^^^^^^
[INFO] [stdout]     |
[INFO] [stdout]     = note: `PowerUnits` has a derived impl for the trait `Debug`, but this is intentionally ignored during dead code analysis
[INFO] [stdout]     = note: `#[warn(dead_code)]` on by default
[INFO] [stdout] 
[INFO] [stdout] 
[INFO] [stdout] warning: 1 warning emitted
[INFO] [stdout] 
[INFO] [stdout] 
[INFO] [stdout] warning: fields `time_unit` and `power_unit` are never read
[INFO] [stdout]    --> src/lib.rs:126:5
[INFO] [stdout]     |
[INFO] [stdout] 125 | struct PowerUnits {
[INFO] [stdout]     |        ---------- fields in this struct
[INFO] [stdout] 126 |     time_unit: f64,
[INFO] [stdout]     |     ^^^^^^^^^
[INFO] [stdout] 127 |     energy_unit: f64,
[INFO] [stdout] 128 |     power_unit: f64,
[INFO] [stdout]     |     ^^^^^^^^^^
[INFO] [stdout]     |
[INFO] [stdout]     = note: `PowerUnits` has a derived impl for the trait `Debug`, but this is intentionally ignored during dead code analysis
[INFO] [stdout]     = note: `#[warn(dead_code)]` on by default
[INFO] [stdout] 
[INFO] [stdout] 
[INFO] [stdout] warning: 1 warning emitted
[INFO] [stdout] 
[INFO] [stdout] 
[INFO] [stderr]     Finished test [unoptimized + debuginfo] target(s) in 0.28s
[INFO] running `Command { std: "docker" "inspect" "3f7967d91e585670a95b6bdd8c7c6d1876cd72c01d4ad41ebc821a2933e3288a", kill_on_drop: false }`
[INFO] running `Command { std: "docker" "rm" "-f" "3f7967d91e585670a95b6bdd8c7c6d1876cd72c01d4ad41ebc821a2933e3288a", kill_on_drop: false }`
[INFO] [stdout] 3f7967d91e585670a95b6bdd8c7c6d1876cd72c01d4ad41ebc821a2933e3288a
[INFO] running `Command { std: "docker" "create" "-v" "/var/lib/crater-agent-workspace/builds/worker-1-tc1/target:/opt/rustwide/target:rw,Z" "-v" "/var/lib/crater-agent-workspace/builds/worker-1-tc1/source:/opt/rustwide/workdir:ro,Z" "-v" "/var/lib/crater-agent-workspace/cargo-home:/opt/rustwide/cargo-home:ro,Z" "-v" "/var/lib/crater-agent-workspace/rustup-home:/opt/rustwide/rustup-home:ro,Z" "-e" "SOURCE_DIR=/opt/rustwide/workdir" "-e" "CARGO_TARGET_DIR=/opt/rustwide/target" "-e" "CARGO_INCREMENTAL=0" "-e" "RUST_BACKTRACE=full" "-e" "RUSTFLAGS=--cap-lints=warn" "-e" "RUSTDOCFLAGS=--cap-lints=warn" "-e" "CARGO_HOME=/opt/rustwide/cargo-home" "-e" "RUSTUP_HOME=/opt/rustwide/rustup-home" "-w" "/opt/rustwide/workdir" "-m" "1610612736" "--user" "0:0" "--network" "none" "ghcr.io/rust-lang/crates-build-env/linux@sha256:2788e3201cd34a07e3172128adcd8b3090168a8e3bcc40d7c032b9dda1df7d1c" "/opt/rustwide/cargo-home/bin/cargo" "+1.75.0" "test" "--frozen", kill_on_drop: false }`
[INFO] [stdout] 2bf6cf3c37968418f18ce6e4c9773f587b7fad92e7440fe36be3e80e70742db4
[INFO] running `Command { std: "docker" "start" "-a" "2bf6cf3c37968418f18ce6e4c9773f587b7fad92e7440fe36be3e80e70742db4", kill_on_drop: false }`
[INFO] [stderr] warning: fields `time_unit` and `power_unit` are never read
[INFO] [stderr]    --> src/lib.rs:126:5
[INFO] [stderr]     |
[INFO] [stderr] 125 | struct PowerUnits {
[INFO] [stderr]     |        ---------- fields in this struct
[INFO] [stderr] 126 |     time_unit: f64,
[INFO] [stderr]     |     ^^^^^^^^^
[INFO] [stderr] 127 |     energy_unit: f64,
[INFO] [stderr] 128 |     power_unit: f64,
[INFO] [stderr]     |     ^^^^^^^^^^
[INFO] [stderr]     |
[INFO] [stderr]     = note: `PowerUnits` has a derived impl for the trait `Debug`, but this is intentionally ignored during dead code analysis
[INFO] [stderr]     = note: `#[warn(dead_code)]` on by default
[INFO] [stderr] 
[INFO] [stderr] warning: `ryzen-reader` (lib) generated 1 warning
[INFO] [stderr] warning: `ryzen-reader` (lib test) generated 1 warning (1 duplicate)
[INFO] [stderr]     Finished test [unoptimized + debuginfo] target(s) in 0.01s
[INFO] [stderr]      Running unittests src/lib.rs (/opt/rustwide/target/debug/deps/ryzen_reader-f385a38c41d6ed9a)
[INFO] [stdout] 
[INFO] [stdout] running 0 tests
[INFO] [stdout] 
[INFO] [stdout] test result: ok. 0 passed; 0 failed; 0 ignored; 0 measured; 0 filtered out; finished in 0.00s
[INFO] [stdout] 
[INFO] [stderr]    Doc-tests ryzen-reader
[INFO] [stdout] 
[INFO] [stdout] running 1 test
[INFO] [stdout] test src/lib.rs - CpuInfo (line 140) ... FAILED
[INFO] [stdout] 
[INFO] [stdout] failures:
[INFO] [stdout] 
[INFO] [stdout] ---- src/lib.rs - CpuInfo (line 140) stdout ----
[INFO] [stdout] Test executable failed (exit status: 1).
[INFO] [stdout] 
[INFO] [stdout] stderr:
[INFO] [stdout] Error: NoCores
[INFO] [stdout] 
[INFO] [stdout] 
[INFO] [stdout] 
[INFO] [stdout] failures:
[INFO] [stdout]     src/lib.rs - CpuInfo (line 140)
[INFO] [stdout] 
[INFO] [stdout] test result: FAILED. 0 passed; 1 failed; 0 ignored; 0 measured; 0 filtered out; finished in 0.25s
[INFO] [stdout] 
[INFO] [stderr] error: doctest failed, to rerun pass `--doc`
[INFO] running `Command { std: "docker" "inspect" "2bf6cf3c37968418f18ce6e4c9773f587b7fad92e7440fe36be3e80e70742db4", kill_on_drop: false }`
[INFO] running `Command { std: "docker" "rm" "-f" "2bf6cf3c37968418f18ce6e4c9773f587b7fad92e7440fe36be3e80e70742db4", kill_on_drop: false }`
[INFO] [stdout] 2bf6cf3c37968418f18ce6e4c9773f587b7fad92e7440fe36be3e80e70742db4
[INFO] testing ryzen-reader-0.1.1 against beta-2023-12-22 for beta-1.76-1
[INFO] extracting crate ryzen-reader 0.1.1 into /workspace/builds/worker-1-tc2/source
[INFO] validating manifest of crates.io crate ryzen-reader 0.1.1 on toolchain beta-2023-12-22
[INFO] running `Command { std: CARGO_HOME="/workspace/cargo-home" RUSTUP_HOME="/workspace/rustup-home" "/workspace/cargo-home/bin/cargo" "+beta-2023-12-22" "metadata" "--manifest-path" "Cargo.toml" "--no-deps", kill_on_drop: false }`
[INFO] removed /workspace/builds/worker-1-tc2/source/.cargo/config
[INFO] started tweaking crates.io crate ryzen-reader 0.1.1
[INFO] finished tweaking crates.io crate ryzen-reader 0.1.1
[INFO] tweaked toml for crates.io crate ryzen-reader 0.1.1 written to /workspace/builds/worker-1-tc2/source/Cargo.toml
[INFO] crate crates.io crate ryzen-reader 0.1.1 already has a lockfile, it will not be regenerated
[INFO] running `Command { std: CARGO_HOME="/workspace/cargo-home" RUSTUP_HOME="/workspace/rustup-home" "/workspace/cargo-home/bin/cargo" "+beta-2023-12-22" "fetch" "--manifest-path" "Cargo.toml", kill_on_drop: false }`
[INFO] running `Command { std: "docker" "create" "-v" "/var/lib/crater-agent-workspace/builds/worker-1-tc2/target:/opt/rustwide/target:rw,Z" "-v" "/var/lib/crater-agent-workspace/builds/worker-1-tc2/source:/opt/rustwide/workdir:ro,Z" "-v" "/var/lib/crater-agent-workspace/cargo-home:/opt/rustwide/cargo-home:ro,Z" "-v" "/var/lib/crater-agent-workspace/rustup-home:/opt/rustwide/rustup-home:ro,Z" "-e" "SOURCE_DIR=/opt/rustwide/workdir" "-e" "CARGO_TARGET_DIR=/opt/rustwide/target" "-e" "CARGO_HOME=/opt/rustwide/cargo-home" "-e" "RUSTUP_HOME=/opt/rustwide/rustup-home" "-w" "/opt/rustwide/workdir" "-m" "1610612736" "--user" "0:0" "--network" "none" "ghcr.io/rust-lang/crates-build-env/linux@sha256:2788e3201cd34a07e3172128adcd8b3090168a8e3bcc40d7c032b9dda1df7d1c" "/opt/rustwide/cargo-home/bin/cargo" "+beta-2023-12-22" "metadata" "--no-deps" "--format-version=1", kill_on_drop: false }`
[INFO] [stdout] 4fb002eb4611d90746fcd350ad6939861b595dc685139c5be03103697416aaf0
[INFO] running `Command { std: "docker" "start" "-a" "4fb002eb4611d90746fcd350ad6939861b595dc685139c5be03103697416aaf0", kill_on_drop: false }`
[INFO] running `Command { std: "docker" "inspect" "4fb002eb4611d90746fcd350ad6939861b595dc685139c5be03103697416aaf0", kill_on_drop: false }`
[INFO] running `Command { std: "docker" "rm" "-f" "4fb002eb4611d90746fcd350ad6939861b595dc685139c5be03103697416aaf0", kill_on_drop: false }`
[INFO] [stdout] 4fb002eb4611d90746fcd350ad6939861b595dc685139c5be03103697416aaf0
[INFO] running `Command { std: "docker" "create" "-v" "/var/lib/crater-agent-workspace/builds/worker-1-tc2/target:/opt/rustwide/target:rw,Z" "-v" "/var/lib/crater-agent-workspace/builds/worker-1-tc2/source:/opt/rustwide/workdir:ro,Z" "-v" "/var/lib/crater-agent-workspace/cargo-home:/opt/rustwide/cargo-home:ro,Z" "-v" "/var/lib/crater-agent-workspace/rustup-home:/opt/rustwide/rustup-home:ro,Z" "-e" "SOURCE_DIR=/opt/rustwide/workdir" "-e" "CARGO_TARGET_DIR=/opt/rustwide/target" "-e" "CARGO_INCREMENTAL=0" "-e" "RUST_BACKTRACE=full" "-e" "RUSTFLAGS=--cap-lints=warn" "-e" "RUSTDOCFLAGS=--cap-lints=warn" "-e" "CARGO_HOME=/opt/rustwide/cargo-home" "-e" "RUSTUP_HOME=/opt/rustwide/rustup-home" "-w" "/opt/rustwide/workdir" "-m" "1610612736" "--user" "0:0" "--network" "none" "ghcr.io/rust-lang/crates-build-env/linux@sha256:2788e3201cd34a07e3172128adcd8b3090168a8e3bcc40d7c032b9dda1df7d1c" "/opt/rustwide/cargo-home/bin/cargo" "+beta-2023-12-22" "build" "--frozen" "--message-format=json", kill_on_drop: false }`
[INFO] [stdout] edc00a64c20a794effff292d444dd3a40450f16dcb9650dc0f7789dcaecb0cea
[INFO] running `Command { std: "docker" "start" "-a" "edc00a64c20a794effff292d444dd3a40450f16dcb9650dc0f7789dcaecb0cea", kill_on_drop: false }`
[INFO] [stderr]    Compiling proc-macro2 v1.0.19
[INFO] [stderr]    Compiling unicode-xid v0.2.1
[INFO] [stderr]    Compiling syn v1.0.38
[INFO] [stderr]    Compiling quote v1.0.7
[INFO] [stderr]    Compiling thiserror-impl v1.0.20
[INFO] [stderr]    Compiling thiserror v1.0.20
[INFO] [stderr]    Compiling ryzen-reader v0.1.1 (/opt/rustwide/workdir)
[INFO] [stdout] warning: fields `time_unit` and `power_unit` are never read
[INFO] [stdout]    --> src/lib.rs:126:5
[INFO] [stdout]     |
[INFO] [stdout] 125 | struct PowerUnits {
[INFO] [stdout]     |        ---------- fields in this struct
[INFO] [stdout] 126 |     time_unit: f64,
[INFO] [stdout]     |     ^^^^^^^^^
[INFO] [stdout] 127 |     energy_unit: f64,
[INFO] [stdout] 128 |     power_unit: f64,
[INFO] [stdout]     |     ^^^^^^^^^^
[INFO] [stdout]     |
[INFO] [stdout]     = note: `PowerUnits` has a derived impl for the trait `Debug`, but this is intentionally ignored during dead code analysis
[INFO] [stdout]     = note: `#[warn(dead_code)]` on by default
[INFO] [stdout] 
[INFO] [stdout] 
[INFO] [stdout] warning: 1 warning emitted
[INFO] [stdout] 
[INFO] [stdout] 
[INFO] [stderr]     Finished dev [unoptimized + debuginfo] target(s) in 3.36s
[INFO] running `Command { std: "docker" "inspect" "edc00a64c20a794effff292d444dd3a40450f16dcb9650dc0f7789dcaecb0cea", kill_on_drop: false }`
[INFO] running `Command { std: "docker" "rm" "-f" "edc00a64c20a794effff292d444dd3a40450f16dcb9650dc0f7789dcaecb0cea", kill_on_drop: false }`
[INFO] [stdout] edc00a64c20a794effff292d444dd3a40450f16dcb9650dc0f7789dcaecb0cea
[INFO] running `Command { std: "docker" "create" "-v" "/var/lib/crater-agent-workspace/builds/worker-1-tc2/target:/opt/rustwide/target:rw,Z" "-v" "/var/lib/crater-agent-workspace/builds/worker-1-tc2/source:/opt/rustwide/workdir:ro,Z" "-v" "/var/lib/crater-agent-workspace/cargo-home:/opt/rustwide/cargo-home:ro,Z" "-v" "/var/lib/crater-agent-workspace/rustup-home:/opt/rustwide/rustup-home:ro,Z" "-e" "SOURCE_DIR=/opt/rustwide/workdir" "-e" "CARGO_TARGET_DIR=/opt/rustwide/target" "-e" "CARGO_INCREMENTAL=0" "-e" "RUST_BACKTRACE=full" "-e" "RUSTFLAGS=--cap-lints=warn" "-e" "RUSTDOCFLAGS=--cap-lints=warn" "-e" "CARGO_HOME=/opt/rustwide/cargo-home" "-e" "RUSTUP_HOME=/opt/rustwide/rustup-home" "-w" "/opt/rustwide/workdir" "-m" "1610612736" "--user" "0:0" "--network" "none" "ghcr.io/rust-lang/crates-build-env/linux@sha256:2788e3201cd34a07e3172128adcd8b3090168a8e3bcc40d7c032b9dda1df7d1c" "/opt/rustwide/cargo-home/bin/cargo" "+beta-2023-12-22" "test" "--frozen" "--no-run" "--message-format=json", kill_on_drop: false }`
[INFO] [stdout] a029a9f6b6e0be92b2c9f5eefc3becab951ff55d1452aee912d657c1e6a37fe2
[INFO] running `Command { std: "docker" "start" "-a" "a029a9f6b6e0be92b2c9f5eefc3becab951ff55d1452aee912d657c1e6a37fe2", kill_on_drop: false }`
[INFO] [stderr]    Compiling ryzen-reader v0.1.1 (/opt/rustwide/workdir)
[INFO] [stdout] warning: fields `time_unit` and `power_unit` are never read
[INFO] [stdout]    --> src/lib.rs:126:5
[INFO] [stdout]     |
[INFO] [stdout] 125 | struct PowerUnits {
[INFO] [stdout]     |        ---------- fields in this struct
[INFO] [stdout] 126 |     time_unit: f64,
[INFO] [stdout]     |     ^^^^^^^^^
[INFO] [stdout] 127 |     energy_unit: f64,
[INFO] [stdout] 128 |     power_unit: f64,
[INFO] [stdout]     |     ^^^^^^^^^^
[INFO] [stdout]     |
[INFO] [stdout]     = note: `PowerUnits` has a derived impl for the trait `Debug`, but this is intentionally ignored during dead code analysis
[INFO] [stdout]     = note: `#[warn(dead_code)]` on by default
[INFO] [stdout] 
[INFO] [stdout] 
[INFO] [stdout] warning: 1 warning emitted
[INFO] [stdout] 
[INFO] [stdout] 
[INFO] [stdout] warning: fields `time_unit` and `power_unit` are never read
[INFO] [stdout]    --> src/lib.rs:126:5
[INFO] [stdout]     |
[INFO] [stdout] 125 | struct PowerUnits {
[INFO] [stdout]     |        ---------- fields in this struct
[INFO] [stdout] 126 |     time_unit: f64,
[INFO] [stdout]     |     ^^^^^^^^^
[INFO] [stdout] 127 |     energy_unit: f64,
[INFO] [stdout] 128 |     power_unit: f64,
[INFO] [stdout]     |     ^^^^^^^^^^
[INFO] [stdout]     |
[INFO] [stdout]     = note: `PowerUnits` has a derived impl for the trait `Debug`, but this is intentionally ignored during dead code analysis
[INFO] [stdout]     = note: `#[warn(dead_code)]` on by default
[INFO] [stdout] 
[INFO] [stdout] 
[INFO] [stdout] warning: 1 warning emitted
[INFO] [stdout] 
[INFO] [stdout] 
[INFO] [stderr]     Finished test [unoptimized + debuginfo] target(s) in 0.21s
[INFO] running `Command { std: "docker" "inspect" "a029a9f6b6e0be92b2c9f5eefc3becab951ff55d1452aee912d657c1e6a37fe2", kill_on_drop: false }`
[INFO] running `Command { std: "docker" "rm" "-f" "a029a9f6b6e0be92b2c9f5eefc3becab951ff55d1452aee912d657c1e6a37fe2", kill_on_drop: false }`
[INFO] [stdout] a029a9f6b6e0be92b2c9f5eefc3becab951ff55d1452aee912d657c1e6a37fe2
[INFO] running `Command { std: "docker" "create" "-v" "/var/lib/crater-agent-workspace/builds/worker-1-tc2/target:/opt/rustwide/target:rw,Z" "-v" "/var/lib/crater-agent-workspace/builds/worker-1-tc2/source:/opt/rustwide/workdir:ro,Z" "-v" "/var/lib/crater-agent-workspace/cargo-home:/opt/rustwide/cargo-home:ro,Z" "-v" "/var/lib/crater-agent-workspace/rustup-home:/opt/rustwide/rustup-home:ro,Z" "-e" "SOURCE_DIR=/opt/rustwide/workdir" "-e" "CARGO_TARGET_DIR=/opt/rustwide/target" "-e" "CARGO_INCREMENTAL=0" "-e" "RUST_BACKTRACE=full" "-e" "RUSTFLAGS=--cap-lints=warn" "-e" "RUSTDOCFLAGS=--cap-lints=warn" "-e" "CARGO_HOME=/opt/rustwide/cargo-home" "-e" "RUSTUP_HOME=/opt/rustwide/rustup-home" "-w" "/opt/rustwide/workdir" "-m" "1610612736" "--user" "0:0" "--network" "none" "ghcr.io/rust-lang/crates-build-env/linux@sha256:2788e3201cd34a07e3172128adcd8b3090168a8e3bcc40d7c032b9dda1df7d1c" "/opt/rustwide/cargo-home/bin/cargo" "+beta-2023-12-22" "test" "--frozen", kill_on_drop: false }`
[INFO] [stdout] 63c7d8ee1182b012140104c3936e94a26500b7384f57891c82ff1d2519ab0d15
[INFO] running `Command { std: "docker" "start" "-a" "63c7d8ee1182b012140104c3936e94a26500b7384f57891c82ff1d2519ab0d15", kill_on_drop: false }`
[INFO] [stderr] warning: fields `time_unit` and `power_unit` are never read
[INFO] [stderr]    --> src/lib.rs:126:5
[INFO] [stderr]     |
[INFO] [stderr] 125 | struct PowerUnits {
[INFO] [stderr]     |        ---------- fields in this struct
[INFO] [stderr] 126 |     time_unit: f64,
[INFO] [stderr]     |     ^^^^^^^^^
[INFO] [stderr] 127 |     energy_unit: f64,
[INFO] [stderr] 128 |     power_unit: f64,
[INFO] [stderr]     |     ^^^^^^^^^^
[INFO] [stderr]     |
[INFO] [stderr]     = note: `PowerUnits` has a derived impl for the trait `Debug`, but this is intentionally ignored during dead code analysis
[INFO] [stderr]     = note: `#[warn(dead_code)]` on by default
[INFO] [stderr] 
[INFO] [stderr] warning: `ryzen-reader` (lib) generated 1 warning
[INFO] [stderr] warning: `ryzen-reader` (lib test) generated 1 warning (1 duplicate)
[INFO] [stderr]     Finished test [unoptimized + debuginfo] target(s) in 0.01s
[INFO] [stderr]      Running unittests src/lib.rs (/opt/rustwide/target/debug/deps/ryzen_reader-806287831482884d)
[INFO] [stdout] 
[INFO] [stdout] running 0 tests
[INFO] [stdout] 
[INFO] [stdout] test result: ok. 0 passed; 0 failed; 0 ignored; 0 measured; 0 filtered out; finished in 0.00s
[INFO] [stdout] 
[INFO] [stderr]    Doc-tests ryzen-reader
[INFO] [stdout] 
[INFO] [stdout] running 1 test
[INFO] [stdout] test src/lib.rs - CpuInfo (line 140) ... FAILED
[INFO] [stdout] 
[INFO] [stdout] failures:
[INFO] [stdout] 
[INFO] [stdout] ---- src/lib.rs - CpuInfo (line 140) stdout ----
[INFO] [stdout] Test executable failed (exit status: 1).
[INFO] [stdout] 
[INFO] [stdout] stderr:
[INFO] [stdout] Error: NoCores
[INFO] [stdout] 
[INFO] [stdout] 
[INFO] [stdout] 
[INFO] [stdout] failures:
[INFO] [stdout]     src/lib.rs - CpuInfo (line 140)
[INFO] [stdout] 
[INFO] [stdout] test result: FAILED. 0 passed; 1 failed; 0 ignored; 0 measured; 0 filtered out; finished in 0.16s
[INFO] [stdout] 
[INFO] [stderr] error: doctest failed, to rerun pass `--doc`
[INFO] running `Command { std: "docker" "inspect" "63c7d8ee1182b012140104c3936e94a26500b7384f57891c82ff1d2519ab0d15", kill_on_drop: false }`
[INFO] running `Command { std: "docker" "rm" "-f" "63c7d8ee1182b012140104c3936e94a26500b7384f57891c82ff1d2519ab0d15", kill_on_drop: false }`
[INFO] [stdout] 63c7d8ee1182b012140104c3936e94a26500b7384f57891c82ff1d2519ab0d15
