[INFO] fetching crate ryml 0.3.2...
[INFO] testing ryml-0.3.2 against 1.75.0 for beta-1.76-1
[INFO] extracting crate ryml 0.3.2 into /workspace/builds/worker-7-tc1/source
[INFO] validating manifest of crates.io crate ryml 0.3.2 on toolchain 1.75.0
[INFO] running `Command { std: CARGO_HOME="/workspace/cargo-home" RUSTUP_HOME="/workspace/rustup-home" "/workspace/cargo-home/bin/cargo" "+1.75.0" "metadata" "--manifest-path" "Cargo.toml" "--no-deps", kill_on_drop: false }`
[INFO] started tweaking crates.io crate ryml 0.3.2
[INFO] finished tweaking crates.io crate ryml 0.3.2
[INFO] tweaked toml for crates.io crate ryml 0.3.2 written to /workspace/builds/worker-7-tc1/source/Cargo.toml
[INFO] running `Command { std: CARGO_HOME="/workspace/cargo-home" RUSTUP_HOME="/workspace/rustup-home" "/workspace/cargo-home/bin/cargo" "+1.75.0" "generate-lockfile" "--manifest-path" "Cargo.toml", kill_on_drop: false }`
[INFO] [stderr]     Updating crates.io index
[INFO] running `Command { std: CARGO_HOME="/workspace/cargo-home" RUSTUP_HOME="/workspace/rustup-home" "/workspace/cargo-home/bin/cargo" "+1.75.0" "fetch" "--manifest-path" "Cargo.toml", kill_on_drop: false }`
[INFO] [stderr]  Downloading crates ...
[INFO] [stderr]   Downloaded acid_io v0.1.0
[INFO] [stderr]   Downloaded auto-enum v0.1.2
[INFO] [stderr]   Downloaded thiserror-no-std v2.0.2
[INFO] [stderr]   Downloaded thiserror-impl-no-std v2.0.2
[INFO] [stderr]   Downloaded windows_x86_64_msvc v0.29.0
[INFO] [stderr]   Downloaded windows_aarch64_msvc v0.29.0
[INFO] [stderr]   Downloaded windows_i686_gnu v0.29.0
[INFO] [stderr]   Downloaded windows_x86_64_gnu v0.29.0
[INFO] [stderr]   Downloaded windows_i686_msvc v0.29.0
[INFO] [stderr]   Downloaded windows v0.29.0
[INFO] running `Command { std: "docker" "create" "-v" "/var/lib/crater-agent-workspace/builds/worker-7-tc1/target:/opt/rustwide/target:rw,Z" "-v" "/var/lib/crater-agent-workspace/builds/worker-7-tc1/source:/opt/rustwide/workdir:ro,Z" "-v" "/var/lib/crater-agent-workspace/cargo-home:/opt/rustwide/cargo-home:ro,Z" "-v" "/var/lib/crater-agent-workspace/rustup-home:/opt/rustwide/rustup-home:ro,Z" "-e" "SOURCE_DIR=/opt/rustwide/workdir" "-e" "CARGO_TARGET_DIR=/opt/rustwide/target" "-e" "CARGO_HOME=/opt/rustwide/cargo-home" "-e" "RUSTUP_HOME=/opt/rustwide/rustup-home" "-w" "/opt/rustwide/workdir" "-m" "1610612736" "--user" "0:0" "--network" "none" "ghcr.io/rust-lang/crates-build-env/linux@sha256:2788e3201cd34a07e3172128adcd8b3090168a8e3bcc40d7c032b9dda1df7d1c" "/opt/rustwide/cargo-home/bin/cargo" "+1.75.0" "metadata" "--no-deps" "--format-version=1", kill_on_drop: false }`
[INFO] [stdout] f5436ddf10c345fe533399c48fb19e070c651548721b423f5f0d893cccc68b45
[INFO] running `Command { std: "docker" "start" "-a" "f5436ddf10c345fe533399c48fb19e070c651548721b423f5f0d893cccc68b45", kill_on_drop: false }`
[INFO] running `Command { std: "docker" "inspect" "f5436ddf10c345fe533399c48fb19e070c651548721b423f5f0d893cccc68b45", kill_on_drop: false }`
[INFO] running `Command { std: "docker" "rm" "-f" "f5436ddf10c345fe533399c48fb19e070c651548721b423f5f0d893cccc68b45", kill_on_drop: false }`
[INFO] [stdout] f5436ddf10c345fe533399c48fb19e070c651548721b423f5f0d893cccc68b45
[INFO] running `Command { std: "docker" "create" "-v" "/var/lib/crater-agent-workspace/builds/worker-7-tc1/target:/opt/rustwide/target:rw,Z" "-v" "/var/lib/crater-agent-workspace/builds/worker-7-tc1/source:/opt/rustwide/workdir:ro,Z" "-v" "/var/lib/crater-agent-workspace/cargo-home:/opt/rustwide/cargo-home:ro,Z" "-v" "/var/lib/crater-agent-workspace/rustup-home:/opt/rustwide/rustup-home:ro,Z" "-e" "SOURCE_DIR=/opt/rustwide/workdir" "-e" "CARGO_TARGET_DIR=/opt/rustwide/target" "-e" "CARGO_INCREMENTAL=0" "-e" "RUST_BACKTRACE=full" "-e" "RUSTFLAGS=--cap-lints=warn" "-e" "RUSTDOCFLAGS=--cap-lints=warn" "-e" "CARGO_HOME=/opt/rustwide/cargo-home" "-e" "RUSTUP_HOME=/opt/rustwide/rustup-home" "-w" "/opt/rustwide/workdir" "-m" "1610612736" "--user" "0:0" "--network" "none" "ghcr.io/rust-lang/crates-build-env/linux@sha256:2788e3201cd34a07e3172128adcd8b3090168a8e3bcc40d7c032b9dda1df7d1c" "/opt/rustwide/cargo-home/bin/cargo" "+1.75.0" "build" "--frozen" "--message-format=json", kill_on_drop: false }`
[INFO] [stdout] 02a0691b47d89dd7b11feba6bacca352055bcfe9eed8c472b81d43b49d301ca4
[INFO] running `Command { std: "docker" "start" "-a" "02a0691b47d89dd7b11feba6bacca352055bcfe9eed8c472b81d43b49d301ca4", kill_on_drop: false }`
[INFO] [stderr]    Compiling proc-macro2 v1.0.75
[INFO] [stderr]    Compiling scratch v1.0.7
[INFO] [stderr]    Compiling termcolor v1.4.0
[INFO] [stderr]    Compiling unicode-width v0.1.11
[INFO] [stderr]    Compiling libc v0.2.151
[INFO] [stderr]    Compiling cxxbridge-flags v1.0.114
[INFO] [stderr]    Compiling syn v1.0.109
[INFO] [stderr]    Compiling syn v0.15.44
[INFO] [stderr]    Compiling once_cell v1.19.0
[INFO] [stderr]    Compiling acid_io v0.1.0
[INFO] [stderr]    Compiling codespan-reporting v0.11.1
[INFO] [stderr]    Compiling cc v1.0.83
[INFO] [stderr]    Compiling quote v1.0.35
[INFO] [stderr]    Compiling syn v2.0.48
[INFO] [stderr]    Compiling link-cplusplus v1.0.9
[INFO] [stderr]    Compiling cxx v1.0.114
[INFO] [stderr]    Compiling cxx-build v1.0.114
[INFO] [stderr]    Compiling thiserror-impl-no-std v2.0.2
[INFO] [stderr]    Compiling cxxbridge-macro v1.0.114
[INFO] [stderr]    Compiling thiserror-no-std v2.0.2
[INFO] [stderr]    Compiling auto-enum v0.1.2
[INFO] [stderr]    Compiling ryml v0.3.2 (/opt/rustwide/workdir)
[INFO] [stderr] warning: ryml@0.3.2: /opt/rustwide/target/debug/build/ryml-d8e64c9d652f5c87/out/cxxbridge/sources/ryml/src/inner.rs.cc: In function 'rust::cxxbridge1::repr::PtrLen c4::yml::c4$yml$cxxbridge1$emit(const Tree&, c4::substr*, bool, c4::substr*)':
[INFO] [stderr] warning: ryml@0.3.2: /opt/rustwide/target/debug/build/ryml-d8e64c9d652f5c87/out/cxxbridge/sources/ryml/src/inner.rs.cc:2120:83: warning: 'c4::substr c4::yml::emit(const c4::yml::Tree&, c4::substr, bool)' is deprecated: use emit_yaml() instead. See https://github.com/biojppm/rapidyaml/issues/120 [-Wdeprecated-declarations]
[INFO] [stderr] warning: ryml@0.3.2:  2120 |   ::c4::substr (*emit$)(::c4::yml::Tree const &, ::c4::substr, bool) = ::c4::yml::emit;
[INFO] [stderr] warning: ryml@0.3.2:       |                                                                                   ^~~~
[INFO] [stderr] warning: ryml@0.3.2: In file included from /opt/rustwide/target/debug/build/ryml-d8e64c9d652f5c87/out/cxxbridge/sources/ryml/src/inner.rs.cc:1:
[INFO] [stderr] warning: ryml@0.3.2: /opt/rustwide/target/debug/build/ryml-d8e64c9d652f5c87/out/cxxbridge/crate/ryml/include/ryml.h:22937:35: note: declared here
[INFO] [stderr] warning: ryml@0.3.2: 22937 | RYML_DEPRECATE_EMIT inline substr emit(Tree const& t, substr buf, bool error_on_excess=true)
[INFO] [stderr] warning: ryml@0.3.2:       |                                   ^~~~
[INFO] [stderr] warning: ryml@0.3.2: /opt/rustwide/target/debug/build/ryml-d8e64c9d652f5c87/out/cxxbridge/sources/ryml/src/inner.rs.cc:2120:83: warning: 'c4::substr c4::yml::emit(const c4::yml::Tree&, c4::substr, bool)' is deprecated: use emit_yaml() instead. See https://github.com/biojppm/rapidyaml/issues/120 [-Wdeprecated-declarations]
[INFO] [stderr] warning: ryml@0.3.2:  2120 |   ::c4::substr (*emit$)(::c4::yml::Tree const &, ::c4::substr, bool) = ::c4::yml::emit;
[INFO] [stderr] warning: ryml@0.3.2:       |                                                                                   ^~~~
[INFO] [stderr] warning: ryml@0.3.2: In file included from /opt/rustwide/target/debug/build/ryml-d8e64c9d652f5c87/out/cxxbridge/sources/ryml/src/inner.rs.cc:1:
[INFO] [stderr] warning: ryml@0.3.2: /opt/rustwide/target/debug/build/ryml-d8e64c9d652f5c87/out/cxxbridge/crate/ryml/include/ryml.h:22937:35: note: declared here
[INFO] [stderr] warning: ryml@0.3.2: 22937 | RYML_DEPRECATE_EMIT inline substr emit(Tree const& t, substr buf, bool error_on_excess=true)
[INFO] [stderr] warning: ryml@0.3.2:       |                                   ^~~~
[INFO] [stderr]     Finished dev [unoptimized + debuginfo] target(s) in 22.04s
[INFO] running `Command { std: "docker" "inspect" "02a0691b47d89dd7b11feba6bacca352055bcfe9eed8c472b81d43b49d301ca4", kill_on_drop: false }`
[INFO] running `Command { std: "docker" "rm" "-f" "02a0691b47d89dd7b11feba6bacca352055bcfe9eed8c472b81d43b49d301ca4", kill_on_drop: false }`
[INFO] [stdout] 02a0691b47d89dd7b11feba6bacca352055bcfe9eed8c472b81d43b49d301ca4
[INFO] running `Command { std: "docker" "create" "-v" "/var/lib/crater-agent-workspace/builds/worker-7-tc1/target:/opt/rustwide/target:rw,Z" "-v" "/var/lib/crater-agent-workspace/builds/worker-7-tc1/source:/opt/rustwide/workdir:ro,Z" "-v" "/var/lib/crater-agent-workspace/cargo-home:/opt/rustwide/cargo-home:ro,Z" "-v" "/var/lib/crater-agent-workspace/rustup-home:/opt/rustwide/rustup-home:ro,Z" "-e" "SOURCE_DIR=/opt/rustwide/workdir" "-e" "CARGO_TARGET_DIR=/opt/rustwide/target" "-e" "CARGO_INCREMENTAL=0" "-e" "RUST_BACKTRACE=full" "-e" "RUSTFLAGS=--cap-lints=warn" "-e" "RUSTDOCFLAGS=--cap-lints=warn" "-e" "CARGO_HOME=/opt/rustwide/cargo-home" "-e" "RUSTUP_HOME=/opt/rustwide/rustup-home" "-w" "/opt/rustwide/workdir" "-m" "1610612736" "--user" "0:0" "--network" "none" "ghcr.io/rust-lang/crates-build-env/linux@sha256:2788e3201cd34a07e3172128adcd8b3090168a8e3bcc40d7c032b9dda1df7d1c" "/opt/rustwide/cargo-home/bin/cargo" "+1.75.0" "test" "--frozen" "--no-run" "--message-format=json", kill_on_drop: false }`
[INFO] [stdout] 42332d961d001b79208ee7090be61c884c3ff06b4edf1b429f5023c8a47c440e
[INFO] running `Command { std: "docker" "start" "-a" "42332d961d001b79208ee7090be61c884c3ff06b4edf1b429f5023c8a47c440e", kill_on_drop: false }`
[INFO] [stderr] warning: ryml@0.3.2: /opt/rustwide/target/debug/build/ryml-d8e64c9d652f5c87/out/cxxbridge/sources/ryml/src/inner.rs.cc: In function 'rust::cxxbridge1::repr::PtrLen c4::yml::c4$yml$cxxbridge1$emit(const Tree&, c4::substr*, bool, c4::substr*)':
[INFO] [stderr] warning: ryml@0.3.2: /opt/rustwide/target/debug/build/ryml-d8e64c9d652f5c87/out/cxxbridge/sources/ryml/src/inner.rs.cc:2120:83: warning: 'c4::substr c4::yml::emit(const c4::yml::Tree&, c4::substr, bool)' is deprecated: use emit_yaml() instead. See https://github.com/biojppm/rapidyaml/issues/120 [-Wdeprecated-declarations]
[INFO] [stderr] warning: ryml@0.3.2:  2120 |   ::c4::substr (*emit$)(::c4::yml::Tree const &, ::c4::substr, bool) = ::c4::yml::emit;
[INFO] [stderr] warning: ryml@0.3.2:       |                                                                                   ^~~~
[INFO] [stderr] warning: ryml@0.3.2: In file included from /opt/rustwide/target/debug/build/ryml-d8e64c9d652f5c87/out/cxxbridge/sources/ryml/src/inner.rs.cc:1:
[INFO] [stderr] warning: ryml@0.3.2: /opt/rustwide/target/debug/build/ryml-d8e64c9d652f5c87/out/cxxbridge/crate/ryml/include/ryml.h:22937:35: note: declared here
[INFO] [stderr] warning: ryml@0.3.2: 22937 | RYML_DEPRECATE_EMIT inline substr emit(Tree const& t, substr buf, bool error_on_excess=true)
[INFO] [stderr] warning: ryml@0.3.2:       |                                   ^~~~
[INFO] [stderr] warning: ryml@0.3.2: /opt/rustwide/target/debug/build/ryml-d8e64c9d652f5c87/out/cxxbridge/sources/ryml/src/inner.rs.cc:2120:83: warning: 'c4::substr c4::yml::emit(const c4::yml::Tree&, c4::substr, bool)' is deprecated: use emit_yaml() instead. See https://github.com/biojppm/rapidyaml/issues/120 [-Wdeprecated-declarations]
[INFO] [stderr] warning: ryml@0.3.2:  2120 |   ::c4::substr (*emit$)(::c4::yml::Tree const &, ::c4::substr, bool) = ::c4::yml::emit;
[INFO] [stderr] warning: ryml@0.3.2:       |                                                                                   ^~~~
[INFO] [stderr] warning: ryml@0.3.2: In file included from /opt/rustwide/target/debug/build/ryml-d8e64c9d652f5c87/out/cxxbridge/sources/ryml/src/inner.rs.cc:1:
[INFO] [stderr] warning: ryml@0.3.2: /opt/rustwide/target/debug/build/ryml-d8e64c9d652f5c87/out/cxxbridge/crate/ryml/include/ryml.h:22937:35: note: declared here
[INFO] [stderr] warning: ryml@0.3.2: 22937 | RYML_DEPRECATE_EMIT inline substr emit(Tree const& t, substr buf, bool error_on_excess=true)
[INFO] [stderr] warning: ryml@0.3.2:       |                                   ^~~~
[INFO] [stderr]    Compiling ryml v0.3.2 (/opt/rustwide/workdir)
[INFO] [stderr]     Finished test [unoptimized + debuginfo] target(s) in 1.26s
[INFO] running `Command { std: "docker" "inspect" "42332d961d001b79208ee7090be61c884c3ff06b4edf1b429f5023c8a47c440e", kill_on_drop: false }`
[INFO] running `Command { std: "docker" "rm" "-f" "42332d961d001b79208ee7090be61c884c3ff06b4edf1b429f5023c8a47c440e", kill_on_drop: false }`
[INFO] [stdout] 42332d961d001b79208ee7090be61c884c3ff06b4edf1b429f5023c8a47c440e
[INFO] running `Command { std: "docker" "create" "-v" "/var/lib/crater-agent-workspace/builds/worker-7-tc1/target:/opt/rustwide/target:rw,Z" "-v" "/var/lib/crater-agent-workspace/builds/worker-7-tc1/source:/opt/rustwide/workdir:ro,Z" "-v" "/var/lib/crater-agent-workspace/cargo-home:/opt/rustwide/cargo-home:ro,Z" "-v" "/var/lib/crater-agent-workspace/rustup-home:/opt/rustwide/rustup-home:ro,Z" "-e" "SOURCE_DIR=/opt/rustwide/workdir" "-e" "CARGO_TARGET_DIR=/opt/rustwide/target" "-e" "CARGO_INCREMENTAL=0" "-e" "RUST_BACKTRACE=full" "-e" "RUSTFLAGS=--cap-lints=warn" "-e" "RUSTDOCFLAGS=--cap-lints=warn" "-e" "CARGO_HOME=/opt/rustwide/cargo-home" "-e" "RUSTUP_HOME=/opt/rustwide/rustup-home" "-w" "/opt/rustwide/workdir" "-m" "1610612736" "--user" "0:0" "--network" "none" "ghcr.io/rust-lang/crates-build-env/linux@sha256:2788e3201cd34a07e3172128adcd8b3090168a8e3bcc40d7c032b9dda1df7d1c" "/opt/rustwide/cargo-home/bin/cargo" "+1.75.0" "test" "--frozen", kill_on_drop: false }`
[INFO] [stdout] 940a9bba3499d867a0670b031616f1bcb7ff4a66ae956e6d2ae0617da7c878bc
[INFO] running `Command { std: "docker" "start" "-a" "940a9bba3499d867a0670b031616f1bcb7ff4a66ae956e6d2ae0617da7c878bc", kill_on_drop: false }`
[INFO] [stderr] warning: ryml@0.3.2: /opt/rustwide/target/debug/build/ryml-d8e64c9d652f5c87/out/cxxbridge/sources/ryml/src/inner.rs.cc: In function 'rust::cxxbridge1::repr::PtrLen c4::yml::c4$yml$cxxbridge1$emit(const Tree&, c4::substr*, bool, c4::substr*)':
[INFO] [stderr] warning: ryml@0.3.2: /opt/rustwide/target/debug/build/ryml-d8e64c9d652f5c87/out/cxxbridge/sources/ryml/src/inner.rs.cc:2120:83: warning: 'c4::substr c4::yml::emit(const c4::yml::Tree&, c4::substr, bool)' is deprecated: use emit_yaml() instead. See https://github.com/biojppm/rapidyaml/issues/120 [-Wdeprecated-declarations]
[INFO] [stderr] warning: ryml@0.3.2:  2120 |   ::c4::substr (*emit$)(::c4::yml::Tree const &, ::c4::substr, bool) = ::c4::yml::emit;
[INFO] [stderr] warning: ryml@0.3.2:       |                                                                                   ^~~~
[INFO] [stderr] warning: ryml@0.3.2: In file included from /opt/rustwide/target/debug/build/ryml-d8e64c9d652f5c87/out/cxxbridge/sources/ryml/src/inner.rs.cc:1:
[INFO] [stderr] warning: ryml@0.3.2: /opt/rustwide/target/debug/build/ryml-d8e64c9d652f5c87/out/cxxbridge/crate/ryml/include/ryml.h:22937:35: note: declared here
[INFO] [stderr] warning: ryml@0.3.2: 22937 | RYML_DEPRECATE_EMIT inline substr emit(Tree const& t, substr buf, bool error_on_excess=true)
[INFO] [stderr] warning: ryml@0.3.2:       |                                   ^~~~
[INFO] [stderr] warning: ryml@0.3.2: /opt/rustwide/target/debug/build/ryml-d8e64c9d652f5c87/out/cxxbridge/sources/ryml/src/inner.rs.cc:2120:83: warning: 'c4::substr c4::yml::emit(const c4::yml::Tree&, c4::substr, bool)' is deprecated: use emit_yaml() instead. See https://github.com/biojppm/rapidyaml/issues/120 [-Wdeprecated-declarations]
[INFO] [stderr] warning: ryml@0.3.2:  2120 |   ::c4::substr (*emit$)(::c4::yml::Tree const &, ::c4::substr, bool) = ::c4::yml::emit;
[INFO] [stderr] warning: ryml@0.3.2:       |                                                                                   ^~~~
[INFO] [stderr] warning: ryml@0.3.2: In file included from /opt/rustwide/target/debug/build/ryml-d8e64c9d652f5c87/out/cxxbridge/sources/ryml/src/inner.rs.cc:1:
[INFO] [stderr] warning: ryml@0.3.2: /opt/rustwide/target/debug/build/ryml-d8e64c9d652f5c87/out/cxxbridge/crate/ryml/include/ryml.h:22937:35: note: declared here
[INFO] [stderr] warning: ryml@0.3.2: 22937 | RYML_DEPRECATE_EMIT inline substr emit(Tree const& t, substr buf, bool error_on_excess=true)
[INFO] [stderr] warning: ryml@0.3.2:       |                                   ^~~~
[INFO] [stderr]     Finished test [unoptimized + debuginfo] target(s) in 0.03s
[INFO] [stderr]      Running unittests src/lib.rs (/opt/rustwide/target/debug/deps/ryml-e871ed1c7f209db3)
[INFO] [stdout] 
[INFO] [stdout] running 9 tests
[INFO] [stdout] test inner::tests::emit_into_buffer ... ok
[INFO] [stdout] test inner::tests::check_tree ... ok
[INFO] [stdout] test inner::tests::val_types ... ok
[INFO] [stdout] test tests::parse ... ok
[INFO] [stdout] test inner::tests::test_exceptions ... ok
[INFO] [stdout] test tests::empties ... ok
[INFO] [stdout] test tests::construct_tree ... ok
[INFO] [stdout] test tests::node_ref ... ok
[INFO] [stdout] test inner::tests::mut_tree ... ok
[INFO] [stdout] 
[INFO] [stdout] test result: ok. 9 passed; 0 failed; 0 ignored; 0 measured; 0 filtered out; finished in 0.00s
[INFO] [stdout] 
[INFO] [stderr]    Doc-tests ryml
[INFO] [stdout] 
[INFO] [stdout] running 1 test
[INFO] [stdout] test src/lib.rs - (line 17) ... FAILED
[INFO] [stderr] error: doctest failed, to rerun pass `--doc`
[INFO] [stdout] 
[INFO] [stdout] failures:
[INFO] [stdout] 
[INFO] [stdout] ---- src/lib.rs - (line 17) stdout ----
[INFO] [stdout] error[E0599]: no method named `emit` found for struct `Tree` in the current scope
[INFO] [stdout]   --> src/lib.rs:62:21
[INFO] [stdout]    |
[INFO] [stdout] 47 | let new_text = tree.emit()?;
[INFO] [stdout]    |                     ^^^^ method not found in `Tree<'_>`
[INFO] [stdout] 
[INFO] [stdout] error: aborting due to previous error
[INFO] [stdout] 
[INFO] [stdout] For more information about this error, try `rustc --explain E0599`.
[INFO] [stdout] Couldn't compile the test.
[INFO] [stdout] 
[INFO] [stdout] failures:
[INFO] [stdout]     src/lib.rs - (line 17)
[INFO] [stdout] 
[INFO] [stdout] test result: FAILED. 0 passed; 1 failed; 0 ignored; 0 measured; 0 filtered out; finished in 0.12s
[INFO] [stdout] 
[INFO] running `Command { std: "docker" "inspect" "940a9bba3499d867a0670b031616f1bcb7ff4a66ae956e6d2ae0617da7c878bc", kill_on_drop: false }`
[INFO] running `Command { std: "docker" "rm" "-f" "940a9bba3499d867a0670b031616f1bcb7ff4a66ae956e6d2ae0617da7c878bc", kill_on_drop: false }`
[INFO] [stdout] 940a9bba3499d867a0670b031616f1bcb7ff4a66ae956e6d2ae0617da7c878bc
