[INFO] fetching crate ruxafor 1.0.0...
[INFO] testing ruxafor-1.0.0 against 1.75.0 for beta-1.76-1
[INFO] extracting crate ruxafor 1.0.0 into /workspace/builds/worker-0-tc1/source
[INFO] validating manifest of crates.io crate ruxafor 1.0.0 on toolchain 1.75.0
[INFO] running `Command { std: CARGO_HOME="/workspace/cargo-home" RUSTUP_HOME="/workspace/rustup-home" "/workspace/cargo-home/bin/cargo" "+1.75.0" "metadata" "--manifest-path" "Cargo.toml" "--no-deps", kill_on_drop: false }`
[INFO] started tweaking crates.io crate ruxafor 1.0.0
[INFO] finished tweaking crates.io crate ruxafor 1.0.0
[INFO] tweaked toml for crates.io crate ruxafor 1.0.0 written to /workspace/builds/worker-0-tc1/source/Cargo.toml
[INFO] running `Command { std: CARGO_HOME="/workspace/cargo-home" RUSTUP_HOME="/workspace/rustup-home" "/workspace/cargo-home/bin/cargo" "+1.75.0" "generate-lockfile" "--manifest-path" "Cargo.toml", kill_on_drop: false }`
[INFO] [stderr]     Updating crates.io index
[INFO] running `Command { std: CARGO_HOME="/workspace/cargo-home" RUSTUP_HOME="/workspace/rustup-home" "/workspace/cargo-home/bin/cargo" "+1.75.0" "fetch" "--manifest-path" "Cargo.toml", kill_on_drop: false }`
[INFO] running `Command { std: "docker" "create" "-v" "/var/lib/crater-agent-workspace/builds/worker-0-tc1/target:/opt/rustwide/target:rw,Z" "-v" "/var/lib/crater-agent-workspace/builds/worker-0-tc1/source:/opt/rustwide/workdir:ro,Z" "-v" "/var/lib/crater-agent-workspace/cargo-home:/opt/rustwide/cargo-home:ro,Z" "-v" "/var/lib/crater-agent-workspace/rustup-home:/opt/rustwide/rustup-home:ro,Z" "-e" "SOURCE_DIR=/opt/rustwide/workdir" "-e" "CARGO_TARGET_DIR=/opt/rustwide/target" "-e" "CARGO_HOME=/opt/rustwide/cargo-home" "-e" "RUSTUP_HOME=/opt/rustwide/rustup-home" "-w" "/opt/rustwide/workdir" "-m" "1610612736" "--user" "0:0" "--network" "none" "ghcr.io/rust-lang/crates-build-env/linux@sha256:2788e3201cd34a07e3172128adcd8b3090168a8e3bcc40d7c032b9dda1df7d1c" "/opt/rustwide/cargo-home/bin/cargo" "+1.75.0" "metadata" "--no-deps" "--format-version=1", kill_on_drop: false }`
[INFO] [stdout] 7247dfd1ff48ef984efe185cd0438a7d3ab1625c19ed055cb53906d4c21a7e23
[INFO] running `Command { std: "docker" "start" "-a" "7247dfd1ff48ef984efe185cd0438a7d3ab1625c19ed055cb53906d4c21a7e23", kill_on_drop: false }`
[INFO] running `Command { std: "docker" "inspect" "7247dfd1ff48ef984efe185cd0438a7d3ab1625c19ed055cb53906d4c21a7e23", kill_on_drop: false }`
[INFO] running `Command { std: "docker" "rm" "-f" "7247dfd1ff48ef984efe185cd0438a7d3ab1625c19ed055cb53906d4c21a7e23", kill_on_drop: false }`
[INFO] [stdout] 7247dfd1ff48ef984efe185cd0438a7d3ab1625c19ed055cb53906d4c21a7e23
[INFO] running `Command { std: "docker" "create" "-v" "/var/lib/crater-agent-workspace/builds/worker-0-tc1/target:/opt/rustwide/target:rw,Z" "-v" "/var/lib/crater-agent-workspace/builds/worker-0-tc1/source:/opt/rustwide/workdir:ro,Z" "-v" "/var/lib/crater-agent-workspace/cargo-home:/opt/rustwide/cargo-home:ro,Z" "-v" "/var/lib/crater-agent-workspace/rustup-home:/opt/rustwide/rustup-home:ro,Z" "-e" "SOURCE_DIR=/opt/rustwide/workdir" "-e" "CARGO_TARGET_DIR=/opt/rustwide/target" "-e" "CARGO_INCREMENTAL=0" "-e" "RUST_BACKTRACE=full" "-e" "RUSTFLAGS=--cap-lints=warn" "-e" "RUSTDOCFLAGS=--cap-lints=warn" "-e" "CARGO_HOME=/opt/rustwide/cargo-home" "-e" "RUSTUP_HOME=/opt/rustwide/rustup-home" "-w" "/opt/rustwide/workdir" "-m" "1610612736" "--user" "0:0" "--network" "none" "ghcr.io/rust-lang/crates-build-env/linux@sha256:2788e3201cd34a07e3172128adcd8b3090168a8e3bcc40d7c032b9dda1df7d1c" "/opt/rustwide/cargo-home/bin/cargo" "+1.75.0" "build" "--frozen" "--message-format=json", kill_on_drop: false }`
[INFO] [stdout] b4ef21de3abfb21e8f8d33719b4bfc51e950f2f710b2caf364f1a5e6ed7285d8
[INFO] running `Command { std: "docker" "start" "-a" "b4ef21de3abfb21e8f8d33719b4bfc51e950f2f710b2caf364f1a5e6ed7285d8", kill_on_drop: false }`
[INFO] [stderr]    Compiling lock_api v0.4.11
[INFO] [stderr]    Compiling futures-sink v0.3.30
[INFO] [stderr]    Compiling futures-core v0.3.30
[INFO] [stderr]    Compiling parking_lot_core v0.9.9
[INFO] [stderr]    Compiling syn v1.0.109
[INFO] [stderr]    Compiling futures-io v0.3.30
[INFO] [stderr]    Compiling scopeguard v1.2.0
[INFO] [stderr]    Compiling smallvec v1.11.2
[INFO] [stderr]    Compiling pkg-config v0.3.28
[INFO] [stderr]    Compiling futures-channel v0.3.30
[INFO] [stderr]    Compiling hashbrown v0.14.3
[INFO] [stderr]    Compiling futures-util v0.3.30
[INFO] [stderr]    Compiling parking_lot v0.12.1
[INFO] [stderr]    Compiling hidapi v1.5.0
[INFO] [stderr]    Compiling dashmap v5.5.3
[INFO] [stderr]    Compiling proc-macro-error v1.0.4
[INFO] [stderr]    Compiling futures-executor v0.3.30
[INFO] [stderr]    Compiling futures v0.3.30
[INFO] [stderr]    Compiling serial_test_derive v0.9.0
[INFO] [stderr]    Compiling serial_test v0.9.0
[INFO] [stderr]    Compiling ruxafor v1.0.0 (/opt/rustwide/workdir)
[INFO] [stderr]     Finished dev [unoptimized + debuginfo] target(s) in 5.71s
[INFO] running `Command { std: "docker" "inspect" "b4ef21de3abfb21e8f8d33719b4bfc51e950f2f710b2caf364f1a5e6ed7285d8", kill_on_drop: false }`
[INFO] running `Command { std: "docker" "rm" "-f" "b4ef21de3abfb21e8f8d33719b4bfc51e950f2f710b2caf364f1a5e6ed7285d8", kill_on_drop: false }`
[INFO] [stdout] b4ef21de3abfb21e8f8d33719b4bfc51e950f2f710b2caf364f1a5e6ed7285d8
[INFO] running `Command { std: "docker" "create" "-v" "/var/lib/crater-agent-workspace/builds/worker-0-tc1/target:/opt/rustwide/target:rw,Z" "-v" "/var/lib/crater-agent-workspace/builds/worker-0-tc1/source:/opt/rustwide/workdir:ro,Z" "-v" "/var/lib/crater-agent-workspace/cargo-home:/opt/rustwide/cargo-home:ro,Z" "-v" "/var/lib/crater-agent-workspace/rustup-home:/opt/rustwide/rustup-home:ro,Z" "-e" "SOURCE_DIR=/opt/rustwide/workdir" "-e" "CARGO_TARGET_DIR=/opt/rustwide/target" "-e" "CARGO_INCREMENTAL=0" "-e" "RUST_BACKTRACE=full" "-e" "RUSTFLAGS=--cap-lints=warn" "-e" "RUSTDOCFLAGS=--cap-lints=warn" "-e" "CARGO_HOME=/opt/rustwide/cargo-home" "-e" "RUSTUP_HOME=/opt/rustwide/rustup-home" "-w" "/opt/rustwide/workdir" "-m" "1610612736" "--user" "0:0" "--network" "none" "ghcr.io/rust-lang/crates-build-env/linux@sha256:2788e3201cd34a07e3172128adcd8b3090168a8e3bcc40d7c032b9dda1df7d1c" "/opt/rustwide/cargo-home/bin/cargo" "+1.75.0" "test" "--frozen" "--no-run" "--message-format=json", kill_on_drop: false }`
[INFO] [stdout] 472cf6541b15fefc88fde7d4e539e59a8006791896d4a9bd56646437ea08744d
[INFO] running `Command { std: "docker" "start" "-a" "472cf6541b15fefc88fde7d4e539e59a8006791896d4a9bd56646437ea08744d", kill_on_drop: false }`
[INFO] [stderr]    Compiling ruxafor v1.0.0 (/opt/rustwide/workdir)
[INFO] [stderr]     Finished test [unoptimized + debuginfo] target(s) in 0.76s
[INFO] running `Command { std: "docker" "inspect" "472cf6541b15fefc88fde7d4e539e59a8006791896d4a9bd56646437ea08744d", kill_on_drop: false }`
[INFO] running `Command { std: "docker" "rm" "-f" "472cf6541b15fefc88fde7d4e539e59a8006791896d4a9bd56646437ea08744d", kill_on_drop: false }`
[INFO] [stdout] 472cf6541b15fefc88fde7d4e539e59a8006791896d4a9bd56646437ea08744d
[INFO] running `Command { std: "docker" "create" "-v" "/var/lib/crater-agent-workspace/builds/worker-0-tc1/target:/opt/rustwide/target:rw,Z" "-v" "/var/lib/crater-agent-workspace/builds/worker-0-tc1/source:/opt/rustwide/workdir:ro,Z" "-v" "/var/lib/crater-agent-workspace/cargo-home:/opt/rustwide/cargo-home:ro,Z" "-v" "/var/lib/crater-agent-workspace/rustup-home:/opt/rustwide/rustup-home:ro,Z" "-e" "SOURCE_DIR=/opt/rustwide/workdir" "-e" "CARGO_TARGET_DIR=/opt/rustwide/target" "-e" "CARGO_INCREMENTAL=0" "-e" "RUST_BACKTRACE=full" "-e" "RUSTFLAGS=--cap-lints=warn" "-e" "RUSTDOCFLAGS=--cap-lints=warn" "-e" "CARGO_HOME=/opt/rustwide/cargo-home" "-e" "RUSTUP_HOME=/opt/rustwide/rustup-home" "-w" "/opt/rustwide/workdir" "-m" "1610612736" "--user" "0:0" "--network" "none" "ghcr.io/rust-lang/crates-build-env/linux@sha256:2788e3201cd34a07e3172128adcd8b3090168a8e3bcc40d7c032b9dda1df7d1c" "/opt/rustwide/cargo-home/bin/cargo" "+1.75.0" "test" "--frozen", kill_on_drop: false }`
[INFO] [stdout] 508f515a89bd1f9ebda5c3f94649f23fe0335c6a2e750abf2627e22bf7afe08b
[INFO] running `Command { std: "docker" "start" "-a" "508f515a89bd1f9ebda5c3f94649f23fe0335c6a2e750abf2627e22bf7afe08b", kill_on_drop: false }`
[INFO] [stderr]     Finished test [unoptimized + debuginfo] target(s) in 0.03s
[INFO] [stderr]      Running unittests src/lib.rs (/opt/rustwide/target/debug/deps/ruxafor-ca7be22927d90f78)
[INFO] [stdout] 
[INFO] [stdout] running 6 tests
[INFO] [stdout] test tests::test_discovery ... FAILED
[INFO] [stdout] test tests::test_is_button_pressed_feedback ... FAILED
[INFO] [stdout] test tests::test_set_strobe_color ... FAILED
[INFO] [stdout] test tests::test_is_button_pressed ... FAILED
[INFO] [stdout] test tests::test_set_circling_color ... FAILED
[INFO] [stdout] test tests::test_set_static_color ... FAILED
[INFO] [stdout] 
[INFO] [stdout] failures:
[INFO] [stdout] 
[INFO] [stdout] ---- tests::test_discovery stdout ----
[INFO] [stdout] Error: HidApiError { message: "hid_error is not implemented yet" }
[INFO] [stdout] 
[INFO] [stdout] ---- tests::test_is_button_pressed_feedback stdout ----
[INFO] [stdout] Error: HidApiError { message: "hid_error is not implemented yet" }
[INFO] [stdout] 
[INFO] [stdout] ---- tests::test_set_strobe_color stdout ----
[INFO] [stdout] Error: HidApiError { message: "hid_error is not implemented yet" }
[INFO] [stdout] 
[INFO] [stdout] ---- tests::test_is_button_pressed stdout ----
[INFO] [stdout] Error: HidApiError { message: "hid_error is not implemented yet" }
[INFO] [stdout] 
[INFO] [stdout] ---- tests::test_set_circling_color stdout ----
[INFO] [stdout] Error: HidApiError { message: "hid_error is not implemented yet" }
[INFO] [stdout] 
[INFO] [stdout] ---- tests::test_set_static_color stdout ----
[INFO] [stdout] Error: HidApiError { message: "hid_error is not implemented yet" }
[INFO] [stdout] 
[INFO] [stdout] 
[INFO] [stdout] failures:
[INFO] [stdout]     tests::test_discovery
[INFO] [stdout]     tests::test_is_button_pressed
[INFO] [stdout]     tests::test_is_button_pressed_feedback
[INFO] [stdout]     tests::test_set_circling_color
[INFO] [stdout]     tests::test_set_static_color
[INFO] [stdout]     tests::test_set_strobe_color
[INFO] [stdout] 
[INFO] [stdout] test result: FAILED. 0 passed; 6 failed; 0 ignored; 0 measured; 0 filtered out; finished in 0.04s
[INFO] [stdout] 
[INFO] [stderr] error: test failed, to rerun pass `--lib`
[INFO] running `Command { std: "docker" "inspect" "508f515a89bd1f9ebda5c3f94649f23fe0335c6a2e750abf2627e22bf7afe08b", kill_on_drop: false }`
[INFO] running `Command { std: "docker" "rm" "-f" "508f515a89bd1f9ebda5c3f94649f23fe0335c6a2e750abf2627e22bf7afe08b", kill_on_drop: false }`
[INFO] [stdout] 508f515a89bd1f9ebda5c3f94649f23fe0335c6a2e750abf2627e22bf7afe08b
