[INFO] fetching crate ruver 0.1.7...
[INFO] testing ruver-0.1.7 against 1.75.0 for beta-1.76-1
[INFO] extracting crate ruver 0.1.7 into /workspace/builds/worker-4-tc1/source
[INFO] validating manifest of crates.io crate ruver 0.1.7 on toolchain 1.75.0
[INFO] running `Command { std: CARGO_HOME="/workspace/cargo-home" RUSTUP_HOME="/workspace/rustup-home" "/workspace/cargo-home/bin/cargo" "+1.75.0" "metadata" "--manifest-path" "Cargo.toml" "--no-deps", kill_on_drop: false }`
[INFO] started tweaking crates.io crate ruver 0.1.7
[INFO] finished tweaking crates.io crate ruver 0.1.7
[INFO] tweaked toml for crates.io crate ruver 0.1.7 written to /workspace/builds/worker-4-tc1/source/Cargo.toml
[INFO] running `Command { std: CARGO_HOME="/workspace/cargo-home" RUSTUP_HOME="/workspace/rustup-home" "/workspace/cargo-home/bin/cargo" "+1.75.0" "generate-lockfile" "--manifest-path" "Cargo.toml", kill_on_drop: false }`
[INFO] running `Command { std: CARGO_HOME="/workspace/cargo-home" RUSTUP_HOME="/workspace/rustup-home" "/workspace/cargo-home/bin/cargo" "+1.75.0" "fetch" "--manifest-path" "Cargo.toml", kill_on_drop: false }`
[INFO] running `Command { std: "docker" "create" "-v" "/var/lib/crater-agent-workspace/builds/worker-4-tc1/target:/opt/rustwide/target:rw,Z" "-v" "/var/lib/crater-agent-workspace/builds/worker-4-tc1/source:/opt/rustwide/workdir:ro,Z" "-v" "/var/lib/crater-agent-workspace/cargo-home:/opt/rustwide/cargo-home:ro,Z" "-v" "/var/lib/crater-agent-workspace/rustup-home:/opt/rustwide/rustup-home:ro,Z" "-e" "SOURCE_DIR=/opt/rustwide/workdir" "-e" "CARGO_TARGET_DIR=/opt/rustwide/target" "-e" "CARGO_HOME=/opt/rustwide/cargo-home" "-e" "RUSTUP_HOME=/opt/rustwide/rustup-home" "-w" "/opt/rustwide/workdir" "-m" "1610612736" "--user" "0:0" "--network" "none" "ghcr.io/rust-lang/crates-build-env/linux@sha256:2788e3201cd34a07e3172128adcd8b3090168a8e3bcc40d7c032b9dda1df7d1c" "/opt/rustwide/cargo-home/bin/cargo" "+1.75.0" "metadata" "--no-deps" "--format-version=1", kill_on_drop: false }`
[INFO] [stdout] 0be660a49a0e49c2fa589af9acd091de9aaa4631a8ad428a58d9ac397a7ae909
[INFO] running `Command { std: "docker" "start" "-a" "0be660a49a0e49c2fa589af9acd091de9aaa4631a8ad428a58d9ac397a7ae909", kill_on_drop: false }`
[INFO] running `Command { std: "docker" "inspect" "0be660a49a0e49c2fa589af9acd091de9aaa4631a8ad428a58d9ac397a7ae909", kill_on_drop: false }`
[INFO] running `Command { std: "docker" "rm" "-f" "0be660a49a0e49c2fa589af9acd091de9aaa4631a8ad428a58d9ac397a7ae909", kill_on_drop: false }`
[INFO] [stdout] 0be660a49a0e49c2fa589af9acd091de9aaa4631a8ad428a58d9ac397a7ae909
[INFO] running `Command { std: "docker" "create" "-v" "/var/lib/crater-agent-workspace/builds/worker-4-tc1/target:/opt/rustwide/target:rw,Z" "-v" "/var/lib/crater-agent-workspace/builds/worker-4-tc1/source:/opt/rustwide/workdir:ro,Z" "-v" "/var/lib/crater-agent-workspace/cargo-home:/opt/rustwide/cargo-home:ro,Z" "-v" "/var/lib/crater-agent-workspace/rustup-home:/opt/rustwide/rustup-home:ro,Z" "-e" "SOURCE_DIR=/opt/rustwide/workdir" "-e" "CARGO_TARGET_DIR=/opt/rustwide/target" "-e" "CARGO_INCREMENTAL=0" "-e" "RUST_BACKTRACE=full" "-e" "RUSTFLAGS=--cap-lints=warn" "-e" "RUSTDOCFLAGS=--cap-lints=warn" "-e" "CARGO_HOME=/opt/rustwide/cargo-home" "-e" "RUSTUP_HOME=/opt/rustwide/rustup-home" "-w" "/opt/rustwide/workdir" "-m" "1610612736" "--user" "0:0" "--network" "none" "ghcr.io/rust-lang/crates-build-env/linux@sha256:2788e3201cd34a07e3172128adcd8b3090168a8e3bcc40d7c032b9dda1df7d1c" "/opt/rustwide/cargo-home/bin/cargo" "+1.75.0" "build" "--frozen" "--message-format=json", kill_on_drop: false }`
[INFO] [stdout] df91e68b1a5f07a6a433990886f97f35fc5be6ca0d7ae3206aae5778d32f89a0
[INFO] running `Command { std: "docker" "start" "-a" "df91e68b1a5f07a6a433990886f97f35fc5be6ca0d7ae3206aae5778d32f89a0", kill_on_drop: false }`
[INFO] [stderr]    Compiling ruver v0.1.7 (/opt/rustwide/workdir)
[INFO] [stdout] warning: unnecessary parentheses around match arm expression
[INFO] [stdout]    --> src/lib.rs:264:22
[INFO] [stdout]     |
[INFO] [stdout] 264 |             Ok(t) => (t),
[INFO] [stdout]     |                      ^ ^
[INFO] [stdout]     |
[INFO] [stdout]     = note: `#[warn(unused_parens)]` on by default
[INFO] [stdout] help: remove these parentheses
[INFO] [stdout]     |
[INFO] [stdout] 264 -             Ok(t) => (t),
[INFO] [stdout] 264 +             Ok(t) => t,
[INFO] [stdout]     |
[INFO] [stdout] 
[INFO] [stdout] 
[INFO] [stdout] warning: trait objects without an explicit `dyn` are deprecated
[INFO] [stdout]   --> src/lib.rs:27:16
[INFO] [stdout]    |
[INFO] [stdout] 27 | type Job = Box<FnBox + Send + 'static>;
[INFO] [stdout]    |                ^^^^^^^^^^^^^^^^^^^^^^
[INFO] [stdout]    |
[INFO] [stdout]    = warning: this is accepted in the current edition (Rust 2018) but is a hard error in Rust 2021!
[INFO] [stdout]    = note: for more information, see <https://doc.rust-lang.org/nightly/edition-guide/rust-2021/warnings-promoted-to-error.html>
[INFO] [stdout]    = note: `#[warn(bare_trait_objects)]` on by default
[INFO] [stdout] help: use `dyn`
[INFO] [stdout]    |
[INFO] [stdout] 27 | type Job = Box<dyn FnBox + Send + 'static>;
[INFO] [stdout]    |                +++
[INFO] [stdout] 
[INFO] [stdout] 
[INFO] [stdout] warning: use of deprecated method `std::error::Error::description`: use the Display impl or to_string()
[INFO] [stdout]    --> src/lib.rs:171:27
[INFO] [stdout]     |
[INFO] [stdout] 171 |                     error.description()
[INFO] [stdout]     |                           ^^^^^^^^^^^
[INFO] [stdout]     |
[INFO] [stdout]     = note: `#[warn(deprecated)]` on by default
[INFO] [stdout] 
[INFO] [stdout] 
[INFO] [stdout] warning: use of deprecated method `std::error::Error::description`: use the Display impl or to_string()
[INFO] [stdout]    --> src/lib.rs:253:66
[INFO] [stdout]     |
[INFO] [stdout] 253 |             eprintln!("set_read_timeout call failed:\n{}", error.description())
[INFO] [stdout]     |                                                                  ^^^^^^^^^^^
[INFO] [stdout] 
[INFO] [stdout] 
[INFO] [stdout] warning: use of deprecated method `std::error::Error::description`: use the Display impl or to_string()
[INFO] [stdout]    --> src/lib.rs:259:67
[INFO] [stdout]     |
[INFO] [stdout] 259 |             eprintln!("set_write_timeout call failed:\n{}", error.description())
[INFO] [stdout]     |                                                                   ^^^^^^^^^^^
[INFO] [stdout] 
[INFO] [stdout] 
[INFO] [stdout] warning: use of deprecated method `std::error::Error::description`: use the Display impl or to_string()
[INFO] [stdout]    --> src/lib.rs:268:27
[INFO] [stdout]     |
[INFO] [stdout] 268 |                     error.description()
[INFO] [stdout]     |                           ^^^^^^^^^^^
[INFO] [stdout] 
[INFO] [stdout] 
[INFO] [stdout] warning: 6 warnings emitted
[INFO] [stdout] 
[INFO] [stdout] 
[INFO] [stdout] warning: use of deprecated method `std::error::Error::description`: use the Display impl or to_string()
[INFO] [stdout]   --> src/main.rs:15:23
[INFO] [stdout]    |
[INFO] [stdout] 15 |                 error.description()
[INFO] [stdout]    |                       ^^^^^^^^^^^
[INFO] [stdout]    |
[INFO] [stdout]    = note: `#[warn(deprecated)]` on by default
[INFO] [stdout] 
[INFO] [stdout] 
[INFO] [stdout] warning: use of deprecated method `std::error::Error::description`: use the Display impl or to_string()
[INFO] [stdout]   --> src/main.rs:28:27
[INFO] [stdout]    |
[INFO] [stdout] 28 |                     error.description()
[INFO] [stdout]    |                           ^^^^^^^^^^^
[INFO] [stdout] 
[INFO] [stdout] 
[INFO] [stdout] warning: 2 warnings emitted
[INFO] [stdout] 
[INFO] [stdout] 
[INFO] [stderr]     Finished dev [unoptimized + debuginfo] target(s) in 0.48s
[INFO] running `Command { std: "docker" "inspect" "df91e68b1a5f07a6a433990886f97f35fc5be6ca0d7ae3206aae5778d32f89a0", kill_on_drop: false }`
[INFO] running `Command { std: "docker" "rm" "-f" "df91e68b1a5f07a6a433990886f97f35fc5be6ca0d7ae3206aae5778d32f89a0", kill_on_drop: false }`
[INFO] [stdout] df91e68b1a5f07a6a433990886f97f35fc5be6ca0d7ae3206aae5778d32f89a0
[INFO] running `Command { std: "docker" "create" "-v" "/var/lib/crater-agent-workspace/builds/worker-4-tc1/target:/opt/rustwide/target:rw,Z" "-v" "/var/lib/crater-agent-workspace/builds/worker-4-tc1/source:/opt/rustwide/workdir:ro,Z" "-v" "/var/lib/crater-agent-workspace/cargo-home:/opt/rustwide/cargo-home:ro,Z" "-v" "/var/lib/crater-agent-workspace/rustup-home:/opt/rustwide/rustup-home:ro,Z" "-e" "SOURCE_DIR=/opt/rustwide/workdir" "-e" "CARGO_TARGET_DIR=/opt/rustwide/target" "-e" "CARGO_INCREMENTAL=0" "-e" "RUST_BACKTRACE=full" "-e" "RUSTFLAGS=--cap-lints=warn" "-e" "RUSTDOCFLAGS=--cap-lints=warn" "-e" "CARGO_HOME=/opt/rustwide/cargo-home" "-e" "RUSTUP_HOME=/opt/rustwide/rustup-home" "-w" "/opt/rustwide/workdir" "-m" "1610612736" "--user" "0:0" "--network" "none" "ghcr.io/rust-lang/crates-build-env/linux@sha256:2788e3201cd34a07e3172128adcd8b3090168a8e3bcc40d7c032b9dda1df7d1c" "/opt/rustwide/cargo-home/bin/cargo" "+1.75.0" "test" "--frozen" "--no-run" "--message-format=json", kill_on_drop: false }`
[INFO] [stdout] 457cfe3740d403cb6ec1988bc33f2e41df0e471056fa7d43fd80a2aacf8d8965
[INFO] running `Command { std: "docker" "start" "-a" "457cfe3740d403cb6ec1988bc33f2e41df0e471056fa7d43fd80a2aacf8d8965", kill_on_drop: false }`
[INFO] [stdout] warning: unnecessary parentheses around match arm expression
[INFO] [stdout]    --> src/lib.rs:264:22
[INFO] [stdout]     |
[INFO] [stdout] 264 |             Ok(t) => (t),
[INFO] [stdout]     |                      ^ ^
[INFO] [stdout]     |
[INFO] [stdout]     = note: `#[warn(unused_parens)]` on by default
[INFO] [stdout] help: remove these parentheses
[INFO] [stdout]     |
[INFO] [stdout] 264 -             Ok(t) => (t),
[INFO] [stdout] 264 +             Ok(t) => t,
[INFO] [stdout]     |
[INFO] [stdout] 
[INFO] [stdout] 
[INFO] [stdout] warning: trait objects without an explicit `dyn` are deprecated
[INFO] [stdout]   --> src/lib.rs:27:16
[INFO] [stdout]    |
[INFO] [stdout] 27 | type Job = Box<FnBox + Send + 'static>;
[INFO] [stdout]    |                ^^^^^^^^^^^^^^^^^^^^^^
[INFO] [stdout]    |
[INFO] [stdout]    = warning: this is accepted in the current edition (Rust 2018) but is a hard error in Rust 2021!
[INFO] [stdout]    = note: for more information, see <https://doc.rust-lang.org/nightly/edition-guide/rust-2021/warnings-promoted-to-error.html>
[INFO] [stdout]    = note: `#[warn(bare_trait_objects)]` on by default
[INFO] [stdout] help: use `dyn`
[INFO] [stdout]    |
[INFO] [stdout] 27 | type Job = Box<dyn FnBox + Send + 'static>;
[INFO] [stdout]    |                +++
[INFO] [stdout] 
[INFO] [stdout] 
[INFO] [stdout] warning: use of deprecated method `std::error::Error::description`: use the Display impl or to_string()
[INFO] [stdout]    --> src/lib.rs:171:27
[INFO] [stdout]     |
[INFO] [stdout] 171 |                     error.description()
[INFO] [stdout]     |                           ^^^^^^^^^^^
[INFO] [stdout]     |
[INFO] [stdout]     = note: `#[warn(deprecated)]` on by default
[INFO] [stdout] 
[INFO] [stdout] 
[INFO] [stdout] warning: use of deprecated method `std::error::Error::description`: use the Display impl or to_string()
[INFO] [stdout]    --> src/lib.rs:253:66
[INFO] [stdout]     |
[INFO] [stdout] 253 |             eprintln!("set_read_timeout call failed:\n{}", error.description())
[INFO] [stdout]     |                                                                  ^^^^^^^^^^^
[INFO] [stdout] 
[INFO] [stdout] 
[INFO] [stderr]    Compiling ruver v0.1.7 (/opt/rustwide/workdir)
[INFO] [stdout] warning: use of deprecated method `std::error::Error::description`: use the Display impl or to_string()
[INFO] [stdout]    --> src/lib.rs:259:67
[INFO] [stdout]     |
[INFO] [stdout] 259 |             eprintln!("set_write_timeout call failed:\n{}", error.description())
[INFO] [stdout]     |                                                                   ^^^^^^^^^^^
[INFO] [stdout] 
[INFO] [stdout] 
[INFO] [stdout] warning: use of deprecated method `std::error::Error::description`: use the Display impl or to_string()
[INFO] [stdout]    --> src/lib.rs:268:27
[INFO] [stdout]     |
[INFO] [stdout] 268 |                     error.description()
[INFO] [stdout]     |                           ^^^^^^^^^^^
[INFO] [stdout] 
[INFO] [stdout] 
[INFO] [stdout] warning: 6 warnings emitted
[INFO] [stdout] 
[INFO] [stdout] 
[INFO] [stdout] warning: unnecessary parentheses around match arm expression
[INFO] [stdout]    --> src/lib.rs:264:22
[INFO] [stdout]     |
[INFO] [stdout] 264 |             Ok(t) => (t),
[INFO] [stdout]     |                      ^ ^
[INFO] [stdout]     |
[INFO] [stdout]     = note: `#[warn(unused_parens)]` on by default
[INFO] [stdout] help: remove these parentheses
[INFO] [stdout]     |
[INFO] [stdout] 264 -             Ok(t) => (t),
[INFO] [stdout] 264 +             Ok(t) => t,
[INFO] [stdout]     |
[INFO] [stdout] 
[INFO] [stdout] 
[INFO] [stdout] warning: trait objects without an explicit `dyn` are deprecated
[INFO] [stdout]   --> src/lib.rs:27:16
[INFO] [stdout]    |
[INFO] [stdout] 27 | type Job = Box<FnBox + Send + 'static>;
[INFO] [stdout]    |                ^^^^^^^^^^^^^^^^^^^^^^
[INFO] [stdout]    |
[INFO] [stdout]    = warning: this is accepted in the current edition (Rust 2018) but is a hard error in Rust 2021!
[INFO] [stdout]    = note: for more information, see <https://doc.rust-lang.org/nightly/edition-guide/rust-2021/warnings-promoted-to-error.html>
[INFO] [stdout]    = note: `#[warn(bare_trait_objects)]` on by default
[INFO] [stdout] help: use `dyn`
[INFO] [stdout]    |
[INFO] [stdout] 27 | type Job = Box<dyn FnBox + Send + 'static>;
[INFO] [stdout]    |                +++
[INFO] [stdout] 
[INFO] [stdout] 
[INFO] [stdout] warning: use of deprecated method `std::error::Error::description`: use the Display impl or to_string()
[INFO] [stdout]   --> src/main.rs:15:23
[INFO] [stdout]    |
[INFO] [stdout] 15 |                 error.description()
[INFO] [stdout]    |                       ^^^^^^^^^^^
[INFO] [stdout]    |
[INFO] [stdout]    = note: `#[warn(deprecated)]` on by default
[INFO] [stdout] 
[INFO] [stdout] 
[INFO] [stdout] warning: use of deprecated method `std::error::Error::description`: use the Display impl or to_string()
[INFO] [stdout]   --> src/main.rs:28:27
[INFO] [stdout]    |
[INFO] [stdout] 28 |                     error.description()
[INFO] [stdout]    |                           ^^^^^^^^^^^
[INFO] [stdout] 
[INFO] [stdout] 
[INFO] [stdout] warning: use of deprecated method `std::error::Error::description`: use the Display impl or to_string()
[INFO] [stdout]    --> src/lib.rs:171:27
[INFO] [stdout]     |
[INFO] [stdout] 171 |                     error.description()
[INFO] [stdout]     |                           ^^^^^^^^^^^
[INFO] [stdout]     |
[INFO] [stdout]     = note: `#[warn(deprecated)]` on by default
[INFO] [stdout] 
[INFO] [stdout] 
[INFO] [stdout] warning: use of deprecated method `std::error::Error::description`: use the Display impl or to_string()
[INFO] [stdout]    --> src/lib.rs:253:66
[INFO] [stdout]     |
[INFO] [stdout] 253 |             eprintln!("set_read_timeout call failed:\n{}", error.description())
[INFO] [stdout]     |                                                                  ^^^^^^^^^^^
[INFO] [stdout] 
[INFO] [stdout] 
[INFO] [stdout] warning: use of deprecated method `std::error::Error::description`: use the Display impl or to_string()
[INFO] [stdout]    --> src/lib.rs:259:67
[INFO] [stdout]     |
[INFO] [stdout] 259 |             eprintln!("set_write_timeout call failed:\n{}", error.description())
[INFO] [stdout]     |                                                                   ^^^^^^^^^^^
[INFO] [stdout] 
[INFO] [stdout] 
[INFO] [stdout] warning: use of deprecated method `std::error::Error::description`: use the Display impl or to_string()
[INFO] [stdout]    --> src/lib.rs:268:27
[INFO] [stdout]     |
[INFO] [stdout] 268 |                     error.description()
[INFO] [stdout]     |                           ^^^^^^^^^^^
[INFO] [stdout] 
[INFO] [stdout] 
[INFO] [stdout] warning: 2 warnings emitted
[INFO] [stdout] 
[INFO] [stdout] 
[INFO] [stdout] warning: 6 warnings emitted
[INFO] [stdout] 
[INFO] [stdout] 
[INFO] [stderr]     Finished test [unoptimized + debuginfo] target(s) in 0.28s
[INFO] running `Command { std: "docker" "inspect" "457cfe3740d403cb6ec1988bc33f2e41df0e471056fa7d43fd80a2aacf8d8965", kill_on_drop: false }`
[INFO] running `Command { std: "docker" "rm" "-f" "457cfe3740d403cb6ec1988bc33f2e41df0e471056fa7d43fd80a2aacf8d8965", kill_on_drop: false }`
[INFO] [stdout] 457cfe3740d403cb6ec1988bc33f2e41df0e471056fa7d43fd80a2aacf8d8965
[INFO] running `Command { std: "docker" "create" "-v" "/var/lib/crater-agent-workspace/builds/worker-4-tc1/target:/opt/rustwide/target:rw,Z" "-v" "/var/lib/crater-agent-workspace/builds/worker-4-tc1/source:/opt/rustwide/workdir:ro,Z" "-v" "/var/lib/crater-agent-workspace/cargo-home:/opt/rustwide/cargo-home:ro,Z" "-v" "/var/lib/crater-agent-workspace/rustup-home:/opt/rustwide/rustup-home:ro,Z" "-e" "SOURCE_DIR=/opt/rustwide/workdir" "-e" "CARGO_TARGET_DIR=/opt/rustwide/target" "-e" "CARGO_INCREMENTAL=0" "-e" "RUST_BACKTRACE=full" "-e" "RUSTFLAGS=--cap-lints=warn" "-e" "RUSTDOCFLAGS=--cap-lints=warn" "-e" "CARGO_HOME=/opt/rustwide/cargo-home" "-e" "RUSTUP_HOME=/opt/rustwide/rustup-home" "-w" "/opt/rustwide/workdir" "-m" "1610612736" "--user" "0:0" "--network" "none" "ghcr.io/rust-lang/crates-build-env/linux@sha256:2788e3201cd34a07e3172128adcd8b3090168a8e3bcc40d7c032b9dda1df7d1c" "/opt/rustwide/cargo-home/bin/cargo" "+1.75.0" "test" "--frozen", kill_on_drop: false }`
[INFO] [stdout] 872a7e5eabb8e526e5ff42568bd390b63d0882edcb0f5f928fea8ed5dc7b72a4
[INFO] running `Command { std: "docker" "start" "-a" "872a7e5eabb8e526e5ff42568bd390b63d0882edcb0f5f928fea8ed5dc7b72a4", kill_on_drop: false }`
[INFO] [stderr] warning: unnecessary parentheses around match arm expression
[INFO] [stderr]    --> src/lib.rs:264:22
[INFO] [stderr]     |
[INFO] [stderr] 264 |             Ok(t) => (t),
[INFO] [stderr]     |                      ^ ^
[INFO] [stderr]     |
[INFO] [stderr]     = note: `#[warn(unused_parens)]` on by default
[INFO] [stderr] help: remove these parentheses
[INFO] [stderr]     |
[INFO] [stderr] 264 -             Ok(t) => (t),
[INFO] [stderr] 264 +             Ok(t) => t,
[INFO] [stderr]     |
[INFO] [stderr] 
[INFO] [stderr] warning: trait objects without an explicit `dyn` are deprecated
[INFO] [stderr]   --> src/lib.rs:27:16
[INFO] [stderr]    |
[INFO] [stderr] 27 | type Job = Box<FnBox + Send + 'static>;
[INFO] [stderr]    |                ^^^^^^^^^^^^^^^^^^^^^^
[INFO] [stderr]    |
[INFO] [stderr]    = warning: this is accepted in the current edition (Rust 2018) but is a hard error in Rust 2021!
[INFO] [stderr]    = note: for more information, see <https://doc.rust-lang.org/nightly/edition-guide/rust-2021/warnings-promoted-to-error.html>
[INFO] [stderr]    = note: `#[warn(bare_trait_objects)]` on by default
[INFO] [stderr] help: use `dyn`
[INFO] [stderr]    |
[INFO] [stderr] 27 | type Job = Box<dyn FnBox + Send + 'static>;
[INFO] [stderr]    |                +++
[INFO] [stderr] 
[INFO] [stderr] warning: use of deprecated method `std::error::Error::description`: use the Display impl or to_string()
[INFO] [stderr]    --> src/lib.rs:171:27
[INFO] [stderr]     |
[INFO] [stderr] 171 |                     error.description()
[INFO] [stderr]     |                           ^^^^^^^^^^^
[INFO] [stderr]     |
[INFO] [stderr]     = note: `#[warn(deprecated)]` on by default
[INFO] [stderr] 
[INFO] [stderr] warning: use of deprecated method `std::error::Error::description`: use the Display impl or to_string()
[INFO] [stderr]    --> src/lib.rs:253:66
[INFO] [stderr]     |
[INFO] [stderr] 253 |             eprintln!("set_read_timeout call failed:\n{}", error.description())
[INFO] [stderr]     |                                                                  ^^^^^^^^^^^
[INFO] [stderr] 
[INFO] [stderr] warning: use of deprecated method `std::error::Error::description`: use the Display impl or to_string()
[INFO] [stderr]    --> src/lib.rs:259:67
[INFO] [stderr]     |
[INFO] [stderr] 259 |             eprintln!("set_write_timeout call failed:\n{}", error.description())
[INFO] [stderr]     |                                                                   ^^^^^^^^^^^
[INFO] [stderr] 
[INFO] [stderr] warning: use of deprecated method `std::error::Error::description`: use the Display impl or to_string()
[INFO] [stderr]    --> src/lib.rs:268:27
[INFO] [stderr]     |
[INFO] [stderr] 268 |                     error.description()
[INFO] [stderr]     |                           ^^^^^^^^^^^
[INFO] [stderr] 
[INFO] [stderr] warning: `ruver` (lib) generated 6 warnings (run `cargo fix --lib -p ruver` to apply 2 suggestions)
[INFO] [stderr] warning: use of deprecated method `std::error::Error::description`: use the Display impl or to_string()
[INFO] [stderr]   --> src/main.rs:15:23
[INFO] [stderr]    |
[INFO] [stderr] 15 |                 error.description()
[INFO] [stderr]    |                       ^^^^^^^^^^^
[INFO] [stderr]    |
[INFO] [stderr]    = note: `#[warn(deprecated)]` on by default
[INFO] [stderr] 
[INFO] [stderr] warning: use of deprecated method `std::error::Error::description`: use the Display impl or to_string()
[INFO] [stderr]   --> src/main.rs:28:27
[INFO] [stderr]    |
[INFO] [stderr] 28 |                     error.description()
[INFO] [stderr]    |                           ^^^^^^^^^^^
[INFO] [stderr] 
[INFO] [stderr] warning: `ruver` (bin "ruver" test) generated 2 warnings
[INFO] [stderr] warning: `ruver` (lib test) generated 6 warnings (6 duplicates)
[INFO] [stderr]     Finished test [unoptimized + debuginfo] target(s) in 0.00s
[INFO] [stderr]      Running unittests src/lib.rs (/opt/rustwide/target/debug/deps/ruver-e1a15cc04bd224e5)
[INFO] [stdout] 
[INFO] [stdout] running 0 tests
[INFO] [stdout] 
[INFO] [stdout] test result: ok. 0 passed; 0 failed; 0 ignored; 0 measured; 0 filtered out; finished in 0.00s
[INFO] [stdout] 
[INFO] [stderr]      Running unittests src/main.rs (/opt/rustwide/target/debug/deps/ruver-bbc269ba738cdbc1)
[INFO] [stdout] 
[INFO] [stdout] running 0 tests
[INFO] [stdout] 
[INFO] [stdout] test result: ok. 0 passed; 0 failed; 0 ignored; 0 measured; 0 filtered out; finished in 0.00s
[INFO] [stdout] 
[INFO] [stderr]    Doc-tests ruver
[INFO] [stderr] warning: unnecessary parentheses around match arm expression
[INFO] [stderr]    --> src/lib.rs:264:22
[INFO] [stderr]     |
[INFO] [stderr] 264 |             Ok(t) => (t),
[INFO] [stderr]     |                      ^ ^
[INFO] [stderr]     |
[INFO] [stderr]     = note: `#[warn(unused_parens)]` on by default
[INFO] [stderr] help: remove these parentheses
[INFO] [stderr]     |
[INFO] [stderr] 264 -             Ok(t) => (t),
[INFO] [stderr] 264 +             Ok(t) => t,
[INFO] [stderr]     |
[INFO] [stderr] 
[INFO] [stderr] warning: 1 warning emitted
[INFO] [stderr] 
[INFO] [stdout] 
[INFO] [stdout] running 3 tests
[INFO] [stdout] test src/lib.rs - handle_connection (line 234) ... FAILED
[INFO] [stdout] test src/lib.rs - ThreadPool::execute (line 117) ... FAILED
[INFO] [stdout] test src/lib.rs - ThreadPool::new (line 90) ... ok
[INFO] [stdout] 
[INFO] [stdout] failures:
[INFO] [stdout] 
[INFO] [stdout] ---- src/lib.rs - handle_connection (line 234) stdout ----
[INFO] [stdout] error: expected one of `.`, `?`, `{`, or an operator, found `;`
[INFO] [stdout]  --> src/lib.rs:238:64
[INFO] [stdout]   |
[INFO] [stdout] 7 | let listener = match TcpListener::bind("0.0.0.0:8000").unwrap();
[INFO] [stdout]   |                -----                                           ^ expected one of `.`, `?`, `{`, or an operator
[INFO] [stdout]   |                |
[INFO] [stdout]   |                while parsing this `match` expression
[INFO] [stdout]   |                help: try removing this `match`
[INFO] [stdout] 
[INFO] [stdout] error: aborting due to previous error
[INFO] [stdout] 
[INFO] [stdout] Couldn't compile the test.
[INFO] [stdout] ---- src/lib.rs - ThreadPool::execute (line 117) stdout ----
[INFO] [stdout] error[E0277]: expected a `FnOnce()` closure, found `()`
[INFO] [stdout]    --> src/lib.rs:127:14
[INFO] [stdout]     |
[INFO] [stdout] 13  | pool.execute(add_one(1))
[INFO] [stdout]     |      ------- ^^^^^^^^^^ expected an `FnOnce()` closure, found `()`
[INFO] [stdout]     |      |
[INFO] [stdout]     |      required by a bound introduced by this call
[INFO] [stdout]     |
[INFO] [stdout]     = help: the trait `FnOnce<()>` is not implemented for `()`
[INFO] [stdout]     = note: wrap the `()` in a closure with no arguments: `|| { /* code */ }`
[INFO] [stdout] note: required by a bound in `ThreadPool::execute`
[INFO] [stdout]    --> /opt/rustwide/workdir/src/lib.rs:132:12
[INFO] [stdout]     |
[INFO] [stdout] 130 |     pub fn execute<F>(&self, f: F)
[INFO] [stdout]     |            ------- required by a bound in this associated function
[INFO] [stdout] 131 |     where
[INFO] [stdout] 132 |         F: FnOnce() + Send + 'static,
[INFO] [stdout]     |            ^^^^^^^^ required by this bound in `ThreadPool::execute`
[INFO] [stdout] 
[INFO] [stdout] error: aborting due to previous error
[INFO] [stdout] 
[INFO] [stdout] For more information about this error, try `rustc --explain E0277`.
[INFO] [stdout] Couldn't compile the test.
[INFO] [stdout] 
[INFO] [stdout] failures:
[INFO] [stdout]     src/lib.rs - ThreadPool::execute (line 117)
[INFO] [stdout]     src/lib.rs - handle_connection (line 234)
[INFO] [stdout] 
[INFO] [stdout] test result: FAILED. 1 passed; 2 failed; 0 ignored; 0 measured; 0 filtered out; finished in 0.21s
[INFO] [stdout] 
[INFO] [stderr] error: doctest failed, to rerun pass `--doc`
[INFO] running `Command { std: "docker" "inspect" "872a7e5eabb8e526e5ff42568bd390b63d0882edcb0f5f928fea8ed5dc7b72a4", kill_on_drop: false }`
[INFO] running `Command { std: "docker" "rm" "-f" "872a7e5eabb8e526e5ff42568bd390b63d0882edcb0f5f928fea8ed5dc7b72a4", kill_on_drop: false }`
[INFO] [stdout] 872a7e5eabb8e526e5ff42568bd390b63d0882edcb0f5f928fea8ed5dc7b72a4
[INFO] testing ruver-0.1.7 against beta-2023-12-22 for beta-1.76-1
[INFO] extracting crate ruver 0.1.7 into /workspace/builds/worker-4-tc2/source
[INFO] validating manifest of crates.io crate ruver 0.1.7 on toolchain beta-2023-12-22
[INFO] running `Command { std: CARGO_HOME="/workspace/cargo-home" RUSTUP_HOME="/workspace/rustup-home" "/workspace/cargo-home/bin/cargo" "+beta-2023-12-22" "metadata" "--manifest-path" "Cargo.toml" "--no-deps", kill_on_drop: false }`
[INFO] started tweaking crates.io crate ruver 0.1.7
[INFO] finished tweaking crates.io crate ruver 0.1.7
[INFO] tweaked toml for crates.io crate ruver 0.1.7 written to /workspace/builds/worker-4-tc2/source/Cargo.toml
[INFO] running `Command { std: CARGO_HOME="/workspace/cargo-home" RUSTUP_HOME="/workspace/rustup-home" "/workspace/cargo-home/bin/cargo" "+beta-2023-12-22" "generate-lockfile" "--manifest-path" "Cargo.toml", kill_on_drop: false }`
[INFO] running `Command { std: CARGO_HOME="/workspace/cargo-home" RUSTUP_HOME="/workspace/rustup-home" "/workspace/cargo-home/bin/cargo" "+beta-2023-12-22" "fetch" "--manifest-path" "Cargo.toml", kill_on_drop: false }`
[INFO] running `Command { std: "docker" "create" "-v" "/var/lib/crater-agent-workspace/builds/worker-4-tc2/target:/opt/rustwide/target:rw,Z" "-v" "/var/lib/crater-agent-workspace/builds/worker-4-tc2/source:/opt/rustwide/workdir:ro,Z" "-v" "/var/lib/crater-agent-workspace/cargo-home:/opt/rustwide/cargo-home:ro,Z" "-v" "/var/lib/crater-agent-workspace/rustup-home:/opt/rustwide/rustup-home:ro,Z" "-e" "SOURCE_DIR=/opt/rustwide/workdir" "-e" "CARGO_TARGET_DIR=/opt/rustwide/target" "-e" "CARGO_HOME=/opt/rustwide/cargo-home" "-e" "RUSTUP_HOME=/opt/rustwide/rustup-home" "-w" "/opt/rustwide/workdir" "-m" "1610612736" "--user" "0:0" "--network" "none" "ghcr.io/rust-lang/crates-build-env/linux@sha256:2788e3201cd34a07e3172128adcd8b3090168a8e3bcc40d7c032b9dda1df7d1c" "/opt/rustwide/cargo-home/bin/cargo" "+beta-2023-12-22" "metadata" "--no-deps" "--format-version=1", kill_on_drop: false }`
[INFO] [stdout] 67d67b23572aa609571a4ce753c6769826f8dc2618baaf354133d704cf48a563
[INFO] running `Command { std: "docker" "start" "-a" "67d67b23572aa609571a4ce753c6769826f8dc2618baaf354133d704cf48a563", kill_on_drop: false }`
[INFO] running `Command { std: "docker" "inspect" "67d67b23572aa609571a4ce753c6769826f8dc2618baaf354133d704cf48a563", kill_on_drop: false }`
[INFO] running `Command { std: "docker" "rm" "-f" "67d67b23572aa609571a4ce753c6769826f8dc2618baaf354133d704cf48a563", kill_on_drop: false }`
[INFO] [stdout] 67d67b23572aa609571a4ce753c6769826f8dc2618baaf354133d704cf48a563
[INFO] running `Command { std: "docker" "create" "-v" "/var/lib/crater-agent-workspace/builds/worker-4-tc2/target:/opt/rustwide/target:rw,Z" "-v" "/var/lib/crater-agent-workspace/builds/worker-4-tc2/source:/opt/rustwide/workdir:ro,Z" "-v" "/var/lib/crater-agent-workspace/cargo-home:/opt/rustwide/cargo-home:ro,Z" "-v" "/var/lib/crater-agent-workspace/rustup-home:/opt/rustwide/rustup-home:ro,Z" "-e" "SOURCE_DIR=/opt/rustwide/workdir" "-e" "CARGO_TARGET_DIR=/opt/rustwide/target" "-e" "CARGO_INCREMENTAL=0" "-e" "RUST_BACKTRACE=full" "-e" "RUSTFLAGS=--cap-lints=warn" "-e" "RUSTDOCFLAGS=--cap-lints=warn" "-e" "CARGO_HOME=/opt/rustwide/cargo-home" "-e" "RUSTUP_HOME=/opt/rustwide/rustup-home" "-w" "/opt/rustwide/workdir" "-m" "1610612736" "--user" "0:0" "--network" "none" "ghcr.io/rust-lang/crates-build-env/linux@sha256:2788e3201cd34a07e3172128adcd8b3090168a8e3bcc40d7c032b9dda1df7d1c" "/opt/rustwide/cargo-home/bin/cargo" "+beta-2023-12-22" "build" "--frozen" "--message-format=json", kill_on_drop: false }`
[INFO] [stdout] 9347603d0fceb175f26e1703ce277668004bb6b5da2ec0541f442b740c280ffc
[INFO] running `Command { std: "docker" "start" "-a" "9347603d0fceb175f26e1703ce277668004bb6b5da2ec0541f442b740c280ffc", kill_on_drop: false }`
[INFO] [stderr]    Compiling ruver v0.1.7 (/opt/rustwide/workdir)
[INFO] [stdout] warning: unnecessary parentheses around match arm expression
[INFO] [stdout]    --> src/lib.rs:264:22
[INFO] [stdout]     |
[INFO] [stdout] 264 |             Ok(t) => (t),
[INFO] [stdout]     |                      ^ ^
[INFO] [stdout]     |
[INFO] [stdout]     = note: `#[warn(unused_parens)]` on by default
[INFO] [stdout] help: remove these parentheses
[INFO] [stdout]     |
[INFO] [stdout] 264 -             Ok(t) => (t),
[INFO] [stdout] 264 +             Ok(t) => t,
[INFO] [stdout]     |
[INFO] [stdout] 
[INFO] [stdout] 
[INFO] [stdout] warning: trait objects without an explicit `dyn` are deprecated
[INFO] [stdout]   --> src/lib.rs:27:16
[INFO] [stdout]    |
[INFO] [stdout] 27 | type Job = Box<FnBox + Send + 'static>;
[INFO] [stdout]    |                ^^^^^^^^^^^^^^^^^^^^^^
[INFO] [stdout]    |
[INFO] [stdout]    = warning: this is accepted in the current edition (Rust 2018) but is a hard error in Rust 2021!
[INFO] [stdout]    = note: for more information, see <https://doc.rust-lang.org/nightly/edition-guide/rust-2021/warnings-promoted-to-error.html>
[INFO] [stdout]    = note: `#[warn(bare_trait_objects)]` on by default
[INFO] [stdout] help: use `dyn`
[INFO] [stdout]    |
[INFO] [stdout] 27 | type Job = Box<dyn FnBox + Send + 'static>;
[INFO] [stdout]    |                +++
[INFO] [stdout] 
[INFO] [stdout] 
[INFO] [stdout] warning: use of deprecated method `std::error::Error::description`: use the Display impl or to_string()
[INFO] [stdout]    --> src/lib.rs:171:27
[INFO] [stdout]     |
[INFO] [stdout] 171 |                     error.description()
[INFO] [stdout]     |                           ^^^^^^^^^^^
[INFO] [stdout]     |
[INFO] [stdout]     = note: `#[warn(deprecated)]` on by default
[INFO] [stdout] 
[INFO] [stdout] 
[INFO] [stdout] warning: use of deprecated method `std::error::Error::description`: use the Display impl or to_string()
[INFO] [stdout]    --> src/lib.rs:253:66
[INFO] [stdout]     |
[INFO] [stdout] 253 |             eprintln!("set_read_timeout call failed:\n{}", error.description())
[INFO] [stdout]     |                                                                  ^^^^^^^^^^^
[INFO] [stdout] 
[INFO] [stdout] 
[INFO] [stdout] warning: use of deprecated method `std::error::Error::description`: use the Display impl or to_string()
[INFO] [stdout]    --> src/lib.rs:259:67
[INFO] [stdout]     |
[INFO] [stdout] 259 |             eprintln!("set_write_timeout call failed:\n{}", error.description())
[INFO] [stdout]     |                                                                   ^^^^^^^^^^^
[INFO] [stdout] 
[INFO] [stdout] 
[INFO] [stdout] warning: use of deprecated method `std::error::Error::description`: use the Display impl or to_string()
[INFO] [stdout]    --> src/lib.rs:268:27
[INFO] [stdout]     |
[INFO] [stdout] 268 |                     error.description()
[INFO] [stdout]     |                           ^^^^^^^^^^^
[INFO] [stdout] 
[INFO] [stdout] 
[INFO] [stdout] warning: 6 warnings emitted
[INFO] [stdout] 
[INFO] [stdout] 
[INFO] [stdout] warning: use of deprecated method `std::error::Error::description`: use the Display impl or to_string()
[INFO] [stdout]   --> src/main.rs:15:23
[INFO] [stdout]    |
[INFO] [stdout] 15 |                 error.description()
[INFO] [stdout]    |                       ^^^^^^^^^^^
[INFO] [stdout]    |
[INFO] [stdout]    = note: `#[warn(deprecated)]` on by default
[INFO] [stdout] 
[INFO] [stdout] 
[INFO] [stdout] warning: use of deprecated method `std::error::Error::description`: use the Display impl or to_string()
[INFO] [stdout]   --> src/main.rs:28:27
[INFO] [stdout]    |
[INFO] [stdout] 28 |                     error.description()
[INFO] [stdout]    |                           ^^^^^^^^^^^
[INFO] [stdout] 
[INFO] [stdout] 
[INFO] [stdout] warning: 2 warnings emitted
[INFO] [stdout] 
[INFO] [stdout] 
[INFO] [stderr]     Finished dev [unoptimized + debuginfo] target(s) in 0.82s
[INFO] running `Command { std: "docker" "inspect" "9347603d0fceb175f26e1703ce277668004bb6b5da2ec0541f442b740c280ffc", kill_on_drop: false }`
[INFO] running `Command { std: "docker" "rm" "-f" "9347603d0fceb175f26e1703ce277668004bb6b5da2ec0541f442b740c280ffc", kill_on_drop: false }`
[INFO] [stdout] 9347603d0fceb175f26e1703ce277668004bb6b5da2ec0541f442b740c280ffc
[INFO] running `Command { std: "docker" "create" "-v" "/var/lib/crater-agent-workspace/builds/worker-4-tc2/target:/opt/rustwide/target:rw,Z" "-v" "/var/lib/crater-agent-workspace/builds/worker-4-tc2/source:/opt/rustwide/workdir:ro,Z" "-v" "/var/lib/crater-agent-workspace/cargo-home:/opt/rustwide/cargo-home:ro,Z" "-v" "/var/lib/crater-agent-workspace/rustup-home:/opt/rustwide/rustup-home:ro,Z" "-e" "SOURCE_DIR=/opt/rustwide/workdir" "-e" "CARGO_TARGET_DIR=/opt/rustwide/target" "-e" "CARGO_INCREMENTAL=0" "-e" "RUST_BACKTRACE=full" "-e" "RUSTFLAGS=--cap-lints=warn" "-e" "RUSTDOCFLAGS=--cap-lints=warn" "-e" "CARGO_HOME=/opt/rustwide/cargo-home" "-e" "RUSTUP_HOME=/opt/rustwide/rustup-home" "-w" "/opt/rustwide/workdir" "-m" "1610612736" "--user" "0:0" "--network" "none" "ghcr.io/rust-lang/crates-build-env/linux@sha256:2788e3201cd34a07e3172128adcd8b3090168a8e3bcc40d7c032b9dda1df7d1c" "/opt/rustwide/cargo-home/bin/cargo" "+beta-2023-12-22" "test" "--frozen" "--no-run" "--message-format=json", kill_on_drop: false }`
[INFO] [stdout] 9d52dde81a653aba18f85178b0612fbf7d2af4c6ced243ca8eb07541b28ac767
[INFO] running `Command { std: "docker" "start" "-a" "9d52dde81a653aba18f85178b0612fbf7d2af4c6ced243ca8eb07541b28ac767", kill_on_drop: false }`
[INFO] [stdout] warning: unnecessary parentheses around match arm expression
[INFO] [stdout]    --> src/lib.rs:264:22
[INFO] [stdout]     |
[INFO] [stdout] 264 |             Ok(t) => (t),
[INFO] [stdout]     |                      ^ ^
[INFO] [stdout]     |
[INFO] [stdout]     = note: `#[warn(unused_parens)]` on by default
[INFO] [stdout] help: remove these parentheses
[INFO] [stdout]     |
[INFO] [stdout] 264 -             Ok(t) => (t),
[INFO] [stdout] 264 +             Ok(t) => t,
[INFO] [stdout]     |
[INFO] [stdout] 
[INFO] [stdout] 
[INFO] [stderr]    Compiling ruver v0.1.7 (/opt/rustwide/workdir)
[INFO] [stdout] warning: trait objects without an explicit `dyn` are deprecated
[INFO] [stdout]   --> src/lib.rs:27:16
[INFO] [stdout]    |
[INFO] [stdout] 27 | type Job = Box<FnBox + Send + 'static>;
[INFO] [stdout]    |                ^^^^^^^^^^^^^^^^^^^^^^
[INFO] [stdout]    |
[INFO] [stdout]    = warning: this is accepted in the current edition (Rust 2018) but is a hard error in Rust 2021!
[INFO] [stdout]    = note: for more information, see <https://doc.rust-lang.org/nightly/edition-guide/rust-2021/warnings-promoted-to-error.html>
[INFO] [stdout]    = note: `#[warn(bare_trait_objects)]` on by default
[INFO] [stdout] help: use `dyn`
[INFO] [stdout]    |
[INFO] [stdout] 27 | type Job = Box<dyn FnBox + Send + 'static>;
[INFO] [stdout]    |                +++
[INFO] [stdout] 
[INFO] [stdout] 
[INFO] [stdout] warning: use of deprecated method `std::error::Error::description`: use the Display impl or to_string()
[INFO] [stdout]    --> src/lib.rs:171:27
[INFO] [stdout]     |
[INFO] [stdout] 171 |                     error.description()
[INFO] [stdout]     |                           ^^^^^^^^^^^
[INFO] [stdout]     |
[INFO] [stdout]     = note: `#[warn(deprecated)]` on by default
[INFO] [stdout] 
[INFO] [stdout] 
[INFO] [stdout] warning: use of deprecated method `std::error::Error::description`: use the Display impl or to_string()
[INFO] [stdout]    --> src/lib.rs:253:66
[INFO] [stdout]     |
[INFO] [stdout] 253 |             eprintln!("set_read_timeout call failed:\n{}", error.description())
[INFO] [stdout]     |                                                                  ^^^^^^^^^^^
[INFO] [stdout] 
[INFO] [stdout] 
[INFO] [stdout] warning: use of deprecated method `std::error::Error::description`: use the Display impl or to_string()
[INFO] [stdout]    --> src/lib.rs:259:67
[INFO] [stdout]     |
[INFO] [stdout] 259 |             eprintln!("set_write_timeout call failed:\n{}", error.description())
[INFO] [stdout]     |                                                                   ^^^^^^^^^^^
[INFO] [stdout] 
[INFO] [stdout] 
[INFO] [stdout] warning: use of deprecated method `std::error::Error::description`: use the Display impl or to_string()
[INFO] [stdout]    --> src/lib.rs:268:27
[INFO] [stdout]     |
[INFO] [stdout] 268 |                     error.description()
[INFO] [stdout]     |                           ^^^^^^^^^^^
[INFO] [stdout] 
[INFO] [stdout] 
[INFO] [stdout] warning: 6 warnings emitted
[INFO] [stdout] 
[INFO] [stdout] 
[INFO] [stdout] warning: use of deprecated method `std::error::Error::description`: use the Display impl or to_string()
[INFO] [stdout]   --> src/main.rs:15:23
[INFO] [stdout]    |
[INFO] [stdout] 15 |                 error.description()
[INFO] [stdout]    |                       ^^^^^^^^^^^
[INFO] [stdout]    |
[INFO] [stdout]    = note: `#[warn(deprecated)]` on by default
[INFO] [stdout] 
[INFO] [stdout] 
[INFO] [stdout] warning: use of deprecated method `std::error::Error::description`: use the Display impl or to_string()
[INFO] [stdout]   --> src/main.rs:28:27
[INFO] [stdout]    |
[INFO] [stdout] 28 |                     error.description()
[INFO] [stdout]    |                           ^^^^^^^^^^^
[INFO] [stdout] 
[INFO] [stdout] 
[INFO] [stdout] warning: unnecessary parentheses around match arm expression
[INFO] [stdout]    --> src/lib.rs:264:22
[INFO] [stdout]     |
[INFO] [stdout] 264 |             Ok(t) => (t),
[INFO] [stdout]     |                      ^ ^
[INFO] [stdout]     |
[INFO] [stdout]     = note: `#[warn(unused_parens)]` on by default
[INFO] [stdout] help: remove these parentheses
[INFO] [stdout]     |
[INFO] [stdout] 264 -             Ok(t) => (t),
[INFO] [stdout] 264 +             Ok(t) => t,
[INFO] [stdout]     |
[INFO] [stdout] 
[INFO] [stdout] 
[INFO] [stdout] warning: trait objects without an explicit `dyn` are deprecated
[INFO] [stdout]   --> src/lib.rs:27:16
[INFO] [stdout]    |
[INFO] [stdout] 27 | type Job = Box<FnBox + Send + 'static>;
[INFO] [stdout]    |                ^^^^^^^^^^^^^^^^^^^^^^
[INFO] [stdout]    |
[INFO] [stdout]    = warning: this is accepted in the current edition (Rust 2018) but is a hard error in Rust 2021!
[INFO] [stdout]    = note: for more information, see <https://doc.rust-lang.org/nightly/edition-guide/rust-2021/warnings-promoted-to-error.html>
[INFO] [stdout]    = note: `#[warn(bare_trait_objects)]` on by default
[INFO] [stdout] help: use `dyn`
[INFO] [stdout]    |
[INFO] [stdout] 27 | type Job = Box<dyn FnBox + Send + 'static>;
[INFO] [stdout]    |                +++
[INFO] [stdout] 
[INFO] [stdout] 
[INFO] [stdout] warning: use of deprecated method `std::error::Error::description`: use the Display impl or to_string()
[INFO] [stdout]    --> src/lib.rs:171:27
[INFO] [stdout]     |
[INFO] [stdout] 171 |                     error.description()
[INFO] [stdout]     |                           ^^^^^^^^^^^
[INFO] [stdout]     |
[INFO] [stdout]     = note: `#[warn(deprecated)]` on by default
[INFO] [stdout] 
[INFO] [stdout] 
[INFO] [stdout] warning: use of deprecated method `std::error::Error::description`: use the Display impl or to_string()
[INFO] [stdout]    --> src/lib.rs:253:66
[INFO] [stdout]     |
[INFO] [stdout] 253 |             eprintln!("set_read_timeout call failed:\n{}", error.description())
[INFO] [stdout]     |                                                                  ^^^^^^^^^^^
[INFO] [stdout] 
[INFO] [stdout] 
[INFO] [stdout] warning: use of deprecated method `std::error::Error::description`: use the Display impl or to_string()
[INFO] [stdout]    --> src/lib.rs:259:67
[INFO] [stdout]     |
[INFO] [stdout] 259 |             eprintln!("set_write_timeout call failed:\n{}", error.description())
[INFO] [stdout]     |                                                                   ^^^^^^^^^^^
[INFO] [stdout] 
[INFO] [stdout] 
[INFO] [stdout] warning: use of deprecated method `std::error::Error::description`: use the Display impl or to_string()
[INFO] [stdout]    --> src/lib.rs:268:27
[INFO] [stdout]     |
[INFO] [stdout] 268 |                     error.description()
[INFO] [stdout]     |                           ^^^^^^^^^^^
[INFO] [stdout] 
[INFO] [stdout] 
[INFO] [stdout] warning: 2 warnings emitted
[INFO] [stdout] 
[INFO] [stdout] 
[INFO] [stdout] warning: 6 warnings emitted
[INFO] [stdout] 
[INFO] [stdout] 
[INFO] [stderr]     Finished test [unoptimized + debuginfo] target(s) in 0.34s
[INFO] running `Command { std: "docker" "inspect" "9d52dde81a653aba18f85178b0612fbf7d2af4c6ced243ca8eb07541b28ac767", kill_on_drop: false }`
[INFO] running `Command { std: "docker" "rm" "-f" "9d52dde81a653aba18f85178b0612fbf7d2af4c6ced243ca8eb07541b28ac767", kill_on_drop: false }`
[INFO] [stdout] 9d52dde81a653aba18f85178b0612fbf7d2af4c6ced243ca8eb07541b28ac767
[INFO] running `Command { std: "docker" "create" "-v" "/var/lib/crater-agent-workspace/builds/worker-4-tc2/target:/opt/rustwide/target:rw,Z" "-v" "/var/lib/crater-agent-workspace/builds/worker-4-tc2/source:/opt/rustwide/workdir:ro,Z" "-v" "/var/lib/crater-agent-workspace/cargo-home:/opt/rustwide/cargo-home:ro,Z" "-v" "/var/lib/crater-agent-workspace/rustup-home:/opt/rustwide/rustup-home:ro,Z" "-e" "SOURCE_DIR=/opt/rustwide/workdir" "-e" "CARGO_TARGET_DIR=/opt/rustwide/target" "-e" "CARGO_INCREMENTAL=0" "-e" "RUST_BACKTRACE=full" "-e" "RUSTFLAGS=--cap-lints=warn" "-e" "RUSTDOCFLAGS=--cap-lints=warn" "-e" "CARGO_HOME=/opt/rustwide/cargo-home" "-e" "RUSTUP_HOME=/opt/rustwide/rustup-home" "-w" "/opt/rustwide/workdir" "-m" "1610612736" "--user" "0:0" "--network" "none" "ghcr.io/rust-lang/crates-build-env/linux@sha256:2788e3201cd34a07e3172128adcd8b3090168a8e3bcc40d7c032b9dda1df7d1c" "/opt/rustwide/cargo-home/bin/cargo" "+beta-2023-12-22" "test" "--frozen", kill_on_drop: false }`
[INFO] [stdout] 7a965474ca69019dcdbc2e3dbc987318f651cdb21bf93fa70bfca9e1795a68eb
[INFO] running `Command { std: "docker" "start" "-a" "7a965474ca69019dcdbc2e3dbc987318f651cdb21bf93fa70bfca9e1795a68eb", kill_on_drop: false }`
[INFO] [stdout] 
[INFO] [stdout] running 0 tests
[INFO] [stdout] 
[INFO] [stdout] test result: ok. 0 passed; 0 failed; 0 ignored; 0 measured; 0 filtered out; finished in 0.00s
[INFO] [stdout] 
[INFO] [stdout] 
[INFO] [stdout] running 0 tests
[INFO] [stdout] 
[INFO] [stdout] test result: ok. 0 passed; 0 failed; 0 ignored; 0 measured; 0 filtered out; finished in 0.00s
[INFO] [stdout] 
[INFO] [stderr] warning: unnecessary parentheses around match arm expression
[INFO] [stderr]    --> src/lib.rs:264:22
[INFO] [stderr]     |
[INFO] [stderr] 264 |             Ok(t) => (t),
[INFO] [stderr]     |                      ^ ^
[INFO] [stderr]     |
[INFO] [stderr]     = note: `#[warn(unused_parens)]` on by default
[INFO] [stderr] help: remove these parentheses
[INFO] [stderr]     |
[INFO] [stderr] 264 -             Ok(t) => (t),
[INFO] [stderr] 264 +             Ok(t) => t,
[INFO] [stderr]     |
[INFO] [stderr] 
[INFO] [stderr] warning: trait objects without an explicit `dyn` are deprecated
[INFO] [stderr]   --> src/lib.rs:27:16
[INFO] [stderr]    |
[INFO] [stderr] 27 | type Job = Box<FnBox + Send + 'static>;
[INFO] [stderr]    |                ^^^^^^^^^^^^^^^^^^^^^^
[INFO] [stderr]    |
[INFO] [stderr]    = warning: this is accepted in the current edition (Rust 2018) but is a hard error in Rust 2021!
[INFO] [stderr]    = note: for more information, see <https://doc.rust-lang.org/nightly/edition-guide/rust-2021/warnings-promoted-to-error.html>
[INFO] [stderr]    = note: `#[warn(bare_trait_objects)]` on by default
[INFO] [stderr] help: use `dyn`
[INFO] [stderr]    |
[INFO] [stderr] 27 | type Job = Box<dyn FnBox + Send + 'static>;
[INFO] [stderr]    |                +++
[INFO] [stderr] 
[INFO] [stderr] warning: use of deprecated method `std::error::Error::description`: use the Display impl or to_string()
[INFO] [stderr]    --> src/lib.rs:171:27
[INFO] [stderr]     |
[INFO] [stderr] 171 |                     error.description()
[INFO] [stderr]     |                           ^^^^^^^^^^^
[INFO] [stderr]     |
[INFO] [stderr]     = note: `#[warn(deprecated)]` on by default
[INFO] [stderr] 
[INFO] [stderr] warning: use of deprecated method `std::error::Error::description`: use the Display impl or to_string()
[INFO] [stderr]    --> src/lib.rs:253:66
[INFO] [stderr]     |
[INFO] [stderr] 253 |             eprintln!("set_read_timeout call failed:\n{}", error.description())
[INFO] [stderr]     |                                                                  ^^^^^^^^^^^
[INFO] [stderr] 
[INFO] [stderr] warning: use of deprecated method `std::error::Error::description`: use the Display impl or to_string()
[INFO] [stderr]    --> src/lib.rs:259:67
[INFO] [stderr]     |
[INFO] [stderr] 259 |             eprintln!("set_write_timeout call failed:\n{}", error.description())
[INFO] [stderr]     |                                                                   ^^^^^^^^^^^
[INFO] [stderr] 
[INFO] [stderr] warning: use of deprecated method `std::error::Error::description`: use the Display impl or to_string()
[INFO] [stderr]    --> src/lib.rs:268:27
[INFO] [stderr]     |
[INFO] [stderr] 268 |                     error.description()
[INFO] [stderr]     |                           ^^^^^^^^^^^
[INFO] [stderr] 
[INFO] [stderr] warning: `ruver` (lib) generated 6 warnings (run `cargo fix --lib -p ruver` to apply 2 suggestions)
[INFO] [stderr] warning: use of deprecated method `std::error::Error::description`: use the Display impl or to_string()
[INFO] [stderr]   --> src/main.rs:15:23
[INFO] [stderr]    |
[INFO] [stderr] 15 |                 error.description()
[INFO] [stderr]    |                       ^^^^^^^^^^^
[INFO] [stderr]    |
[INFO] [stderr]    = note: `#[warn(deprecated)]` on by default
[INFO] [stderr] 
[INFO] [stderr] warning: use of deprecated method `std::error::Error::description`: use the Display impl or to_string()
[INFO] [stderr]   --> src/main.rs:28:27
[INFO] [stderr]    |
[INFO] [stderr] 28 |                     error.description()
[INFO] [stderr]    |                           ^^^^^^^^^^^
[INFO] [stderr] 
[INFO] [stderr] warning: `ruver` (bin "ruver" test) generated 2 warnings
[INFO] [stderr] warning: `ruver` (lib test) generated 6 warnings (6 duplicates)
[INFO] [stderr]     Finished test [unoptimized + debuginfo] target(s) in 0.01s
[INFO] [stderr]      Running unittests src/lib.rs (/opt/rustwide/target/debug/deps/ruver-588d6f126581f615)
[INFO] [stderr]      Running unittests src/main.rs (/opt/rustwide/target/debug/deps/ruver-1d614e4793d0ad50)
[INFO] [stderr]    Doc-tests ruver
[INFO] [stderr] warning: unnecessary parentheses around match arm expression
[INFO] [stderr]    --> src/lib.rs:264:22
[INFO] [stderr]     |
[INFO] [stderr] 264 |             Ok(t) => (t),
[INFO] [stderr]     |                      ^ ^
[INFO] [stderr]     |
[INFO] [stderr]     = note: `#[warn(unused_parens)]` on by default
[INFO] [stderr] help: remove these parentheses
[INFO] [stderr]     |
[INFO] [stderr] 264 -             Ok(t) => (t),
[INFO] [stderr] 264 +             Ok(t) => t,
[INFO] [stderr]     |
[INFO] [stderr] 
[INFO] [stderr] warning: 1 warning emitted
[INFO] [stderr] 
[INFO] [stdout] 
[INFO] [stdout] running 3 tests
[INFO] [stdout] test src/lib.rs - handle_connection (line 234) ... FAILED
[INFO] [stdout] test src/lib.rs - ThreadPool::execute (line 117) ... FAILED
[INFO] [stderr] error: doctest failed, to rerun pass `--doc`
[INFO] [stdout] test src/lib.rs - ThreadPool::new (line 90) ... ok
[INFO] [stdout] 
[INFO] [stdout] failures:
[INFO] [stdout] 
[INFO] [stdout] ---- src/lib.rs - handle_connection (line 234) stdout ----
[INFO] [stdout] error: expected one of `.`, `?`, `{`, or an operator, found `;`
[INFO] [stdout]  --> src/lib.rs:238:64
[INFO] [stdout]   |
[INFO] [stdout] 7 | let listener = match TcpListener::bind("0.0.0.0:8000").unwrap();
[INFO] [stdout]   |                -----                                           ^ expected one of `.`, `?`, `{`, or an operator
[INFO] [stdout]   |                |
[INFO] [stdout]   |                while parsing this `match` expression
[INFO] [stdout]   |                help: try removing this `match`
[INFO] [stdout] 
[INFO] [stdout] error: aborting due to 1 previous error
[INFO] [stdout] 
[INFO] [stdout] Couldn't compile the test.
[INFO] [stdout] ---- src/lib.rs - ThreadPool::execute (line 117) stdout ----
[INFO] [stdout] error[E0277]: expected a `FnOnce()` closure, found `()`
[INFO] [stdout]    --> src/lib.rs:127:14
[INFO] [stdout]     |
[INFO] [stdout] 13  | pool.execute(add_one(1))
[INFO] [stdout]     |      ------- ^^^^^^^^^^ expected an `FnOnce()` closure, found `()`
[INFO] [stdout]     |      |
[INFO] [stdout]     |      required by a bound introduced by this call
[INFO] [stdout]     |
[INFO] [stdout]     = help: the trait `FnOnce<()>` is not implemented for `()`
[INFO] [stdout]     = note: wrap the `()` in a closure with no arguments: `|| { /* code */ }`
[INFO] [stdout] note: required by a bound in `ThreadPool::execute`
[INFO] [stdout]    --> /opt/rustwide/workdir/src/lib.rs:132:12
[INFO] [stdout]     |
[INFO] [stdout] 130 |     pub fn execute<F>(&self, f: F)
[INFO] [stdout]     |            ------- required by a bound in this associated function
[INFO] [stdout] 131 |     where
[INFO] [stdout] 132 |         F: FnOnce() + Send + 'static,
[INFO] [stdout]     |            ^^^^^^^^ required by this bound in `ThreadPool::execute`
[INFO] [stdout] 
[INFO] [stdout] error: aborting due to 1 previous error
[INFO] [stdout] 
[INFO] [stdout] For more information about this error, try `rustc --explain E0277`.
[INFO] [stdout] Couldn't compile the test.
[INFO] [stdout] 
[INFO] [stdout] failures:
[INFO] [stdout]     src/lib.rs - ThreadPool::execute (line 117)
[INFO] [stdout]     src/lib.rs - handle_connection (line 234)
[INFO] [stdout] 
[INFO] [stdout] test result: FAILED. 1 passed; 2 failed; 0 ignored; 0 measured; 0 filtered out; finished in 0.61s
[INFO] [stdout] 
[INFO] running `Command { std: "docker" "inspect" "7a965474ca69019dcdbc2e3dbc987318f651cdb21bf93fa70bfca9e1795a68eb", kill_on_drop: false }`
[INFO] running `Command { std: "docker" "rm" "-f" "7a965474ca69019dcdbc2e3dbc987318f651cdb21bf93fa70bfca9e1795a68eb", kill_on_drop: false }`
[INFO] [stdout] 7a965474ca69019dcdbc2e3dbc987318f651cdb21bf93fa70bfca9e1795a68eb
