[INFO] fetching crate rustyrails-cli 0.2.2...
[INFO] testing rustyrails-cli-0.2.2 against 1.75.0 for beta-1.76-1
[INFO] extracting crate rustyrails-cli 0.2.2 into /workspace/builds/worker-5-tc1/source
[INFO] validating manifest of crates.io crate rustyrails-cli 0.2.2 on toolchain 1.75.0
[INFO] running `Command { std: CARGO_HOME="/workspace/cargo-home" RUSTUP_HOME="/workspace/rustup-home" "/workspace/cargo-home/bin/cargo" "+1.75.0" "metadata" "--manifest-path" "Cargo.toml" "--no-deps", kill_on_drop: false }`
[INFO] started tweaking crates.io crate rustyrails-cli 0.2.2
[INFO] finished tweaking crates.io crate rustyrails-cli 0.2.2
[INFO] tweaked toml for crates.io crate rustyrails-cli 0.2.2 written to /workspace/builds/worker-5-tc1/source/Cargo.toml
[INFO] crate crates.io crate rustyrails-cli 0.2.2 already has a lockfile, it will not be regenerated
[INFO] running `Command { std: CARGO_HOME="/workspace/cargo-home" RUSTUP_HOME="/workspace/rustup-home" "/workspace/cargo-home/bin/cargo" "+1.75.0" "fetch" "--manifest-path" "Cargo.toml", kill_on_drop: false }`
[INFO] [stderr]     Updating crates.io index
[INFO] [stderr]  Downloading crates ...
[INFO] [stderr]   Downloaded gix-tempfile v11.0.0
[INFO] [stderr]   Downloaded eyre v0.6.9
[INFO] [stderr]   Downloaded path-dedot v3.1.1
[INFO] [stderr]   Downloaded terminal-prompt v0.2.3
[INFO] [stderr]   Downloaded serde_variant v0.1.2
[INFO] [stderr]   Downloaded cvt v0.1.2
[INFO] [stderr]   Downloaded remove_dir_all v0.8.2
[INFO] [stderr]   Downloaded path-absolutize v3.1.1
[INFO] [stderr]   Downloaded auth-git2 v0.5.3
[INFO] [stderr]   Downloaded gix-lock v11.0.0
[INFO] [stderr]   Downloaded humantime-serde v1.1.1
[INFO] [stderr]   Downloaded sanitize-filename v0.5.0
[INFO] [stderr]   Downloaded liquid v0.26.4
[INFO] [stderr]   Downloaded gix-actor v0.28.0
[INFO] [stderr]   Downloaded gix-features v0.36.0
[INFO] [stderr]   Downloaded cargo-generate v0.18.5
[INFO] [stderr]   Downloaded liquid-lib v0.26.4
[INFO] [stderr]   Downloaded fs_at v0.1.10
[INFO] [stderr]   Downloaded liquid-core v0.26.4
[INFO] [stderr]   Downloaded dialoguer v0.11.0
[INFO] [stderr]   Downloaded names v0.14.0
[INFO] [stderr]   Downloaded gix-glob v0.14.0
[INFO] [stderr]   Downloaded gix-fs v0.8.0
[INFO] [stderr]   Downloaded liquid-derive v0.26.4
[INFO] [stderr]   Downloaded gix-hash v0.13.1
[INFO] [stderr]   Downloaded trycmd v0.14.19
[INFO] [stderr]   Downloaded snapbox-macros v0.3.6
[INFO] [stderr]   Downloaded snapbox v0.4.14
[INFO] running `Command { std: "docker" "create" "-v" "/var/lib/crater-agent-workspace/builds/worker-5-tc1/target:/opt/rustwide/target:rw,Z" "-v" "/var/lib/crater-agent-workspace/builds/worker-5-tc1/source:/opt/rustwide/workdir:ro,Z" "-v" "/var/lib/crater-agent-workspace/cargo-home:/opt/rustwide/cargo-home:ro,Z" "-v" "/var/lib/crater-agent-workspace/rustup-home:/opt/rustwide/rustup-home:ro,Z" "-e" "SOURCE_DIR=/opt/rustwide/workdir" "-e" "CARGO_TARGET_DIR=/opt/rustwide/target" "-e" "CARGO_HOME=/opt/rustwide/cargo-home" "-e" "RUSTUP_HOME=/opt/rustwide/rustup-home" "-w" "/opt/rustwide/workdir" "-m" "1610612736" "--user" "0:0" "--network" "none" "ghcr.io/rust-lang/crates-build-env/linux@sha256:2788e3201cd34a07e3172128adcd8b3090168a8e3bcc40d7c032b9dda1df7d1c" "/opt/rustwide/cargo-home/bin/cargo" "+1.75.0" "metadata" "--no-deps" "--format-version=1", kill_on_drop: false }`
[INFO] [stdout] 5d992db7dd871ef32842a4ea05eb4405a2a61e9073b4f3523a613ccfc90e5582
[INFO] running `Command { std: "docker" "start" "-a" "5d992db7dd871ef32842a4ea05eb4405a2a61e9073b4f3523a613ccfc90e5582", kill_on_drop: false }`
[INFO] running `Command { std: "docker" "inspect" "5d992db7dd871ef32842a4ea05eb4405a2a61e9073b4f3523a613ccfc90e5582", kill_on_drop: false }`
[INFO] running `Command { std: "docker" "rm" "-f" "5d992db7dd871ef32842a4ea05eb4405a2a61e9073b4f3523a613ccfc90e5582", kill_on_drop: false }`
[INFO] [stdout] 5d992db7dd871ef32842a4ea05eb4405a2a61e9073b4f3523a613ccfc90e5582
[INFO] running `Command { std: "docker" "create" "-v" "/var/lib/crater-agent-workspace/builds/worker-5-tc1/target:/opt/rustwide/target:rw,Z" "-v" "/var/lib/crater-agent-workspace/builds/worker-5-tc1/source:/opt/rustwide/workdir:ro,Z" "-v" "/var/lib/crater-agent-workspace/cargo-home:/opt/rustwide/cargo-home:ro,Z" "-v" "/var/lib/crater-agent-workspace/rustup-home:/opt/rustwide/rustup-home:ro,Z" "-e" "SOURCE_DIR=/opt/rustwide/workdir" "-e" "CARGO_TARGET_DIR=/opt/rustwide/target" "-e" "CARGO_INCREMENTAL=0" "-e" "RUST_BACKTRACE=full" "-e" "RUSTFLAGS=--cap-lints=warn" "-e" "RUSTDOCFLAGS=--cap-lints=warn" "-e" "CARGO_HOME=/opt/rustwide/cargo-home" "-e" "RUSTUP_HOME=/opt/rustwide/rustup-home" "-w" "/opt/rustwide/workdir" "-m" "1610612736" "--user" "0:0" "--network" "none" "ghcr.io/rust-lang/crates-build-env/linux@sha256:2788e3201cd34a07e3172128adcd8b3090168a8e3bcc40d7c032b9dda1df7d1c" "/opt/rustwide/cargo-home/bin/cargo" "+1.75.0" "build" "--frozen" "--message-format=json", kill_on_drop: false }`
[INFO] [stdout] 42519eec66753d78098c457262ff56560d6985ebb87ee1e4348464d3b8f53f9f
[INFO] running `Command { std: "docker" "start" "-a" "42519eec66753d78098c457262ff56560d6985ebb87ee1e4348464d3b8f53f9f", kill_on_drop: false }`
[INFO] [stderr]    Compiling libc v0.2.150
[INFO] [stderr]    Compiling serde v1.0.193
[INFO] [stderr]    Compiling once_cell v1.18.0
[INFO] [stderr]    Compiling regex-automata v0.4.3
[INFO] [stderr]    Compiling pkg-config v0.3.27
[INFO] [stderr]    Compiling syn v2.0.39
[INFO] [stderr]    Compiling num-traits v0.2.17
[INFO] [stderr]    Compiling gix-trace v0.1.3
[INFO] [stderr]    Compiling rustix v0.38.25
[INFO] [stderr]    Compiling linux-raw-sys v0.4.11
[INFO] [stderr]    Compiling num_threads v0.1.6
[INFO] [stderr]    Compiling jobserver v0.1.27
[INFO] [stderr]    Compiling smallvec v1.11.2
[INFO] [stderr]    Compiling sha1_smol v1.0.0
[INFO] [stderr]    Compiling cc v1.0.83
[INFO] [stderr]    Compiling prodash v26.2.2
[INFO] [stderr]    Compiling ucd-trie v0.1.6
[INFO] [stderr]    Compiling winnow v0.5.19
[INFO] [stderr]    Compiling tiny-keccak v2.0.2
[INFO] [stderr]    Compiling time v0.3.30
[INFO] [stderr]    Compiling getrandom v0.2.11
[INFO] [stderr]    Compiling parking_lot_core v0.9.9
[INFO] [stderr]    Compiling home v0.5.5
[INFO] [stderr]    Compiling parking_lot v0.12.1
[INFO] [stderr]    Compiling openssl-sys v0.9.95
[INFO] [stderr]    Compiling libz-sys v1.1.12
[INFO] [stderr]    Compiling bstr v1.8.0
[INFO] [stderr]    Compiling regex v1.10.2
[INFO] [stderr]    Compiling libssh2-sys v0.3.0
[INFO] [stderr]    Compiling tempfile v3.8.1
[INFO] [stderr]    Compiling libgit2-sys v0.16.1+1.7.1
[INFO] [stderr]    Compiling btoi v0.4.3
[INFO] [stderr]    Compiling either v1.9.0
[INFO] [stderr]    Compiling heck v0.4.1
[INFO] [stderr]    Compiling itertools v0.10.5
[INFO] [stderr]    Compiling const-random-macro v0.1.16
[INFO] [stderr]    Compiling rand_core v0.6.4
[INFO] [stderr]    Compiling smartstring v1.0.1
[INFO] [stderr]    Compiling ahash v0.8.6
[INFO] [stderr]    Compiling gix-utils v0.1.5
[INFO] [stderr]    Compiling rustversion v1.0.14
[INFO] [stderr]    Compiling anymap2 v0.13.0
[INFO] [stderr]    Compiling doc-comment v0.3.3
[INFO] [stderr]    Compiling portable-atomic v1.5.1
[INFO] [stderr]    Compiling option-ext v0.2.0
[INFO] [stderr]    Compiling dirs-sys v0.4.1
[INFO] [stderr]    Compiling rand_chacha v0.3.1
[INFO] [stderr]    Compiling nix v0.26.4
[INFO] [stderr]    Compiling console v0.15.7
[INFO] [stderr]    Compiling const-random v0.1.17
[INFO] [stderr]    Compiling memmap2 v0.7.1
[INFO] [stderr]    Compiling cvt v0.1.2
[INFO] [stderr]    Compiling fs-err v2.11.0
[INFO] [stderr]    Compiling names v0.14.0
[INFO] [stderr]    Compiling thiserror-impl v1.0.50
[INFO] [stderr]    Compiling serde_derive v1.0.193
[INFO] [stderr]    Compiling liquid-derive v0.26.4
[INFO] [stderr]    Compiling zerocopy v0.7.26
[INFO] [stderr]    Compiling unicode-segmentation v1.10.1
[INFO] [stderr]    Compiling anyhow v1.0.75
[INFO] [stderr]    Compiling semver v1.0.20
[INFO] [stderr]    Compiling clap_builder v4.4.8
[INFO] [stderr]    Compiling fs_at v0.1.10
[INFO] [stderr]    Compiling globset v0.4.13
[INFO] [stderr]    Compiling rhai_codegen v1.6.0
[INFO] [stderr]    Compiling clap_derive v4.4.7
[INFO] [stderr]    Compiling rand v0.8.5
[INFO] [stderr]    Compiling thiserror v1.0.50
[INFO] [stderr]    Compiling pest v2.7.5
[INFO] [stderr]    Compiling gix-path v0.10.0
[INFO] [stderr]    Compiling gix-date v0.8.0
[INFO] [stderr]    Compiling gix-actor v0.28.0
[INFO] [stderr]    Compiling gix-validate v0.8.0
[INFO] [stderr]    Compiling gix-config-value v0.14.0
[INFO] [stderr]    Compiling dirs v5.0.1
[INFO] [stderr]    Compiling is-terminal v0.4.9
[INFO] [stderr]    Compiling terminal-prompt v0.2.3
[INFO] [stderr]    Compiling gix-sec v0.10.0
[INFO] [stderr]    Compiling path-dedot v3.1.1
[INFO] [stderr]    Compiling thread_local v1.1.7
[INFO] [stderr]    Compiling number_prefix v0.4.0
[INFO] [stderr]    Compiling unicode-bom v2.0.3
[INFO] [stderr]    Compiling eyre v0.6.9
[INFO] [stderr]    Compiling pest_meta v2.7.5
[INFO] [stderr]    Compiling normpath v1.1.1
[INFO] [stderr]    Compiling shell-words v1.1.0
[INFO] [stderr]    Compiling env_logger v0.10.1
[INFO] [stderr]    Compiling strum_macros v0.25.3
[INFO] [stderr]    Compiling remove_dir_all v0.8.2
[INFO] [stderr]    Compiling dialoguer v0.11.0
[INFO] [stderr]    Compiling ignore v0.4.20
[INFO] [stderr]    Compiling pest_generator v2.7.5
[INFO] [stderr]    Compiling clap v4.4.8
[INFO] [stderr]    Compiling indicatif v0.17.7
[INFO] [stderr]    Compiling path-absolutize v3.1.1
[INFO] [stderr]    Compiling rhai v1.16.3
[INFO] [stderr]    Compiling pest_derive v2.7.5
[INFO] [stderr]    Compiling sanitize-filename v0.5.0
[INFO] [stderr]    Compiling strum v0.25.0
[INFO] [stderr]    Compiling faster-hex v0.8.1
[INFO] [stderr]    Compiling kstring v2.0.0
[INFO] [stderr]    Compiling toml_datetime v0.6.5
[INFO] [stderr]    Compiling serde_spanned v0.6.4
[INFO] [stderr]    Compiling indexmap v2.1.0
[INFO] [stderr]    Compiling gix-hash v0.13.1
[INFO] [stderr]    Compiling liquid-core v0.26.4
[INFO] [stderr]    Compiling serde_variant v0.1.2
[INFO] [stderr]    Compiling gix-features v0.36.0
[INFO] [stderr]    Compiling gix-fs v0.8.0
[INFO] [stderr]    Compiling gix-object v0.38.0
[INFO] [stderr]    Compiling gix-glob v0.14.0
[INFO] [stderr]    Compiling gix-tempfile v11.0.0
[INFO] [stderr]    Compiling gix-lock v11.0.0
[INFO] [stderr]    Compiling toml_edit v0.21.0
[INFO] [stderr]    Compiling gix-ref v0.38.0
[INFO] [stderr]    Compiling liquid-lib v0.26.4
[INFO] [stderr]    Compiling gix-config v0.31.0
[INFO] [stderr]    Compiling toml v0.8.8
[INFO] [stderr]    Compiling liquid v0.26.4
[INFO] [stderr]    Compiling git2 v0.18.1
[INFO] [stderr]    Compiling auth-git2 v0.5.3
[INFO] [stderr]    Compiling cargo-generate v0.18.5
[INFO] [stderr]    Compiling rustyrails-cli v0.2.2 (/opt/rustwide/workdir)
[INFO] [stderr]     Finished dev [unoptimized + debuginfo] target(s) in 1m 45s
[INFO] running `Command { std: "docker" "inspect" "42519eec66753d78098c457262ff56560d6985ebb87ee1e4348464d3b8f53f9f", kill_on_drop: false }`
[INFO] running `Command { std: "docker" "rm" "-f" "42519eec66753d78098c457262ff56560d6985ebb87ee1e4348464d3b8f53f9f", kill_on_drop: false }`
[INFO] [stdout] 42519eec66753d78098c457262ff56560d6985ebb87ee1e4348464d3b8f53f9f
[INFO] running `Command { std: "docker" "create" "-v" "/var/lib/crater-agent-workspace/builds/worker-5-tc1/target:/opt/rustwide/target:rw,Z" "-v" "/var/lib/crater-agent-workspace/builds/worker-5-tc1/source:/opt/rustwide/workdir:ro,Z" "-v" "/var/lib/crater-agent-workspace/cargo-home:/opt/rustwide/cargo-home:ro,Z" "-v" "/var/lib/crater-agent-workspace/rustup-home:/opt/rustwide/rustup-home:ro,Z" "-e" "SOURCE_DIR=/opt/rustwide/workdir" "-e" "CARGO_TARGET_DIR=/opt/rustwide/target" "-e" "CARGO_INCREMENTAL=0" "-e" "RUST_BACKTRACE=full" "-e" "RUSTFLAGS=--cap-lints=warn" "-e" "RUSTDOCFLAGS=--cap-lints=warn" "-e" "CARGO_HOME=/opt/rustwide/cargo-home" "-e" "RUSTUP_HOME=/opt/rustwide/rustup-home" "-w" "/opt/rustwide/workdir" "-m" "1610612736" "--user" "0:0" "--network" "none" "ghcr.io/rust-lang/crates-build-env/linux@sha256:2788e3201cd34a07e3172128adcd8b3090168a8e3bcc40d7c032b9dda1df7d1c" "/opt/rustwide/cargo-home/bin/cargo" "+1.75.0" "test" "--frozen" "--no-run" "--message-format=json", kill_on_drop: false }`
[INFO] [stdout] 482583d7b52ada706f1bd665a4975ba456a1db00658c82bc5efa14d1525728ca
[INFO] running `Command { std: "docker" "start" "-a" "482583d7b52ada706f1bd665a4975ba456a1db00658c82bc5efa14d1525728ca", kill_on_drop: false }`
[INFO] [stderr]    Compiling snapbox-macros v0.3.6
[INFO] [stderr]    Compiling os_pipe v1.1.4
[INFO] [stderr]    Compiling filetime v0.2.22
[INFO] [stderr]    Compiling wait-timeout v0.2.0
[INFO] [stderr]    Compiling content_inspector v0.2.4
[INFO] [stderr]    Compiling normalize-line-endings v0.3.0
[INFO] [stderr]    Compiling dunce v1.0.4
[INFO] [stderr]    Compiling similar v2.3.0
[INFO] [stderr]    Compiling rayon v1.8.0
[INFO] [stderr]    Compiling humantime-serde v1.1.1
[INFO] [stderr]    Compiling toml_edit v0.20.7
[INFO] [stderr]    Compiling glob v0.3.1
[INFO] [stderr]    Compiling snapbox v0.4.14
[INFO] [stderr]    Compiling trycmd v0.14.19
[INFO] [stderr]    Compiling rustyrails-cli v0.2.2 (/opt/rustwide/workdir)
[INFO] [stderr]     Finished test [unoptimized + debuginfo] target(s) in 9.72s
[INFO] running `Command { std: "docker" "inspect" "482583d7b52ada706f1bd665a4975ba456a1db00658c82bc5efa14d1525728ca", kill_on_drop: false }`
[INFO] running `Command { std: "docker" "rm" "-f" "482583d7b52ada706f1bd665a4975ba456a1db00658c82bc5efa14d1525728ca", kill_on_drop: false }`
[INFO] [stdout] 482583d7b52ada706f1bd665a4975ba456a1db00658c82bc5efa14d1525728ca
[INFO] running `Command { std: "docker" "create" "-v" "/var/lib/crater-agent-workspace/builds/worker-5-tc1/target:/opt/rustwide/target:rw,Z" "-v" "/var/lib/crater-agent-workspace/builds/worker-5-tc1/source:/opt/rustwide/workdir:ro,Z" "-v" "/var/lib/crater-agent-workspace/cargo-home:/opt/rustwide/cargo-home:ro,Z" "-v" "/var/lib/crater-agent-workspace/rustup-home:/opt/rustwide/rustup-home:ro,Z" "-e" "SOURCE_DIR=/opt/rustwide/workdir" "-e" "CARGO_TARGET_DIR=/opt/rustwide/target" "-e" "CARGO_INCREMENTAL=0" "-e" "RUST_BACKTRACE=full" "-e" "RUSTFLAGS=--cap-lints=warn" "-e" "RUSTDOCFLAGS=--cap-lints=warn" "-e" "CARGO_HOME=/opt/rustwide/cargo-home" "-e" "RUSTUP_HOME=/opt/rustwide/rustup-home" "-w" "/opt/rustwide/workdir" "-m" "1610612736" "--user" "0:0" "--network" "none" "ghcr.io/rust-lang/crates-build-env/linux@sha256:2788e3201cd34a07e3172128adcd8b3090168a8e3bcc40d7c032b9dda1df7d1c" "/opt/rustwide/cargo-home/bin/cargo" "+1.75.0" "test" "--frozen", kill_on_drop: false }`
[INFO] [stdout] 3e5cc35e5755a1fb28626c772aab3bb643fd146af9c160996fa8c14f0125d09a
[INFO] running `Command { std: "docker" "start" "-a" "3e5cc35e5755a1fb28626c772aab3bb643fd146af9c160996fa8c14f0125d09a", kill_on_drop: false }`
[INFO] [stderr]     Finished test [unoptimized + debuginfo] target(s) in 0.26s
[INFO] [stderr]      Running unittests src/lib.rs (/opt/rustwide/target/debug/deps/rustyrails_cli-8d2f57d62053965f)
[INFO] [stdout] 
[INFO] [stdout] running 0 tests
[INFO] [stdout] 
[INFO] [stdout] test result: ok. 0 passed; 0 failed; 0 ignored; 0 measured; 0 filtered out; finished in 0.00s
[INFO] [stdout] 
[INFO] [stderr]      Running unittests src/bin/main.rs (/opt/rustwide/target/debug/deps/rustyrails-022296f566eeb205)
[INFO] [stdout] 
[INFO] [stdout] running 0 tests
[INFO] [stdout] 
[INFO] [stdout] test result: ok. 0 passed; 0 failed; 0 ignored; 0 measured; 0 filtered out; finished in 0.00s
[INFO] [stdout] 
[INFO] [stderr]      Running tests/cli_tests.rs (/opt/rustwide/target/debug/deps/cli_tests-65ad0d943037ff6c)
[INFO] [stdout] 
[INFO] [stdout] running 1 test
[INFO] [stderr] [2mTesting[0m tests/cmd/generate-website.trycmd:2 ... [31mfailed[0m
[INFO] [stderr] Expected [32msuccess[0m, was [31m1[0m
[INFO] [stderr] 
[INFO] [stderr] [31m---- expected: stdout[0m
[INFO] [stderr] [32m++++ actual:   stdout[0m
[INFO] [stderr] [2m   1[0m      [31m-[0m [31m
[INFO] [stderr] [0m[2m   2[0m      [31m-[0m [31m💥 Rustyrails generated successfully in path: [CWD]/rustyrails-site
[INFO] [stderr] [0m     [2m   1[0m [32m+[0m [32mPlease check if the Git user / repository exists.
[INFO] [stderr] [0mstderr:
[INFO] [stderr] [32m[0m
[INFO] [stderr] [2mUpdate snapshots with `TRYCMD=overwrite`[0m
[INFO] [stderr] [2mDebug output with `TRYCMD=dump`[0m
[INFO] [stdout] test cli_tests ... FAILED
[INFO] [stdout] 
[INFO] [stdout] failures:
[INFO] [stdout] 
[INFO] [stdout] ---- cli_tests stdout ----
[INFO] [stdout] thread 'cli_tests' panicked at /opt/rustwide/cargo-home/registry/src/index.crates.io-6f17d22bba15001f/trycmd-0.14.19/src/runner.rs:104:17:
[INFO] [stdout] 1 of 1 tests failed
[INFO] [stdout] stack backtrace:
[INFO] [stdout]    0:     0x563f99ce9e3c - std::backtrace_rs::backtrace::libunwind::trace::ha637c64ce894333a
[INFO] [stdout]                                at /rustc/82e1608dfa6e0b5569232559e3d385fea5a93112/library/std/src/../../backtrace/src/backtrace/libunwind.rs:104:5
[INFO] [stdout]    1:     0x563f99ce9e3c - std::backtrace_rs::backtrace::trace_unsynchronized::h47f62dea28e0c88d
[INFO] [stdout]                                at /rustc/82e1608dfa6e0b5569232559e3d385fea5a93112/library/std/src/../../backtrace/src/backtrace/mod.rs:66:5
[INFO] [stdout]    2:     0x563f99ce9e3c - std::sys_common::backtrace::_print_fmt::h9eef0abe20ede486
[INFO] [stdout]                                at /rustc/82e1608dfa6e0b5569232559e3d385fea5a93112/library/std/src/sys_common/backtrace.rs:67:5
[INFO] [stdout]    3:     0x563f99ce9e3c - <std::sys_common::backtrace::_print::DisplayBacktrace as core::fmt::Display>::fmt::hed7f999df88cc644
[INFO] [stdout]                                at /rustc/82e1608dfa6e0b5569232559e3d385fea5a93112/library/std/src/sys_common/backtrace.rs:44:22
[INFO] [stdout]    4:     0x563f99d17140 - core::fmt::rt::Argument::fmt::h1539a9308b8d058d
[INFO] [stdout]                                at /rustc/82e1608dfa6e0b5569232559e3d385fea5a93112/library/core/src/fmt/rt.rs:142:9
[INFO] [stdout]    5:     0x563f99d17140 - core::fmt::write::h3a39390d8560d9c9
[INFO] [stdout]                                at /rustc/82e1608dfa6e0b5569232559e3d385fea5a93112/library/core/src/fmt/mod.rs:1120:17
[INFO] [stdout]    6:     0x563f99ce695f - std::io::Write::write_fmt::h040b369f3a0f9cbc
[INFO] [stdout]                                at /rustc/82e1608dfa6e0b5569232559e3d385fea5a93112/library/std/src/io/mod.rs:1762:15
[INFO] [stdout]    7:     0x563f99ce9c24 - std::sys_common::backtrace::_print::h894006fb5c6f3d45
[INFO] [stdout]                                at /rustc/82e1608dfa6e0b5569232559e3d385fea5a93112/library/std/src/sys_common/backtrace.rs:47:5
[INFO] [stdout]    8:     0x563f99ce9c24 - std::sys_common::backtrace::print::h23a2d212c6fff936
[INFO] [stdout]                                at /rustc/82e1608dfa6e0b5569232559e3d385fea5a93112/library/std/src/sys_common/backtrace.rs:34:9
[INFO] [stdout]    9:     0x563f99cebf07 - std::panicking::default_hook::{{closure}}::h8a1d2ee00185001a
[INFO] [stdout]   10:     0x563f99cebbf3 - std::panicking::default_hook::h6038f2eba384e475
[INFO] [stdout]                                at /rustc/82e1608dfa6e0b5569232559e3d385fea5a93112/library/std/src/panicking.rs:289:9
[INFO] [stdout]   11:     0x563f99cb8bb7 - <alloc::boxed::Box<F,A> as core::ops::function::Fn<Args>>::call::h0ad024c9bdc6d768
[INFO] [stdout]                                at /rustc/82e1608dfa6e0b5569232559e3d385fea5a93112/library/alloc/src/boxed.rs:2021:9
[INFO] [stdout]   12:     0x563f99cb8bb7 - test::test_main::{{closure}}::h7500b54257359db6
[INFO] [stdout]                                at /rustc/82e1608dfa6e0b5569232559e3d385fea5a93112/library/test/src/lib.rs:138:21
[INFO] [stdout]   13:     0x563f99cec518 - <alloc::boxed::Box<F,A> as core::ops::function::Fn<Args>>::call::h1f8f335eaa9cfaee
[INFO] [stdout]                                at /rustc/82e1608dfa6e0b5569232559e3d385fea5a93112/library/alloc/src/boxed.rs:2021:9
[INFO] [stdout]   14:     0x563f99cec518 - std::panicking::rust_panic_with_hook::h2b5517d590cab22e
[INFO] [stdout]                                at /rustc/82e1608dfa6e0b5569232559e3d385fea5a93112/library/std/src/panicking.rs:783:13
[INFO] [stdout]   15:     0x563f99cec26e - std::panicking::begin_panic_handler::{{closure}}::h233112c06e0ef43e
[INFO] [stdout]                                at /rustc/82e1608dfa6e0b5569232559e3d385fea5a93112/library/std/src/panicking.rs:657:13
[INFO] [stdout]   16:     0x563f99cea306 - std::sys_common::backtrace::__rust_end_short_backtrace::h6e893f24d7ebbff8
[INFO] [stdout]                                at /rustc/82e1608dfa6e0b5569232559e3d385fea5a93112/library/std/src/sys_common/backtrace.rs:170:18
[INFO] [stdout]   17:     0x563f99cebfd2 - rust_begin_unwind
[INFO] [stdout]                                at /rustc/82e1608dfa6e0b5569232559e3d385fea5a93112/library/std/src/panicking.rs:645:5
[INFO] [stdout]   18:     0x563f999928b5 - core::panicking::panic_fmt::hbf0e066aabfa482c
[INFO] [stdout]                                at /rustc/82e1608dfa6e0b5569232559e3d385fea5a93112/library/core/src/panicking.rs:72:14
[INFO] [stdout]   19:     0x563f999e9405 - trycmd::runner::Runner::run::h2d53dfda7a15a504
[INFO] [stdout]                                at /opt/rustwide/cargo-home/registry/src/index.crates.io-6f17d22bba15001f/trycmd-0.14.19/src/runner.rs:104:17
[INFO] [stdout]   20:     0x563f999e6673 - trycmd::cases::TestCases::run::h1000c64dba96e076
[INFO] [stdout]                                at /opt/rustwide/cargo-home/registry/src/index.crates.io-6f17d22bba15001f/trycmd-0.14.19/src/cases.rs:165:9
[INFO] [stdout]   21:     0x563f999e671a - <trycmd::cases::TestCases as core::ops::drop::Drop>::drop::ha9b6182cb5466e4c
[INFO] [stdout]                                at /opt/rustwide/cargo-home/registry/src/index.crates.io-6f17d22bba15001f/trycmd-0.14.19/src/cases.rs:175:13
[INFO] [stdout]   22:     0x563f999c06c7 - core::ptr::drop_in_place<trycmd::cases::TestCases>::hc3fc78faab60f83c
[INFO] [stdout]                                at /rustc/82e1608dfa6e0b5569232559e3d385fea5a93112/library/core/src/ptr/mod.rs:498:1
[INFO] [stdout]   23:     0x563f99993813 - cli_tests::cli_tests::h4a7276726f13a418
[INFO] [stdout]                                at /opt/rustwide/workdir/tests/cli_tests.rs:3:56
[INFO] [stdout]   24:     0x563f99993797 - cli_tests::cli_tests::{{closure}}::h06eafa28a482c30f
[INFO] [stdout]                                at /opt/rustwide/workdir/tests/cli_tests.rs:2:15
[INFO] [stdout]   25:     0x563f99993466 - core::ops::function::FnOnce::call_once::hdf8d550a3bf4a487
[INFO] [stdout]                                at /rustc/82e1608dfa6e0b5569232559e3d385fea5a93112/library/core/src/ops/function.rs:250:5
[INFO] [stdout]   26:     0x563f99cbe20f - core::ops::function::FnOnce::call_once::h2b5d431d5046312d
[INFO] [stdout]                                at /rustc/82e1608dfa6e0b5569232559e3d385fea5a93112/library/core/src/ops/function.rs:250:5
[INFO] [stdout]   27:     0x563f99cbe20f - test::__rust_begin_short_backtrace::h7714669af176e207
[INFO] [stdout]                                at /rustc/82e1608dfa6e0b5569232559e3d385fea5a93112/library/test/src/lib.rs:628:18
[INFO] [stdout]   28:     0x563f99cbd225 - test::run_test_in_process::{{closure}}::h85218797dcbcec12
[INFO] [stdout]                                at /rustc/82e1608dfa6e0b5569232559e3d385fea5a93112/library/test/src/lib.rs:651:60
[INFO] [stdout]   29:     0x563f99cbd225 - <core::panic::unwind_safe::AssertUnwindSafe<F> as core::ops::function::FnOnce<()>>::call_once::h76c106ea31c14d7b
[INFO] [stdout]                                at /rustc/82e1608dfa6e0b5569232559e3d385fea5a93112/library/core/src/panic/unwind_safe.rs:272:9
[INFO] [stdout]   30:     0x563f99cbd225 - std::panicking::try::do_call::h3bd5d0f6620ee946
[INFO] [stdout]                                at /rustc/82e1608dfa6e0b5569232559e3d385fea5a93112/library/std/src/panicking.rs:552:40
[INFO] [stdout]   31:     0x563f99cbd225 - std::panicking::try::h232e535e4744fe31
[INFO] [stdout]                                at /rustc/82e1608dfa6e0b5569232559e3d385fea5a93112/library/std/src/panicking.rs:516:19
[INFO] [stdout]   32:     0x563f99cbd225 - std::panic::catch_unwind::h3ce3bd6ca8dbac68
[INFO] [stdout]                                at /rustc/82e1608dfa6e0b5569232559e3d385fea5a93112/library/std/src/panic.rs:142:14
[INFO] [stdout]   33:     0x563f99cbd225 - test::run_test_in_process::hc97b257c9621286a
[INFO] [stdout]                                at /rustc/82e1608dfa6e0b5569232559e3d385fea5a93112/library/test/src/lib.rs:651:27
[INFO] [stdout]   34:     0x563f99cbd225 - test::run_test::{{closure}}::h2aa798823a438d38
[INFO] [stdout]                                at /rustc/82e1608dfa6e0b5569232559e3d385fea5a93112/library/test/src/lib.rs:574:43
[INFO] [stdout]   35:     0x563f99c854e6 - test::run_test::{{closure}}::h87d231c78fb59832
[INFO] [stdout]                                at /rustc/82e1608dfa6e0b5569232559e3d385fea5a93112/library/test/src/lib.rs:602:41
[INFO] [stdout]   36:     0x563f99c854e6 - std::sys_common::backtrace::__rust_begin_short_backtrace::he6df152596625789
[INFO] [stdout]                                at /rustc/82e1608dfa6e0b5569232559e3d385fea5a93112/library/std/src/sys_common/backtrace.rs:154:18
[INFO] [stdout]   37:     0x563f99c8a597 - std::thread::Builder::spawn_unchecked_::{{closure}}::{{closure}}::ha94be15d1e0acf36
[INFO] [stdout]                                at /rustc/82e1608dfa6e0b5569232559e3d385fea5a93112/library/std/src/thread/mod.rs:529:17
[INFO] [stdout]   38:     0x563f99c8a597 - <core::panic::unwind_safe::AssertUnwindSafe<F> as core::ops::function::FnOnce<()>>::call_once::h9dc6bd6372f16606
[INFO] [stdout]                                at /rustc/82e1608dfa6e0b5569232559e3d385fea5a93112/library/core/src/panic/unwind_safe.rs:272:9
[INFO] [stdout]   39:     0x563f99c8a597 - std::panicking::try::do_call::h9057517f80303cd4
[INFO] [stdout]                                at /rustc/82e1608dfa6e0b5569232559e3d385fea5a93112/library/std/src/panicking.rs:552:40
[INFO] [stdout]   40:     0x563f99c8a597 - std::panicking::try::he3a30b11ee45340c
[INFO] [stdout]                                at /rustc/82e1608dfa6e0b5569232559e3d385fea5a93112/library/std/src/panicking.rs:516:19
[INFO] [stdout]   41:     0x563f99c8a597 - std::panic::catch_unwind::h410458cfd3528b8b
[INFO] [stdout]                                at /rustc/82e1608dfa6e0b5569232559e3d385fea5a93112/library/std/src/panic.rs:142:14
[INFO] [stdout]   42:     0x563f99c8a597 - std::thread::Builder::spawn_unchecked_::{{closure}}::h72ac3bdb567b737b
[INFO] [stdout]                                at /rustc/82e1608dfa6e0b5569232559e3d385fea5a93112/library/std/src/thread/mod.rs:528:30
[INFO] [stdout]   43:     0x563f99c8a597 - core::ops::function::FnOnce::call_once{{vtable.shim}}::h38f34da3654a8344
[INFO] [stdout]                                at /rustc/82e1608dfa6e0b5569232559e3d385fea5a93112/library/core/src/ops/function.rs:250:5
[INFO] [stdout]   44:     0x563f99cf29a5 - <alloc::boxed::Box<F,A> as core::ops::function::FnOnce<Args>>::call_once::hc7eafaff61e32df9
[INFO] [stdout]                                at /rustc/82e1608dfa6e0b5569232559e3d385fea5a93112/library/alloc/src/boxed.rs:2007:9
[INFO] [stdout]   45:     0x563f99cf29a5 - <alloc::boxed::Box<F,A> as core::ops::function::FnOnce<Args>>::call_once::h6ba4a5de48dd2304
[INFO] [stdout]                                at /rustc/82e1608dfa6e0b5569232559e3d385fea5a93112/library/alloc/src/boxed.rs:2007:9
[INFO] [stdout]   46:     0x563f99cf29a5 - std::sys::unix::thread::Thread::new::thread_start::he469335aef763e45
[INFO] [stdout]                                at /rustc/82e1608dfa6e0b5569232559e3d385fea5a93112/library/std/src/sys/unix/thread.rs:108:17
[INFO] [stdout]   47:     0x7f5e68a41ac3 - <unknown>
[INFO] [stdout]   48:     0x7f5e68ad2bf4 - __clone
[INFO] [stdout]   49:                0x0 - <unknown>
[INFO] [stdout] 
[INFO] [stdout] 
[INFO] [stdout] failures:
[INFO] [stdout]     cli_tests
[INFO] [stdout] 
[INFO] [stdout] test result: FAILED. 0 passed; 1 failed; 0 ignored; 0 measured; 0 filtered out; finished in 0.25s
[INFO] [stdout] 
[INFO] [stderr] error: test failed, to rerun pass `--test cli_tests`
[INFO] running `Command { std: "docker" "inspect" "3e5cc35e5755a1fb28626c772aab3bb643fd146af9c160996fa8c14f0125d09a", kill_on_drop: false }`
[INFO] running `Command { std: "docker" "rm" "-f" "3e5cc35e5755a1fb28626c772aab3bb643fd146af9c160996fa8c14f0125d09a", kill_on_drop: false }`
[INFO] [stdout] 3e5cc35e5755a1fb28626c772aab3bb643fd146af9c160996fa8c14f0125d09a
