[INFO] fetching crate rustyping 2.3.1...
[INFO] testing rustyping-2.3.1 against 1.75.0 for beta-1.76-1
[INFO] extracting crate rustyping 2.3.1 into /workspace/builds/worker-1-tc1/source
[INFO] validating manifest of crates.io crate rustyping 2.3.1 on toolchain 1.75.0
[INFO] running `Command { std: CARGO_HOME="/workspace/cargo-home" RUSTUP_HOME="/workspace/rustup-home" "/workspace/cargo-home/bin/cargo" "+1.75.0" "metadata" "--manifest-path" "Cargo.toml" "--no-deps", kill_on_drop: false }`
[INFO] started tweaking crates.io crate rustyping 2.3.1
[INFO] finished tweaking crates.io crate rustyping 2.3.1
[INFO] tweaked toml for crates.io crate rustyping 2.3.1 written to /workspace/builds/worker-1-tc1/source/Cargo.toml
[INFO] crate crates.io crate rustyping 2.3.1 already has a lockfile, it will not be regenerated
[INFO] running `Command { std: CARGO_HOME="/workspace/cargo-home" RUSTUP_HOME="/workspace/rustup-home" "/workspace/cargo-home/bin/cargo" "+1.75.0" "fetch" "--manifest-path" "Cargo.toml", kill_on_drop: false }`
[INFO] [stderr]     Updating crates.io index
[INFO] [stderr]  Downloading crates ...
[INFO] [stderr]   Downloaded pnet_datalink v0.31.0
[INFO] [stderr]   Downloaded pnet_transport v0.31.0
[INFO] [stderr]   Downloaded ipnetwork v0.19.0
[INFO] [stderr]   Downloaded hsl v0.1.1
[INFO] [stderr]   Downloaded ctrlc v3.2.1
[INFO] [stderr]   Downloaded clap v4.0.26
[INFO] [stderr]   Downloaded pnet v0.31.0
[INFO] running `Command { std: "docker" "create" "-v" "/var/lib/crater-agent-workspace/builds/worker-1-tc1/target:/opt/rustwide/target:rw,Z" "-v" "/var/lib/crater-agent-workspace/builds/worker-1-tc1/source:/opt/rustwide/workdir:ro,Z" "-v" "/var/lib/crater-agent-workspace/cargo-home:/opt/rustwide/cargo-home:ro,Z" "-v" "/var/lib/crater-agent-workspace/rustup-home:/opt/rustwide/rustup-home:ro,Z" "-e" "SOURCE_DIR=/opt/rustwide/workdir" "-e" "CARGO_TARGET_DIR=/opt/rustwide/target" "-e" "CARGO_HOME=/opt/rustwide/cargo-home" "-e" "RUSTUP_HOME=/opt/rustwide/rustup-home" "-w" "/opt/rustwide/workdir" "-m" "1610612736" "--user" "0:0" "--network" "none" "ghcr.io/rust-lang/crates-build-env/linux@sha256:2788e3201cd34a07e3172128adcd8b3090168a8e3bcc40d7c032b9dda1df7d1c" "/opt/rustwide/cargo-home/bin/cargo" "+1.75.0" "metadata" "--no-deps" "--format-version=1", kill_on_drop: false }`
[INFO] [stdout] f469f7f1e57b39291843272058b939611d0e2632fbddae362037579bb5b9fbb9
[INFO] running `Command { std: "docker" "start" "-a" "f469f7f1e57b39291843272058b939611d0e2632fbddae362037579bb5b9fbb9", kill_on_drop: false }`
[INFO] running `Command { std: "docker" "inspect" "f469f7f1e57b39291843272058b939611d0e2632fbddae362037579bb5b9fbb9", kill_on_drop: false }`
[INFO] running `Command { std: "docker" "rm" "-f" "f469f7f1e57b39291843272058b939611d0e2632fbddae362037579bb5b9fbb9", kill_on_drop: false }`
[INFO] [stdout] f469f7f1e57b39291843272058b939611d0e2632fbddae362037579bb5b9fbb9
[INFO] running `Command { std: "docker" "create" "-v" "/var/lib/crater-agent-workspace/builds/worker-1-tc1/target:/opt/rustwide/target:rw,Z" "-v" "/var/lib/crater-agent-workspace/builds/worker-1-tc1/source:/opt/rustwide/workdir:ro,Z" "-v" "/var/lib/crater-agent-workspace/cargo-home:/opt/rustwide/cargo-home:ro,Z" "-v" "/var/lib/crater-agent-workspace/rustup-home:/opt/rustwide/rustup-home:ro,Z" "-e" "SOURCE_DIR=/opt/rustwide/workdir" "-e" "CARGO_TARGET_DIR=/opt/rustwide/target" "-e" "CARGO_INCREMENTAL=0" "-e" "RUST_BACKTRACE=full" "-e" "RUSTFLAGS=--cap-lints=warn" "-e" "RUSTDOCFLAGS=--cap-lints=warn" "-e" "CARGO_HOME=/opt/rustwide/cargo-home" "-e" "RUSTUP_HOME=/opt/rustwide/rustup-home" "-w" "/opt/rustwide/workdir" "-m" "1610612736" "--user" "0:0" "--network" "none" "ghcr.io/rust-lang/crates-build-env/linux@sha256:2788e3201cd34a07e3172128adcd8b3090168a8e3bcc40d7c032b9dda1df7d1c" "/opt/rustwide/cargo-home/bin/cargo" "+1.75.0" "build" "--frozen" "--message-format=json", kill_on_drop: false }`
[INFO] [stdout] 1db3ca5cbfa0f8aaa610a974a6715d7cf3d9171bec19fda0f4e5491a09c5c6ca
[INFO] running `Command { std: "docker" "start" "-a" "1db3ca5cbfa0f8aaa610a974a6715d7cf3d9171bec19fda0f4e5491a09c5c6ca", kill_on_drop: false }`
[INFO] [stderr]    Compiling libc v0.2.137
[INFO] [stderr]    Compiling proc-macro2 v1.0.47
[INFO] [stderr]    Compiling quote v1.0.21
[INFO] [stderr]    Compiling unicode-ident v1.0.5
[INFO] [stderr]    Compiling syn v1.0.103
[INFO] [stderr]    Compiling memchr v2.4.1
[INFO] [stderr]    Compiling bitflags v1.2.1
[INFO] [stderr]    Compiling no-std-net v0.6.0
[INFO] [stderr]    Compiling memoffset v0.6.5
[INFO] [stderr]    Compiling pnet_base v0.31.0
[INFO] [stderr]    Compiling proc-macro-error-attr v1.0.4
[INFO] [stderr]    Compiling serde v1.0.136
[INFO] [stderr]    Compiling regex-syntax v0.6.28
[INFO] [stderr]    Compiling proc-macro-error v1.0.4
[INFO] [stderr]    Compiling pnet_macros_support v0.31.0
[INFO] [stderr]    Compiling time-core v0.1.0
[INFO] [stderr]    Compiling once_cell v1.16.0
[INFO] [stderr]    Compiling slog v2.7.0
[INFO] [stderr]    Compiling time-macros v0.2.6
[INFO] [stderr]    Compiling heck v0.4.0
[INFO] [stderr]    Compiling aho-corasick v0.7.18
[INFO] [stderr]    Compiling os_str_bytes v6.4.1
[INFO] [stderr]    Compiling pnet v0.31.0
[INFO] [stderr]    Compiling ppv-lite86 v0.2.16
[INFO] [stderr]    Compiling dirs-sys-next v0.1.2
[INFO] [stderr]    Compiling pnet_sys v0.31.0
[INFO] [stderr]    Compiling getrandom v0.2.4
[INFO] [stderr]    Compiling dirs-next v2.0.0
[INFO] [stderr]    Compiling atty v0.2.14
[INFO] [stderr]    Compiling itoa v1.0.4
[INFO] [stderr]    Compiling rand_core v0.6.3
[INFO] [stderr]    Compiling num_threads v0.1.6
[INFO] [stderr]    Compiling term v0.7.0
[INFO] [stderr]    Compiling nix v0.23.1
[INFO] [stderr]    Compiling regex v1.7.0
[INFO] [stderr]    Compiling rand_chacha v0.3.1
[INFO] [stderr]    Compiling time v0.3.17
[INFO] [stderr]    Compiling clap_lex v0.3.0
[INFO] [stderr]    Compiling thread_local v1.1.4
[INFO] [stderr]    Compiling termcolor v1.1.3
[INFO] [stderr]    Compiling strsim v0.10.0
[INFO] [stderr]    Compiling nix v0.25.0
[INFO] [stderr]    Compiling slog-term v2.9.0
[INFO] [stderr]    Compiling rand v0.8.5
[INFO] [stderr]    Compiling ipnetwork v0.19.0
[INFO] [stderr]    Compiling ansi_term v0.12.1
[INFO] [stderr]    Compiling pnet_datalink v0.31.0
[INFO] [stderr]    Compiling hsl v0.1.1
[INFO] [stderr]    Compiling pnet_macros v0.31.0
[INFO] [stderr]    Compiling clap_derive v4.0.21
[INFO] [stderr]    Compiling ctrlc v3.2.1
[INFO] [stderr]    Compiling pnet_packet v0.31.0
[INFO] [stderr]    Compiling clap v4.0.26
[INFO] [stderr]    Compiling pnet_transport v0.31.0
[INFO] [stderr]    Compiling rustyping v2.3.1 (/opt/rustwide/workdir)
[INFO] [stderr]     Finished dev [unoptimized + debuginfo] target(s) in 8.35s
[INFO] running `Command { std: "docker" "inspect" "1db3ca5cbfa0f8aaa610a974a6715d7cf3d9171bec19fda0f4e5491a09c5c6ca", kill_on_drop: false }`
[INFO] running `Command { std: "docker" "rm" "-f" "1db3ca5cbfa0f8aaa610a974a6715d7cf3d9171bec19fda0f4e5491a09c5c6ca", kill_on_drop: false }`
[INFO] [stdout] 1db3ca5cbfa0f8aaa610a974a6715d7cf3d9171bec19fda0f4e5491a09c5c6ca
[INFO] running `Command { std: "docker" "create" "-v" "/var/lib/crater-agent-workspace/builds/worker-1-tc1/target:/opt/rustwide/target:rw,Z" "-v" "/var/lib/crater-agent-workspace/builds/worker-1-tc1/source:/opt/rustwide/workdir:ro,Z" "-v" "/var/lib/crater-agent-workspace/cargo-home:/opt/rustwide/cargo-home:ro,Z" "-v" "/var/lib/crater-agent-workspace/rustup-home:/opt/rustwide/rustup-home:ro,Z" "-e" "SOURCE_DIR=/opt/rustwide/workdir" "-e" "CARGO_TARGET_DIR=/opt/rustwide/target" "-e" "CARGO_INCREMENTAL=0" "-e" "RUST_BACKTRACE=full" "-e" "RUSTFLAGS=--cap-lints=warn" "-e" "RUSTDOCFLAGS=--cap-lints=warn" "-e" "CARGO_HOME=/opt/rustwide/cargo-home" "-e" "RUSTUP_HOME=/opt/rustwide/rustup-home" "-w" "/opt/rustwide/workdir" "-m" "1610612736" "--user" "0:0" "--network" "none" "ghcr.io/rust-lang/crates-build-env/linux@sha256:2788e3201cd34a07e3172128adcd8b3090168a8e3bcc40d7c032b9dda1df7d1c" "/opt/rustwide/cargo-home/bin/cargo" "+1.75.0" "test" "--frozen" "--no-run" "--message-format=json", kill_on_drop: false }`
[INFO] [stdout] 71ca8d020ba973be845f3bc9615fd1087c8667bc9f74fa4778459d039446bbcf
[INFO] running `Command { std: "docker" "start" "-a" "71ca8d020ba973be845f3bc9615fd1087c8667bc9f74fa4778459d039446bbcf", kill_on_drop: false }`
[INFO] [stderr]    Compiling rustyping v2.3.1 (/opt/rustwide/workdir)
[INFO] [stderr]     Finished test [unoptimized + debuginfo] target(s) in 0.48s
[INFO] running `Command { std: "docker" "inspect" "71ca8d020ba973be845f3bc9615fd1087c8667bc9f74fa4778459d039446bbcf", kill_on_drop: false }`
[INFO] running `Command { std: "docker" "rm" "-f" "71ca8d020ba973be845f3bc9615fd1087c8667bc9f74fa4778459d039446bbcf", kill_on_drop: false }`
[INFO] [stdout] 71ca8d020ba973be845f3bc9615fd1087c8667bc9f74fa4778459d039446bbcf
[INFO] running `Command { std: "docker" "create" "-v" "/var/lib/crater-agent-workspace/builds/worker-1-tc1/target:/opt/rustwide/target:rw,Z" "-v" "/var/lib/crater-agent-workspace/builds/worker-1-tc1/source:/opt/rustwide/workdir:ro,Z" "-v" "/var/lib/crater-agent-workspace/cargo-home:/opt/rustwide/cargo-home:ro,Z" "-v" "/var/lib/crater-agent-workspace/rustup-home:/opt/rustwide/rustup-home:ro,Z" "-e" "SOURCE_DIR=/opt/rustwide/workdir" "-e" "CARGO_TARGET_DIR=/opt/rustwide/target" "-e" "CARGO_INCREMENTAL=0" "-e" "RUST_BACKTRACE=full" "-e" "RUSTFLAGS=--cap-lints=warn" "-e" "RUSTDOCFLAGS=--cap-lints=warn" "-e" "CARGO_HOME=/opt/rustwide/cargo-home" "-e" "RUSTUP_HOME=/opt/rustwide/rustup-home" "-w" "/opt/rustwide/workdir" "-m" "1610612736" "--user" "0:0" "--network" "none" "ghcr.io/rust-lang/crates-build-env/linux@sha256:2788e3201cd34a07e3172128adcd8b3090168a8e3bcc40d7c032b9dda1df7d1c" "/opt/rustwide/cargo-home/bin/cargo" "+1.75.0" "test" "--frozen", kill_on_drop: false }`
[INFO] [stdout] 50ec309ab1c0eebf81192dba50de379179528b6d93e2ff5cbe51cc529024a93b
[INFO] running `Command { std: "docker" "start" "-a" "50ec309ab1c0eebf81192dba50de379179528b6d93e2ff5cbe51cc529024a93b", kill_on_drop: false }`
[INFO] [stderr]     Finished test [unoptimized + debuginfo] target(s) in 0.06s
[INFO] [stderr]      Running unittests src/lib.rs (/opt/rustwide/target/debug/deps/rustyping-106e87b493d5d6d6)
[INFO] [stdout] 
[INFO] [stdout] running 0 tests
[INFO] [stdout] 
[INFO] [stdout] test result: ok. 0 passed; 0 failed; 0 ignored; 0 measured; 0 filtered out; finished in 0.00s
[INFO] [stdout] 
[INFO] [stderr]      Running unittests src/main.rs (/opt/rustwide/target/debug/deps/rp-38fa40b1befc2551)
[INFO] [stdout] 
[INFO] [stdout] running 0 tests
[INFO] [stdout] 
[INFO] [stdout] test result: ok. 0 passed; 0 failed; 0 ignored; 0 measured; 0 filtered out; finished in 0.00s
[INFO] [stdout] 
[INFO] [stderr]    Doc-tests rustyping
[INFO] [stdout] 
[INFO] [stdout] running 4 tests
[INFO] [stdout] test src/lib.rs - run (line 328) ... FAILED
[INFO] [stdout] test src/lib.rs - paint_rtt (line 149) ... FAILED
[INFO] [stdout] test src/lib.rs - Config::resolve_hostname (line 110) ... FAILED
[INFO] [stdout] test src/lib.rs - ping (line 198) ... FAILED
[INFO] [stdout] 
[INFO] [stdout] failures:
[INFO] [stdout] 
[INFO] [stdout] ---- src/lib.rs - run (line 328) stdout ----
[INFO] [stdout] error: cannot find macro `o` in this scope
[INFO] [stdout]  --> src/lib.rs:333:35
[INFO] [stdout]   |
[INFO] [stdout] 7 |         slog::Logger::root(drain, o!())
[INFO] [stdout]   |                                   ^
[INFO] [stdout]   |
[INFO] [stdout] help: consider importing this macro
[INFO] [stdout]   |
[INFO] [stdout] 2 + use slog::o;
[INFO] [stdout]   |
[INFO] [stdout] 
[INFO] [stdout] error[E0425]: cannot find function `run` in this scope
[INFO] [stdout]  --> src/lib.rs:329:1
[INFO] [stdout]   |
[INFO] [stdout] 3 | run(Config::new(
[INFO] [stdout]   | ^^^ not found in this scope
[INFO] [stdout]   |
[INFO] [stdout] help: consider importing this function
[INFO] [stdout]   |
[INFO] [stdout] 2 + use rustyping::run;
[INFO] [stdout]   |
[INFO] [stdout] 
[INFO] [stdout] error[E0433]: failed to resolve: use of undeclared type `Config`
[INFO] [stdout]  --> src/lib.rs:329:5
[INFO] [stdout]   |
[INFO] [stdout] 3 | run(Config::new(
[INFO] [stdout]   |     ^^^^^^ use of undeclared type `Config`
[INFO] [stdout]   |
[INFO] [stdout] help: consider importing one of these items
[INFO] [stdout]   |
[INFO] [stdout] 2 + use pnet_transport::Config;
[INFO] [stdout]   |
[INFO] [stdout] 2 + use rustyping::Config;
[INFO] [stdout]   |
[INFO] [stdout] 
[INFO] [stdout] error[E0433]: failed to resolve: use of undeclared type `Mutex`
[INFO] [stdout]  --> src/lib.rs:332:21
[INFO] [stdout]   |
[INFO] [stdout] 6 |         let drain = Mutex::new(slog_term::FullFormat::new(decorator).build()).fuse();
[INFO] [stdout]   |                     ^^^^^ use of undeclared type `Mutex`
[INFO] [stdout]   |
[INFO] [stdout] help: consider importing this struct
[INFO] [stdout]   |
[INFO] [stdout] 2 + use std::sync::Mutex;
[INFO] [stdout]   |
[INFO] [stdout] 
[INFO] [stdout] error: aborting due to 4 previous errors
[INFO] [stdout] 
[INFO] [stdout] Some errors have detailed explanations: E0425, E0433.
[INFO] [stdout] For more information about an error, try `rustc --explain E0425`.
[INFO] [stdout] Couldn't compile the test.
[INFO] [stdout] ---- src/lib.rs - paint_rtt (line 149) stdout ----
[INFO] [stdout] error[E0425]: cannot find function `paint_rtt` in this scope
[INFO] [stdout]  --> src/lib.rs:150:1
[INFO] [stdout]   |
[INFO] [stdout] 3 | paint_rtt(30_u128)
[INFO] [stdout]   | ^^^^^^^^^ not found in this scope
[INFO] [stdout] 
[INFO] [stdout] error: aborting due to previous error
[INFO] [stdout] 
[INFO] [stdout] For more information about this error, try `rustc --explain E0425`.
[INFO] [stdout] Couldn't compile the test.
[INFO] [stdout] ---- src/lib.rs - Config::resolve_hostname (line 110) stdout ----
[INFO] [stdout] error[E0425]: cannot find function `resolve_hostname` in this scope
[INFO] [stdout]  --> src/lib.rs:111:10
[INFO] [stdout]   |
[INFO] [stdout] 3 | let ip = resolve_hostname("evnk.io")?;
[INFO] [stdout]   |          ^^^^^^^^^^^^^^^^ not found in this scope
[INFO] [stdout] 
[INFO] [stdout] error: aborting due to previous error
[INFO] [stdout] 
[INFO] [stdout] For more information about this error, try `rustc --explain E0425`.
[INFO] [stdout] Couldn't compile the test.
[INFO] [stdout] ---- src/lib.rs - ping (line 198) stdout ----
[INFO] [stdout] error[E0433]: failed to resolve: use of undeclared crate or module `time`
[INFO] [stdout]  --> src/lib.rs:201:5
[INFO] [stdout]   |
[INFO] [stdout] 5 |     time::Duration::new(1, 0),
[INFO] [stdout]   |     ^^^^ use of undeclared crate or module `time`
[INFO] [stdout]   |
[INFO] [stdout] help: consider importing one of these items
[INFO] [stdout]   |
[INFO] [stdout] 2 + use core::time::Duration;
[INFO] [stdout]   |
[INFO] [stdout] 2 + use std::time::Duration;
[INFO] [stdout]   |
[INFO] [stdout] help: if you import `Duration`, refer to it directly
[INFO] [stdout]   |
[INFO] [stdout] 5 -     time::Duration::new(1, 0),
[INFO] [stdout] 5 +     Duration::new(1, 0),
[INFO] [stdout]   |
[INFO] [stdout] 
[INFO] [stdout] error[E0425]: cannot find function `random` in this scope
[INFO] [stdout]  --> src/lib.rs:204:5
[INFO] [stdout]   |
[INFO] [stdout] 8 |     random::<u16>(),
[INFO] [stdout]   |     ^^^^^^ not found in this scope
[INFO] [stdout]   |
[INFO] [stdout] help: consider importing this function
[INFO] [stdout]   |
[INFO] [stdout] 2 + use rand::random;
[INFO] [stdout]   |
[INFO] [stdout] 
[INFO] [stdout] error[E0425]: cannot find function `ping` in this scope
[INFO] [stdout]  --> src/lib.rs:199:1
[INFO] [stdout]   |
[INFO] [stdout] 3 | ping(
[INFO] [stdout]   | ^^^^ not found in this scope
[INFO] [stdout] 
[INFO] [stdout] error: aborting due to 3 previous errors
[INFO] [stdout] 
[INFO] [stdout] Some errors have detailed explanations: E0425, E0433.
[INFO] [stdout] For more information about an error, try `rustc --explain E0425`.
[INFO] [stdout] Couldn't compile the test.
[INFO] [stdout] 
[INFO] [stdout] failures:
[INFO] [stdout]     src/lib.rs - Config::resolve_hostname (line 110)
[INFO] [stdout]     src/lib.rs - paint_rtt (line 149)
[INFO] [stdout]     src/lib.rs - ping (line 198)
[INFO] [stdout]     src/lib.rs - run (line 328)
[INFO] [stdout] 
[INFO] [stdout] test result: FAILED. 0 passed; 4 failed; 0 ignored; 0 measured; 0 filtered out; finished in 0.16s
[INFO] [stdout] 
[INFO] [stderr] error: doctest failed, to rerun pass `--doc`
[INFO] running `Command { std: "docker" "inspect" "50ec309ab1c0eebf81192dba50de379179528b6d93e2ff5cbe51cc529024a93b", kill_on_drop: false }`
[INFO] running `Command { std: "docker" "rm" "-f" "50ec309ab1c0eebf81192dba50de379179528b6d93e2ff5cbe51cc529024a93b", kill_on_drop: false }`
[INFO] [stdout] 50ec309ab1c0eebf81192dba50de379179528b6d93e2ff5cbe51cc529024a93b
[INFO] testing rustyping-2.3.1 against beta-2023-12-22 for beta-1.76-1
[INFO] extracting crate rustyping 2.3.1 into /workspace/builds/worker-1-tc2/source
[INFO] validating manifest of crates.io crate rustyping 2.3.1 on toolchain beta-2023-12-22
[INFO] running `Command { std: CARGO_HOME="/workspace/cargo-home" RUSTUP_HOME="/workspace/rustup-home" "/workspace/cargo-home/bin/cargo" "+beta-2023-12-22" "metadata" "--manifest-path" "Cargo.toml" "--no-deps", kill_on_drop: false }`
[INFO] started tweaking crates.io crate rustyping 2.3.1
[INFO] finished tweaking crates.io crate rustyping 2.3.1
[INFO] tweaked toml for crates.io crate rustyping 2.3.1 written to /workspace/builds/worker-1-tc2/source/Cargo.toml
[INFO] crate crates.io crate rustyping 2.3.1 already has a lockfile, it will not be regenerated
[INFO] running `Command { std: CARGO_HOME="/workspace/cargo-home" RUSTUP_HOME="/workspace/rustup-home" "/workspace/cargo-home/bin/cargo" "+beta-2023-12-22" "fetch" "--manifest-path" "Cargo.toml", kill_on_drop: false }`
[INFO] running `Command { std: "docker" "create" "-v" "/var/lib/crater-agent-workspace/builds/worker-1-tc2/target:/opt/rustwide/target:rw,Z" "-v" "/var/lib/crater-agent-workspace/builds/worker-1-tc2/source:/opt/rustwide/workdir:ro,Z" "-v" "/var/lib/crater-agent-workspace/cargo-home:/opt/rustwide/cargo-home:ro,Z" "-v" "/var/lib/crater-agent-workspace/rustup-home:/opt/rustwide/rustup-home:ro,Z" "-e" "SOURCE_DIR=/opt/rustwide/workdir" "-e" "CARGO_TARGET_DIR=/opt/rustwide/target" "-e" "CARGO_HOME=/opt/rustwide/cargo-home" "-e" "RUSTUP_HOME=/opt/rustwide/rustup-home" "-w" "/opt/rustwide/workdir" "-m" "1610612736" "--user" "0:0" "--network" "none" "ghcr.io/rust-lang/crates-build-env/linux@sha256:2788e3201cd34a07e3172128adcd8b3090168a8e3bcc40d7c032b9dda1df7d1c" "/opt/rustwide/cargo-home/bin/cargo" "+beta-2023-12-22" "metadata" "--no-deps" "--format-version=1", kill_on_drop: false }`
[INFO] [stdout] a204fea1ee18b6a5131e5129fd5da5cc77cb7299ae4948f9f75113b528ab2d2b
[INFO] running `Command { std: "docker" "start" "-a" "a204fea1ee18b6a5131e5129fd5da5cc77cb7299ae4948f9f75113b528ab2d2b", kill_on_drop: false }`
[INFO] running `Command { std: "docker" "inspect" "a204fea1ee18b6a5131e5129fd5da5cc77cb7299ae4948f9f75113b528ab2d2b", kill_on_drop: false }`
[INFO] running `Command { std: "docker" "rm" "-f" "a204fea1ee18b6a5131e5129fd5da5cc77cb7299ae4948f9f75113b528ab2d2b", kill_on_drop: false }`
[INFO] [stdout] a204fea1ee18b6a5131e5129fd5da5cc77cb7299ae4948f9f75113b528ab2d2b
[INFO] running `Command { std: "docker" "create" "-v" "/var/lib/crater-agent-workspace/builds/worker-1-tc2/target:/opt/rustwide/target:rw,Z" "-v" "/var/lib/crater-agent-workspace/builds/worker-1-tc2/source:/opt/rustwide/workdir:ro,Z" "-v" "/var/lib/crater-agent-workspace/cargo-home:/opt/rustwide/cargo-home:ro,Z" "-v" "/var/lib/crater-agent-workspace/rustup-home:/opt/rustwide/rustup-home:ro,Z" "-e" "SOURCE_DIR=/opt/rustwide/workdir" "-e" "CARGO_TARGET_DIR=/opt/rustwide/target" "-e" "CARGO_INCREMENTAL=0" "-e" "RUST_BACKTRACE=full" "-e" "RUSTFLAGS=--cap-lints=warn" "-e" "RUSTDOCFLAGS=--cap-lints=warn" "-e" "CARGO_HOME=/opt/rustwide/cargo-home" "-e" "RUSTUP_HOME=/opt/rustwide/rustup-home" "-w" "/opt/rustwide/workdir" "-m" "1610612736" "--user" "0:0" "--network" "none" "ghcr.io/rust-lang/crates-build-env/linux@sha256:2788e3201cd34a07e3172128adcd8b3090168a8e3bcc40d7c032b9dda1df7d1c" "/opt/rustwide/cargo-home/bin/cargo" "+beta-2023-12-22" "build" "--frozen" "--message-format=json", kill_on_drop: false }`
[INFO] [stdout] 6caf277c0fee949620a5c5c6832b4c8aafdbb3e5ee9b41cb1397aeba2451c325
[INFO] running `Command { std: "docker" "start" "-a" "6caf277c0fee949620a5c5c6832b4c8aafdbb3e5ee9b41cb1397aeba2451c325", kill_on_drop: false }`
[INFO] [stderr]    Compiling libc v0.2.137
[INFO] [stderr]    Compiling proc-macro2 v1.0.47
[INFO] [stderr]    Compiling unicode-ident v1.0.5
[INFO] [stderr]    Compiling quote v1.0.21
[INFO] [stderr]    Compiling syn v1.0.103
[INFO] [stderr]    Compiling memchr v2.4.1
[INFO] [stderr]    Compiling no-std-net v0.6.0
[INFO] [stderr]    Compiling bitflags v1.2.1
[INFO] [stderr]    Compiling memoffset v0.6.5
[INFO] [stderr]    Compiling pnet_base v0.31.0
[INFO] [stderr]    Compiling proc-macro-error-attr v1.0.4
[INFO] [stderr]    Compiling serde v1.0.136
[INFO] [stderr]    Compiling regex-syntax v0.6.28
[INFO] [stderr]    Compiling proc-macro-error v1.0.4
[INFO] [stderr]    Compiling pnet_macros_support v0.31.0
[INFO] [stderr]    Compiling once_cell v1.16.0
[INFO] [stderr]    Compiling slog v2.7.0
[INFO] [stderr]    Compiling aho-corasick v0.7.18
[INFO] [stderr]    Compiling time-core v0.1.0
[INFO] [stderr]    Compiling time-macros v0.2.6
[INFO] [stderr]    Compiling ppv-lite86 v0.2.16
[INFO] [stderr]    Compiling pnet_sys v0.31.0
[INFO] [stderr]    Compiling dirs-sys-next v0.1.2
[INFO] [stderr]    Compiling getrandom v0.2.4
[INFO] [stderr]    Compiling atty v0.2.14
[INFO] [stderr]    Compiling heck v0.4.0
[INFO] [stderr]    Compiling dirs-next v2.0.0
[INFO] [stderr]    Compiling rand_core v0.6.3
[INFO] [stderr]    Compiling itoa v1.0.4
[INFO] [stderr]    Compiling pnet v0.31.0
[INFO] [stderr]    Compiling regex v1.7.0
[INFO] [stderr]    Compiling os_str_bytes v6.4.1
[INFO] [stderr]    Compiling num_threads v0.1.6
[INFO] [stderr]    Compiling rand_chacha v0.3.1
[INFO] [stderr]    Compiling clap_lex v0.3.0
[INFO] [stderr]    Compiling term v0.7.0
[INFO] [stderr]    Compiling time v0.3.17
[INFO] [stderr]    Compiling nix v0.23.1
[INFO] [stderr]    Compiling thread_local v1.1.4
[INFO] [stderr]    Compiling termcolor v1.1.3
[INFO] [stderr]    Compiling ipnetwork v0.19.0
[INFO] [stderr]    Compiling strsim v0.10.0
[INFO] [stderr]    Compiling pnet_datalink v0.31.0
[INFO] [stderr]    Compiling slog-term v2.9.0
[INFO] [stderr]    Compiling nix v0.25.0
[INFO] [stderr]    Compiling rand v0.8.5
[INFO] [stderr]    Compiling hsl v0.1.1
[INFO] [stderr]    Compiling ansi_term v0.12.1
[INFO] [stderr]    Compiling pnet_macros v0.31.0
[INFO] [stderr]    Compiling clap_derive v4.0.21
[INFO] [stderr]    Compiling pnet_packet v0.31.0
[INFO] [stderr]    Compiling ctrlc v3.2.1
[INFO] [stderr]    Compiling clap v4.0.26
[INFO] [stderr]    Compiling pnet_transport v0.31.0
[INFO] [stderr]    Compiling rustyping v2.3.1 (/opt/rustwide/workdir)
[INFO] [stderr]     Finished dev [unoptimized + debuginfo] target(s) in 11.57s
[INFO] running `Command { std: "docker" "inspect" "6caf277c0fee949620a5c5c6832b4c8aafdbb3e5ee9b41cb1397aeba2451c325", kill_on_drop: false }`
[INFO] running `Command { std: "docker" "rm" "-f" "6caf277c0fee949620a5c5c6832b4c8aafdbb3e5ee9b41cb1397aeba2451c325", kill_on_drop: false }`
[INFO] [stdout] 6caf277c0fee949620a5c5c6832b4c8aafdbb3e5ee9b41cb1397aeba2451c325
[INFO] running `Command { std: "docker" "create" "-v" "/var/lib/crater-agent-workspace/builds/worker-1-tc2/target:/opt/rustwide/target:rw,Z" "-v" "/var/lib/crater-agent-workspace/builds/worker-1-tc2/source:/opt/rustwide/workdir:ro,Z" "-v" "/var/lib/crater-agent-workspace/cargo-home:/opt/rustwide/cargo-home:ro,Z" "-v" "/var/lib/crater-agent-workspace/rustup-home:/opt/rustwide/rustup-home:ro,Z" "-e" "SOURCE_DIR=/opt/rustwide/workdir" "-e" "CARGO_TARGET_DIR=/opt/rustwide/target" "-e" "CARGO_INCREMENTAL=0" "-e" "RUST_BACKTRACE=full" "-e" "RUSTFLAGS=--cap-lints=warn" "-e" "RUSTDOCFLAGS=--cap-lints=warn" "-e" "CARGO_HOME=/opt/rustwide/cargo-home" "-e" "RUSTUP_HOME=/opt/rustwide/rustup-home" "-w" "/opt/rustwide/workdir" "-m" "1610612736" "--user" "0:0" "--network" "none" "ghcr.io/rust-lang/crates-build-env/linux@sha256:2788e3201cd34a07e3172128adcd8b3090168a8e3bcc40d7c032b9dda1df7d1c" "/opt/rustwide/cargo-home/bin/cargo" "+beta-2023-12-22" "test" "--frozen" "--no-run" "--message-format=json", kill_on_drop: false }`
[INFO] [stdout] 52ec25196b1ae2fc628c5da7e896e6f5acf879b57e132a0a8960f5959aa61246
[INFO] running `Command { std: "docker" "start" "-a" "52ec25196b1ae2fc628c5da7e896e6f5acf879b57e132a0a8960f5959aa61246", kill_on_drop: false }`
[INFO] [stderr]    Compiling rustyping v2.3.1 (/opt/rustwide/workdir)
[INFO] [stderr]     Finished test [unoptimized + debuginfo] target(s) in 0.43s
[INFO] running `Command { std: "docker" "inspect" "52ec25196b1ae2fc628c5da7e896e6f5acf879b57e132a0a8960f5959aa61246", kill_on_drop: false }`
[INFO] running `Command { std: "docker" "rm" "-f" "52ec25196b1ae2fc628c5da7e896e6f5acf879b57e132a0a8960f5959aa61246", kill_on_drop: false }`
[INFO] [stdout] 52ec25196b1ae2fc628c5da7e896e6f5acf879b57e132a0a8960f5959aa61246
[INFO] running `Command { std: "docker" "create" "-v" "/var/lib/crater-agent-workspace/builds/worker-1-tc2/target:/opt/rustwide/target:rw,Z" "-v" "/var/lib/crater-agent-workspace/builds/worker-1-tc2/source:/opt/rustwide/workdir:ro,Z" "-v" "/var/lib/crater-agent-workspace/cargo-home:/opt/rustwide/cargo-home:ro,Z" "-v" "/var/lib/crater-agent-workspace/rustup-home:/opt/rustwide/rustup-home:ro,Z" "-e" "SOURCE_DIR=/opt/rustwide/workdir" "-e" "CARGO_TARGET_DIR=/opt/rustwide/target" "-e" "CARGO_INCREMENTAL=0" "-e" "RUST_BACKTRACE=full" "-e" "RUSTFLAGS=--cap-lints=warn" "-e" "RUSTDOCFLAGS=--cap-lints=warn" "-e" "CARGO_HOME=/opt/rustwide/cargo-home" "-e" "RUSTUP_HOME=/opt/rustwide/rustup-home" "-w" "/opt/rustwide/workdir" "-m" "1610612736" "--user" "0:0" "--network" "none" "ghcr.io/rust-lang/crates-build-env/linux@sha256:2788e3201cd34a07e3172128adcd8b3090168a8e3bcc40d7c032b9dda1df7d1c" "/opt/rustwide/cargo-home/bin/cargo" "+beta-2023-12-22" "test" "--frozen", kill_on_drop: false }`
[INFO] [stdout] 304c46f241045447df65f0b817e3a7dbd97cbcfb3865f347a3119c84f653624c
[INFO] running `Command { std: "docker" "start" "-a" "304c46f241045447df65f0b817e3a7dbd97cbcfb3865f347a3119c84f653624c", kill_on_drop: false }`
[INFO] [stderr]     Finished test [unoptimized + debuginfo] target(s) in 0.03s
[INFO] [stderr]      Running unittests src/lib.rs (/opt/rustwide/target/debug/deps/rustyping-7d19fa5e1100fab4)
[INFO] [stdout] 
[INFO] [stdout] running 0 tests
[INFO] [stdout] 
[INFO] [stdout] test result: ok. 0 passed; 0 failed; 0 ignored; 0 measured; 0 filtered out; finished in 0.00s
[INFO] [stdout] 
[INFO] [stderr]      Running unittests src/main.rs (/opt/rustwide/target/debug/deps/rp-9fc4d2aed41090a7)
[INFO] [stdout] 
[INFO] [stdout] running 0 tests
[INFO] [stdout] 
[INFO] [stdout] test result: ok. 0 passed; 0 failed; 0 ignored; 0 measured; 0 filtered out; finished in 0.00s
[INFO] [stdout] 
[INFO] [stderr]    Doc-tests rustyping
[INFO] [stdout] 
[INFO] [stdout] running 4 tests
[INFO] [stdout] test src/lib.rs - run (line 328) ... FAILED
[INFO] [stdout] test src/lib.rs - Config::resolve_hostname (line 110) ... FAILED
[INFO] [stdout] test src/lib.rs - paint_rtt (line 149) ... FAILED
[INFO] [stdout] test src/lib.rs - ping (line 198) ... FAILED
[INFO] [stdout] 
[INFO] [stdout] failures:
[INFO] [stdout] 
[INFO] [stdout] ---- src/lib.rs - run (line 328) stdout ----
[INFO] [stdout] error: cannot find macro `o` in this scope
[INFO] [stdout]  --> src/lib.rs:333:35
[INFO] [stdout]   |
[INFO] [stdout] 7 |         slog::Logger::root(drain, o!())
[INFO] [stdout]   |                                   ^
[INFO] [stdout]   |
[INFO] [stdout] help: consider importing this macro
[INFO] [stdout]   |
[INFO] [stdout] 2 + use slog::o;
[INFO] [stdout]   |
[INFO] [stdout] 
[INFO] [stdout] error[E0425]: cannot find function `run` in this scope
[INFO] [stdout]  --> src/lib.rs:329:1
[INFO] [stdout]   |
[INFO] [stdout] 3 | run(Config::new(
[INFO] [stdout]   | ^^^ not found in this scope
[INFO] [stdout]   |
[INFO] [stdout] help: consider importing this function
[INFO] [stdout]   |
[INFO] [stdout] 2 + use rustyping::run;
[INFO] [stdout]   |
[INFO] [stdout] 
[INFO] [stdout] error[E0433]: failed to resolve: use of undeclared type `Config`
[INFO] [stdout]  --> src/lib.rs:329:5
[INFO] [stdout]   |
[INFO] [stdout] 3 | run(Config::new(
[INFO] [stdout]   |     ^^^^^^ use of undeclared type `Config`
[INFO] [stdout]   |
[INFO] [stdout] help: consider importing one of these items
[INFO] [stdout]   |
[INFO] [stdout] 2 + use pnet_transport::Config;
[INFO] [stdout]   |
[INFO] [stdout] 2 + use rustyping::Config;
[INFO] [stdout]   |
[INFO] [stdout] 
[INFO] [stdout] error[E0433]: failed to resolve: use of undeclared type `Mutex`
[INFO] [stdout]  --> src/lib.rs:332:21
[INFO] [stdout]   |
[INFO] [stdout] 6 |         let drain = Mutex::new(slog_term::FullFormat::new(decorator).build()).fuse();
[INFO] [stdout]   |                     ^^^^^ use of undeclared type `Mutex`
[INFO] [stdout]   |
[INFO] [stdout] help: consider importing this struct
[INFO] [stdout]   |
[INFO] [stdout] 2 + use std::sync::Mutex;
[INFO] [stdout]   |
[INFO] [stdout] 
[INFO] [stdout] error: aborting due to 4 previous errors
[INFO] [stdout] 
[INFO] [stdout] Some errors have detailed explanations: E0425, E0433.
[INFO] [stdout] For more information about an error, try `rustc --explain E0425`.
[INFO] [stdout] Couldn't compile the test.
[INFO] [stdout] ---- src/lib.rs - Config::resolve_hostname (line 110) stdout ----
[INFO] [stdout] error[E0425]: cannot find function `resolve_hostname` in this scope
[INFO] [stdout]  --> src/lib.rs:111:10
[INFO] [stdout]   |
[INFO] [stdout] 3 | let ip = resolve_hostname("evnk.io")?;
[INFO] [stdout]   |          ^^^^^^^^^^^^^^^^ not found in this scope
[INFO] [stdout] 
[INFO] [stdout] error: aborting due to 1 previous error
[INFO] [stdout] 
[INFO] [stdout] For more information about this error, try `rustc --explain E0425`.
[INFO] [stdout] Couldn't compile the test.
[INFO] [stdout] ---- src/lib.rs - paint_rtt (line 149) stdout ----
[INFO] [stdout] error[E0425]: cannot find function `paint_rtt` in this scope
[INFO] [stdout]  --> src/lib.rs:150:1
[INFO] [stdout]   |
[INFO] [stdout] 3 | paint_rtt(30_u128)
[INFO] [stdout]   | ^^^^^^^^^ not found in this scope
[INFO] [stdout] 
[INFO] [stdout] error: aborting due to 1 previous error
[INFO] [stdout] 
[INFO] [stdout] For more information about this error, try `rustc --explain E0425`.
[INFO] [stdout] Couldn't compile the test.
[INFO] [stdout] ---- src/lib.rs - ping (line 198) stdout ----
[INFO] [stdout] error[E0433]: failed to resolve: use of undeclared crate or module `time`
[INFO] [stdout]  --> src/lib.rs:201:5
[INFO] [stdout]   |
[INFO] [stdout] 5 |     time::Duration::new(1, 0),
[INFO] [stdout]   |     ^^^^ use of undeclared crate or module `time`
[INFO] [stdout]   |
[INFO] [stdout] help: consider importing one of these items
[INFO] [stdout]   |
[INFO] [stdout] 2 + use core::time::Duration;
[INFO] [stdout]   |
[INFO] [stdout] 2 + use std::time::Duration;
[INFO] [stdout]   |
[INFO] [stdout] help: if you import `Duration`, refer to it directly
[INFO] [stdout]   |
[INFO] [stdout] 5 -     time::Duration::new(1, 0),
[INFO] [stdout] 5 +     Duration::new(1, 0),
[INFO] [stdout]   |
[INFO] [stdout] 
[INFO] [stdout] error[E0425]: cannot find function `random` in this scope
[INFO] [stdout]  --> src/lib.rs:204:5
[INFO] [stdout]   |
[INFO] [stdout] 8 |     random::<u16>(),
[INFO] [stdout]   |     ^^^^^^ not found in this scope
[INFO] [stdout]   |
[INFO] [stdout] help: consider importing this function
[INFO] [stdout]   |
[INFO] [stdout] 2 + use rand::random;
[INFO] [stdout]   |
[INFO] [stdout] 
[INFO] [stdout] error[E0425]: cannot find function `ping` in this scope
[INFO] [stdout]  --> src/lib.rs:199:1
[INFO] [stdout]   |
[INFO] [stdout] 3 | ping(
[INFO] [stdout]   | ^^^^ not found in this scope
[INFO] [stdout] 
[INFO] [stdout] error: aborting due to 3 previous errors
[INFO] [stdout] 
[INFO] [stdout] Some errors have detailed explanations: E0425, E0433.
[INFO] [stdout] For more information about an error, try `rustc --explain E0425`.
[INFO] [stdout] Couldn't compile the test.
[INFO] [stdout] 
[INFO] [stdout] failures:
[INFO] [stdout]     src/lib.rs - Config::resolve_hostname (line 110)
[INFO] [stdout]     src/lib.rs - paint_rtt (line 149)
[INFO] [stdout]     src/lib.rs - ping (line 198)
[INFO] [stdout]     src/lib.rs - run (line 328)
[INFO] [stdout] 
[INFO] [stdout] test result: FAILED. 0 passed; 4 failed; 0 ignored; 0 measured; 0 filtered out; finished in 0.08s
[INFO] [stdout] 
[INFO] [stderr] error: doctest failed, to rerun pass `--doc`
[INFO] running `Command { std: "docker" "inspect" "304c46f241045447df65f0b817e3a7dbd97cbcfb3865f347a3119c84f653624c", kill_on_drop: false }`
[INFO] running `Command { std: "docker" "rm" "-f" "304c46f241045447df65f0b817e3a7dbd97cbcfb3865f347a3119c84f653624c", kill_on_drop: false }`
[INFO] [stdout] 304c46f241045447df65f0b817e3a7dbd97cbcfb3865f347a3119c84f653624c
