[INFO] fetching crate rusty_password 0.1.2...
[INFO] testing rusty_password-0.1.2 against 1.75.0 for beta-1.76-1
[INFO] extracting crate rusty_password 0.1.2 into /workspace/builds/worker-4-tc1/source
[INFO] validating manifest of crates.io crate rusty_password 0.1.2 on toolchain 1.75.0
[INFO] running `Command { std: CARGO_HOME="/workspace/cargo-home" RUSTUP_HOME="/workspace/rustup-home" "/workspace/cargo-home/bin/cargo" "+1.75.0" "metadata" "--manifest-path" "Cargo.toml" "--no-deps", kill_on_drop: false }`
[INFO] started tweaking crates.io crate rusty_password 0.1.2
[INFO] finished tweaking crates.io crate rusty_password 0.1.2
[INFO] tweaked toml for crates.io crate rusty_password 0.1.2 written to /workspace/builds/worker-4-tc1/source/Cargo.toml
[INFO] running `Command { std: CARGO_HOME="/workspace/cargo-home" RUSTUP_HOME="/workspace/rustup-home" "/workspace/cargo-home/bin/cargo" "+1.75.0" "generate-lockfile" "--manifest-path" "Cargo.toml", kill_on_drop: false }`
[INFO] [stderr]     Updating crates.io index
[INFO] running `Command { std: CARGO_HOME="/workspace/cargo-home" RUSTUP_HOME="/workspace/rustup-home" "/workspace/cargo-home/bin/cargo" "+1.75.0" "fetch" "--manifest-path" "Cargo.toml", kill_on_drop: false }`
[INFO] [stderr]  Downloading crates ...
[INFO] [stderr]   Downloaded bcrypt v0.12.1
[INFO] running `Command { std: "docker" "create" "-v" "/var/lib/crater-agent-workspace/builds/worker-4-tc1/target:/opt/rustwide/target:rw,Z" "-v" "/var/lib/crater-agent-workspace/builds/worker-4-tc1/source:/opt/rustwide/workdir:ro,Z" "-v" "/var/lib/crater-agent-workspace/cargo-home:/opt/rustwide/cargo-home:ro,Z" "-v" "/var/lib/crater-agent-workspace/rustup-home:/opt/rustwide/rustup-home:ro,Z" "-e" "SOURCE_DIR=/opt/rustwide/workdir" "-e" "CARGO_TARGET_DIR=/opt/rustwide/target" "-e" "CARGO_HOME=/opt/rustwide/cargo-home" "-e" "RUSTUP_HOME=/opt/rustwide/rustup-home" "-w" "/opt/rustwide/workdir" "-m" "1610612736" "--user" "0:0" "--network" "none" "ghcr.io/rust-lang/crates-build-env/linux@sha256:2788e3201cd34a07e3172128adcd8b3090168a8e3bcc40d7c032b9dda1df7d1c" "/opt/rustwide/cargo-home/bin/cargo" "+1.75.0" "metadata" "--no-deps" "--format-version=1", kill_on_drop: false }`
[INFO] [stdout] 78bb9df9de06a6fbf0af2267d5403d279c19e85d005e53ecfa09edf6cea6bbdf
[INFO] running `Command { std: "docker" "start" "-a" "78bb9df9de06a6fbf0af2267d5403d279c19e85d005e53ecfa09edf6cea6bbdf", kill_on_drop: false }`
[INFO] running `Command { std: "docker" "inspect" "78bb9df9de06a6fbf0af2267d5403d279c19e85d005e53ecfa09edf6cea6bbdf", kill_on_drop: false }`
[INFO] running `Command { std: "docker" "rm" "-f" "78bb9df9de06a6fbf0af2267d5403d279c19e85d005e53ecfa09edf6cea6bbdf", kill_on_drop: false }`
[INFO] [stdout] 78bb9df9de06a6fbf0af2267d5403d279c19e85d005e53ecfa09edf6cea6bbdf
[INFO] running `Command { std: "docker" "create" "-v" "/var/lib/crater-agent-workspace/builds/worker-4-tc1/target:/opt/rustwide/target:rw,Z" "-v" "/var/lib/crater-agent-workspace/builds/worker-4-tc1/source:/opt/rustwide/workdir:ro,Z" "-v" "/var/lib/crater-agent-workspace/cargo-home:/opt/rustwide/cargo-home:ro,Z" "-v" "/var/lib/crater-agent-workspace/rustup-home:/opt/rustwide/rustup-home:ro,Z" "-e" "SOURCE_DIR=/opt/rustwide/workdir" "-e" "CARGO_TARGET_DIR=/opt/rustwide/target" "-e" "CARGO_INCREMENTAL=0" "-e" "RUST_BACKTRACE=full" "-e" "RUSTFLAGS=--cap-lints=warn" "-e" "RUSTDOCFLAGS=--cap-lints=warn" "-e" "CARGO_HOME=/opt/rustwide/cargo-home" "-e" "RUSTUP_HOME=/opt/rustwide/rustup-home" "-w" "/opt/rustwide/workdir" "-m" "1610612736" "--user" "0:0" "--network" "none" "ghcr.io/rust-lang/crates-build-env/linux@sha256:2788e3201cd34a07e3172128adcd8b3090168a8e3bcc40d7c032b9dda1df7d1c" "/opt/rustwide/cargo-home/bin/cargo" "+1.75.0" "build" "--frozen" "--message-format=json", kill_on_drop: false }`
[INFO] [stdout] 3b366d0da3cd9f9e8b7f9fee699cb8f93bc4fb31d0e45acb620d15929e6078cf
[INFO] running `Command { std: "docker" "start" "-a" "3b366d0da3cd9f9e8b7f9fee699cb8f93bc4fb31d0e45acb620d15929e6078cf", kill_on_drop: false }`
[INFO] [stderr]    Compiling byteorder v1.5.0
[INFO] [stderr]    Compiling byte-tools v0.3.1
[INFO] [stderr]    Compiling libc v0.2.151
[INFO] [stderr]    Compiling subtle v1.0.0
[INFO] [stderr]    Compiling fake-simd v0.1.2
[INFO] [stderr]    Compiling base64 v0.13.1
[INFO] [stderr]    Compiling opaque-debug v0.2.3
[INFO] [stderr]    Compiling generic-array v0.12.4
[INFO] [stderr]    Compiling generic-array v0.14.7
[INFO] [stderr]    Compiling block-padding v0.1.5
[INFO] [stderr]    Compiling digest v0.8.1
[INFO] [stderr]    Compiling crypto-mac v0.7.0
[INFO] [stderr]    Compiling block-buffer v0.7.3
[INFO] [stderr]    Compiling hmac v0.7.1
[INFO] [stderr]    Compiling sha2 v0.8.2
[INFO] [stderr]    Compiling inout v0.1.3
[INFO] [stderr]    Compiling crypto-common v0.1.6
[INFO] [stderr]    Compiling getrandom v0.2.11
[INFO] [stderr]    Compiling cipher v0.4.4
[INFO] [stderr]    Compiling blowfish v0.9.1
[INFO] [stderr]    Compiling bcrypt v0.12.1
[INFO] [stderr]    Compiling rusty_password v0.1.2 (/opt/rustwide/workdir)
[INFO] [stderr]     Finished dev [unoptimized + debuginfo] target(s) in 0.75s
[INFO] running `Command { std: "docker" "inspect" "3b366d0da3cd9f9e8b7f9fee699cb8f93bc4fb31d0e45acb620d15929e6078cf", kill_on_drop: false }`
[INFO] running `Command { std: "docker" "rm" "-f" "3b366d0da3cd9f9e8b7f9fee699cb8f93bc4fb31d0e45acb620d15929e6078cf", kill_on_drop: false }`
[INFO] [stdout] 3b366d0da3cd9f9e8b7f9fee699cb8f93bc4fb31d0e45acb620d15929e6078cf
[INFO] running `Command { std: "docker" "create" "-v" "/var/lib/crater-agent-workspace/builds/worker-4-tc1/target:/opt/rustwide/target:rw,Z" "-v" "/var/lib/crater-agent-workspace/builds/worker-4-tc1/source:/opt/rustwide/workdir:ro,Z" "-v" "/var/lib/crater-agent-workspace/cargo-home:/opt/rustwide/cargo-home:ro,Z" "-v" "/var/lib/crater-agent-workspace/rustup-home:/opt/rustwide/rustup-home:ro,Z" "-e" "SOURCE_DIR=/opt/rustwide/workdir" "-e" "CARGO_TARGET_DIR=/opt/rustwide/target" "-e" "CARGO_INCREMENTAL=0" "-e" "RUST_BACKTRACE=full" "-e" "RUSTFLAGS=--cap-lints=warn" "-e" "RUSTDOCFLAGS=--cap-lints=warn" "-e" "CARGO_HOME=/opt/rustwide/cargo-home" "-e" "RUSTUP_HOME=/opt/rustwide/rustup-home" "-w" "/opt/rustwide/workdir" "-m" "1610612736" "--user" "0:0" "--network" "none" "ghcr.io/rust-lang/crates-build-env/linux@sha256:2788e3201cd34a07e3172128adcd8b3090168a8e3bcc40d7c032b9dda1df7d1c" "/opt/rustwide/cargo-home/bin/cargo" "+1.75.0" "test" "--frozen" "--no-run" "--message-format=json", kill_on_drop: false }`
[INFO] [stdout] de95f2baf3a428efbad407a160d8e997aa1bc446be53f3d7af614e5af1df25ba
[INFO] running `Command { std: "docker" "start" "-a" "de95f2baf3a428efbad407a160d8e997aa1bc446be53f3d7af614e5af1df25ba", kill_on_drop: false }`
[INFO] [stderr]    Compiling rusty_password v0.1.2 (/opt/rustwide/workdir)
[INFO] [stderr]     Finished test [unoptimized + debuginfo] target(s) in 0.36s
[INFO] running `Command { std: "docker" "inspect" "de95f2baf3a428efbad407a160d8e997aa1bc446be53f3d7af614e5af1df25ba", kill_on_drop: false }`
[INFO] running `Command { std: "docker" "rm" "-f" "de95f2baf3a428efbad407a160d8e997aa1bc446be53f3d7af614e5af1df25ba", kill_on_drop: false }`
[INFO] [stdout] de95f2baf3a428efbad407a160d8e997aa1bc446be53f3d7af614e5af1df25ba
[INFO] running `Command { std: "docker" "create" "-v" "/var/lib/crater-agent-workspace/builds/worker-4-tc1/target:/opt/rustwide/target:rw,Z" "-v" "/var/lib/crater-agent-workspace/builds/worker-4-tc1/source:/opt/rustwide/workdir:ro,Z" "-v" "/var/lib/crater-agent-workspace/cargo-home:/opt/rustwide/cargo-home:ro,Z" "-v" "/var/lib/crater-agent-workspace/rustup-home:/opt/rustwide/rustup-home:ro,Z" "-e" "SOURCE_DIR=/opt/rustwide/workdir" "-e" "CARGO_TARGET_DIR=/opt/rustwide/target" "-e" "CARGO_INCREMENTAL=0" "-e" "RUST_BACKTRACE=full" "-e" "RUSTFLAGS=--cap-lints=warn" "-e" "RUSTDOCFLAGS=--cap-lints=warn" "-e" "CARGO_HOME=/opt/rustwide/cargo-home" "-e" "RUSTUP_HOME=/opt/rustwide/rustup-home" "-w" "/opt/rustwide/workdir" "-m" "1610612736" "--user" "0:0" "--network" "none" "ghcr.io/rust-lang/crates-build-env/linux@sha256:2788e3201cd34a07e3172128adcd8b3090168a8e3bcc40d7c032b9dda1df7d1c" "/opt/rustwide/cargo-home/bin/cargo" "+1.75.0" "test" "--frozen", kill_on_drop: false }`
[INFO] [stdout] e829dd91cb02ba9b213b03a5d3db9d57d2675c35f42d2739028296618454e844
[INFO] running `Command { std: "docker" "start" "-a" "e829dd91cb02ba9b213b03a5d3db9d57d2675c35f42d2739028296618454e844", kill_on_drop: false }`
[INFO] [stderr]     Finished test [unoptimized + debuginfo] target(s) in 0.01s
[INFO] [stderr]      Running unittests src/lib.rs (/opt/rustwide/target/debug/deps/rusty_password-59862e9d8a795185)
[INFO] [stdout] 
[INFO] [stdout] running 4 tests
[INFO] [stdout] test bcrypt::tests::test_invalid_hash ... ok
[INFO] [stdout] test bcrypt::tests::test_invalid_cost ... ok
[INFO] [stdout] test bcrypt::tests::test_verify_correct ... ok
[INFO] [stdout] test bcrypt::tests::test_verify_incorrect ... ok
[INFO] [stdout] 
[INFO] [stdout] test result: ok. 4 passed; 0 failed; 0 ignored; 0 measured; 0 filtered out; finished in 0.01s
[INFO] [stdout] 
[INFO] [stderr]    Doc-tests rusty_password
[INFO] [stdout] 
[INFO] [stdout] running 2 tests
[INFO] [stdout] test src/bcrypt.rs - bcrypt::verify_password (line 68) ... FAILED
[INFO] [stdout] test src/bcrypt.rs - bcrypt::hash_password (line 37) ... FAILED
[INFO] [stdout] 
[INFO] [stdout] failures:
[INFO] [stdout] 
[INFO] [stdout] ---- src/bcrypt.rs - bcrypt::verify_password (line 68) stdout ----
[INFO] [stdout] error[E0433]: failed to resolve: maybe a missing crate `easy_password`?
[INFO] [stdout]  --> src/bcrypt.rs:69:5
[INFO] [stdout]   |
[INFO] [stdout] 3 | use easy_password::bcrypt::{hash_password, verify_password};
[INFO] [stdout]   |     ^^^^^^^^^^^^^ maybe a missing crate `easy_password`?
[INFO] [stdout]   |
[INFO] [stdout]   = help: consider adding `extern crate easy_password` to use the `easy_password` crate
[INFO] [stdout] 
[INFO] [stdout] error: aborting due to previous error
[INFO] [stdout] 
[INFO] [stdout] For more information about this error, try `rustc --explain E0433`.
[INFO] [stdout] Couldn't compile the test.
[INFO] [stdout] ---- src/bcrypt.rs - bcrypt::hash_password (line 37) stdout ----
[INFO] [stdout] error[E0433]: failed to resolve: maybe a missing crate `easy_password`?
[INFO] [stdout]  --> src/bcrypt.rs:38:5
[INFO] [stdout]   |
[INFO] [stdout] 3 | use easy_password::bcrypt::hash_password;
[INFO] [stdout]   |     ^^^^^^^^^^^^^ maybe a missing crate `easy_password`?
[INFO] [stdout]   |
[INFO] [stdout]   = help: consider adding `extern crate easy_password` to use the `easy_password` crate
[INFO] [stdout] 
[INFO] [stdout] error: aborting due to previous error
[INFO] [stdout] 
[INFO] [stdout] For more information about this error, try `rustc --explain E0433`.
[INFO] [stdout] Couldn't compile the test.
[INFO] [stdout] 
[INFO] [stdout] failures:
[INFO] [stdout]     src/bcrypt.rs - bcrypt::hash_password (line 37)
[INFO] [stdout]     src/bcrypt.rs - bcrypt::verify_password (line 68)
[INFO] [stdout] 
[INFO] [stdout] test result: FAILED. 0 passed; 2 failed; 0 ignored; 0 measured; 0 filtered out; finished in 0.03s
[INFO] [stdout] 
[INFO] [stderr] error: doctest failed, to rerun pass `--doc`
[INFO] running `Command { std: "docker" "inspect" "e829dd91cb02ba9b213b03a5d3db9d57d2675c35f42d2739028296618454e844", kill_on_drop: false }`
[INFO] running `Command { std: "docker" "rm" "-f" "e829dd91cb02ba9b213b03a5d3db9d57d2675c35f42d2739028296618454e844", kill_on_drop: false }`
[INFO] [stdout] e829dd91cb02ba9b213b03a5d3db9d57d2675c35f42d2739028296618454e844
