[INFO] fetching crate rusty_hyrule_compendium 0.1.3...
[INFO] testing rusty_hyrule_compendium-0.1.3 against 1.75.0 for beta-1.76-1
[INFO] extracting crate rusty_hyrule_compendium 0.1.3 into /workspace/builds/worker-2-tc1/source
[INFO] validating manifest of crates.io crate rusty_hyrule_compendium 0.1.3 on toolchain 1.75.0
[INFO] running `Command { std: CARGO_HOME="/workspace/cargo-home" RUSTUP_HOME="/workspace/rustup-home" "/workspace/cargo-home/bin/cargo" "+1.75.0" "metadata" "--manifest-path" "Cargo.toml" "--no-deps", kill_on_drop: false }`
[INFO] started tweaking crates.io crate rusty_hyrule_compendium 0.1.3
[INFO] finished tweaking crates.io crate rusty_hyrule_compendium 0.1.3
[INFO] tweaked toml for crates.io crate rusty_hyrule_compendium 0.1.3 written to /workspace/builds/worker-2-tc1/source/Cargo.toml
[INFO] running `Command { std: CARGO_HOME="/workspace/cargo-home" RUSTUP_HOME="/workspace/rustup-home" "/workspace/cargo-home/bin/cargo" "+1.75.0" "generate-lockfile" "--manifest-path" "Cargo.toml", kill_on_drop: false }`
[INFO] [stderr]     Updating crates.io index
[INFO] running `Command { std: CARGO_HOME="/workspace/cargo-home" RUSTUP_HOME="/workspace/rustup-home" "/workspace/cargo-home/bin/cargo" "+1.75.0" "fetch" "--manifest-path" "Cargo.toml", kill_on_drop: false }`
[INFO] [stderr]  Downloading crates ...
[INFO] [stderr]   Downloaded mockito v0.31.1
[INFO] running `Command { std: "docker" "create" "-v" "/var/lib/crater-agent-workspace/builds/worker-2-tc1/target:/opt/rustwide/target:rw,Z" "-v" "/var/lib/crater-agent-workspace/builds/worker-2-tc1/source:/opt/rustwide/workdir:ro,Z" "-v" "/var/lib/crater-agent-workspace/cargo-home:/opt/rustwide/cargo-home:ro,Z" "-v" "/var/lib/crater-agent-workspace/rustup-home:/opt/rustwide/rustup-home:ro,Z" "-e" "SOURCE_DIR=/opt/rustwide/workdir" "-e" "CARGO_TARGET_DIR=/opt/rustwide/target" "-e" "CARGO_HOME=/opt/rustwide/cargo-home" "-e" "RUSTUP_HOME=/opt/rustwide/rustup-home" "-w" "/opt/rustwide/workdir" "-m" "1610612736" "--user" "0:0" "--network" "none" "ghcr.io/rust-lang/crates-build-env/linux@sha256:2788e3201cd34a07e3172128adcd8b3090168a8e3bcc40d7c032b9dda1df7d1c" "/opt/rustwide/cargo-home/bin/cargo" "+1.75.0" "metadata" "--no-deps" "--format-version=1", kill_on_drop: false }`
[INFO] [stdout] e9ae13a876c97cf7acea98041cc2d7114e3cf9721b64cce2f83c3379168d5277
[INFO] running `Command { std: "docker" "start" "-a" "e9ae13a876c97cf7acea98041cc2d7114e3cf9721b64cce2f83c3379168d5277", kill_on_drop: false }`
[INFO] running `Command { std: "docker" "inspect" "e9ae13a876c97cf7acea98041cc2d7114e3cf9721b64cce2f83c3379168d5277", kill_on_drop: false }`
[INFO] running `Command { std: "docker" "rm" "-f" "e9ae13a876c97cf7acea98041cc2d7114e3cf9721b64cce2f83c3379168d5277", kill_on_drop: false }`
[INFO] [stdout] e9ae13a876c97cf7acea98041cc2d7114e3cf9721b64cce2f83c3379168d5277
[INFO] running `Command { std: "docker" "create" "-v" "/var/lib/crater-agent-workspace/builds/worker-2-tc1/target:/opt/rustwide/target:rw,Z" "-v" "/var/lib/crater-agent-workspace/builds/worker-2-tc1/source:/opt/rustwide/workdir:ro,Z" "-v" "/var/lib/crater-agent-workspace/cargo-home:/opt/rustwide/cargo-home:ro,Z" "-v" "/var/lib/crater-agent-workspace/rustup-home:/opt/rustwide/rustup-home:ro,Z" "-e" "SOURCE_DIR=/opt/rustwide/workdir" "-e" "CARGO_TARGET_DIR=/opt/rustwide/target" "-e" "CARGO_INCREMENTAL=0" "-e" "RUST_BACKTRACE=full" "-e" "RUSTFLAGS=--cap-lints=warn" "-e" "RUSTDOCFLAGS=--cap-lints=warn" "-e" "CARGO_HOME=/opt/rustwide/cargo-home" "-e" "RUSTUP_HOME=/opt/rustwide/rustup-home" "-w" "/opt/rustwide/workdir" "-m" "1610612736" "--user" "0:0" "--network" "none" "ghcr.io/rust-lang/crates-build-env/linux@sha256:2788e3201cd34a07e3172128adcd8b3090168a8e3bcc40d7c032b9dda1df7d1c" "/opt/rustwide/cargo-home/bin/cargo" "+1.75.0" "build" "--frozen" "--message-format=json", kill_on_drop: false }`
[INFO] [stdout] cbf222b29d9dd0e7cf9a2819a2ceecce75f5460586401cdc75a1e73058d876ee
[INFO] running `Command { std: "docker" "start" "-a" "cbf222b29d9dd0e7cf9a2819a2ceecce75f5460586401cdc75a1e73058d876ee", kill_on_drop: false }`
[INFO] [stderr]    Compiling futures-io v0.3.30
[INFO] [stderr]    Compiling tracing v0.1.40
[INFO] [stderr]    Compiling futures-task v0.3.30
[INFO] [stderr]    Compiling num_cpus v1.16.0
[INFO] [stderr]    Compiling openssl-macros v0.1.1
[INFO] [stderr]    Compiling serde_derive v1.0.194
[INFO] [stderr]    Compiling futures-util v0.3.30
[INFO] [stderr]    Compiling tokio v1.35.1
[INFO] [stderr]    Compiling openssl v0.10.62
[INFO] [stderr]    Compiling serde v1.0.194
[INFO] [stderr]    Compiling tokio-util v0.7.10
[INFO] [stderr]    Compiling native-tls v0.2.11
[INFO] [stderr]    Compiling tokio-native-tls v0.3.1
[INFO] [stderr]    Compiling h2 v0.3.22
[INFO] [stderr]    Compiling serde_urlencoded v0.7.1
[INFO] [stderr]    Compiling serde_json v1.0.111
[INFO] [stderr]    Compiling hyper v0.14.28
[INFO] [stderr]    Compiling hyper-tls v0.5.0
[INFO] [stderr]    Compiling reqwest v0.11.23
[INFO] [stderr]    Compiling rusty_hyrule_compendium v0.1.3 (/opt/rustwide/workdir)
[INFO] [stderr]     Finished dev [unoptimized + debuginfo] target(s) in 8.64s
[INFO] running `Command { std: "docker" "inspect" "cbf222b29d9dd0e7cf9a2819a2ceecce75f5460586401cdc75a1e73058d876ee", kill_on_drop: false }`
[INFO] running `Command { std: "docker" "rm" "-f" "cbf222b29d9dd0e7cf9a2819a2ceecce75f5460586401cdc75a1e73058d876ee", kill_on_drop: false }`
[INFO] [stdout] cbf222b29d9dd0e7cf9a2819a2ceecce75f5460586401cdc75a1e73058d876ee
[INFO] running `Command { std: "docker" "create" "-v" "/var/lib/crater-agent-workspace/builds/worker-2-tc1/target:/opt/rustwide/target:rw,Z" "-v" "/var/lib/crater-agent-workspace/builds/worker-2-tc1/source:/opt/rustwide/workdir:ro,Z" "-v" "/var/lib/crater-agent-workspace/cargo-home:/opt/rustwide/cargo-home:ro,Z" "-v" "/var/lib/crater-agent-workspace/rustup-home:/opt/rustwide/rustup-home:ro,Z" "-e" "SOURCE_DIR=/opt/rustwide/workdir" "-e" "CARGO_TARGET_DIR=/opt/rustwide/target" "-e" "CARGO_INCREMENTAL=0" "-e" "RUST_BACKTRACE=full" "-e" "RUSTFLAGS=--cap-lints=warn" "-e" "RUSTDOCFLAGS=--cap-lints=warn" "-e" "CARGO_HOME=/opt/rustwide/cargo-home" "-e" "RUSTUP_HOME=/opt/rustwide/rustup-home" "-w" "/opt/rustwide/workdir" "-m" "1610612736" "--user" "0:0" "--network" "none" "ghcr.io/rust-lang/crates-build-env/linux@sha256:2788e3201cd34a07e3172128adcd8b3090168a8e3bcc40d7c032b9dda1df7d1c" "/opt/rustwide/cargo-home/bin/cargo" "+1.75.0" "test" "--frozen" "--no-run" "--message-format=json", kill_on_drop: false }`
[INFO] [stdout] 9a3a3ddef2174b37a93da785010488577c44df4b18167419d3a7e4b2b4f7414b
[INFO] running `Command { std: "docker" "start" "-a" "9a3a3ddef2174b37a93da785010488577c44df4b18167419d3a7e4b2b4f7414b", kill_on_drop: false }`
[INFO] [stderr]    Compiling getrandom v0.2.11
[INFO] [stderr]    Compiling colored v2.1.0
[INFO] [stderr]    Compiling similar v2.4.0
[INFO] [stderr]    Compiling assert-json-diff v2.0.2
[INFO] [stderr]    Compiling rand_core v0.6.4
[INFO] [stderr]    Compiling rand_chacha v0.3.1
[INFO] [stderr]    Compiling rand v0.8.5
[INFO] [stderr]    Compiling mockito v0.31.1
[INFO] [stderr]    Compiling rusty_hyrule_compendium v0.1.3 (/opt/rustwide/workdir)
[INFO] [stderr]     Finished test [unoptimized + debuginfo] target(s) in 4.46s
[INFO] running `Command { std: "docker" "inspect" "9a3a3ddef2174b37a93da785010488577c44df4b18167419d3a7e4b2b4f7414b", kill_on_drop: false }`
[INFO] running `Command { std: "docker" "rm" "-f" "9a3a3ddef2174b37a93da785010488577c44df4b18167419d3a7e4b2b4f7414b", kill_on_drop: false }`
[INFO] [stdout] 9a3a3ddef2174b37a93da785010488577c44df4b18167419d3a7e4b2b4f7414b
[INFO] running `Command { std: "docker" "create" "-v" "/var/lib/crater-agent-workspace/builds/worker-2-tc1/target:/opt/rustwide/target:rw,Z" "-v" "/var/lib/crater-agent-workspace/builds/worker-2-tc1/source:/opt/rustwide/workdir:ro,Z" "-v" "/var/lib/crater-agent-workspace/cargo-home:/opt/rustwide/cargo-home:ro,Z" "-v" "/var/lib/crater-agent-workspace/rustup-home:/opt/rustwide/rustup-home:ro,Z" "-e" "SOURCE_DIR=/opt/rustwide/workdir" "-e" "CARGO_TARGET_DIR=/opt/rustwide/target" "-e" "CARGO_INCREMENTAL=0" "-e" "RUST_BACKTRACE=full" "-e" "RUSTFLAGS=--cap-lints=warn" "-e" "RUSTDOCFLAGS=--cap-lints=warn" "-e" "CARGO_HOME=/opt/rustwide/cargo-home" "-e" "RUSTUP_HOME=/opt/rustwide/rustup-home" "-w" "/opt/rustwide/workdir" "-m" "1610612736" "--user" "0:0" "--network" "none" "ghcr.io/rust-lang/crates-build-env/linux@sha256:2788e3201cd34a07e3172128adcd8b3090168a8e3bcc40d7c032b9dda1df7d1c" "/opt/rustwide/cargo-home/bin/cargo" "+1.75.0" "test" "--frozen", kill_on_drop: false }`
[INFO] [stdout] bf76c615aaf6ee7c298cbaa8e1c781897820af006ce10d217a1c67729789b879
[INFO] running `Command { std: "docker" "start" "-a" "bf76c615aaf6ee7c298cbaa8e1c781897820af006ce10d217a1c67729789b879", kill_on_drop: false }`
[INFO] [stderr]     Finished test [unoptimized + debuginfo] target(s) in 0.07s
[INFO] [stderr]      Running unittests src/lib.rs (/opt/rustwide/target/debug/deps/rusty_hyrule_compendium-2788f9d051f11601)
[INFO] [stdout] 
[INFO] [stdout] running 6 tests
[INFO] [stdout] test blocking::compendium::tests::test_compendium_client_creature_entry_search ... ok
[INFO] [stdout] test blocking::compendium::tests::test_compendium_client_monster_category_search ... ok
[INFO] [stdout] test blocking::compendium::tests::test_compendium_client_internal_server_error_response ... ok
[INFO] [stdout] test blocking::compendium::tests::test_compendium_client_monster_entry_search ... ok
[INFO] [stdout] test blocking::compendium::tests::test_compendium_client_unexpected_server_response ... ok
[INFO] [stdout] test blocking::compendium::tests::test_compendium_client_missing_monster_response ... ok
[INFO] [stdout] 
[INFO] [stdout] test result: ok. 6 passed; 0 failed; 0 ignored; 0 measured; 0 filtered out; finished in 0.27s
[INFO] [stdout] 
[INFO] [stderr]    Doc-tests rusty_hyrule_compendium
[INFO] [stdout] 
[INFO] [stdout] running 5 tests
[INFO] [stdout] test src/blocking/compendium.rs - blocking::compendium::CompendiumApiClient::all_entries (line 99) ... FAILED
[INFO] [stdout] test src/blocking/compendium.rs - blocking::compendium::CompendiumApiClient::category (line 78) ... FAILED
[INFO] [stdout] test src/blocking/compendium.rs - blocking::compendium::CompendiumApiClient::monster (line 49) ... FAILED
[INFO] [stdout] test src/blocking/compendium.rs - blocking::compendium::CompendiumApiClient::entry (line 25) ... FAILED
[INFO] [stdout] test src/lib.rs - (line 5) ... FAILED
[INFO] [stdout] 
[INFO] [stdout] failures:
[INFO] [stdout] 
[INFO] [stdout] ---- src/blocking/compendium.rs - blocking::compendium::CompendiumApiClient::all_entries (line 99) stdout ----
[INFO] [stdout] Test executable failed (exit status: 1).
[INFO] [stdout] 
[INFO] [stdout] stderr:
[INFO] [stdout] Error: RequestError(reqwest::Error { kind: Request, url: Url { scheme: "https", cannot_be_a_base: false, username: "", password: None, host: Some(Domain("botw-compendium.herokuapp.com")), port: None, path: "/api/v2/all", query: None, fragment: None }, source: hyper::Error(Connect, ConnectError("dns error", Custom { kind: Uncategorized, error: "failed to lookup address information: Temporary failure in name resolution" })) })
[INFO] [stdout] 
[INFO] [stdout] 
[INFO] [stdout] ---- src/blocking/compendium.rs - blocking::compendium::CompendiumApiClient::category (line 78) stdout ----
[INFO] [stdout] Test executable failed (exit status: 1).
[INFO] [stdout] 
[INFO] [stdout] stderr:
[INFO] [stdout] Error: RequestError(reqwest::Error { kind: Request, url: Url { scheme: "https", cannot_be_a_base: false, username: "", password: None, host: Some(Domain("botw-compendium.herokuapp.com")), port: None, path: "/api/v2/category/monsters", query: None, fragment: None }, source: hyper::Error(Connect, ConnectError("dns error", Custom { kind: Uncategorized, error: "failed to lookup address information: Temporary failure in name resolution" })) })
[INFO] [stdout] 
[INFO] [stdout] 
[INFO] [stdout] ---- src/blocking/compendium.rs - blocking::compendium::CompendiumApiClient::monster (line 49) stdout ----
[INFO] [stdout] Test executable failed (exit status: 1).
[INFO] [stdout] 
[INFO] [stdout] stderr:
[INFO] [stdout] Error: RequestError(reqwest::Error { kind: Request, url: Url { scheme: "https", cannot_be_a_base: false, username: "", password: None, host: Some(Domain("botw-compendium.herokuapp.com")), port: None, path: "/api/v2/entry/123", query: None, fragment: None }, source: hyper::Error(Connect, ConnectError("dns error", Custom { kind: Uncategorized, error: "failed to lookup address information: Temporary failure in name resolution" })) })
[INFO] [stdout] 
[INFO] [stdout] 
[INFO] [stdout] ---- src/blocking/compendium.rs - blocking::compendium::CompendiumApiClient::entry (line 25) stdout ----
[INFO] [stdout] Test executable failed (exit status: 1).
[INFO] [stdout] 
[INFO] [stdout] stderr:
[INFO] [stdout] Error: RequestError(reqwest::Error { kind: Request, url: Url { scheme: "https", cannot_be_a_base: false, username: "", password: None, host: Some(Domain("botw-compendium.herokuapp.com")), port: None, path: "/api/v2/entry/1", query: None, fragment: None }, source: hyper::Error(Connect, ConnectError("dns error", Custom { kind: Uncategorized, error: "failed to lookup address information: Temporary failure in name resolution" })) })
[INFO] [stdout] 
[INFO] [stdout] 
[INFO] [stdout] ---- src/lib.rs - (line 5) stdout ----
[INFO] [stdout] Test executable failed (exit status: 1).
[INFO] [stdout] 
[INFO] [stdout] stderr:
[INFO] [stdout] Error: RequestError(reqwest::Error { kind: Request, url: Url { scheme: "https", cannot_be_a_base: false, username: "", password: None, host: Some(Domain("botw-compendium.herokuapp.com")), port: None, path: "/api/v2/entry/123", query: None, fragment: None }, source: hyper::Error(Connect, ConnectError("dns error", Custom { kind: Uncategorized, error: "failed to lookup address information: Temporary failure in name resolution" })) })
[INFO] [stdout] 
[INFO] [stdout] 
[INFO] [stdout] 
[INFO] [stdout] failures:
[INFO] [stdout]     src/blocking/compendium.rs - blocking::compendium::CompendiumApiClient::all_entries (line 99)
[INFO] [stdout]     src/blocking/compendium.rs - blocking::compendium::CompendiumApiClient::category (line 78)
[INFO] [stdout]     src/blocking/compendium.rs - blocking::compendium::CompendiumApiClient::entry (line 25)
[INFO] [stdout]     src/blocking/compendium.rs - blocking::compendium::CompendiumApiClient::monster (line 49)
[INFO] [stdout]     src/lib.rs - (line 5)
[INFO] [stdout] 
[INFO] [stdout] test result: FAILED. 0 passed; 5 failed; 0 ignored; 0 measured; 0 filtered out; finished in 3.99s
[INFO] [stdout] 
[INFO] [stderr] error: doctest failed, to rerun pass `--doc`
[INFO] running `Command { std: "docker" "inspect" "bf76c615aaf6ee7c298cbaa8e1c781897820af006ce10d217a1c67729789b879", kill_on_drop: false }`
[INFO] running `Command { std: "docker" "rm" "-f" "bf76c615aaf6ee7c298cbaa8e1c781897820af006ce10d217a1c67729789b879", kill_on_drop: false }`
[INFO] [stdout] bf76c615aaf6ee7c298cbaa8e1c781897820af006ce10d217a1c67729789b879
