[INFO] fetching crate rusty_agent 0.1.1...
[INFO] testing rusty_agent-0.1.1 against 1.75.0 for beta-1.76-1
[INFO] extracting crate rusty_agent 0.1.1 into /workspace/builds/worker-1-tc1/source
[INFO] validating manifest of crates.io crate rusty_agent 0.1.1 on toolchain 1.75.0
[INFO] running `Command { std: CARGO_HOME="/workspace/cargo-home" RUSTUP_HOME="/workspace/rustup-home" "/workspace/cargo-home/bin/cargo" "+1.75.0" "metadata" "--manifest-path" "Cargo.toml" "--no-deps", kill_on_drop: false }`
[INFO] started tweaking crates.io crate rusty_agent 0.1.1
[INFO] removed 0 missing examples
[INFO] finished tweaking crates.io crate rusty_agent 0.1.1
[INFO] tweaked toml for crates.io crate rusty_agent 0.1.1 written to /workspace/builds/worker-1-tc1/source/Cargo.toml
[INFO] crate crates.io crate rusty_agent 0.1.1 already has a lockfile, it will not be regenerated
[INFO] running `Command { std: CARGO_HOME="/workspace/cargo-home" RUSTUP_HOME="/workspace/rustup-home" "/workspace/cargo-home/bin/cargo" "+1.75.0" "fetch" "--manifest-path" "Cargo.toml", kill_on_drop: false }`
[INFO] [stderr]     Updating crates.io index
[INFO] [stderr]  Downloading crates ...
[INFO] [stderr]   Downloaded zmq-sys v0.11.0
[INFO] [stderr]   Downloaded zmq v0.9.2
[INFO] [stderr]   Downloaded metadeps v1.1.2
[INFO] running `Command { std: "docker" "create" "-v" "/var/lib/crater-agent-workspace/builds/worker-1-tc1/target:/opt/rustwide/target:rw,Z" "-v" "/var/lib/crater-agent-workspace/builds/worker-1-tc1/source:/opt/rustwide/workdir:ro,Z" "-v" "/var/lib/crater-agent-workspace/cargo-home:/opt/rustwide/cargo-home:ro,Z" "-v" "/var/lib/crater-agent-workspace/rustup-home:/opt/rustwide/rustup-home:ro,Z" "-e" "SOURCE_DIR=/opt/rustwide/workdir" "-e" "CARGO_TARGET_DIR=/opt/rustwide/target" "-e" "CARGO_HOME=/opt/rustwide/cargo-home" "-e" "RUSTUP_HOME=/opt/rustwide/rustup-home" "-w" "/opt/rustwide/workdir" "-m" "1610612736" "--user" "0:0" "--network" "none" "ghcr.io/rust-lang/crates-build-env/linux@sha256:2788e3201cd34a07e3172128adcd8b3090168a8e3bcc40d7c032b9dda1df7d1c" "/opt/rustwide/cargo-home/bin/cargo" "+1.75.0" "metadata" "--no-deps" "--format-version=1", kill_on_drop: false }`
[INFO] [stdout] e3dc4d9671184746441a3cf3c4a49a9c570911ab8abf87147e8c083de443b1bc
[INFO] running `Command { std: "docker" "start" "-a" "e3dc4d9671184746441a3cf3c4a49a9c570911ab8abf87147e8c083de443b1bc", kill_on_drop: false }`
[INFO] running `Command { std: "docker" "inspect" "e3dc4d9671184746441a3cf3c4a49a9c570911ab8abf87147e8c083de443b1bc", kill_on_drop: false }`
[INFO] running `Command { std: "docker" "rm" "-f" "e3dc4d9671184746441a3cf3c4a49a9c570911ab8abf87147e8c083de443b1bc", kill_on_drop: false }`
[INFO] [stdout] e3dc4d9671184746441a3cf3c4a49a9c570911ab8abf87147e8c083de443b1bc
[INFO] running `Command { std: "docker" "create" "-v" "/var/lib/crater-agent-workspace/builds/worker-1-tc1/target:/opt/rustwide/target:rw,Z" "-v" "/var/lib/crater-agent-workspace/builds/worker-1-tc1/source:/opt/rustwide/workdir:ro,Z" "-v" "/var/lib/crater-agent-workspace/cargo-home:/opt/rustwide/cargo-home:ro,Z" "-v" "/var/lib/crater-agent-workspace/rustup-home:/opt/rustwide/rustup-home:ro,Z" "-e" "SOURCE_DIR=/opt/rustwide/workdir" "-e" "CARGO_TARGET_DIR=/opt/rustwide/target" "-e" "CARGO_INCREMENTAL=0" "-e" "RUST_BACKTRACE=full" "-e" "RUSTFLAGS=--cap-lints=warn" "-e" "RUSTDOCFLAGS=--cap-lints=warn" "-e" "CARGO_HOME=/opt/rustwide/cargo-home" "-e" "RUSTUP_HOME=/opt/rustwide/rustup-home" "-w" "/opt/rustwide/workdir" "-m" "1610612736" "--user" "0:0" "--network" "none" "ghcr.io/rust-lang/crates-build-env/linux@sha256:2788e3201cd34a07e3172128adcd8b3090168a8e3bcc40d7c032b9dda1df7d1c" "/opt/rustwide/cargo-home/bin/cargo" "+1.75.0" "build" "--frozen" "--message-format=json", kill_on_drop: false }`
[INFO] [stdout] 1915e6717ac35f8c86337aec48eef2c0b441831903ee5c872fd8a6568d277be3
[INFO] running `Command { std: "docker" "start" "-a" "1915e6717ac35f8c86337aec48eef2c0b441831903ee5c872fd8a6568d277be3", kill_on_drop: false }`
[INFO] [stderr]    Compiling proc-macro2 v1.0.43
[INFO] [stderr]    Compiling unicode-ident v1.0.3
[INFO] [stderr]    Compiling quote v1.0.21
[INFO] [stderr]    Compiling syn v1.0.99
[INFO] [stderr]    Compiling error-chain v0.10.0
[INFO] [stderr]    Compiling pkg-config v0.3.25
[INFO] [stderr]    Compiling toml v0.2.1
[INFO] [stderr]    Compiling futures-core v0.3.24
[INFO] [stderr]    Compiling slab v0.4.7
[INFO] [stderr]    Compiling futures-channel v0.3.24
[INFO] [stderr]    Compiling memchr v2.5.0
[INFO] [stderr]    Compiling metadeps v1.1.2
[INFO] [stderr]    Compiling futures-task v0.3.24
[INFO] [stderr]    Compiling futures-util v0.3.24
[INFO] [stderr]    Compiling futures-sink v0.3.24
[INFO] [stderr]    Compiling libc v0.2.132
[INFO] [stderr]    Compiling zmq-sys v0.11.0
[INFO] [stderr]    Compiling pin-project-lite v0.2.9
[INFO] [stderr]    Compiling log v0.4.17
[INFO] [stderr]    Compiling futures-io v0.3.24
[INFO] [stderr]    Compiling pin-utils v0.1.0
[INFO] [stderr]    Compiling zmq v0.9.2
[INFO] [stderr]    Compiling futures-macro v0.3.24
[INFO] [stderr]    Compiling futures-executor v0.3.24
[INFO] [stderr]    Compiling futures v0.3.24
[INFO] [stderr]    Compiling rusty_agent v0.1.1 (/opt/rustwide/workdir)
[INFO] [stderr]     Finished dev [unoptimized + debuginfo] target(s) in 11.47s
[INFO] running `Command { std: "docker" "inspect" "1915e6717ac35f8c86337aec48eef2c0b441831903ee5c872fd8a6568d277be3", kill_on_drop: false }`
[INFO] running `Command { std: "docker" "rm" "-f" "1915e6717ac35f8c86337aec48eef2c0b441831903ee5c872fd8a6568d277be3", kill_on_drop: false }`
[INFO] [stdout] 1915e6717ac35f8c86337aec48eef2c0b441831903ee5c872fd8a6568d277be3
[INFO] running `Command { std: "docker" "create" "-v" "/var/lib/crater-agent-workspace/builds/worker-1-tc1/target:/opt/rustwide/target:rw,Z" "-v" "/var/lib/crater-agent-workspace/builds/worker-1-tc1/source:/opt/rustwide/workdir:ro,Z" "-v" "/var/lib/crater-agent-workspace/cargo-home:/opt/rustwide/cargo-home:ro,Z" "-v" "/var/lib/crater-agent-workspace/rustup-home:/opt/rustwide/rustup-home:ro,Z" "-e" "SOURCE_DIR=/opt/rustwide/workdir" "-e" "CARGO_TARGET_DIR=/opt/rustwide/target" "-e" "CARGO_INCREMENTAL=0" "-e" "RUST_BACKTRACE=full" "-e" "RUSTFLAGS=--cap-lints=warn" "-e" "RUSTDOCFLAGS=--cap-lints=warn" "-e" "CARGO_HOME=/opt/rustwide/cargo-home" "-e" "RUSTUP_HOME=/opt/rustwide/rustup-home" "-w" "/opt/rustwide/workdir" "-m" "1610612736" "--user" "0:0" "--network" "none" "ghcr.io/rust-lang/crates-build-env/linux@sha256:2788e3201cd34a07e3172128adcd8b3090168a8e3bcc40d7c032b9dda1df7d1c" "/opt/rustwide/cargo-home/bin/cargo" "+1.75.0" "test" "--frozen" "--no-run" "--message-format=json", kill_on_drop: false }`
[INFO] [stdout] fd4ec75e9b8638aa6fb75c8d414591a7b216e1f179a9c23dfb62ea32bec646b0
[INFO] running `Command { std: "docker" "start" "-a" "fd4ec75e9b8638aa6fb75c8d414591a7b216e1f179a9c23dfb62ea32bec646b0", kill_on_drop: false }`
[INFO] [stderr]    Compiling rusty_agent v0.1.1 (/opt/rustwide/workdir)
[INFO] [stderr]     Finished test [unoptimized + debuginfo] target(s) in 1.44s
[INFO] running `Command { std: "docker" "inspect" "fd4ec75e9b8638aa6fb75c8d414591a7b216e1f179a9c23dfb62ea32bec646b0", kill_on_drop: false }`
[INFO] running `Command { std: "docker" "rm" "-f" "fd4ec75e9b8638aa6fb75c8d414591a7b216e1f179a9c23dfb62ea32bec646b0", kill_on_drop: false }`
[INFO] [stdout] fd4ec75e9b8638aa6fb75c8d414591a7b216e1f179a9c23dfb62ea32bec646b0
[INFO] running `Command { std: "docker" "create" "-v" "/var/lib/crater-agent-workspace/builds/worker-1-tc1/target:/opt/rustwide/target:rw,Z" "-v" "/var/lib/crater-agent-workspace/builds/worker-1-tc1/source:/opt/rustwide/workdir:ro,Z" "-v" "/var/lib/crater-agent-workspace/cargo-home:/opt/rustwide/cargo-home:ro,Z" "-v" "/var/lib/crater-agent-workspace/rustup-home:/opt/rustwide/rustup-home:ro,Z" "-e" "SOURCE_DIR=/opt/rustwide/workdir" "-e" "CARGO_TARGET_DIR=/opt/rustwide/target" "-e" "CARGO_INCREMENTAL=0" "-e" "RUST_BACKTRACE=full" "-e" "RUSTFLAGS=--cap-lints=warn" "-e" "RUSTDOCFLAGS=--cap-lints=warn" "-e" "CARGO_HOME=/opt/rustwide/cargo-home" "-e" "RUSTUP_HOME=/opt/rustwide/rustup-home" "-w" "/opt/rustwide/workdir" "-m" "1610612736" "--user" "0:0" "--network" "none" "ghcr.io/rust-lang/crates-build-env/linux@sha256:2788e3201cd34a07e3172128adcd8b3090168a8e3bcc40d7c032b9dda1df7d1c" "/opt/rustwide/cargo-home/bin/cargo" "+1.75.0" "test" "--frozen", kill_on_drop: false }`
[INFO] [stdout] 6fe79f69c205f9dfa07ac8760edc39a7fb6a65fd11807c5ff74f65792e47158d
[INFO] running `Command { std: "docker" "start" "-a" "6fe79f69c205f9dfa07ac8760edc39a7fb6a65fd11807c5ff74f65792e47158d", kill_on_drop: false }`
[INFO] [stderr]     Finished test [unoptimized + debuginfo] target(s) in 0.03s
[INFO] [stderr]      Running unittests src/lib.rs (/opt/rustwide/target/debug/deps/rusty_agent-6c8ae2748fe41f3d)
[INFO] [stdout] 
[INFO] [stdout] running 16 tests
[INFO] [stdout] test agent::tests::test_builder_for_success ... ok
[INFO] [stdout] test agent::tests::test_add_peer_for_success ... ok
[INFO] [stdout] test agent::tests::test_broadcast_for_sanity ... ok
[INFO] [stdout] test agent::tests::test_activate_for_success ... ok
[INFO] [stdout] test agent::tests::test_retrieve_for_sanity ... ok
[INFO] [stdout] test agent::tests::test_get_n_peers_for_success ... ok
[INFO] [stdout] test builder::tests::test_build_for_sanity ... ok
[INFO] [stdout] test builder::tests::test_timeout_for_success ... ok
[INFO] [stdout] test builder::tests::test_build_for_success ... ok
[INFO] [stdout] test builder::tests::test_wait_for_success ... ok
[INFO] [stdout] test agent::tests::test_retrieve_for_success ... ok
[INFO] [stdout] test agent::tests::test_broadcast_for_success ... ok
[INFO] [stdout] test agent::tests::test_send_msg_for_sanity ... ok
[INFO] [stdout] test agent::tests::test_get_n_peers_for_sanity ... ok
[INFO] [stdout] test agent::tests::test_send_msg_for_success ... ok
[INFO] [stdout] test agent::tests::test_activate_for_sanity ... ok
[INFO] [stdout] 
[INFO] [stdout] test result: ok. 16 passed; 0 failed; 0 ignored; 0 measured; 0 filtered out; finished in 4.30s
[INFO] [stdout] 
[INFO] [stderr]    Doc-tests rusty_agent
[INFO] [stdout] 
[INFO] [stdout] running 2 tests
[INFO] [stderr] error: doctest failed, to rerun pass `--doc`
[INFO] [stdout] test src/lib.rs - (line 17) ... FAILED
[INFO] [stdout] test src/lib.rs - (line 23) ... FAILED
[INFO] [stdout] 
[INFO] [stdout] failures:
[INFO] [stdout] 
[INFO] [stdout] ---- src/lib.rs - (line 17) stdout ----
[INFO] [stdout] error: expected expression, found `$`
[INFO] [stdout]  --> src/lib.rs:18:1
[INFO] [stdout]   |
[INFO] [stdout] 3 | $ cargo run --example sample_agent 0
[INFO] [stdout]   | ^ expected expression
[INFO] [stdout] 
[INFO] [stdout] error: aborting due to previous error
[INFO] [stdout] 
[INFO] [stdout] Couldn't compile the test.
[INFO] [stdout] ---- src/lib.rs - (line 23) stdout ----
[INFO] [stdout] error: expected expression, found `$`
[INFO] [stdout]  --> src/lib.rs:24:1
[INFO] [stdout]   |
[INFO] [stdout] 3 | $ cargo run --example sample_agent 1
[INFO] [stdout]   | ^ expected expression
[INFO] [stdout] 
[INFO] [stdout] error: aborting due to previous error
[INFO] [stdout] 
[INFO] [stdout] Couldn't compile the test.
[INFO] [stdout] 
[INFO] [stdout] failures:
[INFO] [stdout]     src/lib.rs - (line 17)
[INFO] [stdout]     src/lib.rs - (line 23)
[INFO] [stdout] 
[INFO] [stdout] test result: FAILED. 0 passed; 2 failed; 0 ignored; 0 measured; 0 filtered out; finished in 0.06s
[INFO] [stdout] 
[INFO] running `Command { std: "docker" "inspect" "6fe79f69c205f9dfa07ac8760edc39a7fb6a65fd11807c5ff74f65792e47158d", kill_on_drop: false }`
[INFO] running `Command { std: "docker" "rm" "-f" "6fe79f69c205f9dfa07ac8760edc39a7fb6a65fd11807c5ff74f65792e47158d", kill_on_drop: false }`
[INFO] [stdout] 6fe79f69c205f9dfa07ac8760edc39a7fb6a65fd11807c5ff74f65792e47158d
