[INFO] fetching crate rusty-leveldb-arc 2.0.0...
[INFO] testing rusty-leveldb-arc-2.0.0 against 1.75.0 for beta-1.76-1
[INFO] extracting crate rusty-leveldb-arc 2.0.0 into /workspace/builds/worker-0-tc1/source
[INFO] validating manifest of crates.io crate rusty-leveldb-arc 2.0.0 on toolchain 1.75.0
[INFO] running `Command { std: CARGO_HOME="/workspace/cargo-home" RUSTUP_HOME="/workspace/rustup-home" "/workspace/cargo-home/bin/cargo" "+1.75.0" "metadata" "--manifest-path" "Cargo.toml" "--no-deps", kill_on_drop: false }`
[INFO] started tweaking crates.io crate rusty-leveldb-arc 2.0.0
[INFO] finished tweaking crates.io crate rusty-leveldb-arc 2.0.0
[INFO] tweaked toml for crates.io crate rusty-leveldb-arc 2.0.0 written to /workspace/builds/worker-0-tc1/source/Cargo.toml
[INFO] running `Command { std: CARGO_HOME="/workspace/cargo-home" RUSTUP_HOME="/workspace/rustup-home" "/workspace/cargo-home/bin/cargo" "+1.75.0" "generate-lockfile" "--manifest-path" "Cargo.toml", kill_on_drop: false }`
[INFO] [stderr]     Updating crates.io index
[INFO] running `Command { std: CARGO_HOME="/workspace/cargo-home" RUSTUP_HOME="/workspace/rustup-home" "/workspace/cargo-home/bin/cargo" "+1.75.0" "fetch" "--manifest-path" "Cargo.toml", kill_on_drop: false }`
[INFO] [stderr]  Downloading crates ...
[INFO] [stderr]   Downloaded time-test v0.2.3
[INFO] running `Command { std: "docker" "create" "-v" "/var/lib/crater-agent-workspace/builds/worker-0-tc1/target:/opt/rustwide/target:rw,Z" "-v" "/var/lib/crater-agent-workspace/builds/worker-0-tc1/source:/opt/rustwide/workdir:ro,Z" "-v" "/var/lib/crater-agent-workspace/cargo-home:/opt/rustwide/cargo-home:ro,Z" "-v" "/var/lib/crater-agent-workspace/rustup-home:/opt/rustwide/rustup-home:ro,Z" "-e" "SOURCE_DIR=/opt/rustwide/workdir" "-e" "CARGO_TARGET_DIR=/opt/rustwide/target" "-e" "CARGO_HOME=/opt/rustwide/cargo-home" "-e" "RUSTUP_HOME=/opt/rustwide/rustup-home" "-w" "/opt/rustwide/workdir" "-m" "1610612736" "--user" "0:0" "--network" "none" "ghcr.io/rust-lang/crates-build-env/linux@sha256:2788e3201cd34a07e3172128adcd8b3090168a8e3bcc40d7c032b9dda1df7d1c" "/opt/rustwide/cargo-home/bin/cargo" "+1.75.0" "metadata" "--no-deps" "--format-version=1", kill_on_drop: false }`
[INFO] [stdout] 0da648f6a79b20991e744ecdb299705cd95b447d0091ea58e30211795ce45469
[INFO] running `Command { std: "docker" "start" "-a" "0da648f6a79b20991e744ecdb299705cd95b447d0091ea58e30211795ce45469", kill_on_drop: false }`
[INFO] running `Command { std: "docker" "inspect" "0da648f6a79b20991e744ecdb299705cd95b447d0091ea58e30211795ce45469", kill_on_drop: false }`
[INFO] running `Command { std: "docker" "rm" "-f" "0da648f6a79b20991e744ecdb299705cd95b447d0091ea58e30211795ce45469", kill_on_drop: false }`
[INFO] [stdout] 0da648f6a79b20991e744ecdb299705cd95b447d0091ea58e30211795ce45469
[INFO] running `Command { std: "docker" "create" "-v" "/var/lib/crater-agent-workspace/builds/worker-0-tc1/target:/opt/rustwide/target:rw,Z" "-v" "/var/lib/crater-agent-workspace/builds/worker-0-tc1/source:/opt/rustwide/workdir:ro,Z" "-v" "/var/lib/crater-agent-workspace/cargo-home:/opt/rustwide/cargo-home:ro,Z" "-v" "/var/lib/crater-agent-workspace/rustup-home:/opt/rustwide/rustup-home:ro,Z" "-e" "SOURCE_DIR=/opt/rustwide/workdir" "-e" "CARGO_TARGET_DIR=/opt/rustwide/target" "-e" "CARGO_INCREMENTAL=0" "-e" "RUST_BACKTRACE=full" "-e" "RUSTFLAGS=--cap-lints=warn" "-e" "RUSTDOCFLAGS=--cap-lints=warn" "-e" "CARGO_HOME=/opt/rustwide/cargo-home" "-e" "RUSTUP_HOME=/opt/rustwide/rustup-home" "-w" "/opt/rustwide/workdir" "-m" "1610612736" "--user" "0:0" "--network" "none" "ghcr.io/rust-lang/crates-build-env/linux@sha256:2788e3201cd34a07e3172128adcd8b3090168a8e3bcc40d7c032b9dda1df7d1c" "/opt/rustwide/cargo-home/bin/cargo" "+1.75.0" "build" "--frozen" "--message-format=json", kill_on_drop: false }`
[INFO] [stdout] 686749d08594f0f3f3649239b028267fe0c56a9b4df231e0206a5706696c0d18
[INFO] running `Command { std: "docker" "start" "-a" "686749d08594f0f3f3649239b028267fe0c56a9b4df231e0206a5706696c0d18", kill_on_drop: false }`
[INFO] [stderr]    Compiling getrandom v0.1.16
[INFO] [stderr]    Compiling build_const v0.2.2
[INFO] [stderr]    Compiling snap v1.1.1
[INFO] [stderr]    Compiling ppv-lite86 v0.2.17
[INFO] [stderr]    Compiling integer-encoding v3.0.4
[INFO] [stderr]    Compiling errno v0.2.8
[INFO] [stderr]    Compiling fs2 v0.4.3
[INFO] [stderr]    Compiling crc v1.8.1
[INFO] [stderr]    Compiling rand_core v0.5.1
[INFO] [stderr]    Compiling rand_chacha v0.2.2
[INFO] [stderr]    Compiling rand v0.7.3
[INFO] [stderr]    Compiling rusty-leveldb-arc v2.0.0 (/opt/rustwide/workdir)
[INFO] [stdout] warning: unused return value of `std::mem::replace` that must be used
[INFO] [stdout]    --> src/skipmap.rs:276:18
[INFO] [stdout]     |
[INFO] [stdout] 276 |         unsafe { replace(&mut (*current).next, Some(new)) };
[INFO] [stdout]     |                  ^^^^^^^^^^^^^^^^^^^^^^^^^^^^^^^^^^^^^^^^
[INFO] [stdout]     |
[INFO] [stdout]     = note: if you don't need the old value, you can just assign the new value directly
[INFO] [stdout]     = note: `#[warn(unused_must_use)]` on by default
[INFO] [stdout] help: use `let _ = ...` to ignore the resulting value
[INFO] [stdout]     |
[INFO] [stdout] 276 |         unsafe { let _ = replace(&mut (*current).next, Some(new)); };
[INFO] [stdout]     |                  +++++++                                         +
[INFO] [stdout] 
[INFO] [stdout] 
[INFO] [stdout] warning: 1 warning emitted
[INFO] [stdout] 
[INFO] [stdout] 
[INFO] [stderr]     Finished dev [unoptimized + debuginfo] target(s) in 4.22s
[INFO] running `Command { std: "docker" "inspect" "686749d08594f0f3f3649239b028267fe0c56a9b4df231e0206a5706696c0d18", kill_on_drop: false }`
[INFO] running `Command { std: "docker" "rm" "-f" "686749d08594f0f3f3649239b028267fe0c56a9b4df231e0206a5706696c0d18", kill_on_drop: false }`
[INFO] [stdout] 686749d08594f0f3f3649239b028267fe0c56a9b4df231e0206a5706696c0d18
[INFO] running `Command { std: "docker" "create" "-v" "/var/lib/crater-agent-workspace/builds/worker-0-tc1/target:/opt/rustwide/target:rw,Z" "-v" "/var/lib/crater-agent-workspace/builds/worker-0-tc1/source:/opt/rustwide/workdir:ro,Z" "-v" "/var/lib/crater-agent-workspace/cargo-home:/opt/rustwide/cargo-home:ro,Z" "-v" "/var/lib/crater-agent-workspace/rustup-home:/opt/rustwide/rustup-home:ro,Z" "-e" "SOURCE_DIR=/opt/rustwide/workdir" "-e" "CARGO_TARGET_DIR=/opt/rustwide/target" "-e" "CARGO_INCREMENTAL=0" "-e" "RUST_BACKTRACE=full" "-e" "RUSTFLAGS=--cap-lints=warn" "-e" "RUSTDOCFLAGS=--cap-lints=warn" "-e" "CARGO_HOME=/opt/rustwide/cargo-home" "-e" "RUSTUP_HOME=/opt/rustwide/rustup-home" "-w" "/opt/rustwide/workdir" "-m" "1610612736" "--user" "0:0" "--network" "none" "ghcr.io/rust-lang/crates-build-env/linux@sha256:2788e3201cd34a07e3172128adcd8b3090168a8e3bcc40d7c032b9dda1df7d1c" "/opt/rustwide/cargo-home/bin/cargo" "+1.75.0" "test" "--frozen" "--no-run" "--message-format=json", kill_on_drop: false }`
[INFO] [stdout] dac2b90c2e059085f6b3d378ed4459c76cedc889a42dce693f6d0fb0b456d7db
[INFO] running `Command { std: "docker" "start" "-a" "dac2b90c2e059085f6b3d378ed4459c76cedc889a42dce693f6d0fb0b456d7db", kill_on_drop: false }`
[INFO] [stderr]    Compiling time v0.1.45
[INFO] [stderr]    Compiling bencher v0.1.5
[INFO] [stdout] warning: unused return value of `std::mem::replace` that must be used
[INFO] [stdout]    --> src/skipmap.rs:276:18
[INFO] [stdout]     |
[INFO] [stdout] 276 |         unsafe { replace(&mut (*current).next, Some(new)) };
[INFO] [stdout]     |                  ^^^^^^^^^^^^^^^^^^^^^^^^^^^^^^^^^^^^^^^^
[INFO] [stdout]     |
[INFO] [stdout]     = note: if you don't need the old value, you can just assign the new value directly
[INFO] [stdout]     = note: `#[warn(unused_must_use)]` on by default
[INFO] [stdout] help: use `let _ = ...` to ignore the resulting value
[INFO] [stdout]     |
[INFO] [stdout] 276 |         unsafe { let _ = replace(&mut (*current).next, Some(new)); };
[INFO] [stdout]     |                  +++++++                                         +
[INFO] [stdout] 
[INFO] [stdout] 
[INFO] [stdout] warning: 1 warning emitted
[INFO] [stdout] 
[INFO] [stdout] 
[INFO] [stderr]    Compiling time-test v0.2.3
[INFO] [stderr]    Compiling rusty-leveldb-arc v2.0.0 (/opt/rustwide/workdir)
[INFO] [stdout] warning: unused return value of `std::mem::replace` that must be used
[INFO] [stdout]    --> src/skipmap.rs:276:18
[INFO] [stdout]     |
[INFO] [stdout] 276 |         unsafe { replace(&mut (*current).next, Some(new)) };
[INFO] [stdout]     |                  ^^^^^^^^^^^^^^^^^^^^^^^^^^^^^^^^^^^^^^^^
[INFO] [stdout]     |
[INFO] [stdout]     = note: if you don't need the old value, you can just assign the new value directly
[INFO] [stdout]     = note: `#[warn(unused_must_use)]` on by default
[INFO] [stdout] help: use `let _ = ...` to ignore the resulting value
[INFO] [stdout]     |
[INFO] [stdout] 276 |         unsafe { let _ = replace(&mut (*current).next, Some(new)); };
[INFO] [stdout]     |                  +++++++                                         +
[INFO] [stdout] 
[INFO] [stdout] 
[INFO] [stdout] warning: 1 warning emitted
[INFO] [stdout] 
[INFO] [stdout] 
[INFO] [stderr]     Finished test [unoptimized + debuginfo] target(s) in 5.37s
[INFO] running `Command { std: "docker" "inspect" "dac2b90c2e059085f6b3d378ed4459c76cedc889a42dce693f6d0fb0b456d7db", kill_on_drop: false }`
[INFO] running `Command { std: "docker" "rm" "-f" "dac2b90c2e059085f6b3d378ed4459c76cedc889a42dce693f6d0fb0b456d7db", kill_on_drop: false }`
[INFO] [stdout] dac2b90c2e059085f6b3d378ed4459c76cedc889a42dce693f6d0fb0b456d7db
[INFO] running `Command { std: "docker" "create" "-v" "/var/lib/crater-agent-workspace/builds/worker-0-tc1/target:/opt/rustwide/target:rw,Z" "-v" "/var/lib/crater-agent-workspace/builds/worker-0-tc1/source:/opt/rustwide/workdir:ro,Z" "-v" "/var/lib/crater-agent-workspace/cargo-home:/opt/rustwide/cargo-home:ro,Z" "-v" "/var/lib/crater-agent-workspace/rustup-home:/opt/rustwide/rustup-home:ro,Z" "-e" "SOURCE_DIR=/opt/rustwide/workdir" "-e" "CARGO_TARGET_DIR=/opt/rustwide/target" "-e" "CARGO_INCREMENTAL=0" "-e" "RUST_BACKTRACE=full" "-e" "RUSTFLAGS=--cap-lints=warn" "-e" "RUSTDOCFLAGS=--cap-lints=warn" "-e" "CARGO_HOME=/opt/rustwide/cargo-home" "-e" "RUSTUP_HOME=/opt/rustwide/rustup-home" "-w" "/opt/rustwide/workdir" "-m" "1610612736" "--user" "0:0" "--network" "none" "ghcr.io/rust-lang/crates-build-env/linux@sha256:2788e3201cd34a07e3172128adcd8b3090168a8e3bcc40d7c032b9dda1df7d1c" "/opt/rustwide/cargo-home/bin/cargo" "+1.75.0" "test" "--frozen", kill_on_drop: false }`
[INFO] [stdout] 291c24c057d2719b28cca8a2110951608699ddce79cc8555a31571d030e2415f
[INFO] running `Command { std: "docker" "start" "-a" "291c24c057d2719b28cca8a2110951608699ddce79cc8555a31571d030e2415f", kill_on_drop: false }`
[INFO] [stderr] warning: unused return value of `std::mem::replace` that must be used
[INFO] [stdout] 
[INFO] [stderr]    --> src/skipmap.rs:276:18
[INFO] [stdout] running 146 tests
[INFO] [stderr]     |
[INFO] [stderr] 276 |         unsafe { replace(&mut (*current).next, Some(new)) };
[INFO] [stderr]     |                  ^^^^^^^^^^^^^^^^^^^^^^^^^^^^^^^^^^^^^^^^
[INFO] [stderr]     |
[INFO] [stderr]     = note: if you don't need the old value, you can just assign the new value directly
[INFO] [stderr]     = note: `#[warn(unused_must_use)]` on by default
[INFO] [stderr] help: use `let _ = ...` to ignore the resulting value
[INFO] [stderr]     |
[INFO] [stderr] 276 |         unsafe { let _ = replace(&mut (*current).next, Some(new)); };
[INFO] [stderr]     |                  +++++++                                         +
[INFO] [stderr] 
[INFO] [stderr] warning: `rusty-leveldb-arc` (lib) generated 1 warning
[INFO] [stderr] warning: `rusty-leveldb-arc` (lib test) generated 1 warning (1 duplicate)
[INFO] [stderr]     Finished test [unoptimized + debuginfo] target(s) in 0.04s
[INFO] [stderr]      Running unittests src/lib.rs (/opt/rustwide/target/debug/deps/rusty_leveldb_arc-71d8cf18c0f8ff78)
[INFO] [stdout] test blockhandle::tests::test_blockhandle ... ok
[INFO] [stdout] test block::tests::test_block_empty ... ok
[INFO] [stdout] test cache::tests::test_blockcache_cache_add_rm ... ok
[INFO] [stdout] test block_builder::tests::test_block_builder_reset ... ok
[INFO] [stdout] test cache::tests::test_blockcache_lru_edge_cases ... ok
[INFO] [stdout] test cmp::tests::test_cmp_defaultcmp_shortest_sep ... ok
[INFO] [stdout] test block::tests::test_block_seek_to_last ... ok
[INFO] [stdout] test block::tests::test_block_iterate_reverse ... ok
[INFO] [stdout] test block_builder::tests::test_block_builder_sanity ... ok
[INFO] [stdout] test block::tests::test_block_seek ... ok
[INFO] [stdout] test cmp::tests::test_cmp_defaultcmp_short_succ ... ok
[INFO] [stdout] test cmp::tests::test_cmp_internalkeycmp_shortest_sep ... ok
[INFO] [stdout] test cmp::tests::test_cmp_internalkeycmp ... ok
[INFO] [stdout] test cache::tests::test_blockcache_lru_reinsert_2 ... ok
[INFO] [stdout] test cache::tests::test_blockcache_lru_remove ... ok
[INFO] [stdout] test cache::tests::test_blockcache_lru_reinsert ... ok
[INFO] [stdout] test cache::tests::test_blockcache_lru_1 ... ok
[INFO] [stdout] test block::tests::test_block_iterator_properties ... ok
[INFO] [stdout] test cache::tests::test_blockcache_cache_capacity ... ok
[INFO] [stdout] test block::tests::test_block_build_iterate ... ok
[INFO] [stderr] Start write of L0 table 000003
[INFO] [stderr] L0 table 000003 has 351 bytes
[INFO] [stdout] test db_impl::tests::test_db_impl_memtable_compaction ... ok
[INFO] [stderr] Recovered manifest with next_file=12 manifest_num=11 log_num=0 prev_log_num=0 last_seq=30
[INFO] [stderr] Deleting file type=Descriptor num=10
[INFO] [stderr] Recovered manifest with next_file=3 manifest_num=2 log_num=0 prev_log_num=0 last_seq=0
[INFO] [stderr] Recovered manifest with next_file=12 manifest_num=11 log_num=0 prev_log_num=0 last_seq=30
[INFO] [stderr] Deleting file type=Descriptor num=10
[INFO] [stderr] Expanding inputs@1 1+1 (216+218 bytes) to 3+1 (651+218 bytes)
[INFO] [stderr] Compacting @1 [97, 97, 97, 1, 19, 0, 0, 0, 0, 0, 0] .. [102, 97, 98, 1, 15, 0, 0, 0, 0, 0, 0]
[INFO] [stderr] Compacting 3 files at L1 and 1 files at L2
[INFO] [stderr] reusing manifest "db/MANIFEST-000001"
[INFO] [stdout] test db_impl::tests::test_db_impl_compaction_state_cleanup ... ok
[INFO] [stderr] Recovered manifest with next_file=3 manifest_num=2 log_num=0 prev_log_num=0 last_seq=0
[INFO] [stderr] Deleting file type=Descriptor num=1
[INFO] [stderr] Recovered manifest with next_file=3 manifest_num=2 log_num=0 prev_log_num=0 last_seq=0
[INFO] [stderr] reusing manifest "db/MANIFEST-000001"
[INFO] [stderr] Recovered manifest with next_file=3 manifest_num=2 log_num=0 prev_log_num=0 last_seq=0
[INFO] [stderr] Recovering log file "db/000003.log"
[INFO] [stderr] Start write of L0 table 000004
[INFO] [stderr] Start write of L0 table 000003
[INFO] [stderr] New table num=13: keys=10 size=345
[INFO] [stderr] Compacted 3 L1 files + 1 L2 files => 345B
[INFO] [stderr] Compaction finished: level 0: 2 files, 483 bytes ([(1, 232), (2, 251)]); level 2: 2 files, 595 bytes ([(13, 345), (7, 250)]); level 3: 2 files, 400 bytes ([(8, 200), (9, 200)]); 
[INFO] [stderr] Recovered manifest with next_file=12 manifest_num=11 log_num=0 prev_log_num=0 last_seq=30
[INFO] [stderr] Deleting file type=Table num=4
[INFO] [stderr] Deleting file type=Table num=6
[INFO] [stderr] Deleting file type=Table num=3
[INFO] [stderr] Deleting file type=Table num=5
[INFO] [stderr] Deleting file type=Descriptor num=10
[INFO] [stderr] Recovered manifest with next_file=12 manifest_num=11 log_num=0 prev_log_num=0 last_seq=30
[INFO] [stderr] Compacting @2 [99, 97, 98, 1, 10, 0, 0, 0, 0, 0, 0] .. [102, 98, 97, 1, 12, 0, 0, 0, 0, 0, 0]
[INFO] [stderr] Moved num=6 bytes=218 from L2 to L3
[INFO] [stderr] Summary: level 0: 2 files, 483 bytes ([(1, 232), (2, 251)]); level 1: 3 files, 651 bytes ([(3, 218), (4, 216), (5, 217)]); level 2: 1 files, 250 bytes ([(7, 250)]); level 3: 3 files, 618 bytes ([(6, 218), (8, 200), (9, 200)]); 
[INFO] [stderr] L0 table 000004 has 227 bytes
[INFO] [stdout] test db_impl::tests::test_db_impl_delete ... ok
[INFO] [stdout] test db_impl::tests::test_db_impl_open_info_log ... ok
[INFO] [stderr] Recovered manifest with next_file=12 manifest_num=11 log_num=0 prev_log_num=0 last_seq=30
[INFO] [stderr] Compacting @2 [97, 98, 48, 1, 3, 0, 0, 0, 0, 0, 0] .. [97, 98, 122, 1, 4, 0, 0, 0, 0, 0, 0]
[INFO] [stderr] Moved num=4 bytes=227 from L2 to L3
[INFO] [stderr] Summary: level 3: 1 files, 227 bytes ([(4, 227)]); 
[INFO] [stderr] Recovered manifest with next_file=12 manifest_num=11 log_num=0 prev_log_num=0 last_seq=30
[INFO] [stderr] Deleting file type=Descriptor num=10
[INFO] [stderr] Compacting @0 [97, 97, 97, 1, 22, 0, 0, 0, 0, 0, 0] .. [98, 98, 97, 1, 30, 0, 0, 0, 0, 0, 0]
[INFO] [stderr] Compacting 2 files at L0 and 1 files at L1
[INFO] [stderr] Recovered manifest with next_file=14 manifest_num=13 log_num=12 prev_log_num=0 last_seq=30
[INFO] [stderr] Recovering log file "db/000012.log"
[INFO] [stderr] Recovered manifest with next_file=3 manifest_num=2 log_num=0 prev_log_num=0 last_seq=0
[INFO] [stderr] reusing manifest "db/MANIFEST-000001"
[INFO] [stderr] Deleting file type=Descriptor num=10
[INFO] [stdout] test db_impl::tests::test_db_impl_compact_single_file ... ok
[INFO] [stdout] test db_impl::tests::test_db_impl_compaction_trivial ... ok
[INFO] [stdout] test db_impl::tests::test_db_impl_compaction_trivial_move ... ok
[INFO] [stderr] Deleting file type=Descriptor num=10
[INFO] [stdout] test db_impl::tests::test_db_impl_build_db_sanity ... ok
[INFO] [stderr] Recovered manifest with next_file=12 manifest_num=11 log_num=0 prev_log_num=0 last_seq=30
[INFO] [stderr] Recovered manifest with next_file=3 manifest_num=2 log_num=0 prev_log_num=0 last_seq=0
[INFO] [stderr] reusing manifest "db/MANIFEST-000001"
[INFO] [stdout] test db_iter::tests::db_iter_allow_empty_key ... ok
[INFO] [stdout] test db_impl::tests::test_db_impl_locking ... ok
[INFO] [stderr] Deleting file type=Descriptor num=10
[INFO] [stderr] Recovered manifest with next_file=3 manifest_num=2 log_num=0 prev_log_num=0 last_seq=0
[INFO] [stderr] reusing manifest "db/MANIFEST-000001"
[INFO] [stderr] Recovered manifest with next_file=12 manifest_num=11 log_num=0 prev_log_num=0 last_seq=30
[INFO] [stderr] Recovered manifest with next_file=12 manifest_num=11 log_num=0 prev_log_num=0 last_seq=30
[INFO] [stderr] Deleting file type=Descriptor num=10
[INFO] [stderr] Deleting file type=Descriptor num=10
[INFO] [stderr] Start write of L0 table 000014
[INFO] [stderr] Start write of L0 table 000014
[INFO] [stderr] Recovered manifest with next_file=12 manifest_num=11 log_num=0 prev_log_num=0 last_seq=30
[INFO] [stderr] Deleting file type=Descriptor num=10
[INFO] [stderr] Recovered manifest with next_file=14 manifest_num=13 log_num=12 prev_log_num=0 last_seq=30
[INFO] [stderr] Recovered manifest with next_file=12 manifest_num=11 log_num=0 prev_log_num=0 last_seq=30
[INFO] [stderr] Recovering log file "db/000012.log"
[INFO] [stderr] Expanding inputs@1 1+1 (218+218 bytes) to 3+1 (651+218 bytes)
[INFO] [stderr] Compacting @1 [97, 97, 97, 1, 19, 0, 0, 0, 0, 0, 0] .. [102, 97, 98, 1, 15, 0, 0, 0, 0, 0, 0]
[INFO] [stderr] Compacting 3 files at L1 and 1 files at L2
[INFO] [stderr] Deleting file type=Descriptor num=10
[INFO] [stderr] Start write of L0 table 000014
[INFO] [stderr] L0 table 000014 has 253 bytes
[INFO] [stderr] Deleting file type=Log num=12
[INFO] [stderr] Deleting file type=Descriptor num=11
[INFO] [stderr] Recovered manifest with next_file=17 manifest_num=16 log_num=15 prev_log_num=0 last_seq=36
[INFO] [stderr] Recovered manifest with next_file=12 manifest_num=11 log_num=0 prev_log_num=0 last_seq=30
[INFO] [stderr] Recovering log file "db/000015.log"
[INFO] [stderr] Start write of L0 table 000017
[INFO] [stderr] New table num=13: keys=8 size=306
[INFO] [stderr] Compacted 2 L0 files + 1 L1 files => 306B
[INFO] [stdout] test db_iter::tests::db_iter_reset ... ok
[INFO] [stdout] test db_impl::tests::test_db_impl_build_table ... ok
[INFO] [stderr] L0 table 000003 has 197 bytes
[INFO] [stdout] test db_iter::tests::db_iter_basic_test ... ok
[INFO] [stderr] L0 table 000014 has 182 bytes
[INFO] [stderr] Recovered manifest with next_file=12 manifest_num=11 log_num=0 prev_log_num=0 last_seq=30
[INFO] [stderr] Compaction finished: level 1: 3 files, 739 bytes ([(13, 306), (4, 216), (5, 217)]); level 2: 2 files, 468 bytes ([(6, 218), (7, 250)]); level 3: 2 files, 400 bytes ([(8, 200), (9, 200)]); 
[INFO] [stderr] Deleting file type=Table num=1
[INFO] [stderr] Deleting file type=Table num=2
[INFO] [stderr] Deleting file type=Table num=3
[INFO] [stderr] Expanding inputs@1 2+1 (522+218 bytes) to 3+1 (739+218 bytes)
[INFO] [stderr] Compacting @1 [97, 97, 97, 1, 22, 0, 0, 0, 0, 0, 0] .. [102, 97, 98, 1, 15, 0, 0, 0, 0, 0, 0]
[INFO] [stderr] Compacting 3 files at L1 and 1 files at L2
[INFO] [stderr] L0 table 000017 has 179 bytes
[INFO] [stderr] Deleting file type=Log num=12
[INFO] [stderr] Deleting file type=Descriptor num=10
[INFO] [stderr] New table num=13: keys=10 size=345
[INFO] [stderr] Compacted 3 L1 files + 1 L2 files => 345B
[INFO] [stderr] Compacting @0 [97, 97, 97, 1, 22, 0, 0, 0, 0, 0, 0] .. [98, 98, 97, 1, 30, 0, 0, 0, 0, 0, 0]
[INFO] [stderr] L0 table 000014 has 238 bytes
[INFO] [stderr] Compacting 2 files at L0 and 1 files at L1
[INFO] [stderr] Compaction finished: level 0: 2 files, 483 bytes ([(1, 232), (2, 251)]); level 2: 2 files, 595 bytes ([(13, 345), (7, 250)]); level 3: 2 files, 400 bytes ([(8, 200), (9, 200)]); 
[INFO] [stderr] Deleting file type=Table num=6
[INFO] [stderr] Deleting file type=Table num=4
[INFO] [stderr] Deleting file type=Table num=5
[INFO] [stderr] Deleting file type=Table num=3
[INFO] [stderr] Deleting file type=Log num=12
[INFO] [stderr] Deleting file type=Descriptor num=11
[INFO] [stderr] Deleting file type=Log num=15
[INFO] [stderr] Deleting file type=Descriptor num=13
[INFO] [stderr] Compacting @0 [97, 97, 97, 1, 22, 0, 0, 0, 0, 0, 0] .. [98, 98, 97, 1, 30, 0, 0, 0, 0, 0, 0]
[INFO] [stderr] Compacting 2 files at L0 and 1 files at L1
[INFO] [stderr] Recovered manifest with next_file=17 manifest_num=16 log_num=15 prev_log_num=0 last_seq=35
[INFO] [stderr] Recovering log file "db/000015.log"
[INFO] [stderr] Start write of L0 table 000017
[INFO] [stderr] New table num=14: keys=15 size=435
[INFO] [stderr] Compacted 3 L1 files + 1 L2 files => 435B
[INFO] [stderr] Compaction finished: level 2: 2 files, 685 bytes ([(14, 435), (7, 250)]); level 3: 2 files, 400 bytes ([(8, 200), (9, 200)]); 
[INFO] [stderr] Deleting file type=Table num=4
[INFO] [stderr] Deleting file type=Table num=13
[INFO] [stderr] Deleting file type=Table num=6
[INFO] [stderr] Deleting file type=Table num=5
[INFO] [stderr] Compacting @2 [97, 97, 97, 1, 22, 0, 0, 0, 0, 0, 0] .. [102, 98, 97, 1, 12, 0, 0, 0, 0, 0, 0]
[INFO] [stderr] Compacting 1 files at L2 and 0 files at L3
[INFO] [stderr] New table num=19: keys=8 size=306
[INFO] [stderr] Compacted 2 L0 files + 1 L1 files => 306B
[INFO] [stderr] Compaction finished: level 0: 2 files, 432 bytes ([(14, 253), (17, 179)]); level 1: 3 files, 739 bytes ([(19, 306), (4, 216), (5, 217)]); level 2: 2 files, 468 bytes ([(6, 218), (7, 250)]); level 3: 2 files, 400 bytes ([(8, 200), (9, 200)]); 
[INFO] [stderr] Deleting file type=Table num=2
[INFO] [stderr] New table num=15: keys=15 size=435
[INFO] [stderr] Compacted 1 L2 files + 0 L3 files => 435B
[INFO] [stderr] Compaction finished: level 2: 1 files, 250 bytes ([(7, 250)]); level 3: 3 files, 835 bytes ([(15, 435), (8, 200), (9, 200)]); 
[INFO] [stderr] Deleting file type=Table num=14
[INFO] [stderr] Recovered manifest with next_file=12 manifest_num=11 log_num=0 prev_log_num=0 last_seq=30
[INFO] [stderr] L0 table 000017 has 182 bytes
[INFO] [stderr] Deleting file type=Descriptor num=10
[INFO] [stderr] Deleting file type=Descriptor num=13
[INFO] [stderr] Deleting file type=Log num=15
[INFO] [stderr] Compacting @0 [97, 97, 97, 1, 22, 0, 0, 0, 0, 0, 0] .. [98, 98, 97, 1, 30, 0, 0, 0, 0, 0, 0]
[INFO] [stderr] Compacting 2 files at L0 and 1 files at L1
[INFO] [stdout] test db_iter::tests::db_iter_test_fwd_backwd ... ok
[INFO] [stderr] Deleting file type=Table num=3
[INFO] [stderr] Deleting file type=Table num=1
[INFO] [stderr] Deleting file type=Descriptor num=1
[INFO] [stderr] Deleting file type=Log num=3
[INFO] [stderr] Deleting file type=Descriptor num=10
[INFO] [stdout] test db_impl::tests::test_db_impl_compaction ... ok
[INFO] [stdout] test db_impl::tests::test_db_impl_compact_range ... ok
[INFO] [stdout] test db_iter::tests::db_iter_test_seek ... ok
[INFO] [stdout] test block_builder::tests::test_block_builder_panics - should panic ... ok
[INFO] [stderr] files: [[RefCell { value: FileMetaData { allowed_seeks: 100, num: 3, size: 197, smallest: [97, 98, 99, 1, 1, 0, 0, 0, 0, 0, 0], largest: [97, 98, 100, 1, 2, 0, 0, 0, 0, 0, 0] } }], [], [], [], [], [], []]
[INFO] [stdout] test db_impl::tests::test_db_impl_get_from_table_with_snapshot ... ok
[INFO] [stderr] Recovered manifest with next_file=21 manifest_num=20 log_num=18 prev_log_num=0 last_seq=37
[INFO] [stderr] New table num=19: keys=8 size=306
[INFO] [stderr] Compacted 2 L0 files + 1 L1 files => 306B
[INFO] [stderr] Recovering log file "db/000018.log"
[INFO] [stderr] Compaction finished: level 0: 2 files, 420 bytes ([(14, 238), (17, 182)]); level 1: 3 files, 739 bytes ([(19, 306), (4, 216), (5, 217)]); level 2: 2 files, 468 bytes ([(6, 218), (7, 250)]); level 3: 2 files, 400 bytes ([(8, 200), (9, 200)]); 
[INFO] [stderr] Deleting file type=Table num=1
[INFO] [stderr] Deleting file type=Table num=2
[INFO] [stderr] Deleting file type=Table num=3
[INFO] [stderr] New table num=15: keys=8 size=306
[INFO] [stderr] Compacted 2 L0 files + 1 L1 files => 306B
[INFO] [stderr] Compaction finished: level 1: 3 files, 739 bytes ([(15, 306), (4, 216), (5, 217)]); level 2: 3 files, 650 bytes ([(6, 218), (7, 250), (14, 182)]); level 3: 2 files, 400 bytes ([(8, 200), (9, 200)]); 
[INFO] [stderr] Deleting file type=Table num=1
[INFO] [stderr] Deleting file type=Table num=3
[INFO] [stderr] Deleting file type=Table num=2
[INFO] [stderr] Expanding inputs@1 2+1 (522+218 bytes) to 3+1 (739+218 bytes)
[INFO] [stderr] Compacting @1 [97, 97, 97, 1, 22, 0, 0, 0, 0, 0, 0] .. [102, 97, 98, 1, 15, 0, 0, 0, 0, 0, 0]
[INFO] [stderr] Compacting 3 files at L1 and 1 files at L2
[INFO] [stderr] Recovered manifest with next_file=12 manifest_num=11 log_num=0 prev_log_num=0 last_seq=30
[INFO] [stderr] Start write of L0 table 000021
[INFO] [stderr] Deleting file type=Descriptor num=10
[INFO] [stderr] Recovered manifest with next_file=6 manifest_num=5 log_num=4 prev_log_num=0 last_seq=2
[INFO] [stderr] reusing manifest "db/MANIFEST-000002"
[INFO] [stderr] Recovering log file "db/000004.log"
[INFO] [stderr] reusing log file "db/000004.log"
[INFO] [stderr] L0 table 000021 has 182 bytes
[INFO] [stderr] New table num=16: keys=15 size=435
[INFO] [stderr] Compacted 3 L1 files + 1 L2 files => 435B
[INFO] [stderr] Compaction finished: level 2: 3 files, 867 bytes ([(16, 435), (7, 250), (14, 182)]); level 3: 2 files, 400 bytes ([(8, 200), (9, 200)]); 
[INFO] [stderr] Deleting file type=Table num=6
[INFO] [stderr] Deleting file type=Table num=5
[INFO] [stderr] Deleting file type=Table num=15
[INFO] [stderr] Deleting file type=Table num=4
[INFO] [stdout] test filter::tests::test_filter_bloom ... ok
[INFO] [stderr] Compacting @2 [97, 97, 97, 1, 22, 0, 0, 0, 0, 0, 0] .. [102, 98, 97, 1, 12, 0, 0, 0, 0, 0, 0]
[INFO] [stdout] test db_impl::tests::test_db_impl_init ... ok
[INFO] [stderr] Compacting 1 files at L2 and 0 files at L3
[INFO] [stderr] New table num=17: keys=15 size=435
[INFO] [stderr] Compacted 1 L2 files + 0 L3 files => 435B
[INFO] [stdout] test filter_block::tests::test_filter_block_build_read ... ok
[INFO] [stderr] Compaction finished: level 2: 2 files, 432 bytes ([(7, 250), (14, 182)]); level 3: 3 files, 835 bytes ([(17, 435), (8, 200), (9, 200)]); 
[INFO] [stderr] Deleting file type=Table num=16
[INFO] [stderr] Deleting file type=Descriptor num=16
[INFO] [stderr] Deleting file type=Log num=18
[INFO] [stdout] test filter::tests::test_filter_internal_keys_identical ... ok
[INFO] [stdout] test db_iter::tests::db_iter_repeated_open_close ... ok
[INFO] [stdout] test filter::tests::test_filter_bloom_hash ... ok
[INFO] [stdout] test error::tests::test_status_to_string ... ok
[INFO] [stdout] test filter_block::tests::test_filter_block_builder ... ok
[INFO] [stdout] test key_types::tests::test_build_memtable_key ... ok
[INFO] [stdout] test db_impl::tests::test_db_impl_compact_range_memtable ... ok
[INFO] [stdout] test cmp::tests::test_cmp_memtablekeycmp_panics - should panic ... ok
[INFO] [stdout] test db_impl::tests::test_db_impl_open_close_reopen ... ok
[INFO] [stdout] test log::tests::test_crc_mask_crc ... ok
[INFO] [stdout] test disk_env::tests::test_files ... FAILED
[INFO] [stdout] test filter_block::tests::test_filter_index ... ok
[INFO] [stdout] test key_types::tests::test_memtable_lookupkey ... ok
[INFO] [stdout] test disk_env::tests::test_dirs ... FAILED
[INFO] [stdout] test log::tests::test_reader ... ok
[INFO] [stdout] test log::tests::test_writer ... ok
[INFO] [stdout] test mem_env::tests::test_mem_fs_children ... ok
[INFO] [stdout] test log::tests::test_writer_append ... ok
[INFO] [stdout] test mem_env::tests::test_mem_fs_metadata_operations ... ok
[INFO] [stdout] test mem_env::tests::test_mem_fs_open_read_write ... ok
[INFO] [stdout] test memtable::tests::test_memtable_add ... ok
[INFO] [stdout] test mem_env::tests::test_mem_fs_open_read_write_append_truncate ... ok
[INFO] [stdout] test db_iter::tests::db_iter_deleted_entry_not_returned_memtable ... ok
[INFO] [stdout] test log::tests::test_crc_sanity ... ok
[INFO] [stdout] test mem_env::tests::test_mem_fs_memfile_read ... ok
[INFO] [stdout] test mem_env::tests::test_mem_fs_memfile_write ... ok
[INFO] [stdout] test mem_env::tests::test_mem_fs_memfile_readat ... ok
[INFO] [stdout] test mem_env::tests::test_memenv_all ... ok
[INFO] [stdout] test mem_env::tests::test_mem_fs_lock ... ok
[INFO] [stdout] test memtable::tests::test_memtable_iterator_behavior ... ok
[INFO] [stdout] test memtable::tests::test_memtable_add_get ... ok
[INFO] [stdout] test merging_iter::tests::test_merging_behavior ... ok
[INFO] [stdout] test memtable::tests::test_memtable_iterator_reverse ... ok
[INFO] [stdout] test memtable::tests::test_memtable_parse_key ... ok
[INFO] [stdout] test memtable::tests::test_memtable_parse_tag ... ok
[INFO] [stdout] test merging_iter::tests::test_merging_zero ... ok
[INFO] [stdout] test merging_iter::tests::test_merging_real ... ok
[INFO] [stdout] test memtable::tests::test_memtable_iterator_fwd ... ok
[INFO] [stdout] test skipmap::tests::test_empty_skipmap_find_memtable_cmp ... ok
[INFO] [stdout] test memtable::tests::test_memtable_iterator_init ... ok
[INFO] [stdout] test memtable::tests::test_shift_left ... ok
[INFO] [stdout] test skipmap::tests::test_insert ... ok
[INFO] [stdout] test merging_iter::tests::test_merging_forward_backward ... ok
[INFO] [stdout] test merging_iter::tests::test_merging_seek_reset ... ok
[INFO] [stdout] test merging_iter::tests::test_merging_one ... ok
[INFO] [stdout] test merging_iter::tests::test_merging_two ... ok
[INFO] [stdout] test disk_env::tests::test_locking ... FAILED
[INFO] [stdout] test skipmap::tests::test_skipmap_iterator ... ok
[INFO] [stdout] test skipmap::tests::test_find ... ok
[INFO] [stdout] test memtable::tests::test_memtable_iterator_seek ... ok
[INFO] [stdout] test skipmap::tests::test_contains ... ok
[INFO] [stdout] test skipmap::tests::test_skipmap_behavior ... ok
[INFO] [stdout] test skipmap::tests::test_no_dupes - should panic ... ok
[INFO] [stdout] test skipmap::tests::test_skipmap_iterator_concurrent_insert ... ok
[INFO] [stdout] test snapshot::tests::test_snapshot_list ... ok
[INFO] [stdout] test table_builder::tests::test_bad_input - should panic ... ok
[INFO] [stdout] test skipmap::tests::test_skipmap_iterator_init ... ok
[INFO] [stdout] test table_reader::tests::test_table_block_cache_use ... ok
[INFO] [stdout] test table_reader::tests::test_table_iterator_filter ... ok
[INFO] [stdout] test table_cache::tests::test_table_cache ... ok
[INFO] [stdout] test table_reader::tests::test_table_approximate_offset ... ok
[INFO] [stdout] test table_cache::tests::test_filenum_to_key ... ok
[INFO] [stdout] test table_reader::tests::test_table_internal_keys ... ok
[INFO] [stdout] test table_reader::tests::test_table_get ... ok
[INFO] [stdout] test table_cache::tests::test_table_file_name ... ok
[INFO] [stdout] test skipmap::tests::test_skipmap_iterator_0 ... ok
[INFO] [stdout] test table_builder::tests::test_footer ... ok
[INFO] [stdout] test table_reader::tests::test_table_reader_checksum ... ok
[INFO] [stdout] test table_reader::tests::test_table_iterator_seek ... ok
[INFO] [stdout] test test_util::tests::test_test_util_basic ... ok
[INFO] [stdout] test skipmap::tests::test_skipmap_iterator_prev ... ok
[INFO] [stdout] test test_util::tests::test_test_util_ldbiter_properties ... ok
[INFO] [stdout] test types::tests::test_types_parse_file_name ... ok
[INFO] [stdout] test table_builder::tests::test_table_builder ... ok
[INFO] [stdout] test table_reader::tests::test_table_iterator_behavior_standard ... ok
[INFO] [stdout] test skipmap::tests::test_skipmap_iterator_seek_valid ... ok
[INFO] [stdout] test table_reader::tests::test_table_iterator_fwd_bwd ... ok
[INFO] [stdout] test db_iter::tests::db_iter_deleted_entry_not_returned ... ok
[INFO] [stdout] test table_reader::tests::test_table_iterator_values ... ok
[INFO] [stdout] test version::tests::test_version_file_overlaps ... ok
[INFO] [stdout] test table_reader::tests::test_table_iterator_state_behavior ... ok
[INFO] [stdout] test version::tests::test_version_concat_iter_properties ... ok
[INFO] [stdout] test version::tests::test_version_get_overlapping_basic ... ok
[INFO] [stdout] test version::tests::test_version_overlapping_inputs ... ok
[INFO] [stdout] test version::tests::test_version_pick_memtable_output_level ... ok
[INFO] [stderr] (took PT0.000117600S) (init took PT0.000000871S) (took PT0.000036411S) (took PT0.000026180S) (overlapping-inputs took PT0.000022020S) (took PT0.000013580S) Recovered manifest with next_file=21 manifest_num=20 log_num=10 prev_log_num=0 last_seq=30
[INFO] [stderr] reusing manifest "db/MANIFEST-000019"
[INFO] [stdout] test version::tests::test_version_overlap_in_level ... ok
[INFO] [stdout] test version::tests::test_version_key_ordering ... ok
[INFO] [stdout] test version_edit::tests::test_version_edit_encode_decode ... ok
[INFO] [stdout] test version::tests::test_version_summary ... ok
[INFO] [stdout] test version_set::tests::test_version_set_builder ... ok
[INFO] [stdout] test version::tests::test_version_concat_iter ... ok
[INFO] [stdout] test version::tests::test_version_all_iters ... ok
[INFO] [stdout] test write_batch::tests::test_write_batch ... ok
[INFO] [stdout] test version_set::tests::test_version_set_log_and_apply ... ok
[INFO] [stdout] test version_set::tests::test_version_set_get_range ... ok
[INFO] [stdout] test version::tests::test_version_record_read_sample ... ok
[INFO] [stderr] Compacting @0 [97, 97, 97, 1, 22, 0, 0, 0, 0, 0, 0] .. [98, 98, 97, 1, 30, 0, 0, 0, 0, 0, 0]
[INFO] [stderr] Compacting @0 [97, 97, 97, 1, 22, 0, 0, 0, 0, 0, 0] .. [98, 98, 97, 1, 30, 0, 0, 0, 0, 0, 0]
[INFO] [stderr] Compacting @0 [97, 97, 97, 1, 22, 0, 0, 0, 0, 0, 0] .. [98, 98, 97, 1, 30, 0, 0, 0, 0, 0, 0]
[INFO] [stderr] Expanding inputs@1 1+1 (218+218 bytes) to 3+1 (651+218 bytes)
[INFO] [stdout] test version::tests::test_version_max_next_level_overlapping ... ok
[INFO] [stderr] Compacting @1 [97, 97, 97, 1, 19, 0, 0, 0, 0, 0, 0] .. [102, 97, 98, 1, 15, 0, 0, 0, 0, 0, 0]
[INFO] [stdout] test version_set::tests::test_version_set_pick_compaction ... ok
[INFO] [stdout] test version_set::tests::test_version_set_merge_iters ... ok
[INFO] [stderr] Expanding inputs@1 2+1 (433+218 bytes) to 3+1 (651+218 bytes)
[INFO] [stderr] Compacting @1 [97, 97, 97, 1, 19, 0, 0, 0, 0, 0, 0] .. [102, 97, 98, 1, 15, 0, 0, 0, 0, 0, 0]
[INFO] [stdout] test version_set::tests::test_version_set_total_size ... ok
[INFO] [stdout] test version_set::tests::test_version_set_utils ... ok
[INFO] [stdout] test version::tests::test_version_get_simple ... ok
[INFO] [stderr] Compacting @2 [99, 97, 98, 1, 10, 0, 0, 0, 0, 0, 0] .. [102, 98, 97, 1, 12, 0, 0, 0, 0, 0, 0]
[INFO] [stderr] Compacting @0 [97, 97, 97, 1, 22, 0, 0, 0, 0, 0, 0] .. [98, 98, 97, 1, 30, 0, 0, 0, 0, 0, 0]
[INFO] [stderr] Compacting @0 [97, 97, 97, 1, 22, 0, 0, 0, 0, 0, 0] .. [98, 98, 97, 1, 30, 0, 0, 0, 0, 0, 0]
[INFO] [stderr] Compacting @0 [97, 97, 97, 1, 22, 0, 0, 0, 0, 0, 0] .. [98, 98, 97, 1, 30, 0, 0, 0, 0, 0, 0]
[INFO] [stdout] test version_set::tests::test_version_set_compaction ... ok
[INFO] [stderr] (compaction tests took PT0.004294989S) (took PT0.004682609S) Start write of L0 table 000005
[INFO] [stderr] L0 table 000005 has 760698 bytes
[INFO] [stderr] Deleting file type=Log num=3
[INFO] [stderr] Start write of L0 table 000007
[INFO] [stderr] L0 table 000007 has 772508 bytes
[INFO] [stderr] Deleting file type=Log num=4
[INFO] [stdout] test db_impl::tests::test_drop_memtable ... ok
[INFO] [stdout] 
[INFO] [stdout] failures:
[INFO] [stdout] 
[INFO] [stdout] ---- disk_env::tests::test_files stdout ----
[INFO] [stdout] thread 'disk_env::tests::test_files' panicked at src/disk_env.rs:191:9:
[INFO] [stdout] assertion failed: env.open_appendable_file(name).is_ok()
[INFO] [stdout] stack backtrace:
[INFO] [stdout]    0:     0x559f3b87378c - std::backtrace_rs::backtrace::libunwind::trace::ha637c64ce894333a
[INFO] [stdout]                                at /rustc/82e1608dfa6e0b5569232559e3d385fea5a93112/library/std/src/../../backtrace/src/backtrace/libunwind.rs:104:5
[INFO] [stdout]    1:     0x559f3b87378c - std::backtrace_rs::backtrace::trace_unsynchronized::h47f62dea28e0c88d
[INFO] [stdout]                                at /rustc/82e1608dfa6e0b5569232559e3d385fea5a93112/library/std/src/../../backtrace/src/backtrace/mod.rs:66:5
[INFO] [stdout]    2:     0x559f3b87378c - std::sys_common::backtrace::_print_fmt::h9eef0abe20ede486
[INFO] [stdout]                                at /rustc/82e1608dfa6e0b5569232559e3d385fea5a93112/library/std/src/sys_common/backtrace.rs:67:5
[INFO] [stdout]    3:     0x559f3b87378c - <std::sys_common::backtrace::_print::DisplayBacktrace as core::fmt::Display>::fmt::hed7f999df88cc644
[INFO] [stdout]                                at /rustc/82e1608dfa6e0b5569232559e3d385fea5a93112/library/std/src/sys_common/backtrace.rs:44:22
[INFO] [stdout]    4:     0x559f3b89e5d0 - core::fmt::rt::Argument::fmt::h1539a9308b8d058d
[INFO] [stdout]                                at /rustc/82e1608dfa6e0b5569232559e3d385fea5a93112/library/core/src/fmt/rt.rs:142:9
[INFO] [stdout]    5:     0x559f3b89e5d0 - core::fmt::write::h3a39390d8560d9c9
[INFO] [stdout]                                at /rustc/82e1608dfa6e0b5569232559e3d385fea5a93112/library/core/src/fmt/mod.rs:1120:17
[INFO] [stdout]    6:     0x559f3b870d8f - std::io::Write::write_fmt::h040b369f3a0f9cbc
[INFO] [stdout]                                at /rustc/82e1608dfa6e0b5569232559e3d385fea5a93112/library/std/src/io/mod.rs:1762:15
[INFO] [stdout]    7:     0x559f3b873574 - std::sys_common::backtrace::_print::h894006fb5c6f3d45
[INFO] [stdout]                                at /rustc/82e1608dfa6e0b5569232559e3d385fea5a93112/library/std/src/sys_common/backtrace.rs:47:5
[INFO] [stdout]    8:     0x559f3b873574 - std::sys_common::backtrace::print::h23a2d212c6fff936
[INFO] [stdout]                                at /rustc/82e1608dfa6e0b5569232559e3d385fea5a93112/library/std/src/sys_common/backtrace.rs:34:9
[INFO] [stdout]    9:     0x559f3b875237 - std::panicking::default_hook::{{closure}}::h8a1d2ee00185001a
[INFO] [stdout]   10:     0x559f3b874f23 - std::panicking::default_hook::h6038f2eba384e475
[INFO] [stdout]                                at /rustc/82e1608dfa6e0b5569232559e3d385fea5a93112/library/std/src/panicking.rs:289:9
[INFO] [stdout]   11:     0x559f3b7eecc7 - <alloc::boxed::Box<F,A> as core::ops::function::Fn<Args>>::call::h0ad024c9bdc6d768
[INFO] [stdout]                                at /rustc/82e1608dfa6e0b5569232559e3d385fea5a93112/library/alloc/src/boxed.rs:2021:9
[INFO] [stdout]   12:     0x559f3b7eecc7 - test::test_main::{{closure}}::h7500b54257359db6
[INFO] [stdout]                                at /rustc/82e1608dfa6e0b5569232559e3d385fea5a93112/library/test/src/lib.rs:138:21
[INFO] [stdout]   13:     0x559f3b875848 - <alloc::boxed::Box<F,A> as core::ops::function::Fn<Args>>::call::h1f8f335eaa9cfaee
[INFO] [stdout]                                at /rustc/82e1608dfa6e0b5569232559e3d385fea5a93112/library/alloc/src/boxed.rs:2021:9
[INFO] [stdout]   14:     0x559f3b875848 - std::panicking::rust_panic_with_hook::h2b5517d590cab22e
[INFO] [stdout]                                at /rustc/82e1608dfa6e0b5569232559e3d385fea5a93112/library/std/src/panicking.rs:783:13
[INFO] [stdout]   15:     0x559f3b875569 - std::panicking::begin_panic_handler::{{closure}}::h233112c06e0ef43e
[INFO] [stdout]                                at /rustc/82e1608dfa6e0b5569232559e3d385fea5a93112/library/std/src/panicking.rs:649:13
[INFO] [stdout]   16:     0x559f3b873c56 - std::sys_common::backtrace::__rust_end_short_backtrace::h6e893f24d7ebbff8
[INFO] [stdout]                                at /rustc/82e1608dfa6e0b5569232559e3d385fea5a93112/library/std/src/sys_common/backtrace.rs:170:18
[INFO] [stdout]   17:     0x559f3b875302 - rust_begin_unwind
[INFO] [stdout]                                at /rustc/82e1608dfa6e0b5569232559e3d385fea5a93112/library/std/src/panicking.rs:645:5
[INFO] [stdout]   18:     0x559f3b67d845 - core::panicking::panic_fmt::hbf0e066aabfa482c
[INFO] [stdout]                                at /rustc/82e1608dfa6e0b5569232559e3d385fea5a93112/library/core/src/panicking.rs:72:14
[INFO] [stdout]   19:     0x559f3b67d8e3 - core::panicking::panic::h195fc2a96298d4c3
[INFO] [stdout]                                at /rustc/82e1608dfa6e0b5569232559e3d385fea5a93112/library/core/src/panicking.rs:127:5
[INFO] [stdout]   20:     0x559f3b6c4979 - rusty_leveldb_arc::disk_env::tests::test_files::h0c0c387333609cf0
[INFO] [stdout]                                at /opt/rustwide/workdir/src/disk_env.rs:191:9
[INFO] [stdout]   21:     0x559f3b6c47c7 - rusty_leveldb_arc::disk_env::tests::test_files::{{closure}}::h3c31f16819489440
[INFO] [stdout]                                at /opt/rustwide/workdir/src/disk_env.rs:185:20
[INFO] [stdout]   22:     0x559f3b6da836 - core::ops::function::FnOnce::call_once::h28d7ab825e15c238
[INFO] [stdout]                                at /rustc/82e1608dfa6e0b5569232559e3d385fea5a93112/library/core/src/ops/function.rs:250:5
[INFO] [stdout]   23:     0x559f3b7f431f - core::ops::function::FnOnce::call_once::h2b5d431d5046312d
[INFO] [stdout]                                at /rustc/82e1608dfa6e0b5569232559e3d385fea5a93112/library/core/src/ops/function.rs:250:5
[INFO] [stdout]   24:     0x559f3b7f431f - test::__rust_begin_short_backtrace::h7714669af176e207
[INFO] [stdout]                                at /rustc/82e1608dfa6e0b5569232559e3d385fea5a93112/library/test/src/lib.rs:628:18
[INFO] [stdout]   25:     0x559f3b7f3335 - test::run_test_in_process::{{closure}}::h85218797dcbcec12
[INFO] [stdout]                                at /rustc/82e1608dfa6e0b5569232559e3d385fea5a93112/library/test/src/lib.rs:651:60
[INFO] [stdout]   26:     0x559f3b7f3335 - <core::panic::unwind_safe::AssertUnwindSafe<F> as core::ops::function::FnOnce<()>>::call_once::h76c106ea31c14d7b
[INFO] [stdout]                                at /rustc/82e1608dfa6e0b5569232559e3d385fea5a93112/library/core/src/panic/unwind_safe.rs:272:9
[INFO] [stdout]   27:     0x559f3b7f3335 - std::panicking::try::do_call::h3bd5d0f6620ee946
[INFO] [stdout]                                at /rustc/82e1608dfa6e0b5569232559e3d385fea5a93112/library/std/src/panicking.rs:552:40
[INFO] [stdout]   28:     0x559f3b7f3335 - std::panicking::try::h232e535e4744fe31
[INFO] [stdout]                                at /rustc/82e1608dfa6e0b5569232559e3d385fea5a93112/library/std/src/panicking.rs:516:19
[INFO] [stdout]   29:     0x559f3b7f3335 - std::panic::catch_unwind::h3ce3bd6ca8dbac68
[INFO] [stdout]                                at /rustc/82e1608dfa6e0b5569232559e3d385fea5a93112/library/std/src/panic.rs:142:14
[INFO] [stdout]   30:     0x559f3b7f3335 - test::run_test_in_process::hc97b257c9621286a
[INFO] [stdout]                                at /rustc/82e1608dfa6e0b5569232559e3d385fea5a93112/library/test/src/lib.rs:651:27
[INFO] [stdout]   31:     0x559f3b7f3335 - test::run_test::{{closure}}::h2aa798823a438d38
[INFO] [stdout]                                at /rustc/82e1608dfa6e0b5569232559e3d385fea5a93112/library/test/src/lib.rs:574:43
[INFO] [stdout]   32:     0x559f3b7bb5f6 - test::run_test::{{closure}}::h87d231c78fb59832
[INFO] [stdout]                                at /rustc/82e1608dfa6e0b5569232559e3d385fea5a93112/library/test/src/lib.rs:602:41
[INFO] [stdout]   33:     0x559f3b7bb5f6 - std::sys_common::backtrace::__rust_begin_short_backtrace::he6df152596625789
[INFO] [stdout]                                at /rustc/82e1608dfa6e0b5569232559e3d385fea5a93112/library/std/src/sys_common/backtrace.rs:154:18
[INFO] [stdout]   34:     0x559f3b7c06a7 - std::thread::Builder::spawn_unchecked_::{{closure}}::{{closure}}::ha94be15d1e0acf36
[INFO] [stdout]                                at /rustc/82e1608dfa6e0b5569232559e3d385fea5a93112/library/std/src/thread/mod.rs:529:17
[INFO] [stdout]   35:     0x559f3b7c06a7 - <core::panic::unwind_safe::AssertUnwindSafe<F> as core::ops::function::FnOnce<()>>::call_once::h9dc6bd6372f16606
[INFO] [stdout]                                at /rustc/82e1608dfa6e0b5569232559e3d385fea5a93112/library/core/src/panic/unwind_safe.rs:272:9
[INFO] [stdout]   36:     0x559f3b7c06a7 - std::panicking::try::do_call::h9057517f80303cd4
[INFO] [stdout]                                at /rustc/82e1608dfa6e0b5569232559e3d385fea5a93112/library/std/src/panicking.rs:552:40
[INFO] [stdout]   37:     0x559f3b7c06a7 - std::panicking::try::he3a30b11ee45340c
[INFO] [stdout]                                at /rustc/82e1608dfa6e0b5569232559e3d385fea5a93112/library/std/src/panicking.rs:516:19
[INFO] [stdout]   38:     0x559f3b7c06a7 - std::panic::catch_unwind::h410458cfd3528b8b
[INFO] [stdout]                                at /rustc/82e1608dfa6e0b5569232559e3d385fea5a93112/library/std/src/panic.rs:142:14
[INFO] [stdout]   39:     0x559f3b7c06a7 - std::thread::Builder::spawn_unchecked_::{{closure}}::h72ac3bdb567b737b
[INFO] [stdout]                                at /rustc/82e1608dfa6e0b5569232559e3d385fea5a93112/library/std/src/thread/mod.rs:528:30
[INFO] [stdout]   40:     0x559f3b7c06a7 - core::ops::function::FnOnce::call_once{{vtable.shim}}::h38f34da3654a8344
[INFO] [stdout]                                at /rustc/82e1608dfa6e0b5569232559e3d385fea5a93112/library/core/src/ops/function.rs:250:5
[INFO] [stdout]   41:     0x559f3b87b3e5 - <alloc::boxed::Box<F,A> as core::ops::function::FnOnce<Args>>::call_once::hc7eafaff61e32df9
[INFO] [stdout]                                at /rustc/82e1608dfa6e0b5569232559e3d385fea5a93112/library/alloc/src/boxed.rs:2007:9
[INFO] [stdout]   42:     0x559f3b87b3e5 - <alloc::boxed::Box<F,A> as core::ops::function::FnOnce<Args>>::call_once::h6ba4a5de48dd2304
[INFO] [stdout]                                at /rustc/82e1608dfa6e0b5569232559e3d385fea5a93112/library/alloc/src/boxed.rs:2007:9
[INFO] [stdout]   43:     0x559f3b87b3e5 - std::sys::unix::thread::Thread::new::thread_start::he469335aef763e45
[INFO] [stdout]                                at /rustc/82e1608dfa6e0b5569232559e3d385fea5a93112/library/std/src/sys/unix/thread.rs:108:17
[INFO] [stdout]   44:     0x7f0547cf8ac3 - <unknown>
[INFO] [stdout]   45:     0x7f0547d89bf4 - __clone
[INFO] [stdout]   46:                0x0 - <unknown>
[INFO] [stdout] 
[INFO] [stdout] ---- disk_env::tests::test_dirs stdout ----
[INFO] [stdout] thread 'disk_env::tests::test_dirs' panicked at src/disk_env.rs:257:9:
[INFO] [stdout] assertion failed: env.mkdir(dirname).is_ok()
[INFO] [stdout] stack backtrace:
[INFO] [stdout]    0:     0x559f3b87378c - std::backtrace_rs::backtrace::libunwind::trace::ha637c64ce894333a
[INFO] [stdout]                                at /rustc/82e1608dfa6e0b5569232559e3d385fea5a93112/library/std/src/../../backtrace/src/backtrace/libunwind.rs:104:5
[INFO] [stdout]    1:     0x559f3b87378c - std::backtrace_rs::backtrace::trace_unsynchronized::h47f62dea28e0c88d
[INFO] [stdout]                                at /rustc/82e1608dfa6e0b5569232559e3d385fea5a93112/library/std/src/../../backtrace/src/backtrace/mod.rs:66:5
[INFO] [stdout]    2:     0x559f3b87378c - std::sys_common::backtrace::_print_fmt::h9eef0abe20ede486
[INFO] [stdout]                                at /rustc/82e1608dfa6e0b5569232559e3d385fea5a93112/library/std/src/sys_common/backtrace.rs:67:5
[INFO] [stdout]    3:     0x559f3b87378c - <std::sys_common::backtrace::_print::DisplayBacktrace as core::fmt::Display>::fmt::hed7f999df88cc644
[INFO] [stdout]                                at /rustc/82e1608dfa6e0b5569232559e3d385fea5a93112/library/std/src/sys_common/backtrace.rs:44:22
[INFO] [stdout]    4:     0x559f3b89e5d0 - core::fmt::rt::Argument::fmt::h1539a9308b8d058d
[INFO] [stdout]                                at /rustc/82e1608dfa6e0b5569232559e3d385fea5a93112/library/core/src/fmt/rt.rs:142:9
[INFO] [stdout]    5:     0x559f3b89e5d0 - core::fmt::write::h3a39390d8560d9c9
[INFO] [stdout]                                at /rustc/82e1608dfa6e0b5569232559e3d385fea5a93112/library/core/src/fmt/mod.rs:1120:17
[INFO] [stdout]    6:     0x559f3b870d8f - std::io::Write::write_fmt::h040b369f3a0f9cbc
[INFO] [stdout]                                at /rustc/82e1608dfa6e0b5569232559e3d385fea5a93112/library/std/src/io/mod.rs:1762:15
[INFO] [stdout]    7:     0x559f3b873574 - std::sys_common::backtrace::_print::h894006fb5c6f3d45
[INFO] [stdout]                                at /rustc/82e1608dfa6e0b5569232559e3d385fea5a93112/library/std/src/sys_common/backtrace.rs:47:5
[INFO] [stdout]    8:     0x559f3b873574 - std::sys_common::backtrace::print::h23a2d212c6fff936
[INFO] [stdout]                                at /rustc/82e1608dfa6e0b5569232559e3d385fea5a93112/library/std/src/sys_common/backtrace.rs:34:9
[INFO] [stdout]    9:     0x559f3b875237 - std::panicking::default_hook::{{closure}}::h8a1d2ee00185001a
[INFO] [stdout]   10:     0x559f3b874f23 - std::panicking::default_hook::h6038f2eba384e475
[INFO] [stdout]                                at /rustc/82e1608dfa6e0b5569232559e3d385fea5a93112/library/std/src/panicking.rs:289:9
[INFO] [stdout]   11:     0x559f3b7eecc7 - <alloc::boxed::Box<F,A> as core::ops::function::Fn<Args>>::call::h0ad024c9bdc6d768
[INFO] [stdout]                                at /rustc/82e1608dfa6e0b5569232559e3d385fea5a93112/library/alloc/src/boxed.rs:2021:9
[INFO] [stdout]   12:     0x559f3b7eecc7 - test::test_main::{{closure}}::h7500b54257359db6
[INFO] [stdout]                                at /rustc/82e1608dfa6e0b5569232559e3d385fea5a93112/library/test/src/lib.rs:138:21
[INFO] [stdout]   13:     0x559f3b875848 - <alloc::boxed::Box<F,A> as core::ops::function::Fn<Args>>::call::h1f8f335eaa9cfaee
[INFO] [stdout]                                at /rustc/82e1608dfa6e0b5569232559e3d385fea5a93112/library/alloc/src/boxed.rs:2021:9
[INFO] [stdout]   14:     0x559f3b875848 - std::panicking::rust_panic_with_hook::h2b5517d590cab22e
[INFO] [stdout]                                at /rustc/82e1608dfa6e0b5569232559e3d385fea5a93112/library/std/src/panicking.rs:783:13
[INFO] [stdout]   15:     0x559f3b875569 - std::panicking::begin_panic_handler::{{closure}}::h233112c06e0ef43e
[INFO] [stdout]                                at /rustc/82e1608dfa6e0b5569232559e3d385fea5a93112/library/std/src/panicking.rs:649:13
[INFO] [stdout]   16:     0x559f3b873c56 - std::sys_common::backtrace::__rust_end_short_backtrace::h6e893f24d7ebbff8
[INFO] [stdout]                                at /rustc/82e1608dfa6e0b5569232559e3d385fea5a93112/library/std/src/sys_common/backtrace.rs:170:18
[INFO] [stdout]   17:     0x559f3b875302 - rust_begin_unwind
[INFO] [stdout]                                at /rustc/82e1608dfa6e0b5569232559e3d385fea5a93112/library/std/src/panicking.rs:645:5
[INFO] [stdout]   18:     0x559f3b67d845 - core::panicking::panic_fmt::hbf0e066aabfa482c
[INFO] [stdout]                                at /rustc/82e1608dfa6e0b5569232559e3d385fea5a93112/library/core/src/panicking.rs:72:14
[INFO] [stdout]   19:     0x559f3b67d8e3 - core::panicking::panic::h195fc2a96298d4c3
[INFO] [stdout]                                at /rustc/82e1608dfa6e0b5569232559e3d385fea5a93112/library/core/src/panicking.rs:127:5
[INFO] [stdout]   20:     0x559f3b6c5ce2 - rusty_leveldb_arc::disk_env::tests::test_dirs::h5c39a74397ec1b7d
[INFO] [stdout]                                at /opt/rustwide/workdir/src/disk_env.rs:257:9
[INFO] [stdout]   21:     0x559f3b6c5ba7 - rusty_leveldb_arc::disk_env::tests::test_dirs::{{closure}}::h15b04c77698a7177
[INFO] [stdout]                                at /opt/rustwide/workdir/src/disk_env.rs:252:19
[INFO] [stdout]   22:     0x559f3b6dc626 - core::ops::function::FnOnce::call_once::hc845ae453035fefd
[INFO] [stdout]                                at /rustc/82e1608dfa6e0b5569232559e3d385fea5a93112/library/core/src/ops/function.rs:250:5
[INFO] [stdout]   23:     0x559f3b7f431f - core::ops::function::FnOnce::call_once::h2b5d431d5046312d
[INFO] [stdout]                                at /rustc/82e1608dfa6e0b5569232559e3d385fea5a93112/library/core/src/ops/function.rs:250:5
[INFO] [stdout]   24:     0x559f3b7f431f - test::__rust_begin_short_backtrace::h7714669af176e207
[INFO] [stdout]                                at /rustc/82e1608dfa6e0b5569232559e3d385fea5a93112/library/test/src/lib.rs:628:18
[INFO] [stdout]   25:     0x559f3b7f3335 - test::run_test_in_process::{{closure}}::h85218797dcbcec12
[INFO] [stdout]                                at /rustc/82e1608dfa6e0b5569232559e3d385fea5a93112/library/test/src/lib.rs:651:60
[INFO] [stdout]   26:     0x559f3b7f3335 - <core::panic::unwind_safe::AssertUnwindSafe<F> as core::ops::function::FnOnce<()>>::call_once::h76c106ea31c14d7b
[INFO] [stdout]                                at /rustc/82e1608dfa6e0b5569232559e3d385fea5a93112/library/core/src/panic/unwind_safe.rs:272:9
[INFO] [stdout]   27:     0x559f3b7f3335 - std::panicking::try::do_call::h3bd5d0f6620ee946
[INFO] [stdout]                                at /rustc/82e1608dfa6e0b5569232559e3d385fea5a93112/library/std/src/panicking.rs:552:40
[INFO] [stdout]   28:     0x559f3b7f3335 - std::panicking::try::h232e535e4744fe31
[INFO] [stdout]                                at /rustc/82e1608dfa6e0b5569232559e3d385fea5a93112/library/std/src/panicking.rs:516:19
[INFO] [stdout]   29:     0x559f3b7f3335 - std::panic::catch_unwind::h3ce3bd6ca8dbac68
[INFO] [stdout]                                at /rustc/82e1608dfa6e0b5569232559e3d385fea5a93112/library/std/src/panic.rs:142:14
[INFO] [stdout]   30:     0x559f3b7f3335 - test::run_test_in_process::hc97b257c9621286a
[INFO] [stdout]                                at /rustc/82e1608dfa6e0b5569232559e3d385fea5a93112/library/test/src/lib.rs:651:27
[INFO] [stdout]   31:     0x559f3b7f3335 - test::run_test::{{closure}}::h2aa798823a438d38
[INFO] [stdout]                                at /rustc/82e1608dfa6e0b5569232559e3d385fea5a93112/library/test/src/lib.rs:574:43
[INFO] [stdout]   32:     0x559f3b7bb5f6 - test::run_test::{{closure}}::h87d231c78fb59832
[INFO] [stdout]                                at /rustc/82e1608dfa6e0b5569232559e3d385fea5a93112/library/test/src/lib.rs:602:41
[INFO] [stdout]   33:     0x559f3b7bb5f6 - std::sys_common::backtrace::__rust_begin_short_backtrace::he6df152596625789
[INFO] [stdout]                                at /rustc/82e1608dfa6e0b5569232559e3d385fea5a93112/library/std/src/sys_common/backtrace.rs:154:18
[INFO] [stdout]   34:     0x559f3b7c06a7 - std::thread::Builder::spawn_unchecked_::{{closure}}::{{closure}}::ha94be15d1e0acf36
[INFO] [stdout]                                at /rustc/82e1608dfa6e0b5569232559e3d385fea5a93112/library/std/src/thread/mod.rs:529:17
[INFO] [stdout]   35:     0x559f3b7c06a7 - <core::panic::unwind_safe::AssertUnwindSafe<F> as core::ops::function::FnOnce<()>>::call_once::h9dc6bd6372f16606
[INFO] [stdout]                                at /rustc/82e1608dfa6e0b5569232559e3d385fea5a93112/library/core/src/panic/unwind_safe.rs:272:9
[INFO] [stdout]   36:     0x559f3b7c06a7 - std::panicking::try::do_call::h9057517f80303cd4
[INFO] [stdout]                                at /rustc/82e1608dfa6e0b5569232559e3d385fea5a93112/library/std/src/panicking.rs:552:40
[INFO] [stdout]   37:     0x559f3b7c06a7 - std::panicking::try::he3a30b11ee45340c
[INFO] [stdout]                                at /rustc/82e1608dfa6e0b5569232559e3d385fea5a93112/library/std/src/panicking.rs:516:19
[INFO] [stdout]   38:     0x559f3b7c06a7 - std::panic::catch_unwind::h410458cfd3528b8b
[INFO] [stdout]                                at /rustc/82e1608dfa6e0b5569232559e3d385fea5a93112/library/std/src/panic.rs:142:14
[INFO] [stdout]   39:     0x559f3b7c06a7 - std::thread::Builder::spawn_unchecked_::{{closure}}::h72ac3bdb567b737b
[INFO] [stdout]                                at /rustc/82e1608dfa6e0b5569232559e3d385fea5a93112/library/std/src/thread/mod.rs:528:30
[INFO] [stdout]   40:     0x559f3b7c06a7 - core::ops::function::FnOnce::call_once{{vtable.shim}}::h38f34da3654a8344
[INFO] [stdout]                                at /rustc/82e1608dfa6e0b5569232559e3d385fea5a93112/library/core/src/ops/function.rs:250:5
[INFO] [stdout]   41:     0x559f3b87b3e5 - <alloc::boxed::Box<F,A> as core::ops::function::FnOnce<Args>>::call_once::hc7eafaff61e32df9
[INFO] [stdout]                                at /rustc/82e1608dfa6e0b5569232559e3d385fea5a93112/library/alloc/src/boxed.rs:2007:9
[INFO] [stdout]   42:     0x559f3b87b3e5 - <alloc::boxed::Box<F,A> as core::ops::function::FnOnce<Args>>::call_once::h6ba4a5de48dd2304
[INFO] [stdout]                                at /rustc/82e1608dfa6e0b5569232559e3d385fea5a93112/library/alloc/src/boxed.rs:2007:9
[INFO] [stdout]   43:     0x559f3b87b3e5 - std::sys::unix::thread::Thread::new::thread_start::he469335aef763e45
[INFO] [stdout]                                at /rustc/82e1608dfa6e0b5569232559e3d385fea5a93112/library/std/src/sys/unix/thread.rs:108:17
[INFO] [stdout]   44:     0x7f0547cf8ac3 - <unknown>
[INFO] [stdout]   45:     0x7f0547d89bf4 - __clone
[INFO] [stdout]   46:                0x0 - <unknown>
[INFO] [stdout] 
[INFO] [stdout] ---- disk_env::tests::test_locking stdout ----
[INFO] [stdout] thread 'disk_env::tests::test_locking' panicked at src/disk_env.rs:229:54:
[INFO] [stdout] called `Result::unwrap()` on an `Err` value: Status { code: IOError, err: "open (write): IOError: Read-only file system (os error 30): testfile.123" }
[INFO] [stdout] stack backtrace:
[INFO] [stdout]    0:     0x559f3b87378c - std::backtrace_rs::backtrace::libunwind::trace::ha637c64ce894333a
[INFO] [stdout]                                at /rustc/82e1608dfa6e0b5569232559e3d385fea5a93112/library/std/src/../../backtrace/src/backtrace/libunwind.rs:104:5
[INFO] [stdout]    1:     0x559f3b87378c - std::backtrace_rs::backtrace::trace_unsynchronized::h47f62dea28e0c88d
[INFO] [stdout]                                at /rustc/82e1608dfa6e0b5569232559e3d385fea5a93112/library/std/src/../../backtrace/src/backtrace/mod.rs:66:5
[INFO] [stdout]    2:     0x559f3b87378c - std::sys_common::backtrace::_print_fmt::h9eef0abe20ede486
[INFO] [stdout]                                at /rustc/82e1608dfa6e0b5569232559e3d385fea5a93112/library/std/src/sys_common/backtrace.rs:67:5
[INFO] [stdout]    3:     0x559f3b87378c - <std::sys_common::backtrace::_print::DisplayBacktrace as core::fmt::Display>::fmt::hed7f999df88cc644
[INFO] [stdout]                                at /rustc/82e1608dfa6e0b5569232559e3d385fea5a93112/library/std/src/sys_common/backtrace.rs:44:22
[INFO] [stdout]    4:     0x559f3b89e5d0 - core::fmt::rt::Argument::fmt::h1539a9308b8d058d
[INFO] [stdout]                                at /rustc/82e1608dfa6e0b5569232559e3d385fea5a93112/library/core/src/fmt/rt.rs:142:9
[INFO] [stdout]    5:     0x559f3b89e5d0 - core::fmt::write::h3a39390d8560d9c9
[INFO] [stdout]                                at /rustc/82e1608dfa6e0b5569232559e3d385fea5a93112/library/core/src/fmt/mod.rs:1120:17
[INFO] [stdout]    6:     0x559f3b870d8f - std::io::Write::write_fmt::h040b369f3a0f9cbc
[INFO] [stdout]                                at /rustc/82e1608dfa6e0b5569232559e3d385fea5a93112/library/std/src/io/mod.rs:1762:15
[INFO] [stdout]    7:     0x559f3b873574 - std::sys_common::backtrace::_print::h894006fb5c6f3d45
[INFO] [stdout]                                at /rustc/82e1608dfa6e0b5569232559e3d385fea5a93112/library/std/src/sys_common/backtrace.rs:47:5
[INFO] [stdout]    8:     0x559f3b873574 - std::sys_common::backtrace::print::h23a2d212c6fff936
[INFO] [stdout]                                at /rustc/82e1608dfa6e0b5569232559e3d385fea5a93112/library/std/src/sys_common/backtrace.rs:34:9
[INFO] [stdout]    9:     0x559f3b875237 - std::panicking::default_hook::{{closure}}::h8a1d2ee00185001a
[INFO] [stdout]   10:     0x559f3b874f23 - std::panicking::default_hook::h6038f2eba384e475
[INFO] [stdout]                                at /rustc/82e1608dfa6e0b5569232559e3d385fea5a93112/library/std/src/panicking.rs:289:9
[INFO] [stdout]   11:     0x559f3b7eecc7 - <alloc::boxed::Box<F,A> as core::ops::function::Fn<Args>>::call::h0ad024c9bdc6d768
[INFO] [stdout]                                at /rustc/82e1608dfa6e0b5569232559e3d385fea5a93112/library/alloc/src/boxed.rs:2021:9
[INFO] [stdout]   12:     0x559f3b7eecc7 - test::test_main::{{closure}}::h7500b54257359db6
[INFO] [stdout]                                at /rustc/82e1608dfa6e0b5569232559e3d385fea5a93112/library/test/src/lib.rs:138:21
[INFO] [stdout]   13:     0x559f3b875848 - <alloc::boxed::Box<F,A> as core::ops::function::Fn<Args>>::call::h1f8f335eaa9cfaee
[INFO] [stdout]                                at /rustc/82e1608dfa6e0b5569232559e3d385fea5a93112/library/alloc/src/boxed.rs:2021:9
[INFO] [stdout]   14:     0x559f3b875848 - std::panicking::rust_panic_with_hook::h2b5517d590cab22e
[INFO] [stdout]                                at /rustc/82e1608dfa6e0b5569232559e3d385fea5a93112/library/std/src/panicking.rs:783:13
[INFO] [stdout]   15:     0x559f3b87559e - std::panicking::begin_panic_handler::{{closure}}::h233112c06e0ef43e
[INFO] [stdout]                                at /rustc/82e1608dfa6e0b5569232559e3d385fea5a93112/library/std/src/panicking.rs:657:13
[INFO] [stdout]   16:     0x559f3b873c56 - std::sys_common::backtrace::__rust_end_short_backtrace::h6e893f24d7ebbff8
[INFO] [stdout]                                at /rustc/82e1608dfa6e0b5569232559e3d385fea5a93112/library/std/src/sys_common/backtrace.rs:170:18
[INFO] [stdout]   17:     0x559f3b875302 - rust_begin_unwind
[INFO] [stdout]                                at /rustc/82e1608dfa6e0b5569232559e3d385fea5a93112/library/std/src/panicking.rs:645:5
[INFO] [stdout]   18:     0x559f3b67d845 - core::panicking::panic_fmt::hbf0e066aabfa482c
[INFO] [stdout]                                at /rustc/82e1608dfa6e0b5569232559e3d385fea5a93112/library/core/src/panicking.rs:72:14
[INFO] [stdout]   19:     0x559f3b67ddd3 - core::result::unwrap_failed::hddb4fea594200c52
[INFO] [stdout]                                at /rustc/82e1608dfa6e0b5569232559e3d385fea5a93112/library/core/src/result.rs:1653:5
[INFO] [stdout]   20:     0x559f3b73c537 - core::result::Result<T,E>::unwrap::h3735da50adbaee29
[INFO] [stdout]                                at /rustc/82e1608dfa6e0b5569232559e3d385fea5a93112/library/core/src/result.rs:1077:23
[INFO] [stdout]   21:     0x559f3b6c565c - rusty_leveldb_arc::disk_env::tests::test_locking::hdfabe8ef92cb0ab6
[INFO] [stdout]                                at /opt/rustwide/workdir/src/disk_env.rs:229:25
[INFO] [stdout]   22:     0x559f3b6c5557 - rusty_leveldb_arc::disk_env::tests::test_locking::{{closure}}::h139d74b38cf61e9b
[INFO] [stdout]                                at /opt/rustwide/workdir/src/disk_env.rs:223:22
[INFO] [stdout]   23:     0x559f3b6da136 - core::ops::function::FnOnce::call_once::h0181f4277ce03c46
[INFO] [stdout]                                at /rustc/82e1608dfa6e0b5569232559e3d385fea5a93112/library/core/src/ops/function.rs:250:5
[INFO] [stdout]   24:     0x559f3b7f431f - core::ops::function::FnOnce::call_once::h2b5d431d5046312d
[INFO] [stdout]                                at /rustc/82e1608dfa6e0b5569232559e3d385fea5a93112/library/core/src/ops/function.rs:250:5
[INFO] [stdout]   25:     0x559f3b7f431f - test::__rust_begin_short_backtrace::h7714669af176e207
[INFO] [stdout]                                at /rustc/82e1608dfa6e0b5569232559e3d385fea5a93112/library/test/src/lib.rs:628:18
[INFO] [stdout]   26:     0x559f3b7f3335 - test::run_test_in_process::{{closure}}::h85218797dcbcec12
[INFO] [stdout]                                at /rustc/82e1608dfa6e0b5569232559e3d385fea5a93112/library/test/src/lib.rs:651:60
[INFO] [stdout]   27:     0x559f3b7f3335 - <core::panic::unwind_safe::AssertUnwindSafe<F> as core::ops::function::FnOnce<()>>::call_once::h76c106ea31c14d7b
[INFO] [stdout]                                at /rustc/82e1608dfa6e0b5569232559e3d385fea5a93112/library/core/src/panic/unwind_safe.rs:272:9
[INFO] [stdout]   28:     0x559f3b7f3335 - std::panicking::try::do_call::h3bd5d0f6620ee946
[INFO] [stdout]                                at /rustc/82e1608dfa6e0b5569232559e3d385fea5a93112/library/std/src/panicking.rs:552:40
[INFO] [stdout]   29:     0x559f3b7f3335 - std::panicking::try::h232e535e4744fe31
[INFO] [stdout]                                at /rustc/82e1608dfa6e0b5569232559e3d385fea5a93112/library/std/src/panicking.rs:516:19
[INFO] [stdout]   30:     0x559f3b7f3335 - std::panic::catch_unwind::h3ce3bd6ca8dbac68
[INFO] [stdout]                                at /rustc/82e1608dfa6e0b5569232559e3d385fea5a93112/library/std/src/panic.rs:142:14
[INFO] [stdout]   31:     0x559f3b7f3335 - test::run_test_in_process::hc97b257c9621286a
[INFO] [stdout]                                at /rustc/82e1608dfa6e0b5569232559e3d385fea5a93112/library/test/src/lib.rs:651:27
[INFO] [stdout]   32:     0x559f3b7f3335 - test::run_test::{{closure}}::h2aa798823a438d38
[INFO] [stdout]                                at /rustc/82e1608dfa6e0b5569232559e3d385fea5a93112/library/test/src/lib.rs:574:43
[INFO] [stdout]   33:     0x559f3b7bb5f6 - test::run_test::{{closure}}::h87d231c78fb59832
[INFO] [stdout]                                at /rustc/82e1608dfa6e0b5569232559e3d385fea5a93112/library/test/src/lib.rs:602:41
[INFO] [stdout]   34:     0x559f3b7bb5f6 - std::sys_common::backtrace::__rust_begin_short_backtrace::he6df152596625789
[INFO] [stdout]                                at /rustc/82e1608dfa6e0b5569232559e3d385fea5a93112/library/std/src/sys_common/backtrace.rs:154:18
[INFO] [stdout]   35:     0x559f3b7c06a7 - std::thread::Builder::spawn_unchecked_::{{closure}}::{{closure}}::ha94be15d1e0acf36
[INFO] [stdout]                                at /rustc/82e1608dfa6e0b5569232559e3d385fea5a93112/library/std/src/thread/mod.rs:529:17
[INFO] [stdout]   36:     0x559f3b7c06a7 - <core::panic::unwind_safe::AssertUnwindSafe<F> as core::ops::function::FnOnce<()>>::call_once::h9dc6bd6372f16606
[INFO] [stdout]                                at /rustc/82e1608dfa6e0b5569232559e3d385fea5a93112/library/core/src/panic/unwind_safe.rs:272:9
[INFO] [stdout]   37:     0x559f3b7c06a7 - std::panicking::try::do_call::h9057517f80303cd4
[INFO] [stdout]                                at /rustc/82e1608dfa6e0b5569232559e3d385fea5a93112/library/std/src/panicking.rs:552:40
[INFO] [stdout]   38:     0x559f3b7c06a7 - std::panicking::try::he3a30b11ee45340c
[INFO] [stdout]                                at /rustc/82e1608dfa6e0b5569232559e3d385fea5a93112/library/std/src/panicking.rs:516:19
[INFO] [stdout]   39:     0x559f3b7c06a7 - std::panic::catch_unwind::h410458cfd3528b8b
[INFO] [stdout]                                at /rustc/82e1608dfa6e0b5569232559e3d385fea5a93112/library/std/src/panic.rs:142:14
[INFO] [stdout]   40:     0x559f3b7c06a7 - std::thread::Builder::spawn_unchecked_::{{closure}}::h72ac3bdb567b737b
[INFO] [stdout]                                at /rustc/82e1608dfa6e0b5569232559e3d385fea5a93112/library/std/src/thread/mod.rs:528:30
[INFO] [stdout]   41:     0x559f3b7c06a7 - core::ops::function::FnOnce::call_once{{vtable.shim}}::h38f34da3654a8344
[INFO] [stdout]                                at /rustc/82e1608dfa6e0b5569232559e3d385fea5a93112/library/core/src/ops/function.rs:250:5
[INFO] [stdout]   42:     0x559f3b87b3e5 - <alloc::boxed::Box<F,A> as core::ops::function::FnOnce<Args>>::call_once::hc7eafaff61e32df9
[INFO] [stdout]                                at /rustc/82e1608dfa6e0b5569232559e3d385fea5a93112/library/alloc/src/boxed.rs:2007:9
[INFO] [stdout]   43:     0x559f3b87b3e5 - <alloc::boxed::Box<F,A> as core::ops::function::FnOnce<Args>>::call_once::h6ba4a5de48dd2304
[INFO] [stdout]                                at /rustc/82e1608dfa6e0b5569232559e3d385fea5a93112/library/alloc/src/boxed.rs:2007:9
[INFO] [stdout]   44:     0x559f3b87b3e5 - std::sys::unix::thread::Thread::new::thread_start::he469335aef763e45
[INFO] [stdout]                                at /rustc/82e1608dfa6e0b5569232559e3d385fea5a93112/library/std/src/sys/unix/thread.rs:108:17
[INFO] [stdout]   45:     0x7f0547cf8ac3 - <unknown>
[INFO] [stdout]   46:     0x7f0547d89bf4 - __clone
[INFO] [stdout]   47:                0x0 - <unknown>
[INFO] [stdout] 
[INFO] [stdout] 
[INFO] [stdout] failures:
[INFO] [stdout]     disk_env::tests::test_dirs
[INFO] [stdout]     disk_env::tests::test_files
[INFO] [stdout]     disk_env::tests::test_locking
[INFO] [stdout] 
[INFO] [stdout] test result: FAILED. 143 passed; 3 failed; 0 ignored; 0 measured; 0 filtered out; finished in 1.11s
[INFO] [stdout] 
[INFO] [stderr] error: test failed, to rerun pass `--lib`
[INFO] running `Command { std: "docker" "inspect" "291c24c057d2719b28cca8a2110951608699ddce79cc8555a31571d030e2415f", kill_on_drop: false }`
[INFO] running `Command { std: "docker" "rm" "-f" "291c24c057d2719b28cca8a2110951608699ddce79cc8555a31571d030e2415f", kill_on_drop: false }`
[INFO] [stdout] 291c24c057d2719b28cca8a2110951608699ddce79cc8555a31571d030e2415f
[INFO] testing rusty-leveldb-arc-2.0.0 against beta-2023-12-22 for beta-1.76-1
[INFO] extracting crate rusty-leveldb-arc 2.0.0 into /workspace/builds/worker-0-tc2/source
[INFO] validating manifest of crates.io crate rusty-leveldb-arc 2.0.0 on toolchain beta-2023-12-22
[INFO] running `Command { std: CARGO_HOME="/workspace/cargo-home" RUSTUP_HOME="/workspace/rustup-home" "/workspace/cargo-home/bin/cargo" "+beta-2023-12-22" "metadata" "--manifest-path" "Cargo.toml" "--no-deps", kill_on_drop: false }`
[INFO] started tweaking crates.io crate rusty-leveldb-arc 2.0.0
[INFO] finished tweaking crates.io crate rusty-leveldb-arc 2.0.0
[INFO] tweaked toml for crates.io crate rusty-leveldb-arc 2.0.0 written to /workspace/builds/worker-0-tc2/source/Cargo.toml
[INFO] running `Command { std: CARGO_HOME="/workspace/cargo-home" RUSTUP_HOME="/workspace/rustup-home" "/workspace/cargo-home/bin/cargo" "+beta-2023-12-22" "generate-lockfile" "--manifest-path" "Cargo.toml", kill_on_drop: false }`
[INFO] [stderr]     Updating crates.io index
[INFO] running `Command { std: CARGO_HOME="/workspace/cargo-home" RUSTUP_HOME="/workspace/rustup-home" "/workspace/cargo-home/bin/cargo" "+beta-2023-12-22" "fetch" "--manifest-path" "Cargo.toml", kill_on_drop: false }`
[INFO] running `Command { std: "docker" "create" "-v" "/var/lib/crater-agent-workspace/builds/worker-0-tc2/target:/opt/rustwide/target:rw,Z" "-v" "/var/lib/crater-agent-workspace/builds/worker-0-tc2/source:/opt/rustwide/workdir:ro,Z" "-v" "/var/lib/crater-agent-workspace/cargo-home:/opt/rustwide/cargo-home:ro,Z" "-v" "/var/lib/crater-agent-workspace/rustup-home:/opt/rustwide/rustup-home:ro,Z" "-e" "SOURCE_DIR=/opt/rustwide/workdir" "-e" "CARGO_TARGET_DIR=/opt/rustwide/target" "-e" "CARGO_HOME=/opt/rustwide/cargo-home" "-e" "RUSTUP_HOME=/opt/rustwide/rustup-home" "-w" "/opt/rustwide/workdir" "-m" "1610612736" "--user" "0:0" "--network" "none" "ghcr.io/rust-lang/crates-build-env/linux@sha256:2788e3201cd34a07e3172128adcd8b3090168a8e3bcc40d7c032b9dda1df7d1c" "/opt/rustwide/cargo-home/bin/cargo" "+beta-2023-12-22" "metadata" "--no-deps" "--format-version=1", kill_on_drop: false }`
[INFO] [stdout] 7c4aed0af7e278b8a0c7cca8b45821f60b67767b36a9a7cc49ea260a713c57c0
[INFO] running `Command { std: "docker" "start" "-a" "7c4aed0af7e278b8a0c7cca8b45821f60b67767b36a9a7cc49ea260a713c57c0", kill_on_drop: false }`
[INFO] running `Command { std: "docker" "inspect" "7c4aed0af7e278b8a0c7cca8b45821f60b67767b36a9a7cc49ea260a713c57c0", kill_on_drop: false }`
[INFO] running `Command { std: "docker" "rm" "-f" "7c4aed0af7e278b8a0c7cca8b45821f60b67767b36a9a7cc49ea260a713c57c0", kill_on_drop: false }`
[INFO] [stdout] 7c4aed0af7e278b8a0c7cca8b45821f60b67767b36a9a7cc49ea260a713c57c0
[INFO] running `Command { std: "docker" "create" "-v" "/var/lib/crater-agent-workspace/builds/worker-0-tc2/target:/opt/rustwide/target:rw,Z" "-v" "/var/lib/crater-agent-workspace/builds/worker-0-tc2/source:/opt/rustwide/workdir:ro,Z" "-v" "/var/lib/crater-agent-workspace/cargo-home:/opt/rustwide/cargo-home:ro,Z" "-v" "/var/lib/crater-agent-workspace/rustup-home:/opt/rustwide/rustup-home:ro,Z" "-e" "SOURCE_DIR=/opt/rustwide/workdir" "-e" "CARGO_TARGET_DIR=/opt/rustwide/target" "-e" "CARGO_INCREMENTAL=0" "-e" "RUST_BACKTRACE=full" "-e" "RUSTFLAGS=--cap-lints=warn" "-e" "RUSTDOCFLAGS=--cap-lints=warn" "-e" "CARGO_HOME=/opt/rustwide/cargo-home" "-e" "RUSTUP_HOME=/opt/rustwide/rustup-home" "-w" "/opt/rustwide/workdir" "-m" "1610612736" "--user" "0:0" "--network" "none" "ghcr.io/rust-lang/crates-build-env/linux@sha256:2788e3201cd34a07e3172128adcd8b3090168a8e3bcc40d7c032b9dda1df7d1c" "/opt/rustwide/cargo-home/bin/cargo" "+beta-2023-12-22" "build" "--frozen" "--message-format=json", kill_on_drop: false }`
[INFO] [stdout] e0332bc3676b55c31248ae7013336db9a7efbbc7b69b0dd788dc6ee4882c9ae6
[INFO] running `Command { std: "docker" "start" "-a" "e0332bc3676b55c31248ae7013336db9a7efbbc7b69b0dd788dc6ee4882c9ae6", kill_on_drop: false }`
[INFO] [stderr]    Compiling getrandom v0.1.16
[INFO] [stderr]    Compiling build_const v0.2.2
[INFO] [stderr]    Compiling ppv-lite86 v0.2.17
[INFO] [stderr]    Compiling snap v1.1.1
[INFO] [stderr]    Compiling integer-encoding v3.0.4
[INFO] [stderr]    Compiling fs2 v0.4.3
[INFO] [stderr]    Compiling errno v0.2.8
[INFO] [stderr]    Compiling crc v1.8.1
[INFO] [stderr]    Compiling rand_core v0.5.1
[INFO] [stderr]    Compiling rand_chacha v0.2.2
[INFO] [stderr]    Compiling rand v0.7.3
[INFO] [stderr]    Compiling rusty-leveldb-arc v2.0.0 (/opt/rustwide/workdir)
[INFO] [stdout] warning: unused return value of `std::mem::replace` that must be used
[INFO] [stdout]    --> src/skipmap.rs:276:18
[INFO] [stdout]     |
[INFO] [stdout] 276 |         unsafe { replace(&mut (*current).next, Some(new)) };
[INFO] [stdout]     |                  ^^^^^^^^^^^^^^^^^^^^^^^^^^^^^^^^^^^^^^^^
[INFO] [stdout]     |
[INFO] [stdout]     = note: if you don't need the old value, you can just assign the new value directly
[INFO] [stdout]     = note: `#[warn(unused_must_use)]` on by default
[INFO] [stdout] help: use `let _ = ...` to ignore the resulting value
[INFO] [stdout]     |
[INFO] [stdout] 276 |         unsafe { let _ = replace(&mut (*current).next, Some(new)); };
[INFO] [stdout]     |                  +++++++                                         +
[INFO] [stdout] 
[INFO] [stdout] 
[INFO] [stdout] warning: 1 warning emitted
[INFO] [stdout] 
[INFO] [stdout] 
[INFO] [stderr]     Finished dev [unoptimized + debuginfo] target(s) in 2.81s
[INFO] running `Command { std: "docker" "inspect" "e0332bc3676b55c31248ae7013336db9a7efbbc7b69b0dd788dc6ee4882c9ae6", kill_on_drop: false }`
[INFO] running `Command { std: "docker" "rm" "-f" "e0332bc3676b55c31248ae7013336db9a7efbbc7b69b0dd788dc6ee4882c9ae6", kill_on_drop: false }`
[INFO] [stdout] e0332bc3676b55c31248ae7013336db9a7efbbc7b69b0dd788dc6ee4882c9ae6
[INFO] running `Command { std: "docker" "create" "-v" "/var/lib/crater-agent-workspace/builds/worker-0-tc2/target:/opt/rustwide/target:rw,Z" "-v" "/var/lib/crater-agent-workspace/builds/worker-0-tc2/source:/opt/rustwide/workdir:ro,Z" "-v" "/var/lib/crater-agent-workspace/cargo-home:/opt/rustwide/cargo-home:ro,Z" "-v" "/var/lib/crater-agent-workspace/rustup-home:/opt/rustwide/rustup-home:ro,Z" "-e" "SOURCE_DIR=/opt/rustwide/workdir" "-e" "CARGO_TARGET_DIR=/opt/rustwide/target" "-e" "CARGO_INCREMENTAL=0" "-e" "RUST_BACKTRACE=full" "-e" "RUSTFLAGS=--cap-lints=warn" "-e" "RUSTDOCFLAGS=--cap-lints=warn" "-e" "CARGO_HOME=/opt/rustwide/cargo-home" "-e" "RUSTUP_HOME=/opt/rustwide/rustup-home" "-w" "/opt/rustwide/workdir" "-m" "1610612736" "--user" "0:0" "--network" "none" "ghcr.io/rust-lang/crates-build-env/linux@sha256:2788e3201cd34a07e3172128adcd8b3090168a8e3bcc40d7c032b9dda1df7d1c" "/opt/rustwide/cargo-home/bin/cargo" "+beta-2023-12-22" "test" "--frozen" "--no-run" "--message-format=json", kill_on_drop: false }`
[INFO] [stdout] 9e2f8009b2db7b27bd570134f968d7b3c42d7319772a6dd2cfa2c59413bee5eb
[INFO] running `Command { std: "docker" "start" "-a" "9e2f8009b2db7b27bd570134f968d7b3c42d7319772a6dd2cfa2c59413bee5eb", kill_on_drop: false }`
[INFO] [stderr]    Compiling bencher v0.1.5
[INFO] [stderr]    Compiling time v0.1.45
[INFO] [stdout] warning: unused return value of `std::mem::replace` that must be used
[INFO] [stdout]    --> src/skipmap.rs:276:18
[INFO] [stdout]     |
[INFO] [stdout] 276 |         unsafe { replace(&mut (*current).next, Some(new)) };
[INFO] [stdout]     |                  ^^^^^^^^^^^^^^^^^^^^^^^^^^^^^^^^^^^^^^^^
[INFO] [stdout]     |
[INFO] [stdout]     = note: if you don't need the old value, you can just assign the new value directly
[INFO] [stdout]     = note: `#[warn(unused_must_use)]` on by default
[INFO] [stdout] help: use `let _ = ...` to ignore the resulting value
[INFO] [stdout]     |
[INFO] [stdout] 276 |         unsafe { let _ = replace(&mut (*current).next, Some(new)); };
[INFO] [stdout]     |                  +++++++                                         +
[INFO] [stdout] 
[INFO] [stdout] 
[INFO] [stdout] warning: 1 warning emitted
[INFO] [stdout] 
[INFO] [stdout] 
[INFO] [stderr]    Compiling time-test v0.2.3
[INFO] [stderr]    Compiling rusty-leveldb-arc v2.0.0 (/opt/rustwide/workdir)
[INFO] [stdout] warning: unused return value of `std::mem::replace` that must be used
[INFO] [stdout]    --> src/skipmap.rs:276:18
[INFO] [stdout]     |
[INFO] [stdout] 276 |         unsafe { replace(&mut (*current).next, Some(new)) };
[INFO] [stdout]     |                  ^^^^^^^^^^^^^^^^^^^^^^^^^^^^^^^^^^^^^^^^
[INFO] [stdout]     |
[INFO] [stdout]     = note: if you don't need the old value, you can just assign the new value directly
[INFO] [stdout]     = note: `#[warn(unused_must_use)]` on by default
[INFO] [stdout] help: use `let _ = ...` to ignore the resulting value
[INFO] [stdout]     |
[INFO] [stdout] 276 |         unsafe { let _ = replace(&mut (*current).next, Some(new)); };
[INFO] [stdout]     |                  +++++++                                         +
[INFO] [stdout] 
[INFO] [stdout] 
[INFO] [stdout] warning: 1 warning emitted
[INFO] [stdout] 
[INFO] [stdout] 
[INFO] [stderr]     Finished test [unoptimized + debuginfo] target(s) in 5.17s
[INFO] running `Command { std: "docker" "inspect" "9e2f8009b2db7b27bd570134f968d7b3c42d7319772a6dd2cfa2c59413bee5eb", kill_on_drop: false }`
[INFO] running `Command { std: "docker" "rm" "-f" "9e2f8009b2db7b27bd570134f968d7b3c42d7319772a6dd2cfa2c59413bee5eb", kill_on_drop: false }`
[INFO] [stdout] 9e2f8009b2db7b27bd570134f968d7b3c42d7319772a6dd2cfa2c59413bee5eb
[INFO] running `Command { std: "docker" "create" "-v" "/var/lib/crater-agent-workspace/builds/worker-0-tc2/target:/opt/rustwide/target:rw,Z" "-v" "/var/lib/crater-agent-workspace/builds/worker-0-tc2/source:/opt/rustwide/workdir:ro,Z" "-v" "/var/lib/crater-agent-workspace/cargo-home:/opt/rustwide/cargo-home:ro,Z" "-v" "/var/lib/crater-agent-workspace/rustup-home:/opt/rustwide/rustup-home:ro,Z" "-e" "SOURCE_DIR=/opt/rustwide/workdir" "-e" "CARGO_TARGET_DIR=/opt/rustwide/target" "-e" "CARGO_INCREMENTAL=0" "-e" "RUST_BACKTRACE=full" "-e" "RUSTFLAGS=--cap-lints=warn" "-e" "RUSTDOCFLAGS=--cap-lints=warn" "-e" "CARGO_HOME=/opt/rustwide/cargo-home" "-e" "RUSTUP_HOME=/opt/rustwide/rustup-home" "-w" "/opt/rustwide/workdir" "-m" "1610612736" "--user" "0:0" "--network" "none" "ghcr.io/rust-lang/crates-build-env/linux@sha256:2788e3201cd34a07e3172128adcd8b3090168a8e3bcc40d7c032b9dda1df7d1c" "/opt/rustwide/cargo-home/bin/cargo" "+beta-2023-12-22" "test" "--frozen", kill_on_drop: false }`
[INFO] [stdout] 337d0d2185c9c931d6ff1f308c7d97442936a99e7a261f8e8935a8199906d442
[INFO] running `Command { std: "docker" "start" "-a" "337d0d2185c9c931d6ff1f308c7d97442936a99e7a261f8e8935a8199906d442", kill_on_drop: false }`
[INFO] [stderr] warning: unused return value of `std::mem::replace` that must be used
[INFO] [stderr]    --> src/skipmap.rs:276:18
[INFO] [stderr]     |
[INFO] [stderr] 276 |         unsafe { replace(&mut (*current).next, Some(new)) };
[INFO] [stderr]     |                  ^^^^^^^^^^^^^^^^^^^^^^^^^^^^^^^^^^^^^^^^
[INFO] [stderr]     |
[INFO] [stderr]     = note: if you don't need the old value, you can just assign the new value directly
[INFO] [stderr]     = note: `#[warn(unused_must_use)]` on by default
[INFO] [stderr] help: use `let _ = ...` to ignore the resulting value
[INFO] [stderr]     |
[INFO] [stderr] 276 |         unsafe { let _ = replace(&mut (*current).next, Some(new)); };
[INFO] [stderr]     |                  +++++++                                         +
[INFO] [stderr] 
[INFO] [stderr] warning: `rusty-leveldb-arc` (lib) generated 1 warning
[INFO] [stderr] warning: `rusty-leveldb-arc` (lib test) generated 1 warning (1 duplicate)
[INFO] [stderr]     Finished test [unoptimized + debuginfo] target(s) in 0.03s
[INFO] [stderr]      Running unittests src/lib.rs (/opt/rustwide/target/debug/deps/rusty_leveldb_arc-24ba31ce188bfd8c)
[INFO] [stdout] 
[INFO] [stdout] running 146 tests
[INFO] [stdout] test block::tests::test_block_build_iterate ... ok
[INFO] [stdout] test cache::tests::test_blockcache_lru_edge_cases ... ok
[INFO] [stdout] test block::tests::test_block_iterate_reverse ... ok
[INFO] [stdout] test cmp::tests::test_cmp_defaultcmp_shortest_sep ... ok
[INFO] [stdout] test cache::tests::test_blockcache_lru_1 ... ok
[INFO] [stdout] test block::tests::test_block_seek ... ok
[INFO] [stdout] test cache::tests::test_blockcache_lru_remove ... ok
[INFO] [stdout] test block_builder::tests::test_block_builder_sanity ... ok
[INFO] [stdout] test block::tests::test_block_seek_to_last ... ok
[INFO] [stdout] test cmp::tests::test_cmp_defaultcmp_short_succ ... ok
[INFO] [stdout] test blockhandle::tests::test_blockhandle ... ok
[INFO] [stdout] test cache::tests::test_blockcache_lru_reinsert ... ok
[INFO] [stdout] test block::tests::test_block_iterator_properties ... ok
[INFO] [stdout] test cmp::tests::test_cmp_internalkeycmp ... ok
[INFO] [stdout] test cache::tests::test_blockcache_lru_reinsert_2 ... ok
[INFO] [stdout] test block_builder::tests::test_block_builder_reset ... ok
[INFO] [stdout] test block::tests::test_block_empty ... ok
[INFO] [stdout] test cache::tests::test_blockcache_cache_add_rm ... ok
[INFO] [stdout] test cache::tests::test_blockcache_cache_capacity ... ok
[INFO] [stdout] test block_builder::tests::test_block_builder_panics - should panic ... ok
[INFO] [stdout] test db_impl::tests::test_db_impl_compaction_state_cleanup ... ok
[INFO] [stderr] Recovered manifest with next_file=12 manifest_num=11 log_num=0 prev_log_num=0 last_seq=30
[INFO] [stderr] Deleting file type=Descriptor num=10
[INFO] [stderr] Compacting @0 [97, 97, 97, 1, 22, 0, 0, 0, 0, 0, 0] .. [98, 98, 97, 1, 30, 0, 0, 0, 0, 0, 0]
[INFO] [stderr] Compacting 2 files at L0 and 1 files at L1
[INFO] [stderr] Compacting @2 [99, 97, 98, 1, 10, 0, 0, 0, 0, 0, 0] .. [102, 98, 97, 1, 12, 0, 0, 0, 0, 0, 0]
[INFO] [stderr] Recovered manifest with next_file=12 manifest_num=11 log_num=0 prev_log_num=0 last_seq=30
[INFO] [stderr] Deleting file type=Descriptor num=10
[INFO] [stderr] Recovered manifest with next_file=14 manifest_num=13 log_num=12 prev_log_num=0 last_seq=30
[INFO] [stderr] Recovered manifest with next_file=3 manifest_num=2 log_num=0 prev_log_num=0 last_seq=0
[INFO] [stderr] Moved num=6 bytes=218 from L2 to L3
[INFO] [stderr] Summary: level 0: 2 files, 483 bytes ([(1, 232), (2, 251)]); level 1: 3 files, 651 bytes ([(3, 218), (4, 216), (5, 217)]); level 2: 1 files, 250 bytes ([(7, 250)]); level 3: 3 files, 618 bytes ([(6, 218), (8, 200), (9, 200)]); 
[INFO] [stderr] New table num=13: keys=8 size=306
[INFO] [stderr] Compacted 2 L0 files + 1 L1 files => 306B
[INFO] [stderr] Compaction finished: level 1: 3 files, 739 bytes ([(13, 306), (4, 216), (5, 217)]); level 2: 2 files, 468 bytes ([(6, 218), (7, 250)]); level 3: 2 files, 400 bytes ([(8, 200), (9, 200)]); 
[INFO] [stderr] Deleting file type=Table num=1
[INFO] [stderr] Deleting file type=Table num=3
[INFO] [stderr] Deleting file type=Table num=2
[INFO] [stderr] Expanding inputs@1 2+1 (522+218 bytes) to 3+1 (739+218 bytes)
[INFO] [stderr] Compacting @1 [97, 97, 97, 1, 22, 0, 0, 0, 0, 0, 0] .. [102, 97, 98, 1, 15, 0, 0, 0, 0, 0, 0]
[INFO] [stderr] Compacting 3 files at L1 and 1 files at L2
[INFO] [stderr] Recovered manifest with next_file=3 manifest_num=2 log_num=0 prev_log_num=0 last_seq=0
[INFO] [stderr] Deleting file type=Descriptor num=1
[INFO] [stderr] reusing manifest "db/MANIFEST-000001"
[INFO] [stderr] Recovering log file "db/000012.log"
[INFO] [stderr] Recovered manifest with next_file=3 manifest_num=2 log_num=0 prev_log_num=0 last_seq=0
[INFO] [stderr] Recovered manifest with next_file=12 manifest_num=11 log_num=0 prev_log_num=0 last_seq=30
[INFO] [stderr] Deleting file type=Descriptor num=10
[INFO] [stderr] Expanding inputs@1 1+1 (218+218 bytes) to 3+1 (651+218 bytes)
[INFO] [stderr] Compacting @1 [97, 97, 97, 1, 19, 0, 0, 0, 0, 0, 0] .. [102, 97, 98, 1, 15, 0, 0, 0, 0, 0, 0]
[INFO] [stderr] Compacting 3 files at L1 and 1 files at L2
[INFO] [stdout] test db_impl::tests::test_db_impl_compaction_trivial ... ok
[INFO] [stdout] test cmp::tests::test_cmp_internalkeycmp_shortest_sep ... ok
[INFO] [stdout] test db_impl::tests::test_db_impl_locking ... ok
[INFO] [stderr] Recovered manifest with next_file=3 manifest_num=2 log_num=0 prev_log_num=0 last_seq=0
[INFO] [stdout] test db_impl::tests::test_db_impl_open_info_log ... ok
[INFO] [stderr] reusing manifest "db/MANIFEST-000001"
[INFO] [stderr] Recovered manifest with next_file=3 manifest_num=2 log_num=0 prev_log_num=0 last_seq=0
[INFO] [stderr] reusing manifest "db/MANIFEST-000001"
[INFO] [stderr] Recovering log file "db/000003.log"
[INFO] [stderr] Recovered manifest with next_file=12 manifest_num=11 log_num=0 prev_log_num=0 last_seq=30
[INFO] [stderr] Recovered manifest with next_file=12 manifest_num=11 log_num=0 prev_log_num=0 last_seq=30
[INFO] [stderr] Deleting file type=Descriptor num=10
[INFO] [stderr] Expanding inputs@1 1+1 (216+218 bytes) to 3+1 (651+218 bytes)
[INFO] [stderr] Compacting @1 [97, 97, 97, 1, 19, 0, 0, 0, 0, 0, 0] .. [102, 97, 98, 1, 15, 0, 0, 0, 0, 0, 0]
[INFO] [stderr] Compacting 3 files at L1 and 1 files at L2
[INFO] [stderr] Start write of L0 table 000014
[INFO] [stderr] Deleting file type=Descriptor num=10
[INFO] [stderr] Start write of L0 table 000003
[INFO] [stderr] Recovered manifest with next_file=3 manifest_num=2 log_num=0 prev_log_num=0 last_seq=0
[INFO] [stderr] reusing manifest "db/MANIFEST-000001"
[INFO] [stderr] Start write of L0 table 000004
[INFO] [stderr] L0 table 000004 has 227 bytes
[INFO] [stderr] Compacting @2 [97, 98, 48, 1, 3, 0, 0, 0, 0, 0, 0] .. [97, 98, 122, 1, 4, 0, 0, 0, 0, 0, 0]
[INFO] [stderr] Moved num=4 bytes=227 from L2 to L3
[INFO] [stderr] Summary: level 3: 1 files, 227 bytes ([(4, 227)]); 
[INFO] [stderr] Recovered manifest with next_file=12 manifest_num=11 log_num=0 prev_log_num=0 last_seq=30
[INFO] [stdout] test db_impl::tests::test_db_impl_compaction_trivial_move ... ok
[INFO] [stderr] Deleting file type=Descriptor num=10
[INFO] [stderr] Recovered manifest with next_file=12 manifest_num=11 log_num=0 prev_log_num=0 last_seq=30
[INFO] [stderr] Deleting file type=Descriptor num=10
[INFO] [stdout] test db_impl::tests::test_db_impl_build_db_sanity ... ok
[INFO] [stderr] Recovered manifest with next_file=3 manifest_num=2 log_num=0 prev_log_num=0 last_seq=0
[INFO] [stderr] reusing manifest "db/MANIFEST-000001"
[INFO] [stdout] test db_iter::tests::db_iter_allow_empty_key ... ok
[INFO] [stderr] L0 table 000014 has 253 bytes
[INFO] [stderr] Deleting file type=Log num=12
[INFO] [stderr] Deleting file type=Descriptor num=11
[INFO] [stderr] Recovered manifest with next_file=17 manifest_num=16 log_num=15 prev_log_num=0 last_seq=36
[INFO] [stderr] Recovering log file "db/000015.log"
[INFO] [stderr] Start write of L0 table 000017
[INFO] [stderr] L0 table 000017 has 179 bytes
[INFO] [stderr] Recovered manifest with next_file=12 manifest_num=11 log_num=0 prev_log_num=0 last_seq=30
[INFO] [stdout] test cmp::tests::test_cmp_memtablekeycmp_panics - should panic ... ok
[INFO] [stderr] Deleting file type=Descriptor num=13
[INFO] [stderr] Deleting file type=Log num=15
[INFO] [stderr] Compacting @0 [97, 97, 97, 1, 22, 0, 0, 0, 0, 0, 0] .. [98, 98, 97, 1, 30, 0, 0, 0, 0, 0, 0]
[INFO] [stderr] Compacting 2 files at L0 and 1 files at L1
[INFO] [stderr] Deleting file type=Descriptor num=10
[INFO] [stdout] test db_impl::tests::test_db_impl_get_from_table_with_snapshot ... ok
[INFO] [stderr] New table num=14: keys=15 size=435
[INFO] [stderr] Compacted 3 L1 files + 1 L2 files => 435B
[INFO] [stderr] Compaction finished: level 2: 2 files, 685 bytes ([(14, 435), (7, 250)]); level 3: 2 files, 400 bytes ([(8, 200), (9, 200)]); 
[INFO] [stderr] Deleting file type=Table num=5
[INFO] [stderr] Deleting file type=Table num=6
[INFO] [stderr] L0 table 000003 has 197 bytes
[INFO] [stderr] Deleting file type=Table num=13
[INFO] [stderr] Deleting file type=Table num=4
[INFO] [stderr] Compacting @2 [97, 97, 97, 1, 22, 0, 0, 0, 0, 0, 0] .. [102, 98, 97, 1, 12, 0, 0, 0, 0, 0, 0]
[INFO] [stderr] Compacting 1 files at L2 and 0 files at L3
[INFO] [stderr] New table num=13: keys=10 size=345
[INFO] [stderr] Compacted 3 L1 files + 1 L2 files => 345B
[INFO] [stderr] Compaction finished: level 0: 2 files, 483 bytes ([(1, 232), (2, 251)]); level 2: 2 files, 595 bytes ([(13, 345), (7, 250)]); level 3: 2 files, 400 bytes ([(8, 200), (9, 200)]); 
[INFO] [stderr] Deleting file type=Table num=3
[INFO] [stderr] Deleting file type=Table num=5
[INFO] [stderr] Deleting file type=Table num=4
[INFO] [stderr] Deleting file type=Table num=6
[INFO] [stderr] Deleting file type=Descriptor num=1
[INFO] [stderr] Deleting file type=Log num=3
[INFO] [stderr] files: [[RefCell { value: FileMetaData { allowed_seeks: 100, num: 3, size: 197, smallest: [97, 98, 99, 1, 1, 0, 0, 0, 0, 0, 0], largest: [97, 98, 100, 1, 2, 0, 0, 0, 0, 0, 0] } }], [], [], [], [], [], []]
[INFO] [stderr] Recovered manifest with next_file=12 manifest_num=11 log_num=0 prev_log_num=0 last_seq=30
[INFO] [stderr] New table num=15: keys=15 size=435
[INFO] [stderr] Compacted 1 L2 files + 0 L3 files => 435B
[INFO] [stderr] Compaction finished: level 2: 1 files, 250 bytes ([(7, 250)]); level 3: 3 files, 835 bytes ([(15, 435), (8, 200), (9, 200)]); 
[INFO] [stderr] Deleting file type=Table num=14
[INFO] [stderr] Recovered manifest with next_file=6 manifest_num=5 log_num=4 prev_log_num=0 last_seq=2
[INFO] [stderr] reusing manifest "db/MANIFEST-000002"
[INFO] [stderr] Recovering log file "db/000004.log"
[INFO] [stderr] reusing log file "db/000004.log"
[INFO] [stderr] Recovered manifest with next_file=12 manifest_num=11 log_num=0 prev_log_num=0 last_seq=30
[INFO] [stderr] Deleting file type=Descriptor num=10
[INFO] [stderr] Deleting file type=Descriptor num=10
[INFO] [stdout] test db_impl::tests::test_db_impl_compact_single_file ... ok
[INFO] [stdout] test db_iter::tests::db_iter_basic_test ... ok
[INFO] [stdout] test db_impl::tests::test_db_impl_delete ... ok
[INFO] [stderr] Recovered manifest with next_file=12 manifest_num=11 log_num=0 prev_log_num=0 last_seq=30
[INFO] [stderr] Deleting file type=Descriptor num=10
[INFO] [stderr] Recovered manifest with next_file=12 manifest_num=11 log_num=0 prev_log_num=0 last_seq=30
[INFO] [stderr] Deleting file type=Descriptor num=10
[INFO] [stderr] Start write of L0 table 000003
[INFO] [stdout] test db_impl::tests::test_db_impl_build_table ... ok
[INFO] [stdout] test db_impl::tests::test_db_impl_init ... ok
[INFO] [stderr] L0 table 000003 has 351 bytes
[INFO] [stdout] test db_iter::tests::db_iter_reset ... ok
[INFO] [stdout] test db_impl::tests::test_db_impl_compact_range ... ok
[INFO] [stderr] Recovered manifest with next_file=12 manifest_num=11 log_num=0 prev_log_num=0 last_seq=30
[INFO] [stderr] Deleting file type=Descriptor num=10
[INFO] [stdout] test db_iter::tests::db_iter_test_fwd_backwd ... ok
[INFO] [stderr] New table num=13: keys=10 size=345
[INFO] [stderr] Compacted 3 L1 files + 1 L2 files => 345B
[INFO] [stderr] Compaction finished: level 0: 2 files, 483 bytes ([(1, 232), (2, 251)]); level 2: 2 files, 595 bytes ([(13, 345), (7, 250)]); level 3: 2 files, 400 bytes ([(8, 200), (9, 200)]); 
[INFO] [stderr] Deleting file type=Table num=4
[INFO] [stderr] Deleting file type=Table num=3
[INFO] [stderr] Deleting file type=Table num=6
[INFO] [stderr] Deleting file type=Table num=5
[INFO] [stderr] Recovered manifest with next_file=12 manifest_num=11 log_num=0 prev_log_num=0 last_seq=30
[INFO] [stderr] Deleting file type=Descriptor num=10
[INFO] [stdout] test db_iter::tests::db_iter_deleted_entry_not_returned_memtable ... ok
[INFO] [stderr] Recovered manifest with next_file=12 manifest_num=11 log_num=0 prev_log_num=0 last_seq=30
[INFO] [stderr] Deleting file type=Descriptor num=10
[INFO] [stderr] Start write of L0 table 000014
[INFO] [stderr] L0 table 000014 has 182 bytes
[INFO] [stderr] Deleting file type=Log num=12
[INFO] [stderr] Compacting @0 [97, 97, 97, 1, 22, 0, 0, 0, 0, 0, 0] .. [98, 98, 97, 1, 30, 0, 0, 0, 0, 0, 0]
[INFO] [stderr] Compacting 2 files at L0 and 1 files at L1
[INFO] [stderr] New table num=15: keys=8 size=306
[INFO] [stderr] Compacted 2 L0 files + 1 L1 files => 306B
[INFO] [stderr] Compaction finished: level 1: 3 files, 739 bytes ([(15, 306), (4, 216), (5, 217)]); level 2: 3 files, 650 bytes ([(6, 218), (7, 250), (14, 182)]); level 3: 2 files, 400 bytes ([(8, 200), (9, 200)]); 
[INFO] [stderr] Deleting file type=Table num=1
[INFO] [stderr] Deleting file type=Table num=2
[INFO] [stderr] Deleting file type=Table num=3
[INFO] [stderr] Expanding inputs@1 2+1 (522+218 bytes) to 3+1 (739+218 bytes)
[INFO] [stderr] Compacting @1 [97, 97, 97, 1, 22, 0, 0, 0, 0, 0, 0] .. [102, 97, 98, 1, 15, 0, 0, 0, 0, 0, 0]
[INFO] [stderr] Compacting 3 files at L1 and 1 files at L2
[INFO] [stdout] test disk_env::tests::test_dirs ... FAILED
[INFO] [stdout] test db_iter::tests::db_iter_test_seek ... ok
[INFO] [stdout] test error::tests::test_status_to_string ... ok
[INFO] [stderr] Recovered manifest with next_file=14 manifest_num=13 log_num=12 prev_log_num=0 last_seq=30
[INFO] [stdout] test filter::tests::test_filter_internal_keys_identical ... ok
[INFO] [stderr] Recovering log file "db/000012.log"
[INFO] [stdout] test filter::tests::test_filter_bloom ... ok
[INFO] [stderr] Start write of L0 table 000014
[INFO] [stdout] test disk_env::tests::test_locking ... FAILED
[INFO] [stdout] test filter::tests::test_filter_bloom_hash ... ok
[INFO] [stdout] test db_impl::tests::test_db_impl_memtable_compaction ... ok
[INFO] [stdout] test db_impl::tests::test_db_impl_compaction ... ok
[INFO] [stderr] New table num=19: keys=8 size=306
[INFO] [stderr] Compacted 2 L0 files + 1 L1 files => 306B
[INFO] [stderr] Compaction finished: level 0: 2 files, 432 bytes ([(14, 253), (17, 179)]); level 1: 3 files, 739 bytes ([(19, 306), (4, 216), (5, 217)]); level 2: 2 files, 468 bytes ([(6, 218), (7, 250)]); level 3: 2 files, 400 bytes ([(8, 200), (9, 200)]); 
[INFO] [stderr] Deleting file type=Table num=2
[INFO] [stderr] Deleting file type=Table num=3
[INFO] [stderr] Deleting file type=Table num=1
[INFO] [stderr] L0 table 000014 has 238 bytes
[INFO] [stderr] Deleting file type=Descriptor num=11
[INFO] [stderr] Deleting file type=Log num=12
[INFO] [stderr] Recovered manifest with next_file=17 manifest_num=16 log_num=15 prev_log_num=0 last_seq=35
[INFO] [stderr] Recovering log file "db/000015.log"
[INFO] [stderr] Start write of L0 table 000017
[INFO] [stderr] L0 table 000017 has 182 bytes
[INFO] [stderr] Deleting file type=Log num=15
[INFO] [stderr] Deleting file type=Descriptor num=13
[INFO] [stderr] Compacting @0 [97, 97, 97, 1, 22, 0, 0, 0, 0, 0, 0] .. [98, 98, 97, 1, 30, 0, 0, 0, 0, 0, 0]
[INFO] [stderr] Compacting 2 files at L0 and 1 files at L1
[INFO] [stderr] New table num=19: keys=8 size=306
[INFO] [stderr] Compacted 2 L0 files + 1 L1 files => 306B
[INFO] [stderr] Compaction finished: level 0: 2 files, 420 bytes ([(14, 238), (17, 182)]); level 1: 3 files, 739 bytes ([(19, 306), (4, 216), (5, 217)]); level 2: 2 files, 468 bytes ([(6, 218), (7, 250)]); level 3: 2 files, 400 bytes ([(8, 200), (9, 200)]); 
[INFO] [stderr] Deleting file type=Table num=1
[INFO] [stderr] Deleting file type=Table num=2
[INFO] [stderr] Deleting file type=Table num=3
[INFO] [stdout] test disk_env::tests::test_files ... FAILED
[INFO] [stderr] New table num=16: keys=15 size=435
[INFO] [stderr] Compacted 3 L1 files + 1 L2 files => 435B
[INFO] [stderr] Compaction finished: level 2: 3 files, 867 bytes ([(16, 435), (7, 250), (14, 182)]); level 3: 2 files, 400 bytes ([(8, 200), (9, 200)]); 
[INFO] [stderr] Deleting file type=Table num=15
[INFO] [stderr] Deleting file type=Table num=4
[INFO] [stderr] Deleting file type=Table num=5
[INFO] [stderr] Deleting file type=Table num=6
[INFO] [stderr] Compacting @2 [97, 97, 97, 1, 22, 0, 0, 0, 0, 0, 0] .. [102, 98, 97, 1, 12, 0, 0, 0, 0, 0, 0]
[INFO] [stderr] Compacting 1 files at L2 and 0 files at L3
[INFO] [stderr] New table num=17: keys=15 size=435
[INFO] [stderr] Compacted 1 L2 files + 0 L3 files => 435B
[INFO] [stderr] Compaction finished: level 2: 2 files, 432 bytes ([(7, 250), (14, 182)]); level 3: 3 files, 835 bytes ([(17, 435), (8, 200), (9, 200)]); 
[INFO] [stderr] Deleting file type=Table num=16
[INFO] [stderr] Recovered manifest with next_file=21 manifest_num=20 log_num=18 prev_log_num=0 last_seq=37
[INFO] [stderr] Recovering log file "db/000018.log"
[INFO] [stderr] Start write of L0 table 000021
[INFO] [stderr] L0 table 000021 has 182 bytes
[INFO] [stdout] test db_iter::tests::db_iter_deleted_entry_not_returned ... ok
[INFO] [stdout] test filter_block::tests::test_filter_block_builder ... ok
[INFO] [stdout] test log::tests::test_crc_mask_crc ... ok
[INFO] [stdout] test db_iter::tests::db_iter_repeated_open_close ... ok
[INFO] [stdout] test filter_block::tests::test_filter_block_build_read ... ok
[INFO] [stdout] test filter_block::tests::test_filter_index ... ok
[INFO] [stdout] test key_types::tests::test_memtable_lookupkey ... ok
[INFO] [stdout] test log::tests::test_crc_sanity ... ok
[INFO] [stdout] test log::tests::test_writer_append ... ok
[INFO] [stdout] test log::tests::test_reader ... ok
[INFO] [stderr] Deleting file type=Log num=18
[INFO] [stderr] Deleting file type=Descriptor num=16
[INFO] [stdout] test mem_env::tests::test_mem_fs_children ... ok
[INFO] [stdout] test key_types::tests::test_build_memtable_key ... ok
[INFO] [stdout] test db_impl::tests::test_db_impl_compact_range_memtable ... ok
[INFO] [stdout] test log::tests::test_writer ... ok
[INFO] [stdout] test mem_env::tests::test_mem_fs_open_read_write ... ok
[INFO] [stdout] test mem_env::tests::test_mem_fs_lock ... ok
[INFO] [stdout] test mem_env::tests::test_memenv_all ... ok
[INFO] [stdout] test memtable::tests::test_memtable_add ... ok
[INFO] [stdout] test memtable::tests::test_memtable_iterator_fwd ... ok
[INFO] [stdout] test mem_env::tests::test_mem_fs_memfile_readat ... ok
[INFO] [stdout] test mem_env::tests::test_mem_fs_memfile_write ... ok
[INFO] [stdout] test mem_env::tests::test_mem_fs_metadata_operations ... ok
[INFO] [stdout] test mem_env::tests::test_mem_fs_memfile_read ... ok
[INFO] [stdout] test mem_env::tests::test_mem_fs_open_read_write_append_truncate ... ok
[INFO] [stdout] test memtable::tests::test_memtable_iterator_behavior ... ok
[INFO] [stdout] test db_impl::tests::test_db_impl_open_close_reopen ... ok
[INFO] [stdout] test memtable::tests::test_memtable_iterator_init ... ok
[INFO] [stdout] test memtable::tests::test_memtable_iterator_reverse ... ok
[INFO] [stdout] test merging_iter::tests::test_merging_seek_reset ... ok
[INFO] [stdout] test skipmap::tests::test_find ... ok
[INFO] [stdout] test merging_iter::tests::test_merging_behavior ... ok
[INFO] [stdout] test skipmap::tests::test_insert ... ok
[INFO] [stdout] test skipmap::tests::test_contains ... ok
[INFO] [stdout] test memtable::tests::test_memtable_parse_key ... ok
[INFO] [stdout] test memtable::tests::test_shift_left ... ok
[INFO] [stdout] test merging_iter::tests::test_merging_forward_backward ... ok
[INFO] [stdout] test skipmap::tests::test_empty_skipmap_find_memtable_cmp ... ok
[INFO] [stdout] test merging_iter::tests::test_merging_zero ... ok
[INFO] [stdout] test merging_iter::tests::test_merging_one ... ok
[INFO] [stdout] test merging_iter::tests::test_merging_real ... ok
[INFO] [stdout] test memtable::tests::test_memtable_parse_tag ... ok
[INFO] [stdout] test merging_iter::tests::test_merging_two ... ok
[INFO] [stdout] test skipmap::tests::test_no_dupes - should panic ... ok
[INFO] [stdout] test table_builder::tests::test_footer ... ok
[INFO] [stdout] test skipmap::tests::test_skipmap_iterator ... ok
[INFO] [stdout] test table_builder::tests::test_table_builder ... ok
[INFO] [stdout] test skipmap::tests::test_skipmap_behavior ... ok
[INFO] [stdout] test table_cache::tests::test_filenum_to_key ... ok
[INFO] [stdout] test memtable::tests::test_memtable_iterator_seek ... ok
[INFO] [stdout] test snapshot::tests::test_snapshot_list ... ok
[INFO] [stdout] test table_cache::tests::test_table_file_name ... ok
[INFO] [stdout] test table_reader::tests::test_table_approximate_offset ... ok
[INFO] [stdout] test skipmap::tests::test_skipmap_iterator_concurrent_insert ... ok
[INFO] [stdout] test skipmap::tests::test_skipmap_iterator_seek_valid ... ok
[INFO] [stdout] test skipmap::tests::test_skipmap_iterator_init ... ok
[INFO] [stdout] test table_reader::tests::test_table_get ... ok
[INFO] [stdout] test table_builder::tests::test_bad_input - should panic ... ok
[INFO] [stdout] test table_reader::tests::test_table_block_cache_use ... ok
[INFO] [stdout] test skipmap::tests::test_skipmap_iterator_0 ... ok
[INFO] [stdout] test memtable::tests::test_memtable_add_get ... ok
[INFO] [stdout] test table_cache::tests::test_table_cache ... ok
[INFO] [stdout] test skipmap::tests::test_skipmap_iterator_prev ... ok
[INFO] [stdout] test table_reader::tests::test_table_reader_checksum ... ok
[INFO] [stdout] test table_reader::tests::test_table_iterator_behavior_standard ... ok
[INFO] [stdout] test test_util::tests::test_test_util_basic ... ok
[INFO] [stdout] test table_reader::tests::test_table_iterator_fwd_bwd ... ok
[INFO] [stdout] test table_reader::tests::test_table_internal_keys ... ok
[INFO] [stdout] test version::tests::test_version_file_overlaps ... ok
[INFO] [stdout] test test_util::tests::test_test_util_ldbiter_properties ... ok
[INFO] [stdout] test table_reader::tests::test_table_iterator_seek ... ok
[INFO] [stdout] test types::tests::test_types_parse_file_name ... ok
[INFO] [stdout] test version::tests::test_version_overlapping_inputs ... ok
[INFO] [stdout] test version::tests::test_version_pick_memtable_output_level ... ok
[INFO] [stdout] test table_reader::tests::test_table_iterator_values ... ok
[INFO] [stderr] (took PT0.000201230S) (took PT0.000051280S) (init took PT0.000001311S) (took PT0.000056600S) (overlapping-inputs took PT0.000023820S) (took PT0.000014350S) Compacting @0 [97, 97, 97, 1, 22, 0, 0, 0, 0, 0, 0] .. [98, 98, 97, 1, 30, 0, 0, 0, 0, 0, 0]
[INFO] [stderr] Compacting @0 [97, 97, 97, 1, 22, 0, 0, 0, 0, 0, 0] .. [98, 98, 97, 1, 30, 0, 0, 0, 0, 0, 0]
[INFO] [stderr] Expanding inputs@1 2+1 (433+218 bytes) to 3+1 (651+218 bytes)
[INFO] [stderr] Compacting @1 [97, 97, 97, 1, 19, 0, 0, 0, 0, 0, 0] .. [102, 97, 98, 1, 15, 0, 0, 0, 0, 0, 0]
[INFO] [stdout] test version::tests::test_version_max_next_level_overlapping ... ok
[INFO] [stdout] test version_edit::tests::test_version_edit_encode_decode ... ok
[INFO] [stdout] test version::tests::test_version_key_ordering ... ok
[INFO] [stdout] test version::tests::test_version_get_overlapping_basic ... ok
[INFO] [stdout] test version::tests::test_version_concat_iter ... ok
[INFO] [stdout] test version::tests::test_version_summary ... ok
[INFO] [stdout] test version::tests::test_version_record_read_sample ... ok
[INFO] [stdout] test table_reader::tests::test_table_iterator_state_behavior ... ok
[INFO] [stdout] test version::tests::test_version_get_simple ... ok
[INFO] [stdout] test version::tests::test_version_overlap_in_level ... ok
[INFO] [stdout] test version::tests::test_version_concat_iter_properties ... ok
[INFO] [stderr] Compacting @2 [99, 97, 98, 1, 10, 0, 0, 0, 0, 0, 0] .. [102, 98, 97, 1, 12, 0, 0, 0, 0, 0, 0]
[INFO] [stderr] Compacting @0 [97, 97, 97, 1, 22, 0, 0, 0, 0, 0, 0] .. [98, 98, 97, 1, 30, 0, 0, 0, 0, 0, 0]
[INFO] [stderr] Compacting @0 [97, 97, 97, 1, 22, 0, 0, 0, 0, 0, 0] .. [98, 98, 97, 1, 30, 0, 0, 0, 0, 0, 0]
[INFO] [stderr] Compacting @0 [97, 97, 97, 1, 22, 0, 0, 0, 0, 0, 0] .. [98, 98, 97, 1, 30, 0, 0, 0, 0, 0, 0]
[INFO] [stdout] test version_set::tests::test_version_set_builder ... ok
[INFO] [stdout] test version_set::tests::test_version_set_compaction ... ok
[INFO] [stdout] test write_batch::tests::test_write_batch ... ok
[INFO] [stdout] test table_reader::tests::test_table_iterator_filter ... ok
[INFO] [stdout] test version_set::tests::test_version_set_merge_iters ... ok
[INFO] [stdout] test version_set::tests::test_version_set_total_size ... ok
[INFO] [stderr] (compaction tests took PT0.033990573S) (took PT0.034425423S) Recovered manifest with next_file=21 manifest_num=20 log_num=10 prev_log_num=0 last_seq=30
[INFO] [stderr] reusing manifest "db/MANIFEST-000019"
[INFO] [stdout] test version::tests::test_version_all_iters ... ok
[INFO] [stdout] test version_set::tests::test_version_set_log_and_apply ... ok
[INFO] [stderr] Compacting @0 [97, 97, 97, 1, 22, 0, 0, 0, 0, 0, 0] .. [98, 98, 97, 1, 30, 0, 0, 0, 0, 0, 0]
[INFO] [stdout] test version_set::tests::test_version_set_get_range ... ok
[INFO] [stderr] Expanding inputs@1 1+1 (218+218 bytes) to 3+1 (651+218 bytes)
[INFO] [stdout] test version_set::tests::test_version_set_utils ... ok
[INFO] [stderr] Compacting @1 [97, 97, 97, 1, 19, 0, 0, 0, 0, 0, 0] .. [102, 97, 98, 1, 15, 0, 0, 0, 0, 0, 0]
[INFO] [stdout] test version_set::tests::test_version_set_pick_compaction ... ok
[INFO] [stderr] Start write of L0 table 000005
[INFO] [stderr] L0 table 000005 has 760698 bytes
[INFO] [stderr] Deleting file type=Log num=3
[INFO] [stderr] Start write of L0 table 000007
[INFO] [stderr] L0 table 000007 has 772508 bytes
[INFO] [stderr] Deleting file type=Log num=4
[INFO] [stderr] error: test failed, to rerun pass `--lib`
[INFO] [stdout] test db_impl::tests::test_drop_memtable ... ok
[INFO] [stdout] 
[INFO] [stdout] failures:
[INFO] [stdout] 
[INFO] [stdout] ---- disk_env::tests::test_dirs stdout ----
[INFO] [stdout] thread 'disk_env::tests::test_dirs' panicked at src/disk_env.rs:257:9:
[INFO] [stdout] assertion failed: env.mkdir(dirname).is_ok()
[INFO] [stdout] stack backtrace:
[INFO] [stdout]    0:     0x55e11ee676e6 - std::backtrace_rs::backtrace::libunwind::trace::h261606ad26a499c1
[INFO] [stdout]                                at /rustc/0e09125c6c3c2fd70d7de961bcf0e51575235fad/library/std/src/../../backtrace/src/backtrace/libunwind.rs:104:5
[INFO] [stdout]    1:     0x55e11ee676e6 - std::backtrace_rs::backtrace::trace_unsynchronized::hd183f0625477fb28
[INFO] [stdout]                                at /rustc/0e09125c6c3c2fd70d7de961bcf0e51575235fad/library/std/src/../../backtrace/src/backtrace/mod.rs:66:5
[INFO] [stdout]    2:     0x55e11ee676e6 - std::sys_common::backtrace::_print_fmt::hd7f8fef21b4eda67
[INFO] [stdout]                                at /rustc/0e09125c6c3c2fd70d7de961bcf0e51575235fad/library/std/src/sys_common/backtrace.rs:68:5
[INFO] [stdout]    3:     0x55e11ee676e6 - <std::sys_common::backtrace::_print::DisplayBacktrace as core::fmt::Display>::fmt::h623d9b51f2f453f1
[INFO] [stdout]                                at /rustc/0e09125c6c3c2fd70d7de961bcf0e51575235fad/library/std/src/sys_common/backtrace.rs:44:22
[INFO] [stdout]    4:     0x55e11ee91830 - core::fmt::rt::Argument::fmt::h9f417ac76a86f368
[INFO] [stdout]                                at /rustc/0e09125c6c3c2fd70d7de961bcf0e51575235fad/library/core/src/fmt/rt.rs:142:9
[INFO] [stdout]    5:     0x55e11ee91830 - core::fmt::write::hc9b6faf4ac2aeff7
[INFO] [stdout]                                at /rustc/0e09125c6c3c2fd70d7de961bcf0e51575235fad/library/core/src/fmt/mod.rs:1120:17
[INFO] [stdout]    6:     0x55e11ee64d9f - std::io::Write::write_fmt::he04625a3a989fec3
[INFO] [stdout]                                at /rustc/0e09125c6c3c2fd70d7de961bcf0e51575235fad/library/std/src/io/mod.rs:1810:15
[INFO] [stdout]    7:     0x55e11ee674c4 - std::sys_common::backtrace::_print::hd5d66399c7df88a2
[INFO] [stdout]                                at /rustc/0e09125c6c3c2fd70d7de961bcf0e51575235fad/library/std/src/sys_common/backtrace.rs:47:5
[INFO] [stdout]    8:     0x55e11ee674c4 - std::sys_common::backtrace::print::he81ed2da642d37e5
[INFO] [stdout]                                at /rustc/0e09125c6c3c2fd70d7de961bcf0e51575235fad/library/std/src/sys_common/backtrace.rs:34:9
[INFO] [stdout]    9:     0x55e11ee69237 - std::panicking::default_hook::{{closure}}::h85773f4fa117163d
[INFO] [stdout]   10:     0x55e11ee68f1d - std::panicking::default_hook::h6a1694a91d09b278
[INFO] [stdout]                                at /rustc/0e09125c6c3c2fd70d7de961bcf0e51575235fad/library/std/src/panicking.rs:289:9
[INFO] [stdout]   11:     0x55e11ede29e7 - <alloc::boxed::Box<F,A> as core::ops::function::Fn<Args>>::call::h616ac37fa3cd6c8f
[INFO] [stdout]                                at /rustc/0e09125c6c3c2fd70d7de961bcf0e51575235fad/library/alloc/src/boxed.rs:2029:9
[INFO] [stdout]   12:     0x55e11ede29e7 - test::test_main::{{closure}}::h00d84697cefdcbb6
[INFO] [stdout]                                at /rustc/0e09125c6c3c2fd70d7de961bcf0e51575235fad/library/test/src/lib.rs:138:21
[INFO] [stdout]   13:     0x55e11ee69856 - <alloc::boxed::Box<F,A> as core::ops::function::Fn<Args>>::call::hcb3fe3b9bb537ba8
[INFO] [stdout]                                at /rustc/0e09125c6c3c2fd70d7de961bcf0e51575235fad/library/alloc/src/boxed.rs:2029:9
[INFO] [stdout]   14:     0x55e11ee69856 - std::panicking::rust_panic_with_hook::h0a7ad96e90f7145b
[INFO] [stdout]                                at /rustc/0e09125c6c3c2fd70d7de961bcf0e51575235fad/library/std/src/panicking.rs:783:13
[INFO] [stdout]   15:     0x55e11ee69569 - std::panicking::begin_panic_handler::{{closure}}::h7919090525c6485e
[INFO] [stdout]                                at /rustc/0e09125c6c3c2fd70d7de961bcf0e51575235fad/library/std/src/panicking.rs:649:13
[INFO] [stdout]   16:     0x55e11ee67be6 - std::sys_common::backtrace::__rust_end_short_backtrace::hf3289479464f7dfe
[INFO] [stdout]                                at /rustc/0e09125c6c3c2fd70d7de961bcf0e51575235fad/library/std/src/sys_common/backtrace.rs:171:18
[INFO] [stdout]   17:     0x55e11ee69300 - rust_begin_unwind
[INFO] [stdout]                                at /rustc/0e09125c6c3c2fd70d7de961bcf0e51575235fad/library/std/src/panicking.rs:645:5
[INFO] [stdout]   18:     0x55e11ec6e875 - core::panicking::panic_fmt::hcc9f77c5c132af55
[INFO] [stdout]                                at /rustc/0e09125c6c3c2fd70d7de961bcf0e51575235fad/library/core/src/panicking.rs:72:14
[INFO] [stdout]   19:     0x55e11ec6e933 - core::panicking::panic::h5a1259c1164bd480
[INFO] [stdout]                                at /rustc/0e09125c6c3c2fd70d7de961bcf0e51575235fad/library/core/src/panicking.rs:144:5
[INFO] [stdout]   20:     0x55e11eda7392 - rusty_leveldb_arc::disk_env::tests::test_dirs::hacbec436cdcbf392
[INFO] [stdout]                                at /opt/rustwide/workdir/src/disk_env.rs:257:9
[INFO] [stdout]   21:     0x55e11eda7257 - rusty_leveldb_arc::disk_env::tests::test_dirs::{{closure}}::ha9a9e50983fd6128
[INFO] [stdout]                                at /opt/rustwide/workdir/src/disk_env.rs:252:19
[INFO] [stdout]   22:     0x55e11ed47426 - core::ops::function::FnOnce::call_once::he5480e94b648c201
[INFO] [stdout]                                at /rustc/0e09125c6c3c2fd70d7de961bcf0e51575235fad/library/core/src/ops/function.rs:250:5
[INFO] [stdout]   23:     0x55e11ede82bf - core::ops::function::FnOnce::call_once::hd64d26f405258157
[INFO] [stdout]                                at /rustc/0e09125c6c3c2fd70d7de961bcf0e51575235fad/library/core/src/ops/function.rs:250:5
[INFO] [stdout]   24:     0x55e11ede82bf - test::__rust_begin_short_backtrace::he21b0b7a6d731bf9
[INFO] [stdout]                                at /rustc/0e09125c6c3c2fd70d7de961bcf0e51575235fad/library/test/src/lib.rs:627:18
[INFO] [stdout]   25:     0x55e11ede7041 - test::run_test_in_process::{{closure}}::hf5c73986d7bdfde2
[INFO] [stdout]                                at /rustc/0e09125c6c3c2fd70d7de961bcf0e51575235fad/library/test/src/lib.rs:650:60
[INFO] [stdout]   26:     0x55e11ede7041 - <core::panic::unwind_safe::AssertUnwindSafe<F> as core::ops::function::FnOnce<()>>::call_once::h330011ad032aadc0
[INFO] [stdout]                                at /rustc/0e09125c6c3c2fd70d7de961bcf0e51575235fad/library/core/src/panic/unwind_safe.rs:272:9
[INFO] [stdout]   27:     0x55e11ede7041 - std::panicking::try::do_call::he61b0a958b795a41
[INFO] [stdout]                                at /rustc/0e09125c6c3c2fd70d7de961bcf0e51575235fad/library/std/src/panicking.rs:552:40
[INFO] [stdout]   28:     0x55e11ede7041 - std::panicking::try::h7309da130f906eb7
[INFO] [stdout]                                at /rustc/0e09125c6c3c2fd70d7de961bcf0e51575235fad/library/std/src/panicking.rs:516:19
[INFO] [stdout]   29:     0x55e11ede7041 - std::panic::catch_unwind::hc5c3a06fdaf0a92a
[INFO] [stdout]                                at /rustc/0e09125c6c3c2fd70d7de961bcf0e51575235fad/library/std/src/panic.rs:142:14
[INFO] [stdout]   30:     0x55e11ede7041 - test::run_test_in_process::h7e7b7c71c3324e0f
[INFO] [stdout]                                at /rustc/0e09125c6c3c2fd70d7de961bcf0e51575235fad/library/test/src/lib.rs:650:27
[INFO] [stdout]   31:     0x55e11ede7041 - test::run_test::{{closure}}::h1f509f28f5cf20b1
[INFO] [stdout]                                at /rustc/0e09125c6c3c2fd70d7de961bcf0e51575235fad/library/test/src/lib.rs:573:43
[INFO] [stdout]   32:     0x55e11edae376 - test::run_test::{{closure}}::h1754218abf443f6d
[INFO] [stdout]                                at /rustc/0e09125c6c3c2fd70d7de961bcf0e51575235fad/library/test/src/lib.rs:601:41
[INFO] [stdout]   33:     0x55e11edae376 - std::sys_common::backtrace::__rust_begin_short_backtrace::h2ee174b9d5954948
[INFO] [stdout]                                at /rustc/0e09125c6c3c2fd70d7de961bcf0e51575235fad/library/std/src/sys_common/backtrace.rs:155:18
[INFO] [stdout]   34:     0x55e11edb33d7 - std::thread::Builder::spawn_unchecked_::{{closure}}::{{closure}}::hf60bee9c1a17ef09
[INFO] [stdout]                                at /rustc/0e09125c6c3c2fd70d7de961bcf0e51575235fad/library/std/src/thread/mod.rs:529:17
[INFO] [stdout]   35:     0x55e11edb33d7 - <core::panic::unwind_safe::AssertUnwindSafe<F> as core::ops::function::FnOnce<()>>::call_once::h33d0dddec5216160
[INFO] [stdout]                                at /rustc/0e09125c6c3c2fd70d7de961bcf0e51575235fad/library/core/src/panic/unwind_safe.rs:272:9
[INFO] [stdout]   36:     0x55e11edb33d7 - std::panicking::try::do_call::h144b3048b546f835
[INFO] [stdout]                                at /rustc/0e09125c6c3c2fd70d7de961bcf0e51575235fad/library/std/src/panicking.rs:552:40
[INFO] [stdout]   37:     0x55e11edb33d7 - std::panicking::try::h978244d04646189f
[INFO] [stdout]                                at /rustc/0e09125c6c3c2fd70d7de961bcf0e51575235fad/library/std/src/panicking.rs:516:19
[INFO] [stdout]   38:     0x55e11edb33d7 - std::panic::catch_unwind::hdf436369d188fe86
[INFO] [stdout]                                at /rustc/0e09125c6c3c2fd70d7de961bcf0e51575235fad/library/std/src/panic.rs:142:14
[INFO] [stdout]   39:     0x55e11edb33d7 - std::thread::Builder::spawn_unchecked_::{{closure}}::h87329cbdd33c79ec
[INFO] [stdout]                                at /rustc/0e09125c6c3c2fd70d7de961bcf0e51575235fad/library/std/src/thread/mod.rs:528:30
[INFO] [stdout]   40:     0x55e11edb33d7 - core::ops::function::FnOnce::call_once{{vtable.shim}}::h401abbe67897d450
[INFO] [stdout]                                at /rustc/0e09125c6c3c2fd70d7de961bcf0e51575235fad/library/core/src/ops/function.rs:250:5
[INFO] [stdout]   41:     0x55e11ee6f415 - <alloc::boxed::Box<F,A> as core::ops::function::FnOnce<Args>>::call_once::h5d7c8f150ab9c84c
[INFO] [stdout]                                at /rustc/0e09125c6c3c2fd70d7de961bcf0e51575235fad/library/alloc/src/boxed.rs:2015:9
[INFO] [stdout]   42:     0x55e11ee6f415 - <alloc::boxed::Box<F,A> as core::ops::function::FnOnce<Args>>::call_once::h570d5b005c242c15
[INFO] [stdout]                                at /rustc/0e09125c6c3c2fd70d7de961bcf0e51575235fad/library/alloc/src/boxed.rs:2015:9
[INFO] [stdout]   43:     0x55e11ee6f415 - std::sys::unix::thread::Thread::new::thread_start::h36b0a20c0b2361ad
[INFO] [stdout]                                at /rustc/0e09125c6c3c2fd70d7de961bcf0e51575235fad/library/std/src/sys/unix/thread.rs:108:17
[INFO] [stdout]   44:     0x7f5fd6c69ac3 - <unknown>
[INFO] [stdout]   45:     0x7f5fd6cfabf4 - __clone
[INFO] [stdout]   46:                0x0 - <unknown>
[INFO] [stdout] 
[INFO] [stdout] ---- disk_env::tests::test_locking stdout ----
[INFO] [stdout] thread 'disk_env::tests::test_locking' panicked at src/disk_env.rs:229:54:
[INFO] [stdout] called `Result::unwrap()` on an `Err` value: Status { code: IOError, err: "open (write): IOError: Read-only file system (os error 30): testfile.123" }
[INFO] [stdout] stack backtrace:
[INFO] [stdout]    0:     0x55e11ee676e6 - std::backtrace_rs::backtrace::libunwind::trace::h261606ad26a499c1
[INFO] [stdout]                                at /rustc/0e09125c6c3c2fd70d7de961bcf0e51575235fad/library/std/src/../../backtrace/src/backtrace/libunwind.rs:104:5
[INFO] [stdout]    1:     0x55e11ee676e6 - std::backtrace_rs::backtrace::trace_unsynchronized::hd183f0625477fb28
[INFO] [stdout]                                at /rustc/0e09125c6c3c2fd70d7de961bcf0e51575235fad/library/std/src/../../backtrace/src/backtrace/mod.rs:66:5
[INFO] [stdout]    2:     0x55e11ee676e6 - std::sys_common::backtrace::_print_fmt::hd7f8fef21b4eda67
[INFO] [stdout]                                at /rustc/0e09125c6c3c2fd70d7de961bcf0e51575235fad/library/std/src/sys_common/backtrace.rs:68:5
[INFO] [stdout]    3:     0x55e11ee676e6 - <std::sys_common::backtrace::_print::DisplayBacktrace as core::fmt::Display>::fmt::h623d9b51f2f453f1
[INFO] [stdout]                                at /rustc/0e09125c6c3c2fd70d7de961bcf0e51575235fad/library/std/src/sys_common/backtrace.rs:44:22
[INFO] [stdout]    4:     0x55e11ee91830 - core::fmt::rt::Argument::fmt::h9f417ac76a86f368
[INFO] [stdout]                                at /rustc/0e09125c6c3c2fd70d7de961bcf0e51575235fad/library/core/src/fmt/rt.rs:142:9
[INFO] [stdout]    5:     0x55e11ee91830 - core::fmt::write::hc9b6faf4ac2aeff7
[INFO] [stdout]                                at /rustc/0e09125c6c3c2fd70d7de961bcf0e51575235fad/library/core/src/fmt/mod.rs:1120:17
[INFO] [stdout]    6:     0x55e11ee64d9f - std::io::Write::write_fmt::he04625a3a989fec3
[INFO] [stdout]                                at /rustc/0e09125c6c3c2fd70d7de961bcf0e51575235fad/library/std/src/io/mod.rs:1810:15
[INFO] [stdout]    7:     0x55e11ee674c4 - std::sys_common::backtrace::_print::hd5d66399c7df88a2
[INFO] [stdout]                                at /rustc/0e09125c6c3c2fd70d7de961bcf0e51575235fad/library/std/src/sys_common/backtrace.rs:47:5
[INFO] [stdout]    8:     0x55e11ee674c4 - std::sys_common::backtrace::print::he81ed2da642d37e5
[INFO] [stdout]                                at /rustc/0e09125c6c3c2fd70d7de961bcf0e51575235fad/library/std/src/sys_common/backtrace.rs:34:9
[INFO] [stdout]    9:     0x55e11ee69237 - std::panicking::default_hook::{{closure}}::h85773f4fa117163d
[INFO] [stdout]   10:     0x55e11ee68f1d - std::panicking::default_hook::h6a1694a91d09b278
[INFO] [stdout]                                at /rustc/0e09125c6c3c2fd70d7de961bcf0e51575235fad/library/std/src/panicking.rs:289:9
[INFO] [stdout]   11:     0x55e11ede29e7 - <alloc::boxed::Box<F,A> as core::ops::function::Fn<Args>>::call::h616ac37fa3cd6c8f
[INFO] [stdout]                                at /rustc/0e09125c6c3c2fd70d7de961bcf0e51575235fad/library/alloc/src/boxed.rs:2029:9
[INFO] [stdout]   12:     0x55e11ede29e7 - test::test_main::{{closure}}::h00d84697cefdcbb6
[INFO] [stdout]                                at /rustc/0e09125c6c3c2fd70d7de961bcf0e51575235fad/library/test/src/lib.rs:138:21
[INFO] [stdout]   13:     0x55e11ee69856 - <alloc::boxed::Box<F,A> as core::ops::function::Fn<Args>>::call::hcb3fe3b9bb537ba8
[INFO] [stdout]                                at /rustc/0e09125c6c3c2fd70d7de961bcf0e51575235fad/library/alloc/src/boxed.rs:2029:9
[INFO] [stdout]   14:     0x55e11ee69856 - std::panicking::rust_panic_with_hook::h0a7ad96e90f7145b
[INFO] [stdout]                                at /rustc/0e09125c6c3c2fd70d7de961bcf0e51575235fad/library/std/src/panicking.rs:783:13
[INFO] [stdout]   15:     0x55e11ee695a2 - std::panicking::begin_panic_handler::{{closure}}::h7919090525c6485e
[INFO] [stdout]                                at /rustc/0e09125c6c3c2fd70d7de961bcf0e51575235fad/library/std/src/panicking.rs:657:13
[INFO] [stdout]   16:     0x55e11ee67be6 - std::sys_common::backtrace::__rust_end_short_backtrace::hf3289479464f7dfe
[INFO] [stdout]                                at /rustc/0e09125c6c3c2fd70d7de961bcf0e51575235fad/library/std/src/sys_common/backtrace.rs:171:18
[INFO] [stdout]   17:     0x55e11ee69300 - rust_begin_unwind
[INFO] [stdout]                                at /rustc/0e09125c6c3c2fd70d7de961bcf0e51575235fad/library/std/src/panicking.rs:645:5
[INFO] [stdout]   18:     0x55e11ec6e875 - core::panicking::panic_fmt::hcc9f77c5c132af55
[INFO] [stdout]                                at /rustc/0e09125c6c3c2fd70d7de961bcf0e51575235fad/library/core/src/panicking.rs:72:14
[INFO] [stdout]   19:     0x55e11ec6ee13 - core::result::unwrap_failed::hbe14f498be1452f9
[INFO] [stdout]                                at /rustc/0e09125c6c3c2fd70d7de961bcf0e51575235fad/library/core/src/result.rs:1649:5
[INFO] [stdout]   20:     0x55e11ed32171 - core::result::Result<T,E>::unwrap::h99df77d36187c96b
[INFO] [stdout]                                at /rustc/0e09125c6c3c2fd70d7de961bcf0e51575235fad/library/core/src/result.rs:1073:23
[INFO] [stdout]   21:     0x55e11eda6d1c - rusty_leveldb_arc::disk_env::tests::test_locking::h3e2ae0f6bca6148d
[INFO] [stdout]                                at /opt/rustwide/workdir/src/disk_env.rs:229:25
[INFO] [stdout]   22:     0x55e11eda6c17 - rusty_leveldb_arc::disk_env::tests::test_locking::{{closure}}::h11e384000a8d3781
[INFO] [stdout]                                at /opt/rustwide/workdir/src/disk_env.rs:223:22
[INFO] [stdout]   23:     0x55e11ed453c6 - core::ops::function::FnOnce::call_once::h3c801ba4fab2bc96
[INFO] [stdout]                                at /rustc/0e09125c6c3c2fd70d7de961bcf0e51575235fad/library/core/src/ops/function.rs:250:5
[INFO] [stdout]   24:     0x55e11ede82bf - core::ops::function::FnOnce::call_once::hd64d26f405258157
[INFO] [stdout]                                at /rustc/0e09125c6c3c2fd70d7de961bcf0e51575235fad/library/core/src/ops/function.rs:250:5
[INFO] [stdout]   25:     0x55e11ede82bf - test::__rust_begin_short_backtrace::he21b0b7a6d731bf9
[INFO] [stdout]                                at /rustc/0e09125c6c3c2fd70d7de961bcf0e51575235fad/library/test/src/lib.rs:627:18
[INFO] [stdout]   26:     0x55e11ede7041 - test::run_test_in_process::{{closure}}::hf5c73986d7bdfde2
[INFO] [stdout]                                at /rustc/0e09125c6c3c2fd70d7de961bcf0e51575235fad/library/test/src/lib.rs:650:60
[INFO] [stdout]   27:     0x55e11ede7041 - <core::panic::unwind_safe::AssertUnwindSafe<F> as core::ops::function::FnOnce<()>>::call_once::h330011ad032aadc0
[INFO] [stdout]                                at /rustc/0e09125c6c3c2fd70d7de961bcf0e51575235fad/library/core/src/panic/unwind_safe.rs:272:9
[INFO] [stdout]   28:     0x55e11ede7041 - std::panicking::try::do_call::he61b0a958b795a41
[INFO] [stdout]                                at /rustc/0e09125c6c3c2fd70d7de961bcf0e51575235fad/library/std/src/panicking.rs:552:40
[INFO] [stdout]   29:     0x55e11ede7041 - std::panicking::try::h7309da130f906eb7
[INFO] [stdout]                                at /rustc/0e09125c6c3c2fd70d7de961bcf0e51575235fad/library/std/src/panicking.rs:516:19
[INFO] [stdout]   30:     0x55e11ede7041 - std::panic::catch_unwind::hc5c3a06fdaf0a92a
[INFO] [stdout]                                at /rustc/0e09125c6c3c2fd70d7de961bcf0e51575235fad/library/std/src/panic.rs:142:14
[INFO] [stdout]   31:     0x55e11ede7041 - test::run_test_in_process::h7e7b7c71c3324e0f
[INFO] [stdout]                                at /rustc/0e09125c6c3c2fd70d7de961bcf0e51575235fad/library/test/src/lib.rs:650:27
[INFO] [stdout]   32:     0x55e11ede7041 - test::run_test::{{closure}}::h1f509f28f5cf20b1
[INFO] [stdout]                                at /rustc/0e09125c6c3c2fd70d7de961bcf0e51575235fad/library/test/src/lib.rs:573:43
[INFO] [stdout]   33:     0x55e11edae376 - test::run_test::{{closure}}::h1754218abf443f6d
[INFO] [stdout]                                at /rustc/0e09125c6c3c2fd70d7de961bcf0e51575235fad/library/test/src/lib.rs:601:41
[INFO] [stdout]   34:     0x55e11edae376 - std::sys_common::backtrace::__rust_begin_short_backtrace::h2ee174b9d5954948
[INFO] [stdout]                                at /rustc/0e09125c6c3c2fd70d7de961bcf0e51575235fad/library/std/src/sys_common/backtrace.rs:155:18
[INFO] [stdout]   35:     0x55e11edb33d7 - std::thread::Builder::spawn_unchecked_::{{closure}}::{{closure}}::hf60bee9c1a17ef09
[INFO] [stdout]                                at /rustc/0e09125c6c3c2fd70d7de961bcf0e51575235fad/library/std/src/thread/mod.rs:529:17
[INFO] [stdout]   36:     0x55e11edb33d7 - <core::panic::unwind_safe::AssertUnwindSafe<F> as core::ops::function::FnOnce<()>>::call_once::h33d0dddec5216160
[INFO] [stdout]                                at /rustc/0e09125c6c3c2fd70d7de961bcf0e51575235fad/library/core/src/panic/unwind_safe.rs:272:9
[INFO] [stdout]   37:     0x55e11edb33d7 - std::panicking::try::do_call::h144b3048b546f835
[INFO] [stdout]                                at /rustc/0e09125c6c3c2fd70d7de961bcf0e51575235fad/library/std/src/panicking.rs:552:40
[INFO] [stdout]   38:     0x55e11edb33d7 - std::panicking::try::h978244d04646189f
[INFO] [stdout]                                at /rustc/0e09125c6c3c2fd70d7de961bcf0e51575235fad/library/std/src/panicking.rs:516:19
[INFO] [stdout]   39:     0x55e11edb33d7 - std::panic::catch_unwind::hdf436369d188fe86
[INFO] [stdout]                                at /rustc/0e09125c6c3c2fd70d7de961bcf0e51575235fad/library/std/src/panic.rs:142:14
[INFO] [stdout]   40:     0x55e11edb33d7 - std::thread::Builder::spawn_unchecked_::{{closure}}::h87329cbdd33c79ec
[INFO] [stdout]                                at /rustc/0e09125c6c3c2fd70d7de961bcf0e51575235fad/library/std/src/thread/mod.rs:528:30
[INFO] [stdout]   41:     0x55e11edb33d7 - core::ops::function::FnOnce::call_once{{vtable.shim}}::h401abbe67897d450
[INFO] [stdout]                                at /rustc/0e09125c6c3c2fd70d7de961bcf0e51575235fad/library/core/src/ops/function.rs:250:5
[INFO] [stdout]   42:     0x55e11ee6f415 - <alloc::boxed::Box<F,A> as core::ops::function::FnOnce<Args>>::call_once::h5d7c8f150ab9c84c
[INFO] [stdout]                                at /rustc/0e09125c6c3c2fd70d7de961bcf0e51575235fad/library/alloc/src/boxed.rs:2015:9
[INFO] [stdout]   43:     0x55e11ee6f415 - <alloc::boxed::Box<F,A> as core::ops::function::FnOnce<Args>>::call_once::h570d5b005c242c15
[INFO] [stdout]                                at /rustc/0e09125c6c3c2fd70d7de961bcf0e51575235fad/library/alloc/src/boxed.rs:2015:9
[INFO] [stdout]   44:     0x55e11ee6f415 - std::sys::unix::thread::Thread::new::thread_start::h36b0a20c0b2361ad
[INFO] [stdout]                                at /rustc/0e09125c6c3c2fd70d7de961bcf0e51575235fad/library/std/src/sys/unix/thread.rs:108:17
[INFO] [stdout]   45:     0x7f5fd6c69ac3 - <unknown>
[INFO] [stdout]   46:     0x7f5fd6cfabf4 - __clone
[INFO] [stdout]   47:                0x0 - <unknown>
[INFO] [stdout] 
[INFO] [stdout] ---- disk_env::tests::test_files stdout ----
[INFO] [stdout] thread 'disk_env::tests::test_files' panicked at src/disk_env.rs:191:9:
[INFO] [stdout] assertion failed: env.open_appendable_file(name).is_ok()
[INFO] [stdout] stack backtrace:
[INFO] [stdout]    0:     0x55e11ee676e6 - std::backtrace_rs::backtrace::libunwind::trace::h261606ad26a499c1
[INFO] [stdout]                                at /rustc/0e09125c6c3c2fd70d7de961bcf0e51575235fad/library/std/src/../../backtrace/src/backtrace/libunwind.rs:104:5
[INFO] [stdout]    1:     0x55e11ee676e6 - std::backtrace_rs::backtrace::trace_unsynchronized::hd183f0625477fb28
[INFO] [stdout]                                at /rustc/0e09125c6c3c2fd70d7de961bcf0e51575235fad/library/std/src/../../backtrace/src/backtrace/mod.rs:66:5
[INFO] [stdout]    2:     0x55e11ee676e6 - std::sys_common::backtrace::_print_fmt::hd7f8fef21b4eda67
[INFO] [stdout]                                at /rustc/0e09125c6c3c2fd70d7de961bcf0e51575235fad/library/std/src/sys_common/backtrace.rs:68:5
[INFO] [stdout]    3:     0x55e11ee676e6 - <std::sys_common::backtrace::_print::DisplayBacktrace as core::fmt::Display>::fmt::h623d9b51f2f453f1
[INFO] [stdout]                                at /rustc/0e09125c6c3c2fd70d7de961bcf0e51575235fad/library/std/src/sys_common/backtrace.rs:44:22
[INFO] [stdout]    4:     0x55e11ee91830 - core::fmt::rt::Argument::fmt::h9f417ac76a86f368
[INFO] [stdout]                                at /rustc/0e09125c6c3c2fd70d7de961bcf0e51575235fad/library/core/src/fmt/rt.rs:142:9
[INFO] [stdout]    5:     0x55e11ee91830 - core::fmt::write::hc9b6faf4ac2aeff7
[INFO] [stdout]                                at /rustc/0e09125c6c3c2fd70d7de961bcf0e51575235fad/library/core/src/fmt/mod.rs:1120:17
[INFO] [stdout]    6:     0x55e11ee64d9f - std::io::Write::write_fmt::he04625a3a989fec3
[INFO] [stdout]                                at /rustc/0e09125c6c3c2fd70d7de961bcf0e51575235fad/library/std/src/io/mod.rs:1810:15
[INFO] [stdout]    7:     0x55e11ee674c4 - std::sys_common::backtrace::_print::hd5d66399c7df88a2
[INFO] [stdout]                                at /rustc/0e09125c6c3c2fd70d7de961bcf0e51575235fad/library/std/src/sys_common/backtrace.rs:47:5
[INFO] [stdout]    8:     0x55e11ee674c4 - std::sys_common::backtrace::print::he81ed2da642d37e5
[INFO] [stdout]                                at /rustc/0e09125c6c3c2fd70d7de961bcf0e51575235fad/library/std/src/sys_common/backtrace.rs:34:9
[INFO] [stdout]    9:     0x55e11ee69237 - std::panicking::default_hook::{{closure}}::h85773f4fa117163d
[INFO] [stdout]   10:     0x55e11ee68f1d - std::panicking::default_hook::h6a1694a91d09b278
[INFO] [stdout]                                at /rustc/0e09125c6c3c2fd70d7de961bcf0e51575235fad/library/std/src/panicking.rs:289:9
[INFO] [stdout]   11:     0x55e11ede29e7 - <alloc::boxed::Box<F,A> as core::ops::function::Fn<Args>>::call::h616ac37fa3cd6c8f
[INFO] [stdout]                                at /rustc/0e09125c6c3c2fd70d7de961bcf0e51575235fad/library/alloc/src/boxed.rs:2029:9
[INFO] [stdout]   12:     0x55e11ede29e7 - test::test_main::{{closure}}::h00d84697cefdcbb6
[INFO] [stdout]                                at /rustc/0e09125c6c3c2fd70d7de961bcf0e51575235fad/library/test/src/lib.rs:138:21
[INFO] [stdout]   13:     0x55e11ee69856 - <alloc::boxed::Box<F,A> as core::ops::function::Fn<Args>>::call::hcb3fe3b9bb537ba8
[INFO] [stdout]                                at /rustc/0e09125c6c3c2fd70d7de961bcf0e51575235fad/library/alloc/src/boxed.rs:2029:9
[INFO] [stdout]   14:     0x55e11ee69856 - std::panicking::rust_panic_with_hook::h0a7ad96e90f7145b
[INFO] [stdout]                                at /rustc/0e09125c6c3c2fd70d7de961bcf0e51575235fad/library/std/src/panicking.rs:783:13
[INFO] [stdout]   15:     0x55e11ee69569 - std::panicking::begin_panic_handler::{{closure}}::h7919090525c6485e
[INFO] [stdout]                                at /rustc/0e09125c6c3c2fd70d7de961bcf0e51575235fad/library/std/src/panicking.rs:649:13
[INFO] [stdout]   16:     0x55e11ee67be6 - std::sys_common::backtrace::__rust_end_short_backtrace::hf3289479464f7dfe
[INFO] [stdout]                                at /rustc/0e09125c6c3c2fd70d7de961bcf0e51575235fad/library/std/src/sys_common/backtrace.rs:171:18
[INFO] [stdout]   17:     0x55e11ee69300 - rust_begin_unwind
[INFO] [stdout]                                at /rustc/0e09125c6c3c2fd70d7de961bcf0e51575235fad/library/std/src/panicking.rs:645:5
[INFO] [stdout]   18:     0x55e11ec6e875 - core::panicking::panic_fmt::hcc9f77c5c132af55
[INFO] [stdout]                                at /rustc/0e09125c6c3c2fd70d7de961bcf0e51575235fad/library/core/src/panicking.rs:72:14
[INFO] [stdout]   19:     0x55e11ec6e933 - core::panicking::panic::h5a1259c1164bd480
[INFO] [stdout]                                at /rustc/0e09125c6c3c2fd70d7de961bcf0e51575235fad/library/core/src/panicking.rs:144:5
[INFO] [stdout]   20:     0x55e11eda6039 - rusty_leveldb_arc::disk_env::tests::test_files::h233f25dc493454b7
[INFO] [stdout]                                at /opt/rustwide/workdir/src/disk_env.rs:191:9
[INFO] [stdout]   21:     0x55e11eda5e87 - rusty_leveldb_arc::disk_env::tests::test_files::{{closure}}::hf94ba7348d24a975
[INFO] [stdout]                                at /opt/rustwide/workdir/src/disk_env.rs:185:20
[INFO] [stdout]   22:     0x55e11ed46a36 - core::ops::function::FnOnce::call_once::h9de5043866fee956
[INFO] [stdout]                                at /rustc/0e09125c6c3c2fd70d7de961bcf0e51575235fad/library/core/src/ops/function.rs:250:5
[INFO] [stdout]   23:     0x55e11ede82bf - core::ops::function::FnOnce::call_once::hd64d26f405258157
[INFO] [stdout]                                at /rustc/0e09125c6c3c2fd70d7de961bcf0e51575235fad/library/core/src/ops/function.rs:250:5
[INFO] [stdout]   24:     0x55e11ede82bf - test::__rust_begin_short_backtrace::he21b0b7a6d731bf9
[INFO] [stdout]                                at /rustc/0e09125c6c3c2fd70d7de961bcf0e51575235fad/library/test/src/lib.rs:627:18
[INFO] [stdout]   25:     0x55e11ede7041 - test::run_test_in_process::{{closure}}::hf5c73986d7bdfde2
[INFO] [stdout]                                at /rustc/0e09125c6c3c2fd70d7de961bcf0e51575235fad/library/test/src/lib.rs:650:60
[INFO] [stdout]   26:     0x55e11ede7041 - <core::panic::unwind_safe::AssertUnwindSafe<F> as core::ops::function::FnOnce<()>>::call_once::h330011ad032aadc0
[INFO] [stdout]                                at /rustc/0e09125c6c3c2fd70d7de961bcf0e51575235fad/library/core/src/panic/unwind_safe.rs:272:9
[INFO] [stdout]   27:     0x55e11ede7041 - std::panicking::try::do_call::he61b0a958b795a41
[INFO] [stdout]                                at /rustc/0e09125c6c3c2fd70d7de961bcf0e51575235fad/library/std/src/panicking.rs:552:40
[INFO] [stdout]   28:     0x55e11ede7041 - std::panicking::try::h7309da130f906eb7
[INFO] [stdout]                                at /rustc/0e09125c6c3c2fd70d7de961bcf0e51575235fad/library/std/src/panicking.rs:516:19
[INFO] [stdout]   29:     0x55e11ede7041 - std::panic::catch_unwind::hc5c3a06fdaf0a92a
[INFO] [stdout]                                at /rustc/0e09125c6c3c2fd70d7de961bcf0e51575235fad/library/std/src/panic.rs:142:14
[INFO] [stdout]   30:     0x55e11ede7041 - test::run_test_in_process::h7e7b7c71c3324e0f
[INFO] [stdout]                                at /rustc/0e09125c6c3c2fd70d7de961bcf0e51575235fad/library/test/src/lib.rs:650:27
[INFO] [stdout]   31:     0x55e11ede7041 - test::run_test::{{closure}}::h1f509f28f5cf20b1
[INFO] [stdout]                                at /rustc/0e09125c6c3c2fd70d7de961bcf0e51575235fad/library/test/src/lib.rs:573:43
[INFO] [stdout]   32:     0x55e11edae376 - test::run_test::{{closure}}::h1754218abf443f6d
[INFO] [stdout]                                at /rustc/0e09125c6c3c2fd70d7de961bcf0e51575235fad/library/test/src/lib.rs:601:41
[INFO] [stdout]   33:     0x55e11edae376 - std::sys_common::backtrace::__rust_begin_short_backtrace::h2ee174b9d5954948
[INFO] [stdout]                                at /rustc/0e09125c6c3c2fd70d7de961bcf0e51575235fad/library/std/src/sys_common/backtrace.rs:155:18
[INFO] [stdout]   34:     0x55e11edb33d7 - std::thread::Builder::spawn_unchecked_::{{closure}}::{{closure}}::hf60bee9c1a17ef09
[INFO] [stdout]                                at /rustc/0e09125c6c3c2fd70d7de961bcf0e51575235fad/library/std/src/thread/mod.rs:529:17
[INFO] [stdout]   35:     0x55e11edb33d7 - <core::panic::unwind_safe::AssertUnwindSafe<F> as core::ops::function::FnOnce<()>>::call_once::h33d0dddec5216160
[INFO] [stdout]                                at /rustc/0e09125c6c3c2fd70d7de961bcf0e51575235fad/library/core/src/panic/unwind_safe.rs:272:9
[INFO] [stdout]   36:     0x55e11edb33d7 - std::panicking::try::do_call::h144b3048b546f835
[INFO] [stdout]                                at /rustc/0e09125c6c3c2fd70d7de961bcf0e51575235fad/library/std/src/panicking.rs:552:40
[INFO] [stdout]   37:     0x55e11edb33d7 - std::panicking::try::h978244d04646189f
[INFO] [stdout]                                at /rustc/0e09125c6c3c2fd70d7de961bcf0e51575235fad/library/std/src/panicking.rs:516:19
[INFO] [stdout]   38:     0x55e11edb33d7 - std::panic::catch_unwind::hdf436369d188fe86
[INFO] [stdout]                                at /rustc/0e09125c6c3c2fd70d7de961bcf0e51575235fad/library/std/src/panic.rs:142:14
[INFO] [stdout]   39:     0x55e11edb33d7 - std::thread::Builder::spawn_unchecked_::{{closure}}::h87329cbdd33c79ec
[INFO] [stdout]                                at /rustc/0e09125c6c3c2fd70d7de961bcf0e51575235fad/library/std/src/thread/mod.rs:528:30
[INFO] [stdout]   40:     0x55e11edb33d7 - core::ops::function::FnOnce::call_once{{vtable.shim}}::h401abbe67897d450
[INFO] [stdout]                                at /rustc/0e09125c6c3c2fd70d7de961bcf0e51575235fad/library/core/src/ops/function.rs:250:5
[INFO] [stdout]   41:     0x55e11ee6f415 - <alloc::boxed::Box<F,A> as core::ops::function::FnOnce<Args>>::call_once::h5d7c8f150ab9c84c
[INFO] [stdout]                                at /rustc/0e09125c6c3c2fd70d7de961bcf0e51575235fad/library/alloc/src/boxed.rs:2015:9
[INFO] [stdout]   42:     0x55e11ee6f415 - <alloc::boxed::Box<F,A> as core::ops::function::FnOnce<Args>>::call_once::h570d5b005c242c15
[INFO] [stdout]                                at /rustc/0e09125c6c3c2fd70d7de961bcf0e51575235fad/library/alloc/src/boxed.rs:2015:9
[INFO] [stdout]   43:     0x55e11ee6f415 - std::sys::unix::thread::Thread::new::thread_start::h36b0a20c0b2361ad
[INFO] [stdout]                                at /rustc/0e09125c6c3c2fd70d7de961bcf0e51575235fad/library/std/src/sys/unix/thread.rs:108:17
[INFO] [stdout]   44:     0x7f5fd6c69ac3 - <unknown>
[INFO] [stdout]   45:     0x7f5fd6cfabf4 - __clone
[INFO] [stdout]   46:                0x0 - <unknown>
[INFO] [stdout] 
[INFO] [stdout] 
[INFO] [stdout] failures:
[INFO] [stdout]     disk_env::tests::test_dirs
[INFO] [stdout]     disk_env::tests::test_files
[INFO] [stdout]     disk_env::tests::test_locking
[INFO] [stdout] 
[INFO] [stdout] test result: FAILED. 143 passed; 3 failed; 0 ignored; 0 measured; 0 filtered out; finished in 1.74s
[INFO] [stdout] 
[INFO] running `Command { std: "docker" "inspect" "337d0d2185c9c931d6ff1f308c7d97442936a99e7a261f8e8935a8199906d442", kill_on_drop: false }`
[INFO] running `Command { std: "docker" "rm" "-f" "337d0d2185c9c931d6ff1f308c7d97442936a99e7a261f8e8935a8199906d442", kill_on_drop: false }`
[INFO] [stdout] 337d0d2185c9c931d6ff1f308c7d97442936a99e7a261f8e8935a8199906d442
