[INFO] fetching crate rustus 0.5.10...
[INFO] testing rustus-0.5.10 against 1.75.0 for beta-1.76-1
[INFO] extracting crate rustus 0.5.10 into /workspace/builds/worker-6-tc1/source
[INFO] validating manifest of crates.io crate rustus 0.5.10 on toolchain 1.75.0
[INFO] running `Command { std: CARGO_HOME="/workspace/cargo-home" RUSTUP_HOME="/workspace/rustup-home" "/workspace/cargo-home/bin/cargo" "+1.75.0" "metadata" "--manifest-path" "Cargo.toml" "--no-deps", kill_on_drop: false }`
[INFO] started tweaking crates.io crate rustus 0.5.10
[INFO] finished tweaking crates.io crate rustus 0.5.10
[INFO] tweaked toml for crates.io crate rustus 0.5.10 written to /workspace/builds/worker-6-tc1/source/Cargo.toml
[INFO] crate crates.io crate rustus 0.5.10 already has a lockfile, it will not be regenerated
[INFO] running `Command { std: CARGO_HOME="/workspace/cargo-home" RUSTUP_HOME="/workspace/rustup-home" "/workspace/cargo-home/bin/cargo" "+1.75.0" "fetch" "--manifest-path" "Cargo.toml", kill_on_drop: false }`
[INFO] [stderr]     Updating crates.io index
[INFO] [stderr]     Blocking waiting for file lock on package cache
[INFO] [stderr]  Downloading crates ...
[INFO] [stderr]   Downloaded actix-web-prom v0.6.0
[INFO] [stderr]   Downloaded actix-cors v0.6.1
[INFO] [stderr]   Downloaded actix-web-codegen v4.0.1
[INFO] [stderr]   Downloaded wildmatch v2.1.1
[INFO] [stderr]   Downloaded dyn-clone v1.0.8
[INFO] [stderr]   Downloaded sqlx-rt v0.5.13
[INFO] [stderr]   Downloaded pinky-swear v4.5.0
[INFO] [stderr]   Downloaded amq-protocol-tcp v6.1.0
[INFO] [stderr]   Downloaded amq-protocol-uri v6.1.0
[INFO] [stderr]   Downloaded md-5 v0.10.1
[INFO] [stderr]   Downloaded pem-rfc7468 v0.3.1
[INFO] [stderr]   Downloaded httptest v0.15.4
[INFO] [stderr]   Downloaded mobc v0.7.3
[INFO] [stderr]   Downloaded fern v0.6.1
[INFO] [stderr]   Downloaded sqlx-core v0.5.13
[INFO] [stderr]   Downloaded openssl-src v111.22.0+1.1.1q
[INFO] [stderr]   Downloaded mobc-lapin v0.7.0
[INFO] [stderr]   Downloaded mobc-redis v0.7.0
[INFO] [stderr]   Downloaded rbatis-macro-driver v3.1.2
[INFO] [stderr]   Downloaded rbatis v3.1.15
[INFO] [stderr]   Downloaded redis v0.19.0
[INFO] [stderr]   Downloaded prometheus v0.13.1
[INFO] [stderr]   Downloaded num-bigint-dig v0.8.1
[INFO] [stderr]   Downloaded pkcs1 v0.3.3
[INFO] [stderr]   Downloaded rsa v0.6.1
[INFO] [stderr]   Downloaded rust_decimal v1.25.0
[INFO] [stderr]   Downloaded tokio-stream v0.1.9
[INFO] [stderr]   Downloaded rbatis-core v3.1.11
[INFO] [stderr]   Downloaded html_parser v0.6.3
[INFO] [stderr]   Downloaded rbson v2.0.5
[INFO] [stderr]   Downloaded lapin v1.10.0
[INFO] [stderr]   Downloaded actix-http v3.2.1
[INFO] [stderr]   Downloaded actix-web v4.1.0
[INFO] [stderr]   Downloaded crossbeam-queue v0.3.6
[INFO] [stderr]   Downloaded base64ct v1.5.1
[INFO] [stderr]   Downloaded rustversion v1.0.8
[INFO] [stderr]   Downloaded strum_macros v0.24.2
[INFO] [stderr]   Downloaded amq-protocol v6.1.0
[INFO] [stderr]   Downloaded rbatis_sql_macro v3.0.17
[INFO] [stderr]   Downloaded rbatis_sql v3.0.26
[INFO] [stderr]   Downloaded tcp-stream v0.20.10
[INFO] [stderr]   Downloaded tokio-amqp v1.1.0
[INFO] [stderr]   Downloaded amq-protocol-types v6.1.0
[INFO] running `Command { std: "docker" "create" "-v" "/var/lib/crater-agent-workspace/builds/worker-6-tc1/target:/opt/rustwide/target:rw,Z" "-v" "/var/lib/crater-agent-workspace/builds/worker-6-tc1/source:/opt/rustwide/workdir:ro,Z" "-v" "/var/lib/crater-agent-workspace/cargo-home:/opt/rustwide/cargo-home:ro,Z" "-v" "/var/lib/crater-agent-workspace/rustup-home:/opt/rustwide/rustup-home:ro,Z" "-e" "SOURCE_DIR=/opt/rustwide/workdir" "-e" "CARGO_TARGET_DIR=/opt/rustwide/target" "-e" "CARGO_HOME=/opt/rustwide/cargo-home" "-e" "RUSTUP_HOME=/opt/rustwide/rustup-home" "-w" "/opt/rustwide/workdir" "-m" "1610612736" "--user" "0:0" "--network" "none" "ghcr.io/rust-lang/crates-build-env/linux@sha256:2788e3201cd34a07e3172128adcd8b3090168a8e3bcc40d7c032b9dda1df7d1c" "/opt/rustwide/cargo-home/bin/cargo" "+1.75.0" "metadata" "--no-deps" "--format-version=1", kill_on_drop: false }`
[INFO] [stdout] 665b78b96220c77e196dade47bdaff354808b338ea47706250b50c2cc527983e
[INFO] running `Command { std: "docker" "start" "-a" "665b78b96220c77e196dade47bdaff354808b338ea47706250b50c2cc527983e", kill_on_drop: false }`
[INFO] running `Command { std: "docker" "inspect" "665b78b96220c77e196dade47bdaff354808b338ea47706250b50c2cc527983e", kill_on_drop: false }`
[INFO] running `Command { std: "docker" "rm" "-f" "665b78b96220c77e196dade47bdaff354808b338ea47706250b50c2cc527983e", kill_on_drop: false }`
[INFO] [stdout] 665b78b96220c77e196dade47bdaff354808b338ea47706250b50c2cc527983e
[INFO] running `Command { std: "docker" "create" "-v" "/var/lib/crater-agent-workspace/builds/worker-6-tc1/target:/opt/rustwide/target:rw,Z" "-v" "/var/lib/crater-agent-workspace/builds/worker-6-tc1/source:/opt/rustwide/workdir:ro,Z" "-v" "/var/lib/crater-agent-workspace/cargo-home:/opt/rustwide/cargo-home:ro,Z" "-v" "/var/lib/crater-agent-workspace/rustup-home:/opt/rustwide/rustup-home:ro,Z" "-e" "SOURCE_DIR=/opt/rustwide/workdir" "-e" "CARGO_TARGET_DIR=/opt/rustwide/target" "-e" "CARGO_INCREMENTAL=0" "-e" "RUST_BACKTRACE=full" "-e" "RUSTFLAGS=--cap-lints=warn" "-e" "RUSTDOCFLAGS=--cap-lints=warn" "-e" "CARGO_HOME=/opt/rustwide/cargo-home" "-e" "RUSTUP_HOME=/opt/rustwide/rustup-home" "-w" "/opt/rustwide/workdir" "-m" "1610612736" "--user" "0:0" "--network" "none" "ghcr.io/rust-lang/crates-build-env/linux@sha256:2788e3201cd34a07e3172128adcd8b3090168a8e3bcc40d7c032b9dda1df7d1c" "/opt/rustwide/cargo-home/bin/cargo" "+1.75.0" "build" "--frozen" "--message-format=json", kill_on_drop: false }`
[INFO] [stdout] 8ea79653fa475f72a6c9e78a3a0720b3e699c6873e377beeb443901b20fdb03d
[INFO] running `Command { std: "docker" "start" "-a" "8ea79653fa475f72a6c9e78a3a0720b3e699c6873e377beeb443901b20fdb03d", kill_on_drop: false }`
[INFO] [stderr]    Compiling libc v0.2.126
[INFO] [stderr]    Compiling proc-macro2 v1.0.40
[INFO] [stderr]    Compiling unicode-ident v1.0.2
[INFO] [stderr]    Compiling quote v1.0.20
[INFO] [stderr]    Compiling syn v1.0.98
[INFO] [stderr]    Compiling memchr v2.5.0
[INFO] [stderr]    Compiling pin-project-lite v0.2.9
[INFO] [stderr]    Compiling futures-core v0.3.21
[INFO] [stderr]    Compiling log v0.4.17
[INFO] [stderr]    Compiling bytes v1.2.0
[INFO] [stderr]    Compiling lock_api v0.4.7
[INFO] [stderr]    Compiling parking_lot_core v0.9.3
[INFO] [stderr]    Compiling once_cell v1.13.0
[INFO] [stderr]    Compiling scopeguard v1.1.0
[INFO] [stderr]    Compiling futures-sink v0.3.21
[INFO] [stderr]    Compiling itoa v1.0.2
[INFO] [stderr]    Compiling smallvec v1.9.0
[INFO] [stderr]    Compiling slab v0.4.7
[INFO] [stderr]    Compiling futures-channel v0.3.21
[INFO] [stderr]    Compiling jobserver v0.1.24
[INFO] [stderr]    Compiling futures-task v0.3.21
[INFO] [stderr]    Compiling cc v1.0.73
[INFO] [stderr]    Compiling parking_lot v0.12.1
[INFO] [stderr]    Compiling tokio v1.20.0
[INFO] [stderr]    Compiling futures-util v0.3.21
[INFO] [stderr]    Compiling typenum v1.15.0
[INFO] [stderr]    Compiling num_cpus v1.13.1
[INFO] [stderr]    Compiling socket2 v0.4.4
[INFO] [stderr]    Compiling mio v0.8.4
[INFO] [stderr]    Compiling signal-hook-registry v1.4.0
[INFO] [stderr]    Compiling generic-array v0.14.5
[INFO] [stderr]    Compiling futures-io v0.3.21
[INFO] [stderr]    Compiling serde_derive v1.0.140
[INFO] [stderr]    Compiling getrandom v0.2.7
[INFO] [stderr]    Compiling tracing-core v0.1.28
[INFO] [stderr]    Compiling serde v1.0.140
[INFO] [stderr]    Compiling zstd-sys v2.0.1+zstd.1.5.2
[INFO] [stderr]    Compiling http v0.2.8
[INFO] [stderr]    Compiling percent-encoding v2.1.0
[INFO] [stderr]    Compiling aho-corasick v0.7.18
[INFO] [stderr]    Compiling bytestring v1.1.0
[INFO] [stderr]    Compiling tracing v0.1.35
[INFO] [stderr]    Compiling indexmap v1.9.1
[INFO] [stderr]    Compiling matches v0.1.9
[INFO] [stderr]    Compiling zstd-safe v5.0.2+zstd.1.5.2
[INFO] [stderr]    Compiling alloc-no-stdlib v2.0.3
[INFO] [stderr]    Compiling local-waker v0.1.3
[INFO] [stderr]    Compiling tinyvec_macros v0.1.0
[INFO] [stderr]    Compiling regex-syntax v0.6.27
[INFO] [stderr]    Compiling tinyvec v1.6.0
[INFO] [stderr]    Compiling alloc-stdlib v0.2.1
[INFO] [stderr]    Compiling block-buffer v0.10.2
[INFO] [stderr]    Compiling crypto-common v0.1.6
[INFO] [stderr]    Compiling rand_core v0.6.3
[INFO] [stderr]    Compiling ahash v0.7.6
[INFO] [stderr]    Compiling hashbrown v0.12.3
[INFO] [stderr]    Compiling httparse v1.7.1
[INFO] [stderr]    Compiling adler v1.0.2
[INFO] [stderr]    Compiling firestorm v0.5.1
[INFO] [stderr]    Compiling ppv-lite86 v0.2.16
[INFO] [stderr]    Compiling paste v1.0.7
[INFO] [stderr]    Compiling encoding_rs v0.8.31
[INFO] [stderr]    Compiling unicode-normalization v0.1.21
[INFO] [stderr]    Compiling miniz_oxide v0.5.3
[INFO] [stderr]    Compiling digest v0.10.3
[INFO] [stderr]    Compiling brotli-decompressor v2.3.2
[INFO] [stderr]    Compiling rand_chacha v0.3.1
[INFO] [stderr]    Compiling regex v1.6.0
[INFO] [stderr]    Compiling actix-service v2.0.2
[INFO] [stderr]    Compiling actix-utils v3.0.0
[INFO] [stderr]    Compiling form_urlencoded v1.0.1
[INFO] [stderr]    Compiling unicase v2.6.0
[INFO] [stderr]    Compiling cookie v0.16.0
[INFO] [stderr]    Compiling convert_case v0.4.0
[INFO] [stderr]    Compiling mime v0.3.16
[INFO] [stderr]    Compiling cpufeatures v0.2.2
[INFO] [stderr]    Compiling unicode-bidi v0.3.8
[INFO] [stderr]    Compiling ryu v1.0.10
[INFO] [stderr]    Compiling time-macros v0.2.4
[INFO] [stderr]    Compiling num_threads v0.1.6
[INFO] [stderr]    Compiling serde_json v1.0.82
[INFO] [stderr]    Compiling idna v0.2.3
[INFO] [stderr]    Compiling sha1 v0.10.1
[INFO] [stderr]    Compiling brotli v3.3.4
[INFO] [stderr]    Compiling rand v0.8.5
[INFO] [stderr]    Compiling flate2 v1.0.24
[INFO] [stderr]    Compiling tokio-macros v1.8.0
[INFO] [stderr]    Compiling futures-macro v0.3.21
[INFO] [stderr]    Compiling time v0.3.11
[INFO] [stderr]    Compiling actix-router v0.5.0
[INFO] [stderr]    Compiling derive_more v0.99.17
[INFO] [stderr]    Compiling openssl-src v111.22.0+1.1.1q
[INFO] [stderr]    Compiling proc-macro-error-attr v1.0.4
[INFO] [stderr]    Compiling pkg-config v0.3.25
[INFO] [stderr]    Compiling language-tags v0.3.2
[INFO] [stderr]    Compiling httpdate v1.0.2
[INFO] [stderr]    Compiling base64 v0.13.0
[INFO] [stderr]    Compiling openssl-sys v0.9.75
[INFO] [stderr]    Compiling actix-web-codegen v4.0.1
[INFO] [stderr]    Compiling actix-macros v0.2.3
[INFO] [stderr]    Compiling local-channel v0.1.3
[INFO] [stderr]    Compiling url v2.2.2
[INFO] [stderr]    Compiling atty v0.2.14
[INFO] [stderr]    Compiling proc-macro-error v1.0.4
[INFO] [stderr]    Compiling num-traits v0.2.15
[INFO] [stderr]    Compiling rustversion v1.0.8
[INFO] [stderr]    Compiling tokio-util v0.7.3
[INFO] [stderr]    Compiling actix-rt v2.7.0
[INFO] [stderr]    Compiling protobuf v2.27.1
[INFO] [stderr]    Compiling actix-server v2.1.1
[INFO] [stderr]    Compiling actix-codec v0.5.0
[INFO] [stderr]    Compiling h2 v0.3.13
[INFO] [stderr]    Compiling mime_guess v2.0.4
[INFO] [stderr]    Compiling thiserror-impl v1.0.31
[INFO] [stderr]    Compiling num-integer v0.1.45
[INFO] [stderr]    Compiling serde_urlencoded v0.7.1
[INFO] [stderr]    Compiling prometheus v0.13.1
[INFO] [stderr]    Compiling unicode-width v0.1.9
[INFO] [stderr]    Compiling unicode-segmentation v1.9.0
[INFO] [stderr]    Compiling textwrap v0.11.0
[INFO] [stderr]    Compiling thiserror v1.0.31
[INFO] [stderr]    Compiling heck v0.3.3
[INFO] [stderr]    Compiling openssl v0.10.41
[INFO] [stderr]    Compiling async-trait v0.1.56
[INFO] [stderr]    Compiling ansi_term v0.12.1
[INFO] [stderr]    Compiling vec_map v0.8.2
[INFO] [stderr]    Compiling strsim v0.8.0
[INFO] [stderr]    Compiling heck v0.4.0
[INFO] [stderr]    Compiling structopt-derive v0.4.18
[INFO] [stderr]    Compiling strum_macros v0.24.2
[INFO] [stderr]    Compiling clap v2.34.0
[INFO] [stderr]    Compiling colored v1.9.3
[INFO] [stderr]    Compiling futures-executor v0.3.21
[INFO] [stderr]    Compiling openssl-macros v0.1.0
[INFO] [stderr]    Compiling time v0.1.44
[INFO] [stderr]    Compiling http-range v0.1.5
[INFO] [stderr]    Compiling askama_escape v0.10.3
[INFO] [stderr]    Compiling chrono v0.4.19
[INFO] [stderr]    Compiling futures v0.3.21
[INFO] [stderr]    Compiling fern v0.6.1
[INFO] [stderr]    Compiling strum v0.24.1
[INFO] [stderr]    Compiling structopt v0.3.26
[INFO] [stderr]    Compiling uuid v1.1.2
[INFO] [stderr]    Compiling wildmatch v2.1.1
[INFO] [stderr]    Compiling dyn-clone v1.0.8
[INFO] [stderr]    Compiling zstd v0.11.2+zstd.1.5.2
[INFO] [stderr]    Compiling actix-http v3.2.1
[INFO] [stderr]    Compiling actix-web v4.1.0
[INFO] [stderr]    Compiling actix-files v0.6.2
[INFO] [stderr]    Compiling actix-cors v0.6.1
[INFO] [stderr]    Compiling actix-web-prom v0.6.0
[INFO] [stderr]    Compiling rustus v0.5.10 (/opt/rustwide/workdir)
[INFO] [stderr]     Finished dev [unoptimized + debuginfo] target(s) in 2m 28s
[INFO] running `Command { std: "docker" "inspect" "8ea79653fa475f72a6c9e78a3a0720b3e699c6873e377beeb443901b20fdb03d", kill_on_drop: false }`
[INFO] running `Command { std: "docker" "rm" "-f" "8ea79653fa475f72a6c9e78a3a0720b3e699c6873e377beeb443901b20fdb03d", kill_on_drop: false }`
[INFO] [stdout] 8ea79653fa475f72a6c9e78a3a0720b3e699c6873e377beeb443901b20fdb03d
[INFO] running `Command { std: "docker" "create" "-v" "/var/lib/crater-agent-workspace/builds/worker-6-tc1/target:/opt/rustwide/target:rw,Z" "-v" "/var/lib/crater-agent-workspace/builds/worker-6-tc1/source:/opt/rustwide/workdir:ro,Z" "-v" "/var/lib/crater-agent-workspace/cargo-home:/opt/rustwide/cargo-home:ro,Z" "-v" "/var/lib/crater-agent-workspace/rustup-home:/opt/rustwide/rustup-home:ro,Z" "-e" "SOURCE_DIR=/opt/rustwide/workdir" "-e" "CARGO_TARGET_DIR=/opt/rustwide/target" "-e" "CARGO_INCREMENTAL=0" "-e" "RUST_BACKTRACE=full" "-e" "RUSTFLAGS=--cap-lints=warn" "-e" "RUSTDOCFLAGS=--cap-lints=warn" "-e" "CARGO_HOME=/opt/rustwide/cargo-home" "-e" "RUSTUP_HOME=/opt/rustwide/rustup-home" "-w" "/opt/rustwide/workdir" "-m" "1610612736" "--user" "0:0" "--network" "none" "ghcr.io/rust-lang/crates-build-env/linux@sha256:2788e3201cd34a07e3172128adcd8b3090168a8e3bcc40d7c032b9dda1df7d1c" "/opt/rustwide/cargo-home/bin/cargo" "+1.75.0" "test" "--frozen" "--no-run" "--message-format=json", kill_on_drop: false }`
[INFO] [stdout] c3832eb2fefdeb775bcd81ee324c9ac1d32d7e141aa15c1b935820fbe189eab8
[INFO] running `Command { std: "docker" "start" "-a" "c3832eb2fefdeb775bcd81ee324c9ac1d32d7e141aa15c1b935820fbe189eab8", kill_on_drop: false }`
[INFO] [stderr]    Compiling futures-channel v0.3.21
[INFO] [stderr]    Compiling actix-rt v2.7.0
[INFO] [stderr]    Compiling crossbeam-utils v0.8.11
[INFO] [stderr]    Compiling try-lock v0.2.3
[INFO] [stderr]    Compiling http-body v0.4.5
[INFO] [stderr]    Compiling regex-automata v0.1.10
[INFO] [stderr]    Compiling rand v0.4.6
[INFO] [stderr]    Compiling remove_dir_all v0.5.3
[INFO] [stderr]    Compiling want v0.3.0
[INFO] [stderr]    Compiling bstr v0.2.17
[INFO] [stderr]    Compiling futures-util v0.3.21
[INFO] [stderr]    Compiling tempdir v0.3.7
[INFO] [stderr]    Compiling crossbeam-channel v0.5.6
[INFO] [stderr]    Compiling h2 v0.3.13
[INFO] [stderr]    Compiling local-channel v0.1.3
[INFO] [stderr]    Compiling actix-server v2.1.1
[INFO] [stderr]    Compiling futures-executor v0.3.21
[INFO] [stderr]    Compiling futures v0.3.21
[INFO] [stderr]    Compiling actix-http v3.2.1
[INFO] [stderr]    Compiling hyper v0.14.20
[INFO] [stderr]    Compiling httptest v0.15.4
[INFO] [stderr]    Compiling actix-web v4.1.0
[INFO] [stderr]    Compiling actix-cors v0.6.1
[INFO] [stderr]    Compiling actix-web-prom v0.6.0
[INFO] [stderr]    Compiling actix-files v0.6.2
[INFO] [stderr]    Compiling rustus v0.5.10 (/opt/rustwide/workdir)
[INFO] [stdout] warning: call to `.clone()` on a reference in this situation does nothing
[INFO] [stdout]   --> src/protocol/core/server_info.rs:51:22
[INFO] [stdout]    |
[INFO] [stdout] 51 |               .unwrap()
[INFO] [stdout]    |  ______________________^
[INFO] [stdout] 52 | |             .clone();
[INFO] [stdout]    | |____________________^ help: remove this redundant call
[INFO] [stdout]    |
[INFO] [stdout]    = note: the type `str` does not implement `Clone`, so calling `clone` on `&str` copies the reference, which does not do anything and can be removed
[INFO] [stdout]    = note: `#[warn(noop_method_call)]` on by default
[INFO] [stdout] 
[INFO] [stdout] 
[INFO] [stdout] warning: 1 warning emitted
[INFO] [stdout] 
[INFO] [stdout] 
[INFO] [stderr]     Finished test [unoptimized + debuginfo] target(s) in 26.47s
[INFO] running `Command { std: "docker" "inspect" "c3832eb2fefdeb775bcd81ee324c9ac1d32d7e141aa15c1b935820fbe189eab8", kill_on_drop: false }`
[INFO] running `Command { std: "docker" "rm" "-f" "c3832eb2fefdeb775bcd81ee324c9ac1d32d7e141aa15c1b935820fbe189eab8", kill_on_drop: false }`
[INFO] [stdout] c3832eb2fefdeb775bcd81ee324c9ac1d32d7e141aa15c1b935820fbe189eab8
[INFO] running `Command { std: "docker" "create" "-v" "/var/lib/crater-agent-workspace/builds/worker-6-tc1/target:/opt/rustwide/target:rw,Z" "-v" "/var/lib/crater-agent-workspace/builds/worker-6-tc1/source:/opt/rustwide/workdir:ro,Z" "-v" "/var/lib/crater-agent-workspace/cargo-home:/opt/rustwide/cargo-home:ro,Z" "-v" "/var/lib/crater-agent-workspace/rustup-home:/opt/rustwide/rustup-home:ro,Z" "-e" "SOURCE_DIR=/opt/rustwide/workdir" "-e" "CARGO_TARGET_DIR=/opt/rustwide/target" "-e" "CARGO_INCREMENTAL=0" "-e" "RUST_BACKTRACE=full" "-e" "RUSTFLAGS=--cap-lints=warn" "-e" "RUSTDOCFLAGS=--cap-lints=warn" "-e" "CARGO_HOME=/opt/rustwide/cargo-home" "-e" "RUSTUP_HOME=/opt/rustwide/rustup-home" "-w" "/opt/rustwide/workdir" "-m" "1610612736" "--user" "0:0" "--network" "none" "ghcr.io/rust-lang/crates-build-env/linux@sha256:2788e3201cd34a07e3172128adcd8b3090168a8e3bcc40d7c032b9dda1df7d1c" "/opt/rustwide/cargo-home/bin/cargo" "+1.75.0" "test" "--frozen", kill_on_drop: false }`
[INFO] [stdout] 59d00a782c1574f172b694a850fe0c3598e49134951f08efb5baa8b977796b90
[INFO] running `Command { std: "docker" "start" "-a" "59d00a782c1574f172b694a850fe0c3598e49134951f08efb5baa8b977796b90", kill_on_drop: false }`
[INFO] [stderr] warning: call to `.clone()` on a reference in this situation does nothing
[INFO] [stderr]   --> src/protocol/core/server_info.rs:51:22
[INFO] [stderr]    |
[INFO] [stderr] 51 |               .unwrap()
[INFO] [stderr]    |  ______________________^
[INFO] [stderr] 52 | |             .clone();
[INFO] [stderr]    | |____________________^ help: remove this redundant call
[INFO] [stderr]    |
[INFO] [stderr]    = note: the type `str` does not implement `Clone`, so calling `clone` on `&str` copies the reference, which does not do anything and can be removed
[INFO] [stderr]    = note: `#[warn(noop_method_call)]` on by default
[INFO] [stderr] 
[INFO] [stderr] warning: `rustus` (bin "rustus" test) generated 1 warning (run `cargo fix --bin "rustus" --tests` to apply 1 suggestion)
[INFO] [stderr]     Finished test [unoptimized + debuginfo] target(s) in 0.31s
[INFO] [stderr]      Running unittests src/main.rs (/opt/rustwide/target/debug/deps/rustus-fd9f73278fc7d553)
[INFO] [stdout] 
[INFO] [stdout] running 62 tests
[INFO] [stdout] test info_storages::file_info_storage::tests::preparation ... ok
[INFO] [stdout] test notifiers::dir_notifier::tests::no_such_hook_file ... ok
[INFO] [stdout] test notifiers::file_notifier::tests::no_such_file ... ok
[INFO] [stdout] test info_storages::file_info_storage::tests::setting_info ... ok
[INFO] [stdout] test info_storages::file_info_storage::tests::set_get_info ... ok
[INFO] [stdout] test info_storages::file_info_storage::tests::get_broken_info ... ok
[INFO] [stderr] /tmp/file_notifier.KLhnFzgO5GK4/error_executable.sh: 2: read: Illegal option -t
[INFO] [stdout] test protocol::core::get_info::tests::no_file ... ok
[INFO] [stdout] test notifiers::file_notifier::tests::error_status ... ok
[INFO] [stdout] test notifiers::dir_notifier::tests::success ... ok
[INFO] [stdout] test notifiers::file_notifier::tests::success ... ok
[INFO] [stdout] test protocol::core::server_info::tests::test_server_info ... ok
[INFO] [stdout] test protocol::core::get_info::tests::success ... ok
[INFO] [stdout] test protocol::core::get_info::tests::success_defer_len ... ok
[INFO] [stdout] test protocol::core::write_bytes::tests::frozen_file ... ok
[INFO] [stdout] test protocol::core::write_bytes::tests::final_upload ... ok
[INFO] [stdout] test protocol::core::write_bytes::tests::new_file_length_size_already_known ... ok
[INFO] [stdout] test protocol::core::get_info::tests::success_metadata ... ok
[INFO] [stdout] test protocol::core::get_info::tests::test_get_file_info_wrong_storage ... ok
[INFO] [stdout] test protocol::core::get_info::tests::success_final ... ok
[INFO] [stdout] test protocol::core::get_info::tests::test_get_file_info_partial ... ok
[INFO] [stdout] test protocol::core::write_bytes::tests::no_content_header ... ok
[INFO] [stdout] test protocol::core::write_bytes::tests::wrong_storage ... ok
[INFO] [stdout] test protocol::core::write_bytes::tests::success ... ok
[INFO] [stdout] test protocol::core::write_bytes::tests::success_update_file_length ... ok
[INFO] [stdout] test protocol::core::write_bytes::tests::wrong_offset_header ... ok
[INFO] [stdout] test protocol::core::write_bytes::tests::no_offset_header ... ok
[INFO] [stdout] test protocol::core::write_bytes::tests::unknown_file_id ... ok
[INFO] [stdout] test protocol::creation::routes::tests::success ... ok
[INFO] [stdout] test protocol::creation::routes::tests::success_defer_size ... ok
[INFO] [stdout] test protocol::creation::routes::tests::no_length_header ... ok
[INFO] [stdout] test protocol::creation::routes::tests::invalid_final_upload_no_parts ... ok
[INFO] [stdout] test protocol::creation::routes::tests::success_final_upload ... ok
[INFO] [stdout] test protocol::core::write_bytes::tests::new_file_length_lt_offset ... ok
[INFO] [stdout] test protocol::creation::routes::tests::success_with_metadata ... ok
[INFO] [stdout] test protocol::getting::routes::test::success ... ok
[INFO] [stdout] test protocol::creation::routes::tests::success_with_bytes ... ok
[INFO] [stdout] test protocol::getting::routes::test::unknown_file_id ... ok
[INFO] [stdout] test protocol::creation::routes::tests::success_partial_upload ... ok
[INFO] [stdout] test protocol::creation::routes::tests::success_with_metadata_wrong_encoding ... ok
[INFO] [stdout] test protocol::termination::routes::tests::wrong_storage ... ok
[INFO] [stdout] test storages::file_storage::tests::adding_bytes_to_unknown_file ... ok
[INFO] [stdout] test protocol::getting::routes::test::unknown_storage ... ok
[INFO] [stdout] test storages::file_storage::tests::adding_bytes ... ok
[INFO] [stdout] test storages::file_storage::tests::preparation ... ok
[INFO] [stdout] test protocol::termination::routes::tests::unknown_file_id ... ok
[INFO] [stdout] test storages::file_storage::tests::get_contents_of_unknown_file ... ok
[INFO] [stdout] test protocol::termination::routes::tests::success ... ok
[INFO] [stdout] test utils::dir_struct::tests::test_unknown_var ... ok
[INFO] [stdout] test storages::file_storage::tests::create_file_but_it_exists ... ok
[INFO] [stdout] test utils::enums::tests::test_from_str ... ok
[INFO] [stdout] test utils::dir_struct::tests::test_time ... ok
[INFO] [stdout] test protocol::creation::routes::tests::with_bytes_wrong_content_type ... ok
[INFO] [stdout] test storages::file_storage::tests::success_concatenation ... ok
[INFO] [stdout] test storages::file_storage::tests::remove_unknown_file ... ok
[INFO] [stdout] test utils::enums::tests::test_from_str_unknown_val ... ok
[INFO] [stdout] test utils::headers::tests::test_check_header_unknown_header ... ok
[INFO] [stdout] test storages::file_storage::tests::create_file ... ok
[INFO] [stdout] test utils::headers::tests::test_parse_header_unknown_header ... ok
[INFO] [stdout] test utils::headers::tests::test_parse_header ... ok
[INFO] [stdout] test utils::headers::tests::test_check_header ... ok
[INFO] [stdout] test utils::headers::tests::test_parse_header_wrong_type ... ok
[INFO] [stdout] test protocol::core::write_bytes::tests::wrong_checksum ... FAILED
[INFO] [stdout] 
[INFO] [stdout] failures:
[INFO] [stdout] 
[INFO] [stdout] ---- protocol::core::write_bytes::tests::wrong_checksum stdout ----
[INFO] [stdout] thread 'protocol::core::write_bytes::tests::wrong_checksum' panicked at src/protocol/core/write_bytes.rs:428:9:
[INFO] [stdout] assertion `left == right` failed
[INFO] [stdout]   left: 204
[INFO] [stdout]  right: 417
[INFO] [stdout] stack backtrace:
[INFO] [stdout]    0:     0x55989290816c - std::backtrace_rs::backtrace::libunwind::trace::ha637c64ce894333a
[INFO] [stdout]                                at /rustc/82e1608dfa6e0b5569232559e3d385fea5a93112/library/std/src/../../backtrace/src/backtrace/libunwind.rs:104:5
[INFO] [stdout]    1:     0x55989290816c - std::backtrace_rs::backtrace::trace_unsynchronized::h47f62dea28e0c88d
[INFO] [stdout]                                at /rustc/82e1608dfa6e0b5569232559e3d385fea5a93112/library/std/src/../../backtrace/src/backtrace/mod.rs:66:5
[INFO] [stdout]    2:     0x55989290816c - std::sys_common::backtrace::_print_fmt::h9eef0abe20ede486
[INFO] [stdout]                                at /rustc/82e1608dfa6e0b5569232559e3d385fea5a93112/library/std/src/sys_common/backtrace.rs:67:5
[INFO] [stdout]    3:     0x55989290816c - <std::sys_common::backtrace::_print::DisplayBacktrace as core::fmt::Display>::fmt::hed7f999df88cc644
[INFO] [stdout]                                at /rustc/82e1608dfa6e0b5569232559e3d385fea5a93112/library/std/src/sys_common/backtrace.rs:44:22
[INFO] [stdout]    4:     0x559892937800 - core::fmt::rt::Argument::fmt::h1539a9308b8d058d
[INFO] [stdout]                                at /rustc/82e1608dfa6e0b5569232559e3d385fea5a93112/library/core/src/fmt/rt.rs:142:9
[INFO] [stdout]    5:     0x559892937800 - core::fmt::write::h3a39390d8560d9c9
[INFO] [stdout]                                at /rustc/82e1608dfa6e0b5569232559e3d385fea5a93112/library/core/src/fmt/mod.rs:1120:17
[INFO] [stdout]    6:     0x5598929052df - std::io::Write::write_fmt::h040b369f3a0f9cbc
[INFO] [stdout]                                at /rustc/82e1608dfa6e0b5569232559e3d385fea5a93112/library/std/src/io/mod.rs:1762:15
[INFO] [stdout]    7:     0x559892907f54 - std::sys_common::backtrace::_print::h894006fb5c6f3d45
[INFO] [stdout]                                at /rustc/82e1608dfa6e0b5569232559e3d385fea5a93112/library/std/src/sys_common/backtrace.rs:47:5
[INFO] [stdout]    8:     0x559892907f54 - std::sys_common::backtrace::print::h23a2d212c6fff936
[INFO] [stdout]                                at /rustc/82e1608dfa6e0b5569232559e3d385fea5a93112/library/std/src/sys_common/backtrace.rs:34:9
[INFO] [stdout]    9:     0x559892909c17 - std::panicking::default_hook::{{closure}}::h8a1d2ee00185001a
[INFO] [stdout]   10:     0x559892909903 - std::panicking::default_hook::h6038f2eba384e475
[INFO] [stdout]                                at /rustc/82e1608dfa6e0b5569232559e3d385fea5a93112/library/std/src/panicking.rs:289:9
[INFO] [stdout]   11:     0x5598922f7a07 - <alloc::boxed::Box<F,A> as core::ops::function::Fn<Args>>::call::h0ad024c9bdc6d768
[INFO] [stdout]                                at /rustc/82e1608dfa6e0b5569232559e3d385fea5a93112/library/alloc/src/boxed.rs:2021:9
[INFO] [stdout]   12:     0x5598922f7a07 - test::test_main::{{closure}}::h7500b54257359db6
[INFO] [stdout]                                at /rustc/82e1608dfa6e0b5569232559e3d385fea5a93112/library/test/src/lib.rs:138:21
[INFO] [stdout]   13:     0x55989290a228 - <alloc::boxed::Box<F,A> as core::ops::function::Fn<Args>>::call::h1f8f335eaa9cfaee
[INFO] [stdout]                                at /rustc/82e1608dfa6e0b5569232559e3d385fea5a93112/library/alloc/src/boxed.rs:2021:9
[INFO] [stdout]   14:     0x55989290a228 - std::panicking::rust_panic_with_hook::h2b5517d590cab22e
[INFO] [stdout]                                at /rustc/82e1608dfa6e0b5569232559e3d385fea5a93112/library/std/src/panicking.rs:783:13
[INFO] [stdout]   15:     0x559892909f7e - std::panicking::begin_panic_handler::{{closure}}::h233112c06e0ef43e
[INFO] [stdout]                                at /rustc/82e1608dfa6e0b5569232559e3d385fea5a93112/library/std/src/panicking.rs:657:13
[INFO] [stdout]   16:     0x559892908636 - std::sys_common::backtrace::__rust_end_short_backtrace::h6e893f24d7ebbff8
[INFO] [stdout]                                at /rustc/82e1608dfa6e0b5569232559e3d385fea5a93112/library/std/src/sys_common/backtrace.rs:170:18
[INFO] [stdout]   17:     0x559892909ce2 - rust_begin_unwind
[INFO] [stdout]                                at /rustc/82e1608dfa6e0b5569232559e3d385fea5a93112/library/std/src/panicking.rs:645:5
[INFO] [stdout]   18:     0x5598920669d5 - core::panicking::panic_fmt::hbf0e066aabfa482c
[INFO] [stdout]                                at /rustc/82e1608dfa6e0b5569232559e3d385fea5a93112/library/core/src/panicking.rs:72:14
[INFO] [stdout]   19:     0x559892066e2b - core::panicking::assert_failed_inner::h0bba8b7c26ee4492
[INFO] [stdout]   20:     0x55989229432e - core::panicking::assert_failed::hb4f282ac7a845507
[INFO] [stdout]                                at /rustc/82e1608dfa6e0b5569232559e3d385fea5a93112/library/core/src/panicking.rs:279:5
[INFO] [stdout]   21:     0x559892269636 - rustus::protocol::core::write_bytes::tests::wrong_checksum::{{closure}}::h8eaa49d53b293c56
[INFO] [stdout]                                at /opt/rustwide/workdir/src/protocol/core/write_bytes.rs:428:9
[INFO] [stdout]   22:     0x5598922b4230 - <tokio::task::local::RunUntil<T> as core::future::future::Future>::poll::{{closure}}::{{closure}}::h4aa0f672ce675c9d
[INFO] [stdout]                                at /opt/rustwide/cargo-home/registry/src/index.crates.io-6f17d22bba15001f/tokio-1.20.0/src/task/local.rs:757:65
[INFO] [stdout]   23:     0x559892192bd0 - tokio::coop::with_budget::{{closure}}::h66b99f79d7103323
[INFO] [stdout]                                at /opt/rustwide/cargo-home/registry/src/index.crates.io-6f17d22bba15001f/tokio-1.20.0/src/coop.rs:102:9
[INFO] [stdout]   24:     0x5598920d294e - std::thread::local::LocalKey<T>::try_with::h0012bf9151b524bf
[INFO] [stdout]                                at /rustc/82e1608dfa6e0b5569232559e3d385fea5a93112/library/std/src/thread/local.rs:270:16
[INFO] [stdout]   25:     0x5598920cf36a - std::thread::local::LocalKey<T>::with::h5cacd46d9c88e579
[INFO] [stdout]                                at /rustc/82e1608dfa6e0b5569232559e3d385fea5a93112/library/std/src/thread/local.rs:246:9
[INFO] [stdout]   26:     0x5598922b1fab - tokio::coop::with_budget::heb64172c3d0fab03
[INFO] [stdout]                                at /opt/rustwide/cargo-home/registry/src/index.crates.io-6f17d22bba15001f/tokio-1.20.0/src/coop.rs:95:5
[INFO] [stdout]   27:     0x5598922b1fab - tokio::coop::budget::hff8bc89212b2e40f
[INFO] [stdout]                                at /opt/rustwide/cargo-home/registry/src/index.crates.io-6f17d22bba15001f/tokio-1.20.0/src/coop.rs:72:5
[INFO] [stdout]   28:     0x5598922b1fab - <tokio::task::local::RunUntil<T> as core::future::future::Future>::poll::{{closure}}::h9c0f5ef9774fa7a9
[INFO] [stdout]                                at /opt/rustwide/cargo-home/registry/src/index.crates.io-6f17d22bba15001f/tokio-1.20.0/src/task/local.rs:757:42
[INFO] [stdout]   29:     0x55989221cc97 - tokio::macros::scoped_tls::ScopedKey<T>::set::h98ff2496828ac2d1
[INFO] [stdout]                                at /opt/rustwide/cargo-home/registry/src/index.crates.io-6f17d22bba15001f/tokio-1.20.0/src/macros/scoped_tls.rs:61:9
[INFO] [stdout]   30:     0x559892297557 - tokio::task::local::LocalSet::with::h385f858ad5ffe5f0
[INFO] [stdout]                                at /opt/rustwide/cargo-home/registry/src/index.crates.io-6f17d22bba15001f/tokio-1.20.0/src/task/local.rs:582:9
[INFO] [stdout]   31:     0x5598922aa30a - <tokio::task::local::RunUntil<T> as core::future::future::Future>::poll::h1d2b5a27ed577f16
[INFO] [stdout]                                at /opt/rustwide/cargo-home/registry/src/index.crates.io-6f17d22bba15001f/tokio-1.20.0/src/task/local.rs:747:9
[INFO] [stdout]   32:     0x55989229cbd4 - tokio::task::local::LocalSet::run_until::{{closure}}::h3e5be953c64c27c6
[INFO] [stdout]                                at /opt/rustwide/cargo-home/registry/src/index.crates.io-6f17d22bba15001f/tokio-1.20.0/src/task/local.rs:502:19
[INFO] [stdout]   33:     0x5598922442eb - <core::pin::Pin<P> as core::future::future::Future>::poll::h204900e98097c3c1
[INFO] [stdout]                                at /rustc/82e1608dfa6e0b5569232559e3d385fea5a93112/library/core/src/future/future.rs:125:9
[INFO] [stdout]   34:     0x5598920ccc34 - tokio::runtime::basic_scheduler::CoreGuard::block_on::{{closure}}::{{closure}}::{{closure}}::ha0924a0ddeff6cfe
[INFO] [stdout]                                at /opt/rustwide/cargo-home/registry/src/index.crates.io-6f17d22bba15001f/tokio-1.20.0/src/runtime/basic_scheduler.rs:543:48
[INFO] [stdout]   35:     0x55989219c9c0 - tokio::coop::with_budget::{{closure}}::hde042c9fad62f884
[INFO] [stdout]                                at /opt/rustwide/cargo-home/registry/src/index.crates.io-6f17d22bba15001f/tokio-1.20.0/src/coop.rs:102:9
[INFO] [stdout]   36:     0x5598920ed5ee - std::thread::local::LocalKey<T>::try_with::hd2e962943b4b57c5
[INFO] [stdout]                                at /rustc/82e1608dfa6e0b5569232559e3d385fea5a93112/library/std/src/thread/local.rs:270:16
[INFO] [stdout]   37:     0x5598920d0b8a - std::thread::local::LocalKey<T>::with::ha126ade9dd2187e8
[INFO] [stdout]                                at /rustc/82e1608dfa6e0b5569232559e3d385fea5a93112/library/std/src/thread/local.rs:246:9
[INFO] [stdout]   38:     0x5598920c8fd6 - tokio::coop::with_budget::h3fa238bb86092030
[INFO] [stdout]                                at /opt/rustwide/cargo-home/registry/src/index.crates.io-6f17d22bba15001f/tokio-1.20.0/src/coop.rs:95:5
[INFO] [stdout]   39:     0x5598920c8fd6 - tokio::coop::budget::h862ab563b985a4d9
[INFO] [stdout]                                at /opt/rustwide/cargo-home/registry/src/index.crates.io-6f17d22bba15001f/tokio-1.20.0/src/coop.rs:72:5
[INFO] [stdout]   40:     0x5598920c8fd6 - tokio::runtime::basic_scheduler::CoreGuard::block_on::{{closure}}::{{closure}}::h48df8f200ebfa690
[INFO] [stdout]                                at /opt/rustwide/cargo-home/registry/src/index.crates.io-6f17d22bba15001f/tokio-1.20.0/src/runtime/basic_scheduler.rs:543:25
[INFO] [stdout]   41:     0x55989207b24c - tokio::runtime::basic_scheduler::Context::enter::h0cad3e3b1234930c
[INFO] [stdout]                                at /opt/rustwide/cargo-home/registry/src/index.crates.io-6f17d22bba15001f/tokio-1.20.0/src/runtime/basic_scheduler.rs:367:19
[INFO] [stdout]   42:     0x5598920abba9 - tokio::runtime::basic_scheduler::CoreGuard::block_on::{{closure}}::h20d7cabab4fb6819
[INFO] [stdout]                                at /opt/rustwide/cargo-home/registry/src/index.crates.io-6f17d22bba15001f/tokio-1.20.0/src/runtime/basic_scheduler.rs:542:36
[INFO] [stdout]   43:     0x5598920a5b6b - tokio::runtime::basic_scheduler::CoreGuard::enter::{{closure}}::hf3a8d973bc4abc0c
[INFO] [stdout]                                at /opt/rustwide/cargo-home/registry/src/index.crates.io-6f17d22bba15001f/tokio-1.20.0/src/runtime/basic_scheduler.rs:613:57
[INFO] [stdout]   44:     0x55989221ebed - tokio::macros::scoped_tls::ScopedKey<T>::set::hd0d1499d9daaf9dc
[INFO] [stdout]                                at /opt/rustwide/cargo-home/registry/src/index.crates.io-6f17d22bba15001f/tokio-1.20.0/src/macros/scoped_tls.rs:61:9
[INFO] [stdout]   45:     0x55989209a5df - tokio::runtime::basic_scheduler::CoreGuard::enter::h4a243bae3f9245c9
[INFO] [stdout]                                at /opt/rustwide/cargo-home/registry/src/index.crates.io-6f17d22bba15001f/tokio-1.20.0/src/runtime/basic_scheduler.rs:613:27
[INFO] [stdout]   46:     0x5598920a663c - tokio::runtime::basic_scheduler::CoreGuard::block_on::h88f71b730c97e404
[INFO] [stdout]                                at /opt/rustwide/cargo-home/registry/src/index.crates.io-6f17d22bba15001f/tokio-1.20.0/src/runtime/basic_scheduler.rs:533:19
[INFO] [stdout]   47:     0x559892073362 - tokio::runtime::basic_scheduler::BasicScheduler::block_on::hb298a32abd384c22
[INFO] [stdout]                                at /opt/rustwide/cargo-home/registry/src/index.crates.io-6f17d22bba15001f/tokio-1.20.0/src/runtime/basic_scheduler.rs:179:24
[INFO] [stdout]   48:     0x55989223dab9 - tokio::runtime::Runtime::block_on::h703369530432b95a
[INFO] [stdout]                                at /opt/rustwide/cargo-home/registry/src/index.crates.io-6f17d22bba15001f/tokio-1.20.0/src/runtime/mod.rs:482:46
[INFO] [stdout]   49:     0x559892298b2b - tokio::task::local::LocalSet::block_on::hedc32877dd2e9c15
[INFO] [stdout]                                at /opt/rustwide/cargo-home/registry/src/index.crates.io-6f17d22bba15001f/tokio-1.20.0/src/task/local.rs:463:9
[INFO] [stdout]   50:     0x559892206107 - actix_rt::runtime::Runtime::block_on::h841a38fa36311e7c
[INFO] [stdout]                                at /opt/rustwide/cargo-home/registry/src/index.crates.io-6f17d22bba15001f/actix-rt-2.7.0/src/runtime.rs:80:9
[INFO] [stdout]   51:     0x5598921dfffa - actix_rt::system::SystemRunner::block_on::h37e9d2e9e2dc603a
[INFO] [stdout]                                at /opt/rustwide/cargo-home/registry/src/index.crates.io-6f17d22bba15001f/actix-rt-2.7.0/src/system.rs:209:9
[INFO] [stdout]   52:     0x559892268602 - rustus::protocol::core::write_bytes::tests::wrong_checksum::h46dabd3d8a1f8e77
[INFO] [stdout]                                at /opt/rustwide/workdir/src/protocol/core/write_bytes.rs:411:5
[INFO] [stdout]   53:     0x5598922685b7 - rustus::protocol::core::write_bytes::tests::wrong_checksum::{{closure}}::h4c675d8b448596d9
[INFO] [stdout]                                at /opt/rustwide/workdir/src/protocol/core/write_bytes.rs:413:30
[INFO] [stdout]   54:     0x5598920f7806 - core::ops::function::FnOnce::call_once::hcf10edab74b869ab
[INFO] [stdout]                                at /rustc/82e1608dfa6e0b5569232559e3d385fea5a93112/library/core/src/ops/function.rs:250:5
[INFO] [stdout]   55:     0x5598922fd05f - core::ops::function::FnOnce::call_once::h2b5d431d5046312d
[INFO] [stdout]                                at /rustc/82e1608dfa6e0b5569232559e3d385fea5a93112/library/core/src/ops/function.rs:250:5
[INFO] [stdout]   56:     0x5598922fd05f - test::__rust_begin_short_backtrace::h7714669af176e207
[INFO] [stdout]                                at /rustc/82e1608dfa6e0b5569232559e3d385fea5a93112/library/test/src/lib.rs:628:18
[INFO] [stdout]   57:     0x5598922fc075 - test::run_test_in_process::{{closure}}::h85218797dcbcec12
[INFO] [stdout]                                at /rustc/82e1608dfa6e0b5569232559e3d385fea5a93112/library/test/src/lib.rs:651:60
[INFO] [stdout]   58:     0x5598922fc075 - <core::panic::unwind_safe::AssertUnwindSafe<F> as core::ops::function::FnOnce<()>>::call_once::h76c106ea31c14d7b
[INFO] [stdout]                                at /rustc/82e1608dfa6e0b5569232559e3d385fea5a93112/library/core/src/panic/unwind_safe.rs:272:9
[INFO] [stdout]   59:     0x5598922fc075 - std::panicking::try::do_call::h3bd5d0f6620ee946
[INFO] [stdout]                                at /rustc/82e1608dfa6e0b5569232559e3d385fea5a93112/library/std/src/panicking.rs:552:40
[INFO] [stdout]   60:     0x5598922fc075 - std::panicking::try::h232e535e4744fe31
[INFO] [stdout]                                at /rustc/82e1608dfa6e0b5569232559e3d385fea5a93112/library/std/src/panicking.rs:516:19
[INFO] [stdout]   61:     0x5598922fc075 - std::panic::catch_unwind::h3ce3bd6ca8dbac68
[INFO] [stdout]                                at /rustc/82e1608dfa6e0b5569232559e3d385fea5a93112/library/std/src/panic.rs:142:14
[INFO] [stdout]   62:     0x5598922fc075 - test::run_test_in_process::hc97b257c9621286a
[INFO] [stdout]                                at /rustc/82e1608dfa6e0b5569232559e3d385fea5a93112/library/test/src/lib.rs:651:27
[INFO] [stdout]   63:     0x5598922fc075 - test::run_test::{{closure}}::h2aa798823a438d38
[INFO] [stdout]                                at /rustc/82e1608dfa6e0b5569232559e3d385fea5a93112/library/test/src/lib.rs:574:43
[INFO] [stdout]   64:     0x5598922c4336 - test::run_test::{{closure}}::h87d231c78fb59832
[INFO] [stdout]                                at /rustc/82e1608dfa6e0b5569232559e3d385fea5a93112/library/test/src/lib.rs:602:41
[INFO] [stdout]   65:     0x5598922c4336 - std::sys_common::backtrace::__rust_begin_short_backtrace::he6df152596625789
[INFO] [stdout]                                at /rustc/82e1608dfa6e0b5569232559e3d385fea5a93112/library/std/src/sys_common/backtrace.rs:154:18
[INFO] [stdout]   66:     0x5598922c93e7 - std::thread::Builder::spawn_unchecked_::{{closure}}::{{closure}}::ha94be15d1e0acf36
[INFO] [stdout]                                at /rustc/82e1608dfa6e0b5569232559e3d385fea5a93112/library/std/src/thread/mod.rs:529:17
[INFO] [stdout]   67:     0x5598922c93e7 - <core::panic::unwind_safe::AssertUnwindSafe<F> as core::ops::function::FnOnce<()>>::call_once::h9dc6bd6372f16606
[INFO] [stdout]                                at /rustc/82e1608dfa6e0b5569232559e3d385fea5a93112/library/core/src/panic/unwind_safe.rs:272:9
[INFO] [stdout]   68:     0x5598922c93e7 - std::panicking::try::do_call::h9057517f80303cd4
[INFO] [stdout]                                at /rustc/82e1608dfa6e0b5569232559e3d385fea5a93112/library/std/src/panicking.rs:552:40
[INFO] [stdout]   69:     0x5598922c93e7 - std::panicking::try::he3a30b11ee45340c
[INFO] [stdout]                                at /rustc/82e1608dfa6e0b5569232559e3d385fea5a93112/library/std/src/panicking.rs:516:19
[INFO] [stdout]   70:     0x5598922c93e7 - std::panic::catch_unwind::h410458cfd3528b8b
[INFO] [stdout]                                at /rustc/82e1608dfa6e0b5569232559e3d385fea5a93112/library/std/src/panic.rs:142:14
[INFO] [stdout]   71:     0x5598922c93e7 - std::thread::Builder::spawn_unchecked_::{{closure}}::h72ac3bdb567b737b
[INFO] [stdout]                                at /rustc/82e1608dfa6e0b5569232559e3d385fea5a93112/library/std/src/thread/mod.rs:528:30
[INFO] [stdout]   72:     0x5598922c93e7 - core::ops::function::FnOnce::call_once{{vtable.shim}}::h38f34da3654a8344
[INFO] [stdout]                                at /rustc/82e1608dfa6e0b5569232559e3d385fea5a93112/library/core/src/ops/function.rs:250:5
[INFO] [stdout]   73:     0x55989290ffa5 - <alloc::boxed::Box<F,A> as core::ops::function::FnOnce<Args>>::call_once::hc7eafaff61e32df9
[INFO] [stdout]                                at /rustc/82e1608dfa6e0b5569232559e3d385fea5a93112/library/alloc/src/boxed.rs:2007:9
[INFO] [stdout]   74:     0x55989290ffa5 - <alloc::boxed::Box<F,A> as core::ops::function::FnOnce<Args>>::call_once::h6ba4a5de48dd2304
[INFO] [stdout]                                at /rustc/82e1608dfa6e0b5569232559e3d385fea5a93112/library/alloc/src/boxed.rs:2007:9
[INFO] [stdout]   75:     0x55989290ffa5 - std::sys::unix::thread::Thread::new::thread_start::he469335aef763e45
[INFO] [stdout]                                at /rustc/82e1608dfa6e0b5569232559e3d385fea5a93112/library/std/src/sys/unix/thread.rs:108:17
[INFO] [stdout]   76:     0x7fb87d32aac3 - <unknown>
[INFO] [stdout]   77:     0x7fb87d3bbbf4 - __clone
[INFO] [stdout]   78:                0x0 - <unknown>
[INFO] [stdout] 
[INFO] [stdout] 
[INFO] [stdout] failures:
[INFO] [stdout]     protocol::core::write_bytes::tests::wrong_checksum
[INFO] [stdout] 
[INFO] [stdout] test result: FAILED. 61 passed; 1 failed; 0 ignored; 0 measured; 0 filtered out; finished in 0.36s
[INFO] [stdout] 
[INFO] [stderr] error: test failed, to rerun pass `--bin rustus`
[INFO] running `Command { std: "docker" "inspect" "59d00a782c1574f172b694a850fe0c3598e49134951f08efb5baa8b977796b90", kill_on_drop: false }`
[INFO] running `Command { std: "docker" "rm" "-f" "59d00a782c1574f172b694a850fe0c3598e49134951f08efb5baa8b977796b90", kill_on_drop: false }`
[INFO] [stdout] 59d00a782c1574f172b694a850fe0c3598e49134951f08efb5baa8b977796b90
[INFO] testing rustus-0.5.10 against beta-2023-12-22 for beta-1.76-1
[INFO] extracting crate rustus 0.5.10 into /workspace/builds/worker-6-tc2/source
[INFO] validating manifest of crates.io crate rustus 0.5.10 on toolchain beta-2023-12-22
[INFO] running `Command { std: CARGO_HOME="/workspace/cargo-home" RUSTUP_HOME="/workspace/rustup-home" "/workspace/cargo-home/bin/cargo" "+beta-2023-12-22" "metadata" "--manifest-path" "Cargo.toml" "--no-deps", kill_on_drop: false }`
[INFO] started tweaking crates.io crate rustus 0.5.10
[INFO] finished tweaking crates.io crate rustus 0.5.10
[INFO] tweaked toml for crates.io crate rustus 0.5.10 written to /workspace/builds/worker-6-tc2/source/Cargo.toml
[INFO] crate crates.io crate rustus 0.5.10 already has a lockfile, it will not be regenerated
[INFO] running `Command { std: CARGO_HOME="/workspace/cargo-home" RUSTUP_HOME="/workspace/rustup-home" "/workspace/cargo-home/bin/cargo" "+beta-2023-12-22" "fetch" "--manifest-path" "Cargo.toml", kill_on_drop: false }`
[INFO] running `Command { std: "docker" "create" "-v" "/var/lib/crater-agent-workspace/builds/worker-6-tc2/target:/opt/rustwide/target:rw,Z" "-v" "/var/lib/crater-agent-workspace/builds/worker-6-tc2/source:/opt/rustwide/workdir:ro,Z" "-v" "/var/lib/crater-agent-workspace/cargo-home:/opt/rustwide/cargo-home:ro,Z" "-v" "/var/lib/crater-agent-workspace/rustup-home:/opt/rustwide/rustup-home:ro,Z" "-e" "SOURCE_DIR=/opt/rustwide/workdir" "-e" "CARGO_TARGET_DIR=/opt/rustwide/target" "-e" "CARGO_HOME=/opt/rustwide/cargo-home" "-e" "RUSTUP_HOME=/opt/rustwide/rustup-home" "-w" "/opt/rustwide/workdir" "-m" "1610612736" "--user" "0:0" "--network" "none" "ghcr.io/rust-lang/crates-build-env/linux@sha256:2788e3201cd34a07e3172128adcd8b3090168a8e3bcc40d7c032b9dda1df7d1c" "/opt/rustwide/cargo-home/bin/cargo" "+beta-2023-12-22" "metadata" "--no-deps" "--format-version=1", kill_on_drop: false }`
[INFO] [stdout] 928d1e124a3a7ef59c4cf7ff4f1d8cd01447b5183b393da40d51fadeb7b50cee
[INFO] running `Command { std: "docker" "start" "-a" "928d1e124a3a7ef59c4cf7ff4f1d8cd01447b5183b393da40d51fadeb7b50cee", kill_on_drop: false }`
[INFO] running `Command { std: "docker" "inspect" "928d1e124a3a7ef59c4cf7ff4f1d8cd01447b5183b393da40d51fadeb7b50cee", kill_on_drop: false }`
[INFO] running `Command { std: "docker" "rm" "-f" "928d1e124a3a7ef59c4cf7ff4f1d8cd01447b5183b393da40d51fadeb7b50cee", kill_on_drop: false }`
[INFO] [stdout] 928d1e124a3a7ef59c4cf7ff4f1d8cd01447b5183b393da40d51fadeb7b50cee
[INFO] running `Command { std: "docker" "create" "-v" "/var/lib/crater-agent-workspace/builds/worker-6-tc2/target:/opt/rustwide/target:rw,Z" "-v" "/var/lib/crater-agent-workspace/builds/worker-6-tc2/source:/opt/rustwide/workdir:ro,Z" "-v" "/var/lib/crater-agent-workspace/cargo-home:/opt/rustwide/cargo-home:ro,Z" "-v" "/var/lib/crater-agent-workspace/rustup-home:/opt/rustwide/rustup-home:ro,Z" "-e" "SOURCE_DIR=/opt/rustwide/workdir" "-e" "CARGO_TARGET_DIR=/opt/rustwide/target" "-e" "CARGO_INCREMENTAL=0" "-e" "RUST_BACKTRACE=full" "-e" "RUSTFLAGS=--cap-lints=warn" "-e" "RUSTDOCFLAGS=--cap-lints=warn" "-e" "CARGO_HOME=/opt/rustwide/cargo-home" "-e" "RUSTUP_HOME=/opt/rustwide/rustup-home" "-w" "/opt/rustwide/workdir" "-m" "1610612736" "--user" "0:0" "--network" "none" "ghcr.io/rust-lang/crates-build-env/linux@sha256:2788e3201cd34a07e3172128adcd8b3090168a8e3bcc40d7c032b9dda1df7d1c" "/opt/rustwide/cargo-home/bin/cargo" "+beta-2023-12-22" "build" "--frozen" "--message-format=json", kill_on_drop: false }`
[INFO] [stdout] eab321c4f3e17e9dde7bcf88b7f430d80c8a56b0b1ba6fc2e85f3725347991a9
[INFO] running `Command { std: "docker" "start" "-a" "eab321c4f3e17e9dde7bcf88b7f430d80c8a56b0b1ba6fc2e85f3725347991a9", kill_on_drop: false }`
[INFO] [stderr]    Compiling libc v0.2.126
[INFO] [stderr]    Compiling proc-macro2 v1.0.40
[INFO] [stderr]    Compiling unicode-ident v1.0.2
[INFO] [stderr]    Compiling quote v1.0.20
[INFO] [stderr]    Compiling syn v1.0.98
[INFO] [stderr]    Compiling memchr v2.5.0
[INFO] [stderr]    Compiling futures-core v0.3.21
[INFO] [stderr]    Compiling pin-project-lite v0.2.9
[INFO] [stderr]    Compiling log v0.4.17
[INFO] [stderr]    Compiling bytes v1.2.0
[INFO] [stderr]    Compiling lock_api v0.4.7
[INFO] [stderr]    Compiling once_cell v1.13.0
[INFO] [stderr]    Compiling parking_lot_core v0.9.3
[INFO] [stderr]    Compiling itoa v1.0.2
[INFO] [stderr]    Compiling smallvec v1.9.0
[INFO] [stderr]    Compiling futures-sink v0.3.21
[INFO] [stderr]    Compiling scopeguard v1.1.0
[INFO] [stderr]    Compiling slab v0.4.7
[INFO] [stderr]    Compiling futures-channel v0.3.21
[INFO] [stderr]    Compiling jobserver v0.1.24
[INFO] [stderr]    Compiling futures-task v0.3.21
[INFO] [stderr]    Compiling tokio v1.20.0
[INFO] [stderr]    Compiling typenum v1.15.0
[INFO] [stderr]    Compiling cc v1.0.73
[INFO] [stderr]    Compiling parking_lot v0.12.1
[INFO] [stderr]    Compiling futures-util v0.3.21
[INFO] [stderr]    Compiling mio v0.8.4
[INFO] [stderr]    Compiling num_cpus v1.13.1
[INFO] [stderr]    Compiling socket2 v0.4.4
[INFO] [stderr]    Compiling signal-hook-registry v1.4.0
[INFO] [stderr]    Compiling generic-array v0.14.5
[INFO] [stderr]    Compiling serde_derive v1.0.140
[INFO] [stderr]    Compiling futures-io v0.3.21
[INFO] [stderr]    Compiling getrandom v0.2.7
[INFO] [stderr]    Compiling tracing-core v0.1.28
[INFO] [stderr]    Compiling serde v1.0.140
[INFO] [stderr]    Compiling http v0.2.8
[INFO] [stderr]    Compiling percent-encoding v2.1.0
[INFO] [stderr]    Compiling aho-corasick v0.7.18
[INFO] [stderr]    Compiling bytestring v1.1.0
[INFO] [stderr]    Compiling zstd-sys v2.0.1+zstd.1.5.2
[INFO] [stderr]    Compiling tracing v0.1.35
[INFO] [stderr]    Compiling indexmap v1.9.1
[INFO] [stderr]    Compiling zstd-safe v5.0.2+zstd.1.5.2
[INFO] [stderr]    Compiling alloc-no-stdlib v2.0.3
[INFO] [stderr]    Compiling matches v0.1.9
[INFO] [stderr]    Compiling regex-syntax v0.6.27
[INFO] [stderr]    Compiling local-waker v0.1.3
[INFO] [stderr]    Compiling tinyvec_macros v0.1.0
[INFO] [stderr]    Compiling tinyvec v1.6.0
[INFO] [stderr]    Compiling alloc-stdlib v0.2.1
[INFO] [stderr]    Compiling rand_core v0.6.3
[INFO] [stderr]    Compiling ahash v0.7.6
[INFO] [stderr]    Compiling block-buffer v0.10.2
[INFO] [stderr]    Compiling crypto-common v0.1.6
[INFO] [stderr]    Compiling encoding_rs v0.8.31
[INFO] [stderr]    Compiling ppv-lite86 v0.2.16
[INFO] [stderr]    Compiling httparse v1.7.1
[INFO] [stderr]    Compiling paste v1.0.7
[INFO] [stderr]    Compiling firestorm v0.5.1
[INFO] [stderr]    Compiling hashbrown v0.12.3
[INFO] [stderr]    Compiling adler v1.0.2
[INFO] [stderr]    Compiling unicode-normalization v0.1.21
[INFO] [stderr]    Compiling miniz_oxide v0.5.3
[INFO] [stderr]    Compiling digest v0.10.3
[INFO] [stderr]    Compiling rand_chacha v0.3.1
[INFO] [stderr]    Compiling actix-service v2.0.2
[INFO] [stderr]    Compiling brotli-decompressor v2.3.2
[INFO] [stderr]    Compiling actix-utils v3.0.0
[INFO] [stderr]    Compiling form_urlencoded v1.0.1
[INFO] [stderr]    Compiling cookie v0.16.0
[INFO] [stderr]    Compiling regex v1.6.0
[INFO] [stderr]    Compiling unicase v2.6.0
[INFO] [stderr]    Compiling convert_case v0.4.0
[INFO] [stderr]    Compiling mime v0.3.16
[INFO] [stderr]    Compiling ryu v1.0.10
[INFO] [stderr]    Compiling cpufeatures v0.2.2
[INFO] [stderr]    Compiling time-macros v0.2.4
[INFO] [stderr]    Compiling unicode-bidi v0.3.8
[INFO] [stderr]    Compiling serde_json v1.0.82
[INFO] [stderr]    Compiling num_threads v0.1.6
[INFO] [stderr]    Compiling brotli v3.3.4
[INFO] [stderr]    Compiling idna v0.2.3
[INFO] [stderr]    Compiling sha1 v0.10.1
[INFO] [stderr]    Compiling flate2 v1.0.24
[INFO] [stderr]    Compiling rand v0.8.5
[INFO] [stderr]    Compiling openssl-src v111.22.0+1.1.1q
[INFO] [stderr]    Compiling time v0.3.11
[INFO] [stderr]    Compiling actix-router v0.5.0
[INFO] [stderr]    Compiling proc-macro-error-attr v1.0.4
[INFO] [stderr]    Compiling base64 v0.13.0
[INFO] [stderr]    Compiling futures-macro v0.3.21
[INFO] [stderr]    Compiling tokio-macros v1.8.0
[INFO] [stderr]    Compiling derive_more v0.99.17
[INFO] [stderr]    Compiling httpdate v1.0.2
[INFO] [stderr]    Compiling language-tags v0.3.2
[INFO] [stderr]    Compiling pkg-config v0.3.25
[INFO] [stderr]    Compiling openssl-sys v0.9.75
[INFO] [stderr]    Compiling actix-web-codegen v4.0.1
[INFO] [stderr]    Compiling actix-macros v0.2.3
[INFO] [stderr]    Compiling url v2.2.2
[INFO] [stderr]    Compiling atty v0.2.14
[INFO] [stderr]    Compiling num-traits v0.2.15
[INFO] [stderr]    Compiling proc-macro-error v1.0.4
[INFO] [stderr]    Compiling rustversion v1.0.8
[INFO] [stderr]    Compiling protobuf v2.27.1
[INFO] [stderr]    Compiling local-channel v0.1.3
[INFO] [stderr]    Compiling mime_guess v2.0.4
[INFO] [stderr]    Compiling thiserror-impl v1.0.31
[INFO] [stderr]    Compiling num-integer v0.1.45
[INFO] [stderr]    Compiling prometheus v0.13.1
[INFO] [stderr]    Compiling unicode-segmentation v1.9.0
[INFO] [stderr]    Compiling unicode-width v0.1.9
[INFO] [stderr]    Compiling textwrap v0.11.0
[INFO] [stderr]    Compiling heck v0.3.3
[INFO] [stderr]    Compiling openssl v0.10.41
[INFO] [stderr]    Compiling tokio-util v0.7.3
[INFO] [stderr]    Compiling actix-rt v2.7.0
[INFO] [stderr]    Compiling actix-server v2.1.1
[INFO] [stderr]    Compiling h2 v0.3.13
[INFO] [stderr]    Compiling actix-codec v0.5.0
[INFO] [stderr]    Compiling thiserror v1.0.31
[INFO] [stderr]    Compiling heck v0.4.0
[INFO] [stderr]    Compiling ansi_term v0.12.1
[INFO] [stderr]    Compiling vec_map v0.8.2
[INFO] [stderr]    Compiling async-trait v0.1.56
[INFO] [stderr]    Compiling strsim v0.8.0
[INFO] [stderr]    Compiling clap v2.34.0
[INFO] [stderr]    Compiling strum_macros v0.24.2
[INFO] [stderr]    Compiling serde_urlencoded v0.7.1
[INFO] [stderr]    Compiling structopt-derive v0.4.18
[INFO] [stderr]    Compiling futures-executor v0.3.21
[INFO] [stderr]    Compiling colored v1.9.3
[INFO] [stderr]    Compiling openssl-macros v0.1.0
[INFO] [stderr]    Compiling time v0.1.44
[INFO] [stderr]    Compiling askama_escape v0.10.3
[INFO] [stderr]    Compiling http-range v0.1.5
[INFO] [stderr]    Compiling structopt v0.3.26
[INFO] [stderr]    Compiling chrono v0.4.19
[INFO] [stderr]    Compiling fern v0.6.1
[INFO] [stderr]    Compiling futures v0.3.21
[INFO] [stderr]    Compiling strum v0.24.1
[INFO] [stderr]    Compiling uuid v1.1.2
[INFO] [stderr]    Compiling wildmatch v2.1.1
[INFO] [stderr]    Compiling dyn-clone v1.0.8
[INFO] [stderr]    Compiling zstd v0.11.2+zstd.1.5.2
[INFO] [stderr]    Compiling actix-http v3.2.1
[INFO] [stderr]    Compiling actix-web v4.1.0
[INFO] [stderr]    Compiling actix-web-prom v0.6.0
[INFO] [stderr]    Compiling actix-cors v0.6.1
[INFO] [stderr]    Compiling actix-files v0.6.2
[INFO] [stderr]    Compiling rustus v0.5.10 (/opt/rustwide/workdir)
[INFO] [stderr]     Finished dev [unoptimized + debuginfo] target(s) in 3m 22s
[INFO] running `Command { std: "docker" "inspect" "eab321c4f3e17e9dde7bcf88b7f430d80c8a56b0b1ba6fc2e85f3725347991a9", kill_on_drop: false }`
[INFO] running `Command { std: "docker" "rm" "-f" "eab321c4f3e17e9dde7bcf88b7f430d80c8a56b0b1ba6fc2e85f3725347991a9", kill_on_drop: false }`
[INFO] [stdout] eab321c4f3e17e9dde7bcf88b7f430d80c8a56b0b1ba6fc2e85f3725347991a9
[INFO] running `Command { std: "docker" "create" "-v" "/var/lib/crater-agent-workspace/builds/worker-6-tc2/target:/opt/rustwide/target:rw,Z" "-v" "/var/lib/crater-agent-workspace/builds/worker-6-tc2/source:/opt/rustwide/workdir:ro,Z" "-v" "/var/lib/crater-agent-workspace/cargo-home:/opt/rustwide/cargo-home:ro,Z" "-v" "/var/lib/crater-agent-workspace/rustup-home:/opt/rustwide/rustup-home:ro,Z" "-e" "SOURCE_DIR=/opt/rustwide/workdir" "-e" "CARGO_TARGET_DIR=/opt/rustwide/target" "-e" "CARGO_INCREMENTAL=0" "-e" "RUST_BACKTRACE=full" "-e" "RUSTFLAGS=--cap-lints=warn" "-e" "RUSTDOCFLAGS=--cap-lints=warn" "-e" "CARGO_HOME=/opt/rustwide/cargo-home" "-e" "RUSTUP_HOME=/opt/rustwide/rustup-home" "-w" "/opt/rustwide/workdir" "-m" "1610612736" "--user" "0:0" "--network" "none" "ghcr.io/rust-lang/crates-build-env/linux@sha256:2788e3201cd34a07e3172128adcd8b3090168a8e3bcc40d7c032b9dda1df7d1c" "/opt/rustwide/cargo-home/bin/cargo" "+beta-2023-12-22" "test" "--frozen" "--no-run" "--message-format=json", kill_on_drop: false }`
[INFO] [stdout] bd600dc393bc10c8302e6956c07d07d24bb467fc630a5379cf11d51833b4f27b
[INFO] running `Command { std: "docker" "start" "-a" "bd600dc393bc10c8302e6956c07d07d24bb467fc630a5379cf11d51833b4f27b", kill_on_drop: false }`
[INFO] [stderr]    Compiling futures-channel v0.3.21
[INFO] [stderr]    Compiling actix-rt v2.7.0
[INFO] [stderr]    Compiling crossbeam-utils v0.8.11
[INFO] [stderr]    Compiling try-lock v0.2.3
[INFO] [stderr]    Compiling http-body v0.4.5
[INFO] [stderr]    Compiling regex-automata v0.1.10
[INFO] [stderr]    Compiling rand v0.4.6
[INFO] [stderr]    Compiling remove_dir_all v0.5.3
[INFO] [stderr]    Compiling want v0.3.0
[INFO] [stderr]    Compiling bstr v0.2.17
[INFO] [stderr]    Compiling futures-util v0.3.21
[INFO] [stderr]    Compiling crossbeam-channel v0.5.6
[INFO] [stderr]    Compiling tempdir v0.3.7
[INFO] [stderr]    Compiling h2 v0.3.13
[INFO] [stderr]    Compiling local-channel v0.1.3
[INFO] [stderr]    Compiling actix-server v2.1.1
[INFO] [stderr]    Compiling futures-executor v0.3.21
[INFO] [stderr]    Compiling futures v0.3.21
[INFO] [stderr]    Compiling actix-http v3.2.1
[INFO] [stderr]    Compiling hyper v0.14.20
[INFO] [stderr]    Compiling httptest v0.15.4
[INFO] [stderr]    Compiling actix-web v4.1.0
[INFO] [stderr]    Compiling actix-cors v0.6.1
[INFO] [stderr]    Compiling actix-web-prom v0.6.0
[INFO] [stderr]    Compiling actix-files v0.6.2
[INFO] [stderr]    Compiling rustus v0.5.10 (/opt/rustwide/workdir)
[INFO] [stdout] warning: call to `.clone()` on a reference in this situation does nothing
[INFO] [stdout]   --> src/protocol/core/server_info.rs:51:22
[INFO] [stdout]    |
[INFO] [stdout] 51 |               .unwrap()
[INFO] [stdout]    |  ______________________^
[INFO] [stdout] 52 | |             .clone();
[INFO] [stdout]    | |____________________^ help: remove this redundant call
[INFO] [stdout]    |
[INFO] [stdout]    = note: the type `str` does not implement `Clone`, so calling `clone` on `&str` copies the reference, which does not do anything and can be removed
[INFO] [stdout]    = note: `#[warn(noop_method_call)]` on by default
[INFO] [stdout] 
[INFO] [stdout] 
[INFO] [stdout] warning: 1 warning emitted
[INFO] [stdout] 
[INFO] [stdout] 
[INFO] [stderr]     Finished test [unoptimized + debuginfo] target(s) in 45.54s
[INFO] running `Command { std: "docker" "inspect" "bd600dc393bc10c8302e6956c07d07d24bb467fc630a5379cf11d51833b4f27b", kill_on_drop: false }`
[INFO] running `Command { std: "docker" "rm" "-f" "bd600dc393bc10c8302e6956c07d07d24bb467fc630a5379cf11d51833b4f27b", kill_on_drop: false }`
[INFO] [stdout] bd600dc393bc10c8302e6956c07d07d24bb467fc630a5379cf11d51833b4f27b
[INFO] running `Command { std: "docker" "create" "-v" "/var/lib/crater-agent-workspace/builds/worker-6-tc2/target:/opt/rustwide/target:rw,Z" "-v" "/var/lib/crater-agent-workspace/builds/worker-6-tc2/source:/opt/rustwide/workdir:ro,Z" "-v" "/var/lib/crater-agent-workspace/cargo-home:/opt/rustwide/cargo-home:ro,Z" "-v" "/var/lib/crater-agent-workspace/rustup-home:/opt/rustwide/rustup-home:ro,Z" "-e" "SOURCE_DIR=/opt/rustwide/workdir" "-e" "CARGO_TARGET_DIR=/opt/rustwide/target" "-e" "CARGO_INCREMENTAL=0" "-e" "RUST_BACKTRACE=full" "-e" "RUSTFLAGS=--cap-lints=warn" "-e" "RUSTDOCFLAGS=--cap-lints=warn" "-e" "CARGO_HOME=/opt/rustwide/cargo-home" "-e" "RUSTUP_HOME=/opt/rustwide/rustup-home" "-w" "/opt/rustwide/workdir" "-m" "1610612736" "--user" "0:0" "--network" "none" "ghcr.io/rust-lang/crates-build-env/linux@sha256:2788e3201cd34a07e3172128adcd8b3090168a8e3bcc40d7c032b9dda1df7d1c" "/opt/rustwide/cargo-home/bin/cargo" "+beta-2023-12-22" "test" "--frozen", kill_on_drop: false }`
[INFO] [stdout] 24665215e26268ea165cae17dd77efc01eff2e8914a0bcde0159ef186726766f
[INFO] running `Command { std: "docker" "start" "-a" "24665215e26268ea165cae17dd77efc01eff2e8914a0bcde0159ef186726766f", kill_on_drop: false }`
[INFO] [stderr] warning: call to `.clone()` on a reference in this situation does nothing
[INFO] [stderr]   --> src/protocol/core/server_info.rs:51:22
[INFO] [stderr]    |
[INFO] [stderr] 51 |               .unwrap()
[INFO] [stderr]    |  ______________________^
[INFO] [stderr] 52 | |             .clone();
[INFO] [stderr]    | |____________________^ help: remove this redundant call
[INFO] [stderr]    |
[INFO] [stderr]    = note: the type `str` does not implement `Clone`, so calling `clone` on `&str` copies the reference, which does not do anything and can be removed
[INFO] [stderr]    = note: `#[warn(noop_method_call)]` on by default
[INFO] [stderr] 
[INFO] [stderr] warning: `rustus` (bin "rustus" test) generated 1 warning (run `cargo fix --bin "rustus" --tests` to apply 1 suggestion)
[INFO] [stderr]     Finished test [unoptimized + debuginfo] target(s) in 0.46s
[INFO] [stderr]      Running unittests src/main.rs (/opt/rustwide/target/debug/deps/rustus-ca0af9a6977b0bd3)
[INFO] [stdout] 
[INFO] [stdout] running 62 tests
[INFO] [stdout] test info_storages::file_info_storage::tests::get_broken_info ... ok
[INFO] [stdout] test notifiers::dir_notifier::tests::success ... ok
[INFO] [stdout] test notifiers::file_notifier::tests::no_such_file ... ok
[INFO] [stdout] test info_storages::file_info_storage::tests::setting_info ... ok
[INFO] [stdout] test notifiers::dir_notifier::tests::no_such_hook_file ... ok
[INFO] [stderr] /tmp/file_notifier.7pireG8DzeDD/error_executable.sh: 2: read: Illegal option -t
[INFO] [stdout] test notifiers::file_notifier::tests::success ... ok
[INFO] [stdout] test notifiers::file_notifier::tests::error_status ... ok
[INFO] [stdout] test info_storages::file_info_storage::tests::set_get_info ... ok
[INFO] [stdout] test protocol::core::get_info::tests::success_defer_len ... ok
[INFO] [stdout] test info_storages::file_info_storage::tests::preparation ... ok
[INFO] [stdout] test protocol::core::get_info::tests::no_file ... ok
[INFO] [stdout] test protocol::core::get_info::tests::test_get_file_info_partial ... ok
[INFO] [stdout] test protocol::core::get_info::tests::success ... ok
[INFO] [stdout] test protocol::core::server_info::tests::test_server_info ... ok
[INFO] [stdout] test protocol::core::write_bytes::tests::final_upload ... ok
[INFO] [stdout] test protocol::core::write_bytes::tests::frozen_file ... ok
[INFO] [stdout] test protocol::core::get_info::tests::success_final ... ok
[INFO] [stdout] test protocol::core::get_info::tests::success_metadata ... ok
[INFO] [stdout] test protocol::core::write_bytes::tests::new_file_length_lt_offset ... ok
[INFO] [stdout] test protocol::core::write_bytes::tests::no_content_header ... ok
[INFO] [stdout] test protocol::core::get_info::tests::test_get_file_info_wrong_storage ... ok
[INFO] [stdout] test protocol::core::write_bytes::tests::no_offset_header ... ok
[INFO] [stdout] test protocol::core::write_bytes::tests::new_file_length_size_already_known ... ok
[INFO] [stdout] test protocol::creation::routes::tests::invalid_final_upload_no_parts ... ok
[INFO] [stdout] test protocol::core::write_bytes::tests::success ... ok
[INFO] [stdout] test protocol::core::write_bytes::tests::success_update_file_length ... ok
[INFO] [stdout] test protocol::core::write_bytes::tests::unknown_file_id ... ok
[INFO] [stdout] test protocol::core::write_bytes::tests::wrong_offset_header ... ok
[INFO] [stdout] test protocol::creation::routes::tests::no_length_header ... ok
[INFO] [stdout] test protocol::core::write_bytes::tests::wrong_storage ... ok
[INFO] [stdout] test protocol::creation::routes::tests::success_defer_size ... ok
[INFO] [stdout] test protocol::creation::routes::tests::with_bytes_wrong_content_type ... ok
[INFO] [stdout] test protocol::creation::routes::tests::success_with_metadata ... ok
[INFO] [stdout] test protocol::creation::routes::tests::success_with_metadata_wrong_encoding ... ok
[INFO] [stdout] test protocol::creation::routes::tests::success_partial_upload ... ok
[INFO] [stdout] test protocol::creation::routes::tests::success ... ok
[INFO] [stdout] test protocol::getting::routes::test::unknown_file_id ... ok
[INFO] [stdout] test protocol::creation::routes::tests::success_final_upload ... ok
[INFO] [stdout] test protocol::termination::routes::tests::unknown_file_id ... ok
[INFO] [stdout] test protocol::getting::routes::test::success ... ok
[INFO] [stdout] test protocol::getting::routes::test::unknown_storage ... ok
[INFO] [stdout] test storages::file_storage::tests::adding_bytes ... ok
[INFO] [stdout] test storages::file_storage::tests::create_file ... ok
[INFO] [stdout] test protocol::termination::routes::tests::wrong_storage ... ok
[INFO] [stdout] test storages::file_storage::tests::create_file_but_it_exists ... ok
[INFO] [stdout] test protocol::creation::routes::tests::success_with_bytes ... ok
[INFO] [stdout] test utils::dir_struct::tests::test_time ... ok
[INFO] [stdout] test storages::file_storage::tests::adding_bytes_to_unknown_file ... ok
[INFO] [stdout] test storages::file_storage::tests::preparation ... ok
[INFO] [stdout] test protocol::termination::routes::tests::success ... ok
[INFO] [stdout] test storages::file_storage::tests::get_contents_of_unknown_file ... ok
[INFO] [stdout] test utils::enums::tests::test_from_str ... ok
[INFO] [stdout] test storages::file_storage::tests::remove_unknown_file ... ok
[INFO] [stdout] test utils::dir_struct::tests::test_unknown_var ... ok
[INFO] [stdout] test utils::headers::tests::test_check_header_unknown_header ... ok
[INFO] [stdout] test utils::enums::tests::test_from_str_unknown_val ... ok
[INFO] [stdout] test utils::headers::tests::test_parse_header ... ok
[INFO] [stdout] test utils::headers::tests::test_parse_header_wrong_type ... ok
[INFO] [stdout] test utils::headers::tests::test_check_header ... ok
[INFO] [stdout] test storages::file_storage::tests::success_concatenation ... ok
[INFO] [stdout] test utils::headers::tests::test_parse_header_unknown_header ... ok
[INFO] [stdout] test protocol::core::write_bytes::tests::wrong_checksum ... FAILED
[INFO] [stdout] 
[INFO] [stdout] failures:
[INFO] [stdout] 
[INFO] [stdout] ---- protocol::core::write_bytes::tests::wrong_checksum stdout ----
[INFO] [stdout] thread 'protocol::core::write_bytes::tests::wrong_checksum' panicked at src/protocol/core/write_bytes.rs:428:9:
[INFO] [stdout] assertion `left == right` failed
[INFO] [stdout]   left: 204
[INFO] [stdout]  right: 417
[INFO] [stdout] stack backtrace:
[INFO] [stdout]    0:     0x55c3057d1086 - std::backtrace_rs::backtrace::libunwind::trace::h261606ad26a499c1
[INFO] [stdout]                                at /rustc/0e09125c6c3c2fd70d7de961bcf0e51575235fad/library/std/src/../../backtrace/src/backtrace/libunwind.rs:104:5
[INFO] [stdout]    1:     0x55c3057d1086 - std::backtrace_rs::backtrace::trace_unsynchronized::hd183f0625477fb28
[INFO] [stdout]                                at /rustc/0e09125c6c3c2fd70d7de961bcf0e51575235fad/library/std/src/../../backtrace/src/backtrace/mod.rs:66:5
[INFO] [stdout]    2:     0x55c3057d1086 - std::sys_common::backtrace::_print_fmt::hd7f8fef21b4eda67
[INFO] [stdout]                                at /rustc/0e09125c6c3c2fd70d7de961bcf0e51575235fad/library/std/src/sys_common/backtrace.rs:68:5
[INFO] [stdout]    3:     0x55c3057d1086 - <std::sys_common::backtrace::_print::DisplayBacktrace as core::fmt::Display>::fmt::h623d9b51f2f453f1
[INFO] [stdout]                                at /rustc/0e09125c6c3c2fd70d7de961bcf0e51575235fad/library/std/src/sys_common/backtrace.rs:44:22
[INFO] [stdout]    4:     0x55c3057ff9c0 - core::fmt::rt::Argument::fmt::h9f417ac76a86f368
[INFO] [stdout]                                at /rustc/0e09125c6c3c2fd70d7de961bcf0e51575235fad/library/core/src/fmt/rt.rs:142:9
[INFO] [stdout]    5:     0x55c3057ff9c0 - core::fmt::write::hc9b6faf4ac2aeff7
[INFO] [stdout]                                at /rustc/0e09125c6c3c2fd70d7de961bcf0e51575235fad/library/core/src/fmt/mod.rs:1120:17
[INFO] [stdout]    6:     0x55c3057ce17f - std::io::Write::write_fmt::he04625a3a989fec3
[INFO] [stdout]                                at /rustc/0e09125c6c3c2fd70d7de961bcf0e51575235fad/library/std/src/io/mod.rs:1810:15
[INFO] [stdout]    7:     0x55c3057d0e64 - std::sys_common::backtrace::_print::hd5d66399c7df88a2
[INFO] [stdout]                                at /rustc/0e09125c6c3c2fd70d7de961bcf0e51575235fad/library/std/src/sys_common/backtrace.rs:47:5
[INFO] [stdout]    8:     0x55c3057d0e64 - std::sys_common::backtrace::print::he81ed2da642d37e5
[INFO] [stdout]                                at /rustc/0e09125c6c3c2fd70d7de961bcf0e51575235fad/library/std/src/sys_common/backtrace.rs:34:9
[INFO] [stdout]    9:     0x55c3057d2bd7 - std::panicking::default_hook::{{closure}}::h85773f4fa117163d
[INFO] [stdout]   10:     0x55c3057d28bd - std::panicking::default_hook::h6a1694a91d09b278
[INFO] [stdout]                                at /rustc/0e09125c6c3c2fd70d7de961bcf0e51575235fad/library/std/src/panicking.rs:289:9
[INFO] [stdout]   11:     0x55c3051c61b7 - <alloc::boxed::Box<F,A> as core::ops::function::Fn<Args>>::call::h616ac37fa3cd6c8f
[INFO] [stdout]                                at /rustc/0e09125c6c3c2fd70d7de961bcf0e51575235fad/library/alloc/src/boxed.rs:2029:9
[INFO] [stdout]   12:     0x55c3051c61b7 - test::test_main::{{closure}}::h00d84697cefdcbb6
[INFO] [stdout]                                at /rustc/0e09125c6c3c2fd70d7de961bcf0e51575235fad/library/test/src/lib.rs:138:21
[INFO] [stdout]   13:     0x55c3057d31f6 - <alloc::boxed::Box<F,A> as core::ops::function::Fn<Args>>::call::hcb3fe3b9bb537ba8
[INFO] [stdout]                                at /rustc/0e09125c6c3c2fd70d7de961bcf0e51575235fad/library/alloc/src/boxed.rs:2029:9
[INFO] [stdout]   14:     0x55c3057d31f6 - std::panicking::rust_panic_with_hook::h0a7ad96e90f7145b
[INFO] [stdout]                                at /rustc/0e09125c6c3c2fd70d7de961bcf0e51575235fad/library/std/src/panicking.rs:783:13
[INFO] [stdout]   15:     0x55c3057d2f42 - std::panicking::begin_panic_handler::{{closure}}::h7919090525c6485e
[INFO] [stdout]                                at /rustc/0e09125c6c3c2fd70d7de961bcf0e51575235fad/library/std/src/panicking.rs:657:13
[INFO] [stdout]   16:     0x55c3057d1586 - std::sys_common::backtrace::__rust_end_short_backtrace::hf3289479464f7dfe
[INFO] [stdout]                                at /rustc/0e09125c6c3c2fd70d7de961bcf0e51575235fad/library/std/src/sys_common/backtrace.rs:171:18
[INFO] [stdout]   17:     0x55c3057d2ca0 - rust_begin_unwind
[INFO] [stdout]                                at /rustc/0e09125c6c3c2fd70d7de961bcf0e51575235fad/library/std/src/panicking.rs:645:5
[INFO] [stdout]   18:     0x55c304f2f9d5 - core::panicking::panic_fmt::hcc9f77c5c132af55
[INFO] [stdout]                                at /rustc/0e09125c6c3c2fd70d7de961bcf0e51575235fad/library/core/src/panicking.rs:72:14
[INFO] [stdout]   19:     0x55c304f2fe4b - core::panicking::assert_failed_inner::h9f13e27dd63c3a08
[INFO] [stdout]                                at /rustc/0e09125c6c3c2fd70d7de961bcf0e51575235fad/library/core/src/panicking.rs:342:17
[INFO] [stdout]   20:     0x55c30513d39e - core::panicking::assert_failed::haa1730114323af01
[INFO] [stdout]                                at /rustc/0e09125c6c3c2fd70d7de961bcf0e51575235fad/library/core/src/panicking.rs:297:5
[INFO] [stdout]   21:     0x55c304ffa92d - rustus::protocol::core::write_bytes::tests::wrong_checksum::{{closure}}::hf21b12e9174652f7
[INFO] [stdout]                                at /opt/rustwide/workdir/src/protocol/core/write_bytes.rs:428:9
[INFO] [stdout]   22:     0x55c30504ce60 - <tokio::task::local::RunUntil<T> as core::future::future::Future>::poll::{{closure}}::{{closure}}::h24bd5e8f8a715927
[INFO] [stdout]                                at /opt/rustwide/cargo-home/registry/src/index.crates.io-6f17d22bba15001f/tokio-1.20.0/src/task/local.rs:757:65
[INFO] [stdout]   23:     0x55c3050b19d0 - tokio::coop::with_budget::{{closure}}::h2097cf0e3b0b9b4e
[INFO] [stdout]                                at /opt/rustwide/cargo-home/registry/src/index.crates.io-6f17d22bba15001f/tokio-1.20.0/src/coop.rs:102:9
[INFO] [stdout]   24:     0x55c304fb306e - std::thread::local::LocalKey<T>::try_with::habd172fee1c2f19e
[INFO] [stdout]                                at /rustc/0e09125c6c3c2fd70d7de961bcf0e51575235fad/library/std/src/thread/local.rs:270:16
[INFO] [stdout]   25:     0x55c304f998da - std::thread::local::LocalKey<T>::with::haae0e60eeb0ceb92
[INFO] [stdout]                                at /rustc/0e09125c6c3c2fd70d7de961bcf0e51575235fad/library/std/src/thread/local.rs:246:9
[INFO] [stdout]   26:     0x55c30504687b - tokio::coop::with_budget::heefbdb4cddf0562a
[INFO] [stdout]                                at /opt/rustwide/cargo-home/registry/src/index.crates.io-6f17d22bba15001f/tokio-1.20.0/src/coop.rs:95:5
[INFO] [stdout]   27:     0x55c30504687b - tokio::coop::budget::h70dba21f9c5b65c3
[INFO] [stdout]                                at /opt/rustwide/cargo-home/registry/src/index.crates.io-6f17d22bba15001f/tokio-1.20.0/src/coop.rs:72:5
[INFO] [stdout]   28:     0x55c30504687b - <tokio::task::local::RunUntil<T> as core::future::future::Future>::poll::{{closure}}::h42980b09c149440a
[INFO] [stdout]                                at /opt/rustwide/cargo-home/registry/src/index.crates.io-6f17d22bba15001f/tokio-1.20.0/src/task/local.rs:757:42
[INFO] [stdout]   29:     0x55c30509a4c7 - tokio::macros::scoped_tls::ScopedKey<T>::set::h798a9efda4b87081
[INFO] [stdout]                                at /opt/rustwide/cargo-home/registry/src/index.crates.io-6f17d22bba15001f/tokio-1.20.0/src/macros/scoped_tls.rs:61:9
[INFO] [stdout]   30:     0x55c30502e9e7 - tokio::task::local::LocalSet::with::hd14f1d653889bb43
[INFO] [stdout]                                at /opt/rustwide/cargo-home/registry/src/index.crates.io-6f17d22bba15001f/tokio-1.20.0/src/task/local.rs:582:9
[INFO] [stdout]   31:     0x55c305043a1a - <tokio::task::local::RunUntil<T> as core::future::future::Future>::poll::h6c023fe8b08ef977
[INFO] [stdout]                                at /opt/rustwide/cargo-home/registry/src/index.crates.io-6f17d22bba15001f/tokio-1.20.0/src/task/local.rs:747:9
[INFO] [stdout]   32:     0x55c30503117e - tokio::task::local::LocalSet::run_until::{{closure}}::h04e4d655ef46ecb9
[INFO] [stdout]                                at /opt/rustwide/cargo-home/registry/src/index.crates.io-6f17d22bba15001f/tokio-1.20.0/src/task/local.rs:502:19
[INFO] [stdout]   33:     0x55c3050639db - <core::pin::Pin<P> as core::future::future::Future>::poll::h2d10cf544a152e6d
[INFO] [stdout]                                at /rustc/0e09125c6c3c2fd70d7de961bcf0e51575235fad/library/core/src/future/future.rs:124:9
[INFO] [stdout]   34:     0x55c304f95314 - tokio::runtime::basic_scheduler::CoreGuard::block_on::{{closure}}::{{closure}}::{{closure}}::h2a79c89132577f1c
[INFO] [stdout]                                at /opt/rustwide/cargo-home/registry/src/index.crates.io-6f17d22bba15001f/tokio-1.20.0/src/runtime/basic_scheduler.rs:543:48
[INFO] [stdout]   35:     0x55c3050bda30 - tokio::coop::with_budget::{{closure}}::hb009246d6f5a87a8
[INFO] [stdout]                                at /opt/rustwide/cargo-home/registry/src/index.crates.io-6f17d22bba15001f/tokio-1.20.0/src/coop.rs:102:9
[INFO] [stdout]   36:     0x55c304fa64de - std::thread::local::LocalKey<T>::try_with::h4ef366067f4d5b7f
[INFO] [stdout]                                at /rustc/0e09125c6c3c2fd70d7de961bcf0e51575235fad/library/std/src/thread/local.rs:270:16
[INFO] [stdout]   37:     0x55c304f9a84a - std::thread::local::LocalKey<T>::with::hdf063e620f23947d
[INFO] [stdout]                                at /rustc/0e09125c6c3c2fd70d7de961bcf0e51575235fad/library/std/src/thread/local.rs:246:9
[INFO] [stdout]   38:     0x55c304f90946 - tokio::coop::with_budget::hf1943fa79f46d633
[INFO] [stdout]                                at /opt/rustwide/cargo-home/registry/src/index.crates.io-6f17d22bba15001f/tokio-1.20.0/src/coop.rs:95:5
[INFO] [stdout]   39:     0x55c304f90946 - tokio::coop::budget::hef92e706267dd6d3
[INFO] [stdout]                                at /opt/rustwide/cargo-home/registry/src/index.crates.io-6f17d22bba15001f/tokio-1.20.0/src/coop.rs:72:5
[INFO] [stdout]   40:     0x55c304f90946 - tokio::runtime::basic_scheduler::CoreGuard::block_on::{{closure}}::{{closure}}::h14e263c6d8ec28d6
[INFO] [stdout]                                at /opt/rustwide/cargo-home/registry/src/index.crates.io-6f17d22bba15001f/tokio-1.20.0/src/runtime/basic_scheduler.rs:543:25
[INFO] [stdout]   41:     0x55c304f4ca3c - tokio::runtime::basic_scheduler::Context::enter::h5fada3665375616b
[INFO] [stdout]                                at /opt/rustwide/cargo-home/registry/src/index.crates.io-6f17d22bba15001f/tokio-1.20.0/src/runtime/basic_scheduler.rs:367:19
[INFO] [stdout]   42:     0x55c304f8b63f - tokio::runtime::basic_scheduler::CoreGuard::block_on::{{closure}}::hc1b3c8e275ed5383
[INFO] [stdout]                                at /opt/rustwide/cargo-home/registry/src/index.crates.io-6f17d22bba15001f/tokio-1.20.0/src/runtime/basic_scheduler.rs:542:36
[INFO] [stdout]   43:     0x55c304f6e82b - tokio::runtime::basic_scheduler::CoreGuard::enter::{{closure}}::hc37a903ee6824d59
[INFO] [stdout]                                at /opt/rustwide/cargo-home/registry/src/index.crates.io-6f17d22bba15001f/tokio-1.20.0/src/runtime/basic_scheduler.rs:613:57
[INFO] [stdout]   44:     0x55c30509bbed - tokio::macros::scoped_tls::ScopedKey<T>::set::ha65ad448ce3a0e99
[INFO] [stdout]                                at /opt/rustwide/cargo-home/registry/src/index.crates.io-6f17d22bba15001f/tokio-1.20.0/src/macros/scoped_tls.rs:61:9
[INFO] [stdout]   45:     0x55c304f6a7cf - tokio::runtime::basic_scheduler::CoreGuard::enter::hbf9e75cc875d692c
[INFO] [stdout]                                at /opt/rustwide/cargo-home/registry/src/index.crates.io-6f17d22bba15001f/tokio-1.20.0/src/runtime/basic_scheduler.rs:613:27
[INFO] [stdout]   46:     0x55c304f6eefc - tokio::runtime::basic_scheduler::CoreGuard::block_on::h2feeb8c55ec74aab
[INFO] [stdout]                                at /opt/rustwide/cargo-home/registry/src/index.crates.io-6f17d22bba15001f/tokio-1.20.0/src/runtime/basic_scheduler.rs:533:19
[INFO] [stdout]   47:     0x55c304f392a2 - tokio::runtime::basic_scheduler::BasicScheduler::block_on::h97f193c82624a90a
[INFO] [stdout]                                at /opt/rustwide/cargo-home/registry/src/index.crates.io-6f17d22bba15001f/tokio-1.20.0/src/runtime/basic_scheduler.rs:179:24
[INFO] [stdout]   48:     0x55c305081389 - tokio::runtime::Runtime::block_on::hee8680875a212c93
[INFO] [stdout]                                at /opt/rustwide/cargo-home/registry/src/index.crates.io-6f17d22bba15001f/tokio-1.20.0/src/runtime/mod.rs:482:46
[INFO] [stdout]   49:     0x55c30502eeab - tokio::task::local::LocalSet::block_on::h290726c2fd28dab6
[INFO] [stdout]                                at /opt/rustwide/cargo-home/registry/src/index.crates.io-6f17d22bba15001f/tokio-1.20.0/src/task/local.rs:463:9
[INFO] [stdout]   50:     0x55c305159497 - actix_rt::runtime::Runtime::block_on::he23a3e026badcb2f
[INFO] [stdout]                                at /opt/rustwide/cargo-home/registry/src/index.crates.io-6f17d22bba15001f/actix-rt-2.7.0/src/runtime.rs:80:9
[INFO] [stdout]   51:     0x55c30514033a - actix_rt::system::SystemRunner::block_on::h6d6728c851d29bbb
[INFO] [stdout]                                at /opt/rustwide/cargo-home/registry/src/index.crates.io-6f17d22bba15001f/actix-rt-2.7.0/src/system.rs:209:9
[INFO] [stdout]   52:     0x55c304ff9902 - rustus::protocol::core::write_bytes::tests::wrong_checksum::hc08ecad3df0242af
[INFO] [stdout]                                at /opt/rustwide/workdir/src/protocol/core/write_bytes.rs:411:5
[INFO] [stdout]   53:     0x55c304ff98b7 - rustus::protocol::core::write_bytes::tests::wrong_checksum::{{closure}}::h38121976b183712a
[INFO] [stdout]                                at /opt/rustwide/workdir/src/protocol/core/write_bytes.rs:413:30
[INFO] [stdout]   54:     0x55c304fbfd26 - core::ops::function::FnOnce::call_once::hba1d068d34614086
[INFO] [stdout]                                at /rustc/0e09125c6c3c2fd70d7de961bcf0e51575235fad/library/core/src/ops/function.rs:250:5
[INFO] [stdout]   55:     0x55c3051cba8f - core::ops::function::FnOnce::call_once::hd64d26f405258157
[INFO] [stdout]                                at /rustc/0e09125c6c3c2fd70d7de961bcf0e51575235fad/library/core/src/ops/function.rs:250:5
[INFO] [stdout]   56:     0x55c3051cba8f - test::__rust_begin_short_backtrace::he21b0b7a6d731bf9
[INFO] [stdout]                                at /rustc/0e09125c6c3c2fd70d7de961bcf0e51575235fad/library/test/src/lib.rs:627:18
[INFO] [stdout]   57:     0x55c3051ca811 - test::run_test_in_process::{{closure}}::hf5c73986d7bdfde2
[INFO] [stdout]                                at /rustc/0e09125c6c3c2fd70d7de961bcf0e51575235fad/library/test/src/lib.rs:650:60
[INFO] [stdout]   58:     0x55c3051ca811 - <core::panic::unwind_safe::AssertUnwindSafe<F> as core::ops::function::FnOnce<()>>::call_once::h330011ad032aadc0
[INFO] [stdout]                                at /rustc/0e09125c6c3c2fd70d7de961bcf0e51575235fad/library/core/src/panic/unwind_safe.rs:272:9
[INFO] [stdout]   59:     0x55c3051ca811 - std::panicking::try::do_call::he61b0a958b795a41
[INFO] [stdout]                                at /rustc/0e09125c6c3c2fd70d7de961bcf0e51575235fad/library/std/src/panicking.rs:552:40
[INFO] [stdout]   60:     0x55c3051ca811 - std::panicking::try::h7309da130f906eb7
[INFO] [stdout]                                at /rustc/0e09125c6c3c2fd70d7de961bcf0e51575235fad/library/std/src/panicking.rs:516:19
[INFO] [stdout]   61:     0x55c3051ca811 - std::panic::catch_unwind::hc5c3a06fdaf0a92a
[INFO] [stdout]                                at /rustc/0e09125c6c3c2fd70d7de961bcf0e51575235fad/library/std/src/panic.rs:142:14
[INFO] [stdout]   62:     0x55c3051ca811 - test::run_test_in_process::h7e7b7c71c3324e0f
[INFO] [stdout]                                at /rustc/0e09125c6c3c2fd70d7de961bcf0e51575235fad/library/test/src/lib.rs:650:27
[INFO] [stdout]   63:     0x55c3051ca811 - test::run_test::{{closure}}::h1f509f28f5cf20b1
[INFO] [stdout]                                at /rustc/0e09125c6c3c2fd70d7de961bcf0e51575235fad/library/test/src/lib.rs:573:43
[INFO] [stdout]   64:     0x55c305191b46 - test::run_test::{{closure}}::h1754218abf443f6d
[INFO] [stdout]                                at /rustc/0e09125c6c3c2fd70d7de961bcf0e51575235fad/library/test/src/lib.rs:601:41
[INFO] [stdout]   65:     0x55c305191b46 - std::sys_common::backtrace::__rust_begin_short_backtrace::h2ee174b9d5954948
[INFO] [stdout]                                at /rustc/0e09125c6c3c2fd70d7de961bcf0e51575235fad/library/std/src/sys_common/backtrace.rs:155:18
[INFO] [stdout]   66:     0x55c305196ba7 - std::thread::Builder::spawn_unchecked_::{{closure}}::{{closure}}::hf60bee9c1a17ef09
[INFO] [stdout]                                at /rustc/0e09125c6c3c2fd70d7de961bcf0e51575235fad/library/std/src/thread/mod.rs:529:17
[INFO] [stdout]   67:     0x55c305196ba7 - <core::panic::unwind_safe::AssertUnwindSafe<F> as core::ops::function::FnOnce<()>>::call_once::h33d0dddec5216160
[INFO] [stdout]                                at /rustc/0e09125c6c3c2fd70d7de961bcf0e51575235fad/library/core/src/panic/unwind_safe.rs:272:9
[INFO] [stdout]   68:     0x55c305196ba7 - std::panicking::try::do_call::h144b3048b546f835
[INFO] [stdout]                                at /rustc/0e09125c6c3c2fd70d7de961bcf0e51575235fad/library/std/src/panicking.rs:552:40
[INFO] [stdout]   69:     0x55c305196ba7 - std::panicking::try::h978244d04646189f
[INFO] [stdout]                                at /rustc/0e09125c6c3c2fd70d7de961bcf0e51575235fad/library/std/src/panicking.rs:516:19
[INFO] [stdout]   70:     0x55c305196ba7 - std::panic::catch_unwind::hdf436369d188fe86
[INFO] [stdout]                                at /rustc/0e09125c6c3c2fd70d7de961bcf0e51575235fad/library/std/src/panic.rs:142:14
[INFO] [stdout]   71:     0x55c305196ba7 - std::thread::Builder::spawn_unchecked_::{{closure}}::h87329cbdd33c79ec
[INFO] [stdout]                                at /rustc/0e09125c6c3c2fd70d7de961bcf0e51575235fad/library/std/src/thread/mod.rs:528:30
[INFO] [stdout]   72:     0x55c305196ba7 - core::ops::function::FnOnce::call_once{{vtable.shim}}::h401abbe67897d450
[INFO] [stdout]                                at /rustc/0e09125c6c3c2fd70d7de961bcf0e51575235fad/library/core/src/ops/function.rs:250:5
[INFO] [stdout]   73:     0x55c3057d8f85 - <alloc::boxed::Box<F,A> as core::ops::function::FnOnce<Args>>::call_once::h5d7c8f150ab9c84c
[INFO] [stdout]                                at /rustc/0e09125c6c3c2fd70d7de961bcf0e51575235fad/library/alloc/src/boxed.rs:2015:9
[INFO] [stdout]   74:     0x55c3057d8f85 - <alloc::boxed::Box<F,A> as core::ops::function::FnOnce<Args>>::call_once::h570d5b005c242c15
[INFO] [stdout]                                at /rustc/0e09125c6c3c2fd70d7de961bcf0e51575235fad/library/alloc/src/boxed.rs:2015:9
[INFO] [stdout]   75:     0x55c3057d8f85 - std::sys::unix::thread::Thread::new::thread_start::h36b0a20c0b2361ad
[INFO] [stdout]                                at /rustc/0e09125c6c3c2fd70d7de961bcf0e51575235fad/library/std/src/sys/unix/thread.rs:108:17
[INFO] [stdout]   76:     0x7feaebb95ac3 - <unknown>
[INFO] [stdout]   77:     0x7feaebc26bf4 - __clone
[INFO] [stdout]   78:                0x0 - <unknown>
[INFO] [stdout] 
[INFO] [stdout] 
[INFO] [stdout] failures:
[INFO] [stdout]     protocol::core::write_bytes::tests::wrong_checksum
[INFO] [stdout] 
[INFO] [stdout] test result: FAILED. 61 passed; 1 failed; 0 ignored; 0 measured; 0 filtered out; finished in 0.53s
[INFO] [stdout] 
[INFO] [stderr] error: test failed, to rerun pass `--bin rustus`
[INFO] running `Command { std: "docker" "inspect" "24665215e26268ea165cae17dd77efc01eff2e8914a0bcde0159ef186726766f", kill_on_drop: false }`
[INFO] running `Command { std: "docker" "rm" "-f" "24665215e26268ea165cae17dd77efc01eff2e8914a0bcde0159ef186726766f", kill_on_drop: false }`
[INFO] [stdout] 24665215e26268ea165cae17dd77efc01eff2e8914a0bcde0159ef186726766f
