[INFO] fetching crate rusttype 0.9.3...
[INFO] testing rusttype-0.9.3 against 1.75.0 for beta-1.76-1
[INFO] extracting crate rusttype 0.9.3 into /workspace/builds/worker-0-tc1/source
[INFO] validating manifest of crates.io crate rusttype 0.9.3 on toolchain 1.75.0
[INFO] running `Command { std: CARGO_HOME="/workspace/cargo-home" RUSTUP_HOME="/workspace/rustup-home" "/workspace/cargo-home/bin/cargo" "+1.75.0" "metadata" "--manifest-path" "Cargo.toml" "--no-deps", kill_on_drop: false }`
[INFO] started tweaking crates.io crate rusttype 0.9.3
[INFO] finished tweaking crates.io crate rusttype 0.9.3
[INFO] tweaked toml for crates.io crate rusttype 0.9.3 written to /workspace/builds/worker-0-tc1/source/Cargo.toml
[INFO] running `Command { std: CARGO_HOME="/workspace/cargo-home" RUSTUP_HOME="/workspace/rustup-home" "/workspace/cargo-home/bin/cargo" "+1.75.0" "generate-lockfile" "--manifest-path" "Cargo.toml", kill_on_drop: false }`
[INFO] [stderr]     Updating crates.io index
[INFO] running `Command { std: CARGO_HOME="/workspace/cargo-home" RUSTUP_HOME="/workspace/rustup-home" "/workspace/cargo-home/bin/cargo" "+1.75.0" "fetch" "--manifest-path" "Cargo.toml", kill_on_drop: false }`
[INFO] running `Command { std: "docker" "create" "-v" "/var/lib/crater-agent-workspace/builds/worker-0-tc1/target:/opt/rustwide/target:rw,Z" "-v" "/var/lib/crater-agent-workspace/builds/worker-0-tc1/source:/opt/rustwide/workdir:ro,Z" "-v" "/var/lib/crater-agent-workspace/cargo-home:/opt/rustwide/cargo-home:ro,Z" "-v" "/var/lib/crater-agent-workspace/rustup-home:/opt/rustwide/rustup-home:ro,Z" "-e" "SOURCE_DIR=/opt/rustwide/workdir" "-e" "CARGO_TARGET_DIR=/opt/rustwide/target" "-e" "CARGO_HOME=/opt/rustwide/cargo-home" "-e" "RUSTUP_HOME=/opt/rustwide/rustup-home" "-w" "/opt/rustwide/workdir" "-m" "1610612736" "--user" "0:0" "--network" "none" "ghcr.io/rust-lang/crates-build-env/linux@sha256:2788e3201cd34a07e3172128adcd8b3090168a8e3bcc40d7c032b9dda1df7d1c" "/opt/rustwide/cargo-home/bin/cargo" "+1.75.0" "metadata" "--no-deps" "--format-version=1", kill_on_drop: false }`
[INFO] [stdout] 6512676f6f298a2f097135ac7d17021759c2384c7fb9ca5a0d4c0c4e258917a6
[INFO] running `Command { std: "docker" "start" "-a" "6512676f6f298a2f097135ac7d17021759c2384c7fb9ca5a0d4c0c4e258917a6", kill_on_drop: false }`
[INFO] running `Command { std: "docker" "inspect" "6512676f6f298a2f097135ac7d17021759c2384c7fb9ca5a0d4c0c4e258917a6", kill_on_drop: false }`
[INFO] running `Command { std: "docker" "rm" "-f" "6512676f6f298a2f097135ac7d17021759c2384c7fb9ca5a0d4c0c4e258917a6", kill_on_drop: false }`
[INFO] [stdout] 6512676f6f298a2f097135ac7d17021759c2384c7fb9ca5a0d4c0c4e258917a6
[INFO] running `Command { std: "docker" "create" "-v" "/var/lib/crater-agent-workspace/builds/worker-0-tc1/target:/opt/rustwide/target:rw,Z" "-v" "/var/lib/crater-agent-workspace/builds/worker-0-tc1/source:/opt/rustwide/workdir:ro,Z" "-v" "/var/lib/crater-agent-workspace/cargo-home:/opt/rustwide/cargo-home:ro,Z" "-v" "/var/lib/crater-agent-workspace/rustup-home:/opt/rustwide/rustup-home:ro,Z" "-e" "SOURCE_DIR=/opt/rustwide/workdir" "-e" "CARGO_TARGET_DIR=/opt/rustwide/target" "-e" "CARGO_INCREMENTAL=0" "-e" "RUST_BACKTRACE=full" "-e" "RUSTFLAGS=--cap-lints=warn" "-e" "RUSTDOCFLAGS=--cap-lints=warn" "-e" "CARGO_HOME=/opt/rustwide/cargo-home" "-e" "RUSTUP_HOME=/opt/rustwide/rustup-home" "-w" "/opt/rustwide/workdir" "-m" "1610612736" "--user" "0:0" "--network" "none" "ghcr.io/rust-lang/crates-build-env/linux@sha256:2788e3201cd34a07e3172128adcd8b3090168a8e3bcc40d7c032b9dda1df7d1c" "/opt/rustwide/cargo-home/bin/cargo" "+1.75.0" "build" "--frozen" "--message-format=json", kill_on_drop: false }`
[INFO] [stdout] 3dda6c7f6cc46a3c2e0b81ba3107b082a535d6843602df5d02de9810f8bdbd74
[INFO] running `Command { std: "docker" "start" "-a" "3dda6c7f6cc46a3c2e0b81ba3107b082a535d6843602df5d02de9810f8bdbd74", kill_on_drop: false }`
[INFO] [stderr]    Compiling ttf-parser v0.15.2
[INFO] [stderr]    Compiling ab_glyph_rasterizer v0.1.8
[INFO] [stderr]    Compiling owned_ttf_parser v0.15.2
[INFO] [stderr]    Compiling rusttype v0.9.3 (/opt/rustwide/workdir)
[INFO] [stderr]     Finished dev [unoptimized + debuginfo] target(s) in 1.46s
[INFO] running `Command { std: "docker" "inspect" "3dda6c7f6cc46a3c2e0b81ba3107b082a535d6843602df5d02de9810f8bdbd74", kill_on_drop: false }`
[INFO] running `Command { std: "docker" "rm" "-f" "3dda6c7f6cc46a3c2e0b81ba3107b082a535d6843602df5d02de9810f8bdbd74", kill_on_drop: false }`
[INFO] [stdout] 3dda6c7f6cc46a3c2e0b81ba3107b082a535d6843602df5d02de9810f8bdbd74
[INFO] running `Command { std: "docker" "create" "-v" "/var/lib/crater-agent-workspace/builds/worker-0-tc1/target:/opt/rustwide/target:rw,Z" "-v" "/var/lib/crater-agent-workspace/builds/worker-0-tc1/source:/opt/rustwide/workdir:ro,Z" "-v" "/var/lib/crater-agent-workspace/cargo-home:/opt/rustwide/cargo-home:ro,Z" "-v" "/var/lib/crater-agent-workspace/rustup-home:/opt/rustwide/rustup-home:ro,Z" "-e" "SOURCE_DIR=/opt/rustwide/workdir" "-e" "CARGO_TARGET_DIR=/opt/rustwide/target" "-e" "CARGO_INCREMENTAL=0" "-e" "RUST_BACKTRACE=full" "-e" "RUSTFLAGS=--cap-lints=warn" "-e" "RUSTDOCFLAGS=--cap-lints=warn" "-e" "CARGO_HOME=/opt/rustwide/cargo-home" "-e" "RUSTUP_HOME=/opt/rustwide/rustup-home" "-w" "/opt/rustwide/workdir" "-m" "1610612736" "--user" "0:0" "--network" "none" "ghcr.io/rust-lang/crates-build-env/linux@sha256:2788e3201cd34a07e3172128adcd8b3090168a8e3bcc40d7c032b9dda1df7d1c" "/opt/rustwide/cargo-home/bin/cargo" "+1.75.0" "test" "--frozen" "--no-run" "--message-format=json", kill_on_drop: false }`
[INFO] [stdout] a81d6f7928610f74c551f81a1eb2057d8f42ab0b9b85639eb7295181e46bfbfb
[INFO] running `Command { std: "docker" "start" "-a" "a81d6f7928610f74c551f81a1eb2057d8f42ab0b9b85639eb7295181e46bfbfb", kill_on_drop: false }`
[INFO] [stderr]    Compiling approx v0.5.1
[INFO] [stderr]    Compiling rusttype v0.9.3 (/opt/rustwide/workdir)
[INFO] [stderr]     Finished test [unoptimized + debuginfo] target(s) in 0.31s
[INFO] running `Command { std: "docker" "inspect" "a81d6f7928610f74c551f81a1eb2057d8f42ab0b9b85639eb7295181e46bfbfb", kill_on_drop: false }`
[INFO] running `Command { std: "docker" "rm" "-f" "a81d6f7928610f74c551f81a1eb2057d8f42ab0b9b85639eb7295181e46bfbfb", kill_on_drop: false }`
[INFO] [stdout] a81d6f7928610f74c551f81a1eb2057d8f42ab0b9b85639eb7295181e46bfbfb
[INFO] running `Command { std: "docker" "create" "-v" "/var/lib/crater-agent-workspace/builds/worker-0-tc1/target:/opt/rustwide/target:rw,Z" "-v" "/var/lib/crater-agent-workspace/builds/worker-0-tc1/source:/opt/rustwide/workdir:ro,Z" "-v" "/var/lib/crater-agent-workspace/cargo-home:/opt/rustwide/cargo-home:ro,Z" "-v" "/var/lib/crater-agent-workspace/rustup-home:/opt/rustwide/rustup-home:ro,Z" "-e" "SOURCE_DIR=/opt/rustwide/workdir" "-e" "CARGO_TARGET_DIR=/opt/rustwide/target" "-e" "CARGO_INCREMENTAL=0" "-e" "RUST_BACKTRACE=full" "-e" "RUSTFLAGS=--cap-lints=warn" "-e" "RUSTDOCFLAGS=--cap-lints=warn" "-e" "CARGO_HOME=/opt/rustwide/cargo-home" "-e" "RUSTUP_HOME=/opt/rustwide/rustup-home" "-w" "/opt/rustwide/workdir" "-m" "1610612736" "--user" "0:0" "--network" "none" "ghcr.io/rust-lang/crates-build-env/linux@sha256:2788e3201cd34a07e3172128adcd8b3090168a8e3bcc40d7c032b9dda1df7d1c" "/opt/rustwide/cargo-home/bin/cargo" "+1.75.0" "test" "--frozen", kill_on_drop: false }`
[INFO] [stdout] 61fb5f033d0baf432149305cbedc72ab0f316eda1f6a78d0964a919baad60444
[INFO] running `Command { std: "docker" "start" "-a" "61fb5f033d0baf432149305cbedc72ab0f316eda1f6a78d0964a919baad60444", kill_on_drop: false }`
[INFO] [stderr]     Finished test [unoptimized + debuginfo] target(s) in 0.01s
[INFO] [stderr]      Running unittests src/lib.rs (/opt/rustwide/target/debug/deps/rusttype-26e353066abaaf50)
[INFO] [stdout] 
[INFO] [stdout] running 0 tests
[INFO] [stdout] 
[INFO] [stdout] test result: ok. 0 passed; 0 failed; 0 ignored; 0 measured; 0 filtered out; finished in 0.00s
[INFO] [stdout] 
[INFO] [stderr]    Doc-tests rusttype
[INFO] [stdout] 
[INFO] [stdout] running 7 tests
[INFO] [stdout] test src/lib.rs - PositionedGlyph<'font>::draw (line 422) ... ignored
[INFO] [stdout] test src/lib.rs - PositionedGlyph<'font>::draw (line 431) ... ignored
[INFO] [stdout] test src/font.rs - font::Font<'font>::layout (line 163) - compile ... ok
[INFO] [stdout] test src/lib.rs - (line 44) - compile ... ok
[INFO] [stdout] test src/font.rs - font::Font (line 19) ... FAILED
[INFO] [stdout] test src/font.rs - font::Font<'font>::layout (line 173) - compile ... ok
[INFO] [stdout] test src/geometry.rs - geometry::Point (line 12) ... ok
[INFO] [stdout] 
[INFO] [stdout] failures:
[INFO] [stdout] 
[INFO] [stdout] ---- src/font.rs - font::Font (line 19) stdout ----
[INFO] [stdout] error: couldn't read src/../dev/fonts/dejavu/DejaVuSansMono.ttf: No such file or directory (os error 2)
[INFO] [stdout]  --> src/font.rs:23:24
[INFO] [stdout]   |
[INFO] [stdout] 7 | let font_data: &[u8] = include_bytes!("../dev/fonts/dejavu/DejaVuSansMono.ttf");
[INFO] [stdout]   |                        ^^^^^^^^^^^^^^^^^^^^^^^^^^^^^^^^^^^^^^^^^^^^^^^^^^^^^^^^
[INFO] [stdout]   |
[INFO] [stdout]   = note: this error originates in the macro `include_bytes` (in Nightly builds, run with -Z macro-backtrace for more info)
[INFO] [stdout] 
[INFO] [stdout] error: aborting due to previous error
[INFO] [stdout] 
[INFO] [stdout] Couldn't compile the test.
[INFO] [stdout] 
[INFO] [stdout] failures:
[INFO] [stdout]     src/font.rs - font::Font (line 19)
[INFO] [stdout] 
[INFO] [stdout] test result: FAILED. 4 passed; 1 failed; 2 ignored; 0 measured; 0 filtered out; finished in 0.20s
[INFO] [stdout] 
[INFO] [stderr] error: doctest failed, to rerun pass `--doc`
[INFO] running `Command { std: "docker" "inspect" "61fb5f033d0baf432149305cbedc72ab0f316eda1f6a78d0964a919baad60444", kill_on_drop: false }`
[INFO] running `Command { std: "docker" "rm" "-f" "61fb5f033d0baf432149305cbedc72ab0f316eda1f6a78d0964a919baad60444", kill_on_drop: false }`
[INFO] [stdout] 61fb5f033d0baf432149305cbedc72ab0f316eda1f6a78d0964a919baad60444
[INFO] testing rusttype-0.9.3 against beta-2023-12-22 for beta-1.76-1
[INFO] extracting crate rusttype 0.9.3 into /workspace/builds/worker-0-tc2/source
[INFO] validating manifest of crates.io crate rusttype 0.9.3 on toolchain beta-2023-12-22
[INFO] running `Command { std: CARGO_HOME="/workspace/cargo-home" RUSTUP_HOME="/workspace/rustup-home" "/workspace/cargo-home/bin/cargo" "+beta-2023-12-22" "metadata" "--manifest-path" "Cargo.toml" "--no-deps", kill_on_drop: false }`
[INFO] started tweaking crates.io crate rusttype 0.9.3
[INFO] finished tweaking crates.io crate rusttype 0.9.3
[INFO] tweaked toml for crates.io crate rusttype 0.9.3 written to /workspace/builds/worker-0-tc2/source/Cargo.toml
[INFO] running `Command { std: CARGO_HOME="/workspace/cargo-home" RUSTUP_HOME="/workspace/rustup-home" "/workspace/cargo-home/bin/cargo" "+beta-2023-12-22" "generate-lockfile" "--manifest-path" "Cargo.toml", kill_on_drop: false }`
[INFO] [stderr]     Updating crates.io index
[INFO] running `Command { std: CARGO_HOME="/workspace/cargo-home" RUSTUP_HOME="/workspace/rustup-home" "/workspace/cargo-home/bin/cargo" "+beta-2023-12-22" "fetch" "--manifest-path" "Cargo.toml", kill_on_drop: false }`
[INFO] running `Command { std: "docker" "create" "-v" "/var/lib/crater-agent-workspace/builds/worker-0-tc2/target:/opt/rustwide/target:rw,Z" "-v" "/var/lib/crater-agent-workspace/builds/worker-0-tc2/source:/opt/rustwide/workdir:ro,Z" "-v" "/var/lib/crater-agent-workspace/cargo-home:/opt/rustwide/cargo-home:ro,Z" "-v" "/var/lib/crater-agent-workspace/rustup-home:/opt/rustwide/rustup-home:ro,Z" "-e" "SOURCE_DIR=/opt/rustwide/workdir" "-e" "CARGO_TARGET_DIR=/opt/rustwide/target" "-e" "CARGO_HOME=/opt/rustwide/cargo-home" "-e" "RUSTUP_HOME=/opt/rustwide/rustup-home" "-w" "/opt/rustwide/workdir" "-m" "1610612736" "--user" "0:0" "--network" "none" "ghcr.io/rust-lang/crates-build-env/linux@sha256:2788e3201cd34a07e3172128adcd8b3090168a8e3bcc40d7c032b9dda1df7d1c" "/opt/rustwide/cargo-home/bin/cargo" "+beta-2023-12-22" "metadata" "--no-deps" "--format-version=1", kill_on_drop: false }`
[INFO] [stdout] 351b22262f712d2da247916ad65e7301066aa872b3534f1d010022757ae76d35
[INFO] running `Command { std: "docker" "start" "-a" "351b22262f712d2da247916ad65e7301066aa872b3534f1d010022757ae76d35", kill_on_drop: false }`
[INFO] running `Command { std: "docker" "inspect" "351b22262f712d2da247916ad65e7301066aa872b3534f1d010022757ae76d35", kill_on_drop: false }`
[INFO] running `Command { std: "docker" "rm" "-f" "351b22262f712d2da247916ad65e7301066aa872b3534f1d010022757ae76d35", kill_on_drop: false }`
[INFO] [stdout] 351b22262f712d2da247916ad65e7301066aa872b3534f1d010022757ae76d35
[INFO] running `Command { std: "docker" "create" "-v" "/var/lib/crater-agent-workspace/builds/worker-0-tc2/target:/opt/rustwide/target:rw,Z" "-v" "/var/lib/crater-agent-workspace/builds/worker-0-tc2/source:/opt/rustwide/workdir:ro,Z" "-v" "/var/lib/crater-agent-workspace/cargo-home:/opt/rustwide/cargo-home:ro,Z" "-v" "/var/lib/crater-agent-workspace/rustup-home:/opt/rustwide/rustup-home:ro,Z" "-e" "SOURCE_DIR=/opt/rustwide/workdir" "-e" "CARGO_TARGET_DIR=/opt/rustwide/target" "-e" "CARGO_INCREMENTAL=0" "-e" "RUST_BACKTRACE=full" "-e" "RUSTFLAGS=--cap-lints=warn" "-e" "RUSTDOCFLAGS=--cap-lints=warn" "-e" "CARGO_HOME=/opt/rustwide/cargo-home" "-e" "RUSTUP_HOME=/opt/rustwide/rustup-home" "-w" "/opt/rustwide/workdir" "-m" "1610612736" "--user" "0:0" "--network" "none" "ghcr.io/rust-lang/crates-build-env/linux@sha256:2788e3201cd34a07e3172128adcd8b3090168a8e3bcc40d7c032b9dda1df7d1c" "/opt/rustwide/cargo-home/bin/cargo" "+beta-2023-12-22" "build" "--frozen" "--message-format=json", kill_on_drop: false }`
[INFO] [stdout] 85adb2bd08208ef38307a675083d49595be5a11a18381d98f8e1d2690a2f7c09
[INFO] running `Command { std: "docker" "start" "-a" "85adb2bd08208ef38307a675083d49595be5a11a18381d98f8e1d2690a2f7c09", kill_on_drop: false }`
[INFO] [stderr]    Compiling ttf-parser v0.15.2
[INFO] [stderr]    Compiling ab_glyph_rasterizer v0.1.8
[INFO] [stderr]    Compiling owned_ttf_parser v0.15.2
[INFO] [stderr]    Compiling rusttype v0.9.3 (/opt/rustwide/workdir)
[INFO] [stderr]     Finished dev [unoptimized + debuginfo] target(s) in 1.29s
[INFO] running `Command { std: "docker" "inspect" "85adb2bd08208ef38307a675083d49595be5a11a18381d98f8e1d2690a2f7c09", kill_on_drop: false }`
[INFO] running `Command { std: "docker" "rm" "-f" "85adb2bd08208ef38307a675083d49595be5a11a18381d98f8e1d2690a2f7c09", kill_on_drop: false }`
[INFO] [stdout] 85adb2bd08208ef38307a675083d49595be5a11a18381d98f8e1d2690a2f7c09
[INFO] running `Command { std: "docker" "create" "-v" "/var/lib/crater-agent-workspace/builds/worker-0-tc2/target:/opt/rustwide/target:rw,Z" "-v" "/var/lib/crater-agent-workspace/builds/worker-0-tc2/source:/opt/rustwide/workdir:ro,Z" "-v" "/var/lib/crater-agent-workspace/cargo-home:/opt/rustwide/cargo-home:ro,Z" "-v" "/var/lib/crater-agent-workspace/rustup-home:/opt/rustwide/rustup-home:ro,Z" "-e" "SOURCE_DIR=/opt/rustwide/workdir" "-e" "CARGO_TARGET_DIR=/opt/rustwide/target" "-e" "CARGO_INCREMENTAL=0" "-e" "RUST_BACKTRACE=full" "-e" "RUSTFLAGS=--cap-lints=warn" "-e" "RUSTDOCFLAGS=--cap-lints=warn" "-e" "CARGO_HOME=/opt/rustwide/cargo-home" "-e" "RUSTUP_HOME=/opt/rustwide/rustup-home" "-w" "/opt/rustwide/workdir" "-m" "1610612736" "--user" "0:0" "--network" "none" "ghcr.io/rust-lang/crates-build-env/linux@sha256:2788e3201cd34a07e3172128adcd8b3090168a8e3bcc40d7c032b9dda1df7d1c" "/opt/rustwide/cargo-home/bin/cargo" "+beta-2023-12-22" "test" "--frozen" "--no-run" "--message-format=json", kill_on_drop: false }`
[INFO] [stdout] d881bcba0c70079488761eeb9f210c421219f081cd9de7aaed1996ba9881fb81
[INFO] running `Command { std: "docker" "start" "-a" "d881bcba0c70079488761eeb9f210c421219f081cd9de7aaed1996ba9881fb81", kill_on_drop: false }`
[INFO] [stderr]    Compiling approx v0.5.1
[INFO] [stderr]    Compiling rusttype v0.9.3 (/opt/rustwide/workdir)
[INFO] [stderr]     Finished test [unoptimized + debuginfo] target(s) in 0.31s
[INFO] running `Command { std: "docker" "inspect" "d881bcba0c70079488761eeb9f210c421219f081cd9de7aaed1996ba9881fb81", kill_on_drop: false }`
[INFO] running `Command { std: "docker" "rm" "-f" "d881bcba0c70079488761eeb9f210c421219f081cd9de7aaed1996ba9881fb81", kill_on_drop: false }`
[INFO] [stdout] d881bcba0c70079488761eeb9f210c421219f081cd9de7aaed1996ba9881fb81
[INFO] running `Command { std: "docker" "create" "-v" "/var/lib/crater-agent-workspace/builds/worker-0-tc2/target:/opt/rustwide/target:rw,Z" "-v" "/var/lib/crater-agent-workspace/builds/worker-0-tc2/source:/opt/rustwide/workdir:ro,Z" "-v" "/var/lib/crater-agent-workspace/cargo-home:/opt/rustwide/cargo-home:ro,Z" "-v" "/var/lib/crater-agent-workspace/rustup-home:/opt/rustwide/rustup-home:ro,Z" "-e" "SOURCE_DIR=/opt/rustwide/workdir" "-e" "CARGO_TARGET_DIR=/opt/rustwide/target" "-e" "CARGO_INCREMENTAL=0" "-e" "RUST_BACKTRACE=full" "-e" "RUSTFLAGS=--cap-lints=warn" "-e" "RUSTDOCFLAGS=--cap-lints=warn" "-e" "CARGO_HOME=/opt/rustwide/cargo-home" "-e" "RUSTUP_HOME=/opt/rustwide/rustup-home" "-w" "/opt/rustwide/workdir" "-m" "1610612736" "--user" "0:0" "--network" "none" "ghcr.io/rust-lang/crates-build-env/linux@sha256:2788e3201cd34a07e3172128adcd8b3090168a8e3bcc40d7c032b9dda1df7d1c" "/opt/rustwide/cargo-home/bin/cargo" "+beta-2023-12-22" "test" "--frozen", kill_on_drop: false }`
[INFO] [stdout] ebf5713252c002f60213958e003cc51dbab4f9ff6d58caa83789a4e607f14faa
[INFO] running `Command { std: "docker" "start" "-a" "ebf5713252c002f60213958e003cc51dbab4f9ff6d58caa83789a4e607f14faa", kill_on_drop: false }`
[INFO] [stderr]     Finished test [unoptimized + debuginfo] target(s) in 0.01s
[INFO] [stderr]      Running unittests src/lib.rs (/opt/rustwide/target/debug/deps/rusttype-9a4a1a3a37fc91bc)
[INFO] [stdout] 
[INFO] [stdout] running 0 tests
[INFO] [stdout] 
[INFO] [stdout] test result: ok. 0 passed; 0 failed; 0 ignored; 0 measured; 0 filtered out; finished in 0.00s
[INFO] [stdout] 
[INFO] [stderr]    Doc-tests rusttype
[INFO] [stdout] 
[INFO] [stdout] running 7 tests
[INFO] [stdout] test src/lib.rs - PositionedGlyph<'font>::draw (line 422) ... ignored
[INFO] [stdout] test src/lib.rs - PositionedGlyph<'font>::draw (line 431) ... ignored
[INFO] [stdout] test src/font.rs - font::Font<'font>::layout (line 163) - compile ... ok
[INFO] [stdout] test src/lib.rs - (line 44) - compile ... ok
[INFO] [stdout] test src/font.rs - font::Font<'font>::layout (line 173) - compile ... ok
[INFO] [stdout] test src/font.rs - font::Font (line 19) ... FAILED
[INFO] [stdout] test src/geometry.rs - geometry::Point (line 12) ... ok
[INFO] [stdout] 
[INFO] [stdout] failures:
[INFO] [stdout] 
[INFO] [stdout] ---- src/font.rs - font::Font (line 19) stdout ----
[INFO] [stdout] error: couldn't read src/../dev/fonts/dejavu/DejaVuSansMono.ttf: No such file or directory (os error 2)
[INFO] [stdout]  --> src/font.rs:23:24
[INFO] [stdout]   |
[INFO] [stdout] 7 | let font_data: &[u8] = include_bytes!("../dev/fonts/dejavu/DejaVuSansMono.ttf");
[INFO] [stdout]   |                        ^^^^^^^^^^^^^^^^^^^^^^^^^^^^^^^^^^^^^^^^^^^^^^^^^^^^^^^^
[INFO] [stdout]   |
[INFO] [stdout]   = note: this error originates in the macro `include_bytes` (in Nightly builds, run with -Z macro-backtrace for more info)
[INFO] [stdout] 
[INFO] [stdout] error: aborting due to 1 previous error
[INFO] [stdout] 
[INFO] [stdout] Couldn't compile the test.
[INFO] [stdout] 
[INFO] [stdout] failures:
[INFO] [stdout]     src/font.rs - font::Font (line 19)
[INFO] [stdout] 
[INFO] [stdout] test result: FAILED. 4 passed; 1 failed; 2 ignored; 0 measured; 0 filtered out; finished in 0.22s
[INFO] [stdout] 
[INFO] [stderr] error: doctest failed, to rerun pass `--doc`
[INFO] running `Command { std: "docker" "inspect" "ebf5713252c002f60213958e003cc51dbab4f9ff6d58caa83789a4e607f14faa", kill_on_drop: false }`
[INFO] running `Command { std: "docker" "rm" "-f" "ebf5713252c002f60213958e003cc51dbab4f9ff6d58caa83789a4e607f14faa", kill_on_drop: false }`
[INFO] [stdout] ebf5713252c002f60213958e003cc51dbab4f9ff6d58caa83789a4e607f14faa
