[INFO] fetching crate rustsec-admin 0.8.8...
[INFO] testing rustsec-admin-0.8.8 against 1.75.0 for beta-1.76-1
[INFO] extracting crate rustsec-admin 0.8.8 into /workspace/builds/worker-1-tc1/source
[INFO] validating manifest of crates.io crate rustsec-admin 0.8.8 on toolchain 1.75.0
[INFO] running `Command { std: CARGO_HOME="/workspace/cargo-home" RUSTUP_HOME="/workspace/rustup-home" "/workspace/cargo-home/bin/cargo" "+1.75.0" "metadata" "--manifest-path" "Cargo.toml" "--no-deps", kill_on_drop: false }`
[INFO] started tweaking crates.io crate rustsec-admin 0.8.8
[INFO] finished tweaking crates.io crate rustsec-admin 0.8.8
[INFO] tweaked toml for crates.io crate rustsec-admin 0.8.8 written to /workspace/builds/worker-1-tc1/source/Cargo.toml
[INFO] crate crates.io crate rustsec-admin 0.8.8 already has a lockfile, it will not be regenerated
[INFO] running `Command { std: CARGO_HOME="/workspace/cargo-home" RUSTUP_HOME="/workspace/rustup-home" "/workspace/cargo-home/bin/cargo" "+1.75.0" "fetch" "--manifest-path" "Cargo.toml", kill_on_drop: false }`
[INFO] [stderr]     Updating crates.io index
[INFO] [stderr]  Downloading crates ...
[INFO] [stderr]   Downloaded gix-transport v0.36.1
[INFO] [stderr]   Downloaded gix-hashtable v0.4.0
[INFO] [stderr]   Downloaded gix-revwalk v0.7.0
[INFO] [stderr]   Downloaded faster-hex v0.8.0
[INFO] [stderr]   Downloaded canonical-path v2.0.2
[INFO] [stderr]   Downloaded abscissa_derive v0.6.0
[INFO] [stderr]   Downloaded gix-features v0.34.0
[INFO] [stderr]   Downloaded unicode-bom v2.0.2
[INFO] [stderr]   Downloaded gix-worktree-state v0.2.0
[INFO] [stderr]   Downloaded gix-trace v0.1.3
[INFO] [stderr]   Downloaded gix-fs v0.6.0
[INFO] [stderr]   Downloaded gix-hash v0.13.0
[INFO] [stderr]   Downloaded cargo-lock v9.0.0
[INFO] [stderr]   Downloaded comrak v0.18.0
[INFO] [stderr]   Downloaded gix v0.53.1
[INFO] [stderr]   Downloaded rustls v0.21.2
[INFO] [stderr]   Downloaded gix-odb v0.52.0
[INFO] [stderr]   Downloaded gix-pack v0.42.0
[INFO] [stderr]   Downloaded async-compression v0.4.1
[INFO] [stderr]   Downloaded gix-ref v0.36.0
[INFO] [stderr]   Downloaded gix-config v0.29.0
[INFO] [stderr]   Downloaded rustix v0.37.21
[INFO] [stderr]   Downloaded gix-negotiate v0.7.0
[INFO] [stderr]   Downloaded gix-protocol v0.39.0
[INFO] [stderr]   Downloaded serde_json v1.0.99
[INFO] [stderr]   Downloaded gix-object v0.36.0
[INFO] [stderr]   Downloaded gix-credentials v0.19.0
[INFO] [stderr]   Downloaded gix-index v0.24.0
[INFO] [stderr]   Downloaded webpki v0.22.1
[INFO] [stderr]   Downloaded gix-packetline v0.16.6
[INFO] [stderr]   Downloaded gix-glob v0.12.0
[INFO] [stderr]   Downloaded gix-worktree v0.25.0
[INFO] [stderr]   Downloaded gix-filter v0.4.0
[INFO] [stderr]   Downloaded gix-diff v0.35.0
[INFO] [stderr]   Downloaded abscissa_core v0.6.0
[INFO] [stderr]   Downloaded rustsec v0.28.2
[INFO] [stderr]   Downloaded gix-traverse v0.32.0
[INFO] [stderr]   Downloaded gix-path v0.10.0
[INFO] [stderr]   Downloaded gix-config-value v0.14.0
[INFO] [stderr]   Downloaded gix-revision v0.21.0
[INFO] [stderr]   Downloaded gix-sec v0.10.0
[INFO] [stderr]   Downloaded gix-tempfile v9.0.0
[INFO] [stderr]   Downloaded gix-url v0.23.0
[INFO] [stderr]   Downloaded gix-commitgraph v0.20.0
[INFO] [stderr]   Downloaded gix-discover v0.24.0
[INFO] [stderr]   Downloaded gix-submodule v0.3.0
[INFO] [stderr]   Downloaded cvss v2.0.0
[INFO] [stderr]   Downloaded gix-validate v0.8.0
[INFO] [stderr]   Downloaded gix-attributes v0.18.0
[INFO] [stderr]   Downloaded gix-refspec v0.17.0
[INFO] [stderr]   Downloaded tame-index v0.6.0
[INFO] [stderr]   Downloaded fs-err v2.9.0
[INFO] [stderr]   Downloaded gix-macros v0.1.0
[INFO] [stderr]   Downloaded gix-lock v9.0.0
[INFO] [stderr]   Downloaded gix-ignore v0.7.0
[INFO] [stderr]   Downloaded gix-actor v0.26.0
[INFO] [stderr]   Downloaded gix-date v0.8.0
[INFO] [stderr]   Downloaded gix-pathspec v0.2.0
[INFO] running `Command { std: "docker" "create" "-v" "/var/lib/crater-agent-workspace/builds/worker-1-tc1/target:/opt/rustwide/target:rw,Z" "-v" "/var/lib/crater-agent-workspace/builds/worker-1-tc1/source:/opt/rustwide/workdir:ro,Z" "-v" "/var/lib/crater-agent-workspace/cargo-home:/opt/rustwide/cargo-home:ro,Z" "-v" "/var/lib/crater-agent-workspace/rustup-home:/opt/rustwide/rustup-home:ro,Z" "-e" "SOURCE_DIR=/opt/rustwide/workdir" "-e" "CARGO_TARGET_DIR=/opt/rustwide/target" "-e" "CARGO_HOME=/opt/rustwide/cargo-home" "-e" "RUSTUP_HOME=/opt/rustwide/rustup-home" "-w" "/opt/rustwide/workdir" "-m" "1610612736" "--user" "0:0" "--network" "none" "ghcr.io/rust-lang/crates-build-env/linux@sha256:2788e3201cd34a07e3172128adcd8b3090168a8e3bcc40d7c032b9dda1df7d1c" "/opt/rustwide/cargo-home/bin/cargo" "+1.75.0" "metadata" "--no-deps" "--format-version=1", kill_on_drop: false }`
[INFO] [stdout] 95c9de43c87ea71a30b7ebd520b5b71fe36671feee1201d6d26202ab4fafc5af
[INFO] running `Command { std: "docker" "start" "-a" "95c9de43c87ea71a30b7ebd520b5b71fe36671feee1201d6d26202ab4fafc5af", kill_on_drop: false }`
[INFO] running `Command { std: "docker" "inspect" "95c9de43c87ea71a30b7ebd520b5b71fe36671feee1201d6d26202ab4fafc5af", kill_on_drop: false }`
[INFO] running `Command { std: "docker" "rm" "-f" "95c9de43c87ea71a30b7ebd520b5b71fe36671feee1201d6d26202ab4fafc5af", kill_on_drop: false }`
[INFO] [stdout] 95c9de43c87ea71a30b7ebd520b5b71fe36671feee1201d6d26202ab4fafc5af
[INFO] running `Command { std: "docker" "create" "-v" "/var/lib/crater-agent-workspace/builds/worker-1-tc1/target:/opt/rustwide/target:rw,Z" "-v" "/var/lib/crater-agent-workspace/builds/worker-1-tc1/source:/opt/rustwide/workdir:ro,Z" "-v" "/var/lib/crater-agent-workspace/cargo-home:/opt/rustwide/cargo-home:ro,Z" "-v" "/var/lib/crater-agent-workspace/rustup-home:/opt/rustwide/rustup-home:ro,Z" "-e" "SOURCE_DIR=/opt/rustwide/workdir" "-e" "CARGO_TARGET_DIR=/opt/rustwide/target" "-e" "CARGO_INCREMENTAL=0" "-e" "RUST_BACKTRACE=full" "-e" "RUSTFLAGS=--cap-lints=warn" "-e" "RUSTDOCFLAGS=--cap-lints=warn" "-e" "CARGO_HOME=/opt/rustwide/cargo-home" "-e" "RUSTUP_HOME=/opt/rustwide/rustup-home" "-w" "/opt/rustwide/workdir" "-m" "1610612736" "--user" "0:0" "--network" "none" "ghcr.io/rust-lang/crates-build-env/linux@sha256:2788e3201cd34a07e3172128adcd8b3090168a8e3bcc40d7c032b9dda1df7d1c" "/opt/rustwide/cargo-home/bin/cargo" "+1.75.0" "build" "--frozen" "--message-format=json", kill_on_drop: false }`
[INFO] [stdout] 62a761e7cafde137b3d2cb96c97c1ee3450c62ed788a143bab5e43945a963edd
[INFO] running `Command { std: "docker" "start" "-a" "62a761e7cafde137b3d2cb96c97c1ee3450c62ed788a143bab5e43945a963edd", kill_on_drop: false }`
[INFO] [stderr]    Compiling proc-macro2 v1.0.63
[INFO] [stderr]    Compiling quote v1.0.29
[INFO] [stderr]    Compiling unicode-ident v1.0.9
[INFO] [stderr]    Compiling libc v0.2.147
[INFO] [stderr]    Compiling memchr v2.6.3
[INFO] [stderr]    Compiling serde v1.0.188
[INFO] [stderr]    Compiling thiserror v1.0.47
[INFO] [stderr]    Compiling regex-syntax v0.7.5
[INFO] [stderr]    Compiling miniz_oxide v0.7.1
[INFO] [stderr]    Compiling walkdir v2.3.3
[INFO] [stderr]    Compiling gix-trace v0.1.3
[INFO] [stderr]    Compiling num-traits v0.2.15
[INFO] [stderr]    Compiling flate2 v1.0.26
[INFO] [stderr]    Compiling aho-corasick v1.0.2
[INFO] [stderr]    Compiling prodash v26.2.2
[INFO] [stderr]    Compiling itoa v1.0.6
[INFO] [stderr]    Compiling syn v2.0.29
[INFO] [stderr]    Compiling sha1_smol v1.0.0
[INFO] [stderr]    Compiling smallvec v1.10.0
[INFO] [stderr]    Compiling lock_api v0.4.10
[INFO] [stderr]    Compiling winnow v0.5.14
[INFO] [stderr]    Compiling time-core v0.1.1
[INFO] [stderr]    Compiling num_threads v0.1.6
[INFO] [stderr]    Compiling btoi v0.4.3
[INFO] [stderr]    Compiling time-macros v0.2.14
[INFO] [stderr]    Compiling parking_lot_core v0.9.8
[INFO] [stderr]    Compiling syn v1.0.109
[INFO] [stderr]    Compiling parking_lot v0.12.1
[INFO] [stderr]    Compiling regex-automata v0.3.8
[INFO] [stderr]    Compiling home v0.5.5
[INFO] [stderr]    Compiling bitflags v2.3.3
[INFO] [stderr]    Compiling cc v1.0.79
[INFO] [stderr]    Compiling hashbrown v0.14.0
[INFO] [stderr]    Compiling memmap2 v0.7.1
[INFO] [stderr]    Compiling io-lifetimes v1.0.11
[INFO] [stderr]    Compiling pin-project-lite v0.2.9
[INFO] [stderr]    Compiling rustix v0.37.21
[INFO] [stderr]    Compiling ring v0.16.20
[INFO] [stderr]    Compiling tempfile v3.6.0
[INFO] [stderr]    Compiling linux-raw-sys v0.3.8
[INFO] [stderr]    Compiling num_cpus v1.16.0
[INFO] [stderr]    Compiling fastrand v1.9.0
[INFO] [stderr]    Compiling tracing-core v0.1.31
[INFO] [stderr]    Compiling tokio v1.29.1
[INFO] [stderr]    Compiling bstr v1.6.0
[INFO] [stderr]    Compiling spin v0.5.2
[INFO] [stderr]    Compiling untrusted v0.7.1
[INFO] [stderr]    Compiling socket2 v0.4.9
[INFO] [stderr]    Compiling mio v0.8.8
[INFO] [stderr]    Compiling indexmap v1.9.3
[INFO] [stderr]    Compiling slab v0.4.8
[INFO] [stderr]    Compiling futures-task v0.3.28
[INFO] [stderr]    Compiling hashbrown v0.12.3
[INFO] [stderr]    Compiling fastrand v2.0.0
[INFO] [stderr]    Compiling log v0.4.19
[INFO] [stderr]    Compiling gix-utils v0.1.5
[INFO] [stderr]    Compiling futures-util v0.3.28
[INFO] [stderr]    Compiling unicode-bom v2.0.2
[INFO] [stderr]    Compiling serde_derive v1.0.188
[INFO] [stderr]    Compiling thiserror-impl v1.0.47
[INFO] [stderr]    Compiling tracing-attributes v0.1.26
[INFO] [stderr]    Compiling static_assertions v1.1.0
[INFO] [stderr]    Compiling futures-macro v0.3.28
[INFO] [stderr]    Compiling http v0.2.9
[INFO] [stderr]    Compiling encoding_rs v0.8.32
[INFO] [stderr]    Compiling gix-path v0.10.0
[INFO] [stderr]    Compiling gix-validate v0.8.0
[INFO] [stderr]    Compiling gix-chunk v0.4.4
[INFO] [stderr]    Compiling tracing v0.1.37
[INFO] [stderr]    Compiling gix-quote v0.4.7
[INFO] [stderr]    Compiling gix-config-value v0.14.0
[INFO] [stderr]    Compiling futures-io v0.3.28
[INFO] [stderr]    Compiling typenum v1.16.0
[INFO] [stderr]    Compiling rustls v0.21.2
[INFO] [stderr]    Compiling futures-channel v0.3.28
[INFO] [stderr]    Compiling tokio-util v0.7.8
[INFO] [stderr]    Compiling rustls-webpki v0.100.2
[INFO] [stderr]    Compiling sct v0.7.0
[INFO] [stderr]    Compiling kstring v2.0.0
[INFO] [stderr]    Compiling gix-command v0.2.9
[INFO] [stderr]    Compiling gix-sec v0.10.0
[INFO] [stderr]    Compiling generic-array v0.14.7
[INFO] [stderr]    Compiling rustix v0.38.6
[INFO] [stderr]    Compiling try-lock v0.2.4
[INFO] [stderr]    Compiling ident_case v1.0.1
[INFO] [stderr]    Compiling want v0.3.1
[INFO] [stderr]    Compiling http-body v0.4.5
[INFO] [stderr]    Compiling unicase v2.6.0
[INFO] [stderr]    Compiling ryu v1.0.13
[INFO] [stderr]    Compiling base64 v0.21.2
[INFO] [stderr]    Compiling webpki v0.22.1
[INFO] [stderr]    Compiling rustls-pemfile v1.0.3
[INFO] [stderr]    Compiling rustls-native-certs v0.6.3
[INFO] [stderr]    Compiling webpki-roots v0.22.6
[INFO] [stderr]    Compiling h2 v0.3.20
[INFO] [stderr]    Compiling gix-prompt v0.7.0
[INFO] [stderr]    Compiling darling_core v0.14.4
[INFO] [stderr]    Compiling async-compression v0.4.1
[INFO] [stderr]    Compiling gix-bitmap v0.2.7
[INFO] [stderr]    Compiling filetime v0.2.21
[INFO] [stderr]    Compiling semver v1.0.18
[INFO] [stderr]    Compiling ipnet v2.8.0
[INFO] [stderr]    Compiling tokio-rustls v0.24.1
[INFO] [stderr]    Compiling equivalent v1.0.0
[INFO] [stderr]    Compiling indexmap v2.0.0
[INFO] [stderr]    Compiling crypto-common v0.1.6
[INFO] [stderr]    Compiling block-buffer v0.10.4
[INFO] [stderr]    Compiling mime_guess v2.0.4
[INFO] [stderr]    Compiling crossbeam-epoch v0.9.15
[INFO] [stderr]    Compiling clru v0.6.1
[INFO] [stderr]    Compiling arc-swap v1.6.0
[INFO] [stderr]    Compiling rayon-core v1.11.0
[INFO] [stderr]    Compiling crossbeam-deque v0.8.3
[INFO] [stderr]    Compiling digest v0.10.7
[INFO] [stderr]    Compiling proc-macro-error-attr v1.0.4
[INFO] [stderr]    Compiling crossbeam-channel v0.5.8
[INFO] [stderr]    Compiling maybe-async v0.2.7
[INFO] [stderr]    Compiling backtrace v0.3.68
[INFO] [stderr]    Compiling io-close v0.3.7
[INFO] [stderr]    Compiling cpufeatures v0.2.8
[INFO] [stderr]    Compiling serde_json v1.0.99
[INFO] [stderr]    Compiling camino v1.1.4
[INFO] [stderr]    Compiling faster-hex v0.8.0
[INFO] [stderr]    Compiling deranged v0.3.7
[INFO] [stderr]    Compiling url v2.4.1
[INFO] [stderr]    Compiling serde_urlencoded v0.7.1
[INFO] [stderr]    Compiling gix-hash v0.13.0
[INFO] [stderr]    Compiling hyper v0.14.27
[INFO] [stderr]    Compiling darling_macro v0.14.4
[INFO] [stderr]    Compiling gix-packetline v0.16.6
[INFO] [stderr]    Compiling gix-features v0.34.0
[INFO] [stderr]    Compiling time v0.3.28
[INFO] [stderr]    Compiling gix-hashtable v0.4.0
[INFO] [stderr]    Compiling gix-fs v0.6.0
[INFO] [stderr]    Compiling gix-tempfile v9.0.0
[INFO] [stderr]    Compiling gix-commitgraph v0.20.0
[INFO] [stderr]    Compiling gix-glob v0.12.0
[INFO] [stderr]    Compiling gix-lock v9.0.0
[INFO] [stderr]    Compiling gix-url v0.23.0
[INFO] [stderr]    Compiling gix-attributes v0.18.0
[INFO] [stderr]    Compiling gix-ignore v0.7.0
[INFO] [stderr]    Compiling gix-packetline-blocking v0.16.6
[INFO] [stderr]    Compiling serde_spanned v0.6.3
[INFO] [stderr]    Compiling gix-credentials v0.19.0
[INFO] [stderr]    Compiling toml_datetime v0.6.3
[INFO] [stderr]    Compiling darling v0.14.4
[INFO] [stderr]    Compiling toml v0.5.11
[INFO] [stderr]    Compiling hyper-rustls v0.24.1
[INFO] [stderr]    Compiling gix-pathspec v0.2.0
[INFO] [stderr]    Compiling toml_edit v0.19.14
[INFO] [stderr]    Compiling gix-date v0.8.0
[INFO] [stderr]    Compiling reqwest v0.11.18
[INFO] [stderr]    Compiling gix-actor v0.26.0
[INFO] [stderr]    Compiling regex-syntax v0.6.29
[INFO] [stderr]    Compiling gix-object v0.36.0
[INFO] [stderr]    Compiling eyre v0.6.8
[INFO] [stderr]    Compiling gimli v0.27.3
[INFO] [stderr]    Compiling gix-revwalk v0.7.0
[INFO] [stderr]    Compiling gix-ref v0.36.0
[INFO] [stderr]    Compiling gix-traverse v0.32.0
[INFO] [stderr]    Compiling gix-revision v0.21.0
[INFO] [stderr]    Compiling gix-index v0.24.0
[INFO] [stderr]    Compiling gix-refspec v0.17.0
[INFO] [stderr]    Compiling gix-worktree v0.25.0
[INFO] [stderr]    Compiling gix-config v0.29.0
[INFO] [stderr]    Compiling gix-transport v0.36.1
[INFO] [stderr]    Compiling gix-filter v0.4.0
[INFO] [stderr]    Compiling gix-pack v0.42.0
[INFO] [stderr]    Compiling gix-worktree-state v0.2.0
[INFO] [stderr]    Compiling gix-protocol v0.39.0
[INFO] [stderr]    Compiling gix-submodule v0.3.0
[INFO] [stderr]    Compiling addr2line v0.20.0
[INFO] [stderr]    Compiling gix-discover v0.24.0
[INFO] [stderr]    Compiling gix-odb v0.52.0
[INFO] [stderr]    Compiling regex-automata v0.1.10
[INFO] [stderr]    Compiling gix-negotiate v0.7.0
[INFO] [stderr]    Compiling toml v0.7.6
[INFO] [stderr]    Compiling gix-diff v0.35.0
[INFO] [stderr]    Compiling derive_builder_core v0.12.0
[INFO] [stderr]    Compiling sha2 v0.10.7
[INFO] [stderr]    Compiling nom v7.1.3
[INFO] [stderr]    Compiling proc-macro-error v1.0.4
[INFO] [stderr]    Compiling gix-macros v0.1.0
[INFO] [stderr]    Compiling regex v1.9.5
[INFO] [stderr]    Compiling object v0.31.1
[INFO] [stderr]    Compiling os_str_bytes v6.5.1
[INFO] [stderr]    Compiling iana-time-zone v0.1.57
[INFO] [stderr]    Compiling askama_escape v0.10.3
[INFO] [stderr]    Compiling humansize v1.1.1
[INFO] [stderr]    Compiling either v1.8.1
[INFO] [stderr]    Compiling unicode-xid v0.2.4
[INFO] [stderr]    Compiling indenter v0.3.3
[INFO] [stderr]    Compiling overload v0.1.1
[INFO] [stderr]    Compiling synstructure v0.12.6
[INFO] [stderr]    Compiling gix v0.53.1
[INFO] [stderr]    Compiling nu-ansi-term v0.46.0
[INFO] [stderr]    Compiling rayon v1.7.0
[INFO] [stderr]    Compiling clap_derive v3.2.25
[INFO] [stderr]    Compiling clap_lex v0.2.4
[INFO] [stderr]    Compiling chrono v0.4.31
[INFO] [stderr]    Compiling askama_shared v0.12.2
[INFO] [stderr]    Compiling derive_builder_macro v0.12.0
[INFO] [stderr]    Compiling rust-embed-utils v7.8.1
[INFO] [stderr]    Compiling matchers v0.1.0
[INFO] [stderr]    Compiling smol_str v0.2.0
[INFO] [stderr]    Compiling sharded-slab v0.1.4
[INFO] [stderr]    Compiling tracing-log v0.1.3
[INFO] [stderr]    Compiling twox-hash v1.6.3
[INFO] [stderr]    Compiling atty v0.2.14
[INFO] [stderr]    Compiling thread_local v1.1.7
[INFO] [stderr]    Compiling fs-err v2.9.0
[INFO] [stderr]    Compiling termcolor v1.3.0
[INFO] [stderr]    Compiling owo-colors v3.5.0
[INFO] [stderr]    Compiling zeroize v1.6.0
[INFO] [stderr]    Compiling deunicode v0.4.3
[INFO] [stderr]    Compiling textwrap v0.16.0
[INFO] [stderr]    Compiling slug v0.1.4
[INFO] [stderr]    Compiling secrecy v0.8.0
[INFO] [stderr]    Compiling tracing-subscriber v0.3.17
[INFO] [stderr]    Compiling derive_builder v0.12.0
[INFO] [stderr]    Compiling clap v3.2.25
[INFO] [stderr]    Compiling diligent-date-parser v0.1.4
[INFO] [stderr]    Compiling rust-embed-impl v6.8.1
[INFO] [stderr]    Compiling abscissa_derive v0.6.0
[INFO] [stderr]    Compiling color-eyre v0.6.2
[INFO] [stderr]    Compiling tame-index v0.6.0
[INFO] [stderr]    Compiling cargo-lock v9.0.0
[INFO] [stderr]    Compiling platforms v3.1.2
[INFO] [stderr]    Compiling cvss v2.0.0
[INFO] [stderr]    Compiling quick-xml v0.30.0
[INFO] [stderr]    Compiling askama_derive v0.11.2
[INFO] [stderr]    Compiling wait-timeout v0.2.0
[INFO] [stderr]    Compiling unicode_categories v0.1.1
[INFO] [stderr]    Compiling typed-arena v2.0.2
[INFO] [stderr]    Compiling canonical-path v2.0.2
[INFO] [stderr]    Compiling never v0.1.0
[INFO] [stderr]    Compiling entities v1.0.1
[INFO] [stderr]    Compiling atom_syndication v0.12.2
[INFO] [stderr]    Compiling comrak v0.18.0
[INFO] [stderr]    Compiling abscissa_core v0.6.0
[INFO] [stderr]    Compiling rustsec v0.28.2
[INFO] [stderr]    Compiling askama v0.11.1
[INFO] [stderr]    Compiling rust-embed v6.8.1
[INFO] [stderr]    Compiling xml-rs v0.8.18
[INFO] [stderr]    Compiling rustsec-admin v0.8.8 (/opt/rustwide/workdir)
[INFO] [stderr]     Finished dev [unoptimized + debuginfo] target(s) in 2m 01s
[INFO] running `Command { std: "docker" "inspect" "62a761e7cafde137b3d2cb96c97c1ee3450c62ed788a143bab5e43945a963edd", kill_on_drop: false }`
[INFO] running `Command { std: "docker" "rm" "-f" "62a761e7cafde137b3d2cb96c97c1ee3450c62ed788a143bab5e43945a963edd", kill_on_drop: false }`
[INFO] [stdout] 62a761e7cafde137b3d2cb96c97c1ee3450c62ed788a143bab5e43945a963edd
[INFO] running `Command { std: "docker" "create" "-v" "/var/lib/crater-agent-workspace/builds/worker-1-tc1/target:/opt/rustwide/target:rw,Z" "-v" "/var/lib/crater-agent-workspace/builds/worker-1-tc1/source:/opt/rustwide/workdir:ro,Z" "-v" "/var/lib/crater-agent-workspace/cargo-home:/opt/rustwide/cargo-home:ro,Z" "-v" "/var/lib/crater-agent-workspace/rustup-home:/opt/rustwide/rustup-home:ro,Z" "-e" "SOURCE_DIR=/opt/rustwide/workdir" "-e" "CARGO_TARGET_DIR=/opt/rustwide/target" "-e" "CARGO_INCREMENTAL=0" "-e" "RUST_BACKTRACE=full" "-e" "RUSTFLAGS=--cap-lints=warn" "-e" "RUSTDOCFLAGS=--cap-lints=warn" "-e" "CARGO_HOME=/opt/rustwide/cargo-home" "-e" "RUSTUP_HOME=/opt/rustwide/rustup-home" "-w" "/opt/rustwide/workdir" "-m" "1610612736" "--user" "0:0" "--network" "none" "ghcr.io/rust-lang/crates-build-env/linux@sha256:2788e3201cd34a07e3172128adcd8b3090168a8e3bcc40d7c032b9dda1df7d1c" "/opt/rustwide/cargo-home/bin/cargo" "+1.75.0" "test" "--frozen" "--no-run" "--message-format=json", kill_on_drop: false }`
[INFO] [stdout] 215a707dcc83ff9b6e32026f0f40a326aab127c1111438e1ba23ebf916686022
[INFO] running `Command { std: "docker" "start" "-a" "215a707dcc83ff9b6e32026f0f40a326aab127c1111438e1ba23ebf916686022", kill_on_drop: false }`
[INFO] [stderr]    Compiling rustsec-admin v0.8.8 (/opt/rustwide/workdir)
[INFO] [stderr]     Finished test [unoptimized + debuginfo] target(s) in 18.61s
[INFO] running `Command { std: "docker" "inspect" "215a707dcc83ff9b6e32026f0f40a326aab127c1111438e1ba23ebf916686022", kill_on_drop: false }`
[INFO] running `Command { std: "docker" "rm" "-f" "215a707dcc83ff9b6e32026f0f40a326aab127c1111438e1ba23ebf916686022", kill_on_drop: false }`
[INFO] [stdout] 215a707dcc83ff9b6e32026f0f40a326aab127c1111438e1ba23ebf916686022
[INFO] running `Command { std: "docker" "create" "-v" "/var/lib/crater-agent-workspace/builds/worker-1-tc1/target:/opt/rustwide/target:rw,Z" "-v" "/var/lib/crater-agent-workspace/builds/worker-1-tc1/source:/opt/rustwide/workdir:ro,Z" "-v" "/var/lib/crater-agent-workspace/cargo-home:/opt/rustwide/cargo-home:ro,Z" "-v" "/var/lib/crater-agent-workspace/rustup-home:/opt/rustwide/rustup-home:ro,Z" "-e" "SOURCE_DIR=/opt/rustwide/workdir" "-e" "CARGO_TARGET_DIR=/opt/rustwide/target" "-e" "CARGO_INCREMENTAL=0" "-e" "RUST_BACKTRACE=full" "-e" "RUSTFLAGS=--cap-lints=warn" "-e" "RUSTDOCFLAGS=--cap-lints=warn" "-e" "CARGO_HOME=/opt/rustwide/cargo-home" "-e" "RUSTUP_HOME=/opt/rustwide/rustup-home" "-w" "/opt/rustwide/workdir" "-m" "1610612736" "--user" "0:0" "--network" "none" "ghcr.io/rust-lang/crates-build-env/linux@sha256:2788e3201cd34a07e3172128adcd8b3090168a8e3bcc40d7c032b9dda1df7d1c" "/opt/rustwide/cargo-home/bin/cargo" "+1.75.0" "test" "--frozen", kill_on_drop: false }`
[INFO] [stdout] 14009ac2e585bc62e0c6459490f680ab200fea6bd934c49d0a567547e3dfdeec
[INFO] running `Command { std: "docker" "start" "-a" "14009ac2e585bc62e0c6459490f680ab200fea6bd934c49d0a567547e3dfdeec", kill_on_drop: false }`
[INFO] [stderr]     Finished test [unoptimized + debuginfo] target(s) in 0.72s
[INFO] [stderr]      Running unittests src/lib.rs (/opt/rustwide/target/debug/deps/rustsec_admin-078ab70b21d50091)
[INFO] [stdout] 
[INFO] [stdout] running 0 tests
[INFO] [stdout] 
[INFO] [stdout] test result: ok. 0 passed; 0 failed; 0 ignored; 0 measured; 0 filtered out; finished in 0.00s
[INFO] [stdout] 
[INFO] [stderr]      Running unittests src/bin/rustsec-admin/main.rs (/opt/rustwide/target/debug/deps/rustsec_admin-1c3043c7ab3e8dea)
[INFO] [stdout] 
[INFO] [stdout] running 0 tests
[INFO] [stdout] 
[INFO] [stdout] test result: ok. 0 passed; 0 failed; 0 ignored; 0 measured; 0 filtered out; finished in 0.00s
[INFO] [stdout] 
[INFO] [stderr]      Running tests/acceptance.rs (/opt/rustwide/target/debug/deps/acceptance-bbed6b5f4aaa7738)
[INFO] [stdout] 
[INFO] [stdout] running 1 test
[INFO] [stdout] test lint_advisory_db ... FAILED
[INFO] [stdout] 
[INFO] [stdout] failures:
[INFO] [stdout] 
[INFO] [stdout] ---- lint_advisory_db stdout ----
[INFO] [stdout] thread 'lint_advisory_db' panicked at tests/acceptance.rs:14:43:
[INFO] [stdout] called `Result::unwrap()` on an `Err` value: Error { kind: Repo, msg: "failed to aquire directory lock: Read-only file system (os error 30) at path \"/opt/rustwide/cargo-home/advisory-db.rustsec.lock\"" }
[INFO] [stdout] stack backtrace:
[INFO] [stdout]    0:     0x5567d92c469c - std::backtrace_rs::backtrace::libunwind::trace::ha637c64ce894333a
[INFO] [stdout]                                at /rustc/82e1608dfa6e0b5569232559e3d385fea5a93112/library/std/src/../../backtrace/src/backtrace/libunwind.rs:104:5
[INFO] [stdout]    1:     0x5567d92c469c - std::backtrace_rs::backtrace::trace_unsynchronized::h47f62dea28e0c88d
[INFO] [stdout]                                at /rustc/82e1608dfa6e0b5569232559e3d385fea5a93112/library/std/src/../../backtrace/src/backtrace/mod.rs:66:5
[INFO] [stdout]    2:     0x5567d92c469c - std::sys_common::backtrace::_print_fmt::h9eef0abe20ede486
[INFO] [stdout]                                at /rustc/82e1608dfa6e0b5569232559e3d385fea5a93112/library/std/src/sys_common/backtrace.rs:67:5
[INFO] [stdout]    3:     0x5567d92c469c - <std::sys_common::backtrace::_print::DisplayBacktrace as core::fmt::Display>::fmt::hed7f999df88cc644
[INFO] [stdout]                                at /rustc/82e1608dfa6e0b5569232559e3d385fea5a93112/library/std/src/sys_common/backtrace.rs:44:22
[INFO] [stdout]    4:     0x5567d92f46d0 - core::fmt::rt::Argument::fmt::h1539a9308b8d058d
[INFO] [stdout]                                at /rustc/82e1608dfa6e0b5569232559e3d385fea5a93112/library/core/src/fmt/rt.rs:142:9
[INFO] [stdout]    5:     0x5567d92f46d0 - core::fmt::write::h3a39390d8560d9c9
[INFO] [stdout]                                at /rustc/82e1608dfa6e0b5569232559e3d385fea5a93112/library/core/src/fmt/mod.rs:1120:17
[INFO] [stdout]    6:     0x5567d92bfa9f - std::io::Write::write_fmt::h040b369f3a0f9cbc
[INFO] [stdout]                                at /rustc/82e1608dfa6e0b5569232559e3d385fea5a93112/library/std/src/io/mod.rs:1762:15
[INFO] [stdout]    7:     0x5567d92c4484 - std::sys_common::backtrace::_print::h894006fb5c6f3d45
[INFO] [stdout]                                at /rustc/82e1608dfa6e0b5569232559e3d385fea5a93112/library/std/src/sys_common/backtrace.rs:47:5
[INFO] [stdout]    8:     0x5567d92c4484 - std::sys_common::backtrace::print::h23a2d212c6fff936
[INFO] [stdout]                                at /rustc/82e1608dfa6e0b5569232559e3d385fea5a93112/library/std/src/sys_common/backtrace.rs:34:9
[INFO] [stdout]    9:     0x5567d92c67e7 - std::panicking::default_hook::{{closure}}::h8a1d2ee00185001a
[INFO] [stdout]   10:     0x5567d92c64d3 - std::panicking::default_hook::h6038f2eba384e475
[INFO] [stdout]                                at /rustc/82e1608dfa6e0b5569232559e3d385fea5a93112/library/std/src/panicking.rs:289:9
[INFO] [stdout]   11:     0x5567d84ce9c7 - <alloc::boxed::Box<F,A> as core::ops::function::Fn<Args>>::call::h0ad024c9bdc6d768
[INFO] [stdout]                                at /rustc/82e1608dfa6e0b5569232559e3d385fea5a93112/library/alloc/src/boxed.rs:2021:9
[INFO] [stdout]   12:     0x5567d84ce9c7 - test::test_main::{{closure}}::h7500b54257359db6
[INFO] [stdout]                                at /rustc/82e1608dfa6e0b5569232559e3d385fea5a93112/library/test/src/lib.rs:138:21
[INFO] [stdout]   13:     0x5567d92c6df8 - <alloc::boxed::Box<F,A> as core::ops::function::Fn<Args>>::call::h1f8f335eaa9cfaee
[INFO] [stdout]                                at /rustc/82e1608dfa6e0b5569232559e3d385fea5a93112/library/alloc/src/boxed.rs:2021:9
[INFO] [stdout]   14:     0x5567d92c6df8 - std::panicking::rust_panic_with_hook::h2b5517d590cab22e
[INFO] [stdout]                                at /rustc/82e1608dfa6e0b5569232559e3d385fea5a93112/library/std/src/panicking.rs:783:13
[INFO] [stdout]   15:     0x5567d92c6b4e - std::panicking::begin_panic_handler::{{closure}}::h233112c06e0ef43e
[INFO] [stdout]                                at /rustc/82e1608dfa6e0b5569232559e3d385fea5a93112/library/std/src/panicking.rs:657:13
[INFO] [stdout]   16:     0x5567d92c4b66 - std::sys_common::backtrace::__rust_end_short_backtrace::h6e893f24d7ebbff8
[INFO] [stdout]                                at /rustc/82e1608dfa6e0b5569232559e3d385fea5a93112/library/std/src/sys_common/backtrace.rs:170:18
[INFO] [stdout]   17:     0x5567d92c68b2 - rust_begin_unwind
[INFO] [stdout]                                at /rustc/82e1608dfa6e0b5569232559e3d385fea5a93112/library/std/src/panicking.rs:645:5
[INFO] [stdout]   18:     0x5567d8498d05 - core::panicking::panic_fmt::hbf0e066aabfa482c
[INFO] [stdout]                                at /rustc/82e1608dfa6e0b5569232559e3d385fea5a93112/library/core/src/panicking.rs:72:14
[INFO] [stdout]   19:     0x5567d8499333 - core::result::unwrap_failed::hddb4fea594200c52
[INFO] [stdout]                                at /rustc/82e1608dfa6e0b5569232559e3d385fea5a93112/library/core/src/result.rs:1653:5
[INFO] [stdout]   20:     0x5567d8499ce6 - core::result::Result<T,E>::unwrap::h3f42542d57018c6a
[INFO] [stdout]                                at /rustc/82e1608dfa6e0b5569232559e3d385fea5a93112/library/core/src/result.rs:1077:23
[INFO] [stdout]   21:     0x5567d849ae28 - acceptance::lint_advisory_db::h6b04f91c0b28fc37
[INFO] [stdout]                                at /opt/rustwide/workdir/tests/acceptance.rs:14:5
[INFO] [stdout]   22:     0x5567d849add7 - acceptance::lint_advisory_db::{{closure}}::h741b55376355801c
[INFO] [stdout]                                at /opt/rustwide/workdir/tests/acceptance.rs:12:22
[INFO] [stdout]   23:     0x5567d8499ad6 - core::ops::function::FnOnce::call_once::hd5d77118ab88d9e6
[INFO] [stdout]                                at /rustc/82e1608dfa6e0b5569232559e3d385fea5a93112/library/core/src/ops/function.rs:250:5
[INFO] [stdout]   24:     0x5567d84d401f - core::ops::function::FnOnce::call_once::h2b5d431d5046312d
[INFO] [stdout]                                at /rustc/82e1608dfa6e0b5569232559e3d385fea5a93112/library/core/src/ops/function.rs:250:5
[INFO] [stdout]   25:     0x5567d84d401f - test::__rust_begin_short_backtrace::h7714669af176e207
[INFO] [stdout]                                at /rustc/82e1608dfa6e0b5569232559e3d385fea5a93112/library/test/src/lib.rs:628:18
[INFO] [stdout]   26:     0x5567d84d3035 - test::run_test_in_process::{{closure}}::h85218797dcbcec12
[INFO] [stdout]                                at /rustc/82e1608dfa6e0b5569232559e3d385fea5a93112/library/test/src/lib.rs:651:60
[INFO] [stdout]   27:     0x5567d84d3035 - <core::panic::unwind_safe::AssertUnwindSafe<F> as core::ops::function::FnOnce<()>>::call_once::h76c106ea31c14d7b
[INFO] [stdout]                                at /rustc/82e1608dfa6e0b5569232559e3d385fea5a93112/library/core/src/panic/unwind_safe.rs:272:9
[INFO] [stdout]   28:     0x5567d84d3035 - std::panicking::try::do_call::h3bd5d0f6620ee946
[INFO] [stdout]                                at /rustc/82e1608dfa6e0b5569232559e3d385fea5a93112/library/std/src/panicking.rs:552:40
[INFO] [stdout]   29:     0x5567d84d3035 - std::panicking::try::h232e535e4744fe31
[INFO] [stdout]                                at /rustc/82e1608dfa6e0b5569232559e3d385fea5a93112/library/std/src/panicking.rs:516:19
[INFO] [stdout]   30:     0x5567d84d3035 - std::panic::catch_unwind::h3ce3bd6ca8dbac68
[INFO] [stdout]                                at /rustc/82e1608dfa6e0b5569232559e3d385fea5a93112/library/std/src/panic.rs:142:14
[INFO] [stdout]   31:     0x5567d84d3035 - test::run_test_in_process::hc97b257c9621286a
[INFO] [stdout]                                at /rustc/82e1608dfa6e0b5569232559e3d385fea5a93112/library/test/src/lib.rs:651:27
[INFO] [stdout]   32:     0x5567d84d3035 - test::run_test::{{closure}}::h2aa798823a438d38
[INFO] [stdout]                                at /rustc/82e1608dfa6e0b5569232559e3d385fea5a93112/library/test/src/lib.rs:574:43
[INFO] [stdout]   33:     0x5567d849b2f6 - test::run_test::{{closure}}::h87d231c78fb59832
[INFO] [stdout]                                at /rustc/82e1608dfa6e0b5569232559e3d385fea5a93112/library/test/src/lib.rs:602:41
[INFO] [stdout]   34:     0x5567d849b2f6 - std::sys_common::backtrace::__rust_begin_short_backtrace::he6df152596625789
[INFO] [stdout]                                at /rustc/82e1608dfa6e0b5569232559e3d385fea5a93112/library/std/src/sys_common/backtrace.rs:154:18
[INFO] [stdout]   35:     0x5567d84a03a7 - std::thread::Builder::spawn_unchecked_::{{closure}}::{{closure}}::ha94be15d1e0acf36
[INFO] [stdout]                                at /rustc/82e1608dfa6e0b5569232559e3d385fea5a93112/library/std/src/thread/mod.rs:529:17
[INFO] [stdout]   36:     0x5567d84a03a7 - <core::panic::unwind_safe::AssertUnwindSafe<F> as core::ops::function::FnOnce<()>>::call_once::h9dc6bd6372f16606
[INFO] [stdout]                                at /rustc/82e1608dfa6e0b5569232559e3d385fea5a93112/library/core/src/panic/unwind_safe.rs:272:9
[INFO] [stdout]   37:     0x5567d84a03a7 - std::panicking::try::do_call::h9057517f80303cd4
[INFO] [stdout]                                at /rustc/82e1608dfa6e0b5569232559e3d385fea5a93112/library/std/src/panicking.rs:552:40
[INFO] [stdout]   38:     0x5567d84a03a7 - std::panicking::try::he3a30b11ee45340c
[INFO] [stdout]                                at /rustc/82e1608dfa6e0b5569232559e3d385fea5a93112/library/std/src/panicking.rs:516:19
[INFO] [stdout]   39:     0x5567d84a03a7 - std::panic::catch_unwind::h410458cfd3528b8b
[INFO] [stdout]                                at /rustc/82e1608dfa6e0b5569232559e3d385fea5a93112/library/std/src/panic.rs:142:14
[INFO] [stdout]   40:     0x5567d84a03a7 - std::thread::Builder::spawn_unchecked_::{{closure}}::h72ac3bdb567b737b
[INFO] [stdout]                                at /rustc/82e1608dfa6e0b5569232559e3d385fea5a93112/library/std/src/thread/mod.rs:528:30
[INFO] [stdout]   41:     0x5567d84a03a7 - core::ops::function::FnOnce::call_once{{vtable.shim}}::h38f34da3654a8344
[INFO] [stdout]                                at /rustc/82e1608dfa6e0b5569232559e3d385fea5a93112/library/core/src/ops/function.rs:250:5
[INFO] [stdout]   42:     0x5567d92cd495 - <alloc::boxed::Box<F,A> as core::ops::function::FnOnce<Args>>::call_once::hc7eafaff61e32df9
[INFO] [stdout]                                at /rustc/82e1608dfa6e0b5569232559e3d385fea5a93112/library/alloc/src/boxed.rs:2007:9
[INFO] [stdout]   43:     0x5567d92cd495 - <alloc::boxed::Box<F,A> as core::ops::function::FnOnce<Args>>::call_once::h6ba4a5de48dd2304
[INFO] [stdout]                                at /rustc/82e1608dfa6e0b5569232559e3d385fea5a93112/library/alloc/src/boxed.rs:2007:9
[INFO] [stdout]   44:     0x5567d92cd495 - std::sys::unix::thread::Thread::new::thread_start::he469335aef763e45
[INFO] [stdout]                                at /rustc/82e1608dfa6e0b5569232559e3d385fea5a93112/library/std/src/sys/unix/thread.rs:108:17
[INFO] [stdout]   45:     0x7f20f70c6ac3 - <unknown>
[INFO] [stdout]   46:     0x7f20f7157bf4 - __clone
[INFO] [stdout]   47:                0x0 - <unknown>
[INFO] [stdout] 
[INFO] [stdout] 
[INFO] [stdout] failures:
[INFO] [stdout]     lint_advisory_db
[INFO] [stdout] 
[INFO] [stdout] test result: FAILED. 0 passed; 1 failed; 0 ignored; 0 measured; 0 filtered out; finished in 0.16s
[INFO] [stdout] 
[INFO] [stderr] error: test failed, to rerun pass `--test acceptance`
[INFO] running `Command { std: "docker" "inspect" "14009ac2e585bc62e0c6459490f680ab200fea6bd934c49d0a567547e3dfdeec", kill_on_drop: false }`
[INFO] running `Command { std: "docker" "rm" "-f" "14009ac2e585bc62e0c6459490f680ab200fea6bd934c49d0a567547e3dfdeec", kill_on_drop: false }`
[INFO] [stdout] 14009ac2e585bc62e0c6459490f680ab200fea6bd934c49d0a567547e3dfdeec
