[INFO] fetching crate rustradio 0.3.11...
[INFO] testing rustradio-0.3.11 against 1.75.0 for beta-1.76-1
[INFO] extracting crate rustradio 0.3.11 into /workspace/builds/worker-5-tc1/source
[INFO] validating manifest of crates.io crate rustradio 0.3.11 on toolchain 1.75.0
[INFO] running `Command { std: CARGO_HOME="/workspace/cargo-home" RUSTUP_HOME="/workspace/rustup-home" "/workspace/cargo-home/bin/cargo" "+1.75.0" "metadata" "--manifest-path" "Cargo.toml" "--no-deps", kill_on_drop: false }`
[INFO] started tweaking crates.io crate rustradio 0.3.11
[INFO] finished tweaking crates.io crate rustradio 0.3.11
[INFO] tweaked toml for crates.io crate rustradio 0.3.11 written to /workspace/builds/worker-5-tc1/source/Cargo.toml
[INFO] crate crates.io crate rustradio 0.3.11 already has a lockfile, it will not be regenerated
[INFO] running `Command { std: CARGO_HOME="/workspace/cargo-home" RUSTUP_HOME="/workspace/rustup-home" "/workspace/cargo-home/bin/cargo" "+1.75.0" "fetch" "--manifest-path" "Cargo.toml", kill_on_drop: false }`
[INFO] [stderr]     Updating crates.io index
[INFO] [stderr]  Downloading crates ...
[INFO] [stderr]   Downloaded rtlsdr v0.1.4
[INFO] [stderr]   Downloaded ieee754 v0.2.6
[INFO] [stderr]   Downloaded fast-math v0.1.1
[INFO] running `Command { std: "docker" "create" "-v" "/var/lib/crater-agent-workspace/builds/worker-5-tc1/target:/opt/rustwide/target:rw,Z" "-v" "/var/lib/crater-agent-workspace/builds/worker-5-tc1/source:/opt/rustwide/workdir:ro,Z" "-v" "/var/lib/crater-agent-workspace/cargo-home:/opt/rustwide/cargo-home:ro,Z" "-v" "/var/lib/crater-agent-workspace/rustup-home:/opt/rustwide/rustup-home:ro,Z" "-e" "SOURCE_DIR=/opt/rustwide/workdir" "-e" "CARGO_TARGET_DIR=/opt/rustwide/target" "-e" "CARGO_HOME=/opt/rustwide/cargo-home" "-e" "RUSTUP_HOME=/opt/rustwide/rustup-home" "-w" "/opt/rustwide/workdir" "-m" "1610612736" "--user" "0:0" "--network" "none" "ghcr.io/rust-lang/crates-build-env/linux@sha256:2788e3201cd34a07e3172128adcd8b3090168a8e3bcc40d7c032b9dda1df7d1c" "/opt/rustwide/cargo-home/bin/cargo" "+1.75.0" "metadata" "--no-deps" "--format-version=1", kill_on_drop: false }`
[INFO] [stdout] 03a6dda770fd9111589675357383a7c018c15c748f36a75eafeef0cc2f0e978c
[INFO] running `Command { std: "docker" "start" "-a" "03a6dda770fd9111589675357383a7c018c15c748f36a75eafeef0cc2f0e978c", kill_on_drop: false }`
[INFO] running `Command { std: "docker" "inspect" "03a6dda770fd9111589675357383a7c018c15c748f36a75eafeef0cc2f0e978c", kill_on_drop: false }`
[INFO] running `Command { std: "docker" "rm" "-f" "03a6dda770fd9111589675357383a7c018c15c748f36a75eafeef0cc2f0e978c", kill_on_drop: false }`
[INFO] [stdout] 03a6dda770fd9111589675357383a7c018c15c748f36a75eafeef0cc2f0e978c
[INFO] running `Command { std: "docker" "create" "-v" "/var/lib/crater-agent-workspace/builds/worker-5-tc1/target:/opt/rustwide/target:rw,Z" "-v" "/var/lib/crater-agent-workspace/builds/worker-5-tc1/source:/opt/rustwide/workdir:ro,Z" "-v" "/var/lib/crater-agent-workspace/cargo-home:/opt/rustwide/cargo-home:ro,Z" "-v" "/var/lib/crater-agent-workspace/rustup-home:/opt/rustwide/rustup-home:ro,Z" "-e" "SOURCE_DIR=/opt/rustwide/workdir" "-e" "CARGO_TARGET_DIR=/opt/rustwide/target" "-e" "CARGO_INCREMENTAL=0" "-e" "RUST_BACKTRACE=full" "-e" "RUSTFLAGS=--cap-lints=warn" "-e" "RUSTDOCFLAGS=--cap-lints=warn" "-e" "CARGO_HOME=/opt/rustwide/cargo-home" "-e" "RUSTUP_HOME=/opt/rustwide/rustup-home" "-w" "/opt/rustwide/workdir" "-m" "1610612736" "--user" "0:0" "--network" "none" "ghcr.io/rust-lang/crates-build-env/linux@sha256:2788e3201cd34a07e3172128adcd8b3090168a8e3bcc40d7c032b9dda1df7d1c" "/opt/rustwide/cargo-home/bin/cargo" "+1.75.0" "build" "--frozen" "--message-format=json", kill_on_drop: false }`
[INFO] [stdout] 4cecdb754ad06fd65ace59191601f8e8add20fde3f433a4886197248fabf44ce
[INFO] running `Command { std: "docker" "start" "-a" "4cecdb754ad06fd65ace59191601f8e8add20fde3f433a4886197248fabf44ce", kill_on_drop: false }`
[INFO] [stderr]    Compiling num-traits v0.2.16
[INFO] [stderr]    Compiling num-integer v0.1.45
[INFO] [stderr]    Compiling rustix v0.38.19
[INFO] [stderr]    Compiling anyhow v1.0.75
[INFO] [stderr]    Compiling libc v0.2.149
[INFO] [stderr]    Compiling bitflags v2.4.0
[INFO] [stderr]    Compiling linux-raw-sys v0.4.10
[INFO] [stderr]    Compiling strength_reduce v0.2.4
[INFO] [stderr]    Compiling fastrand v2.0.0
[INFO] [stderr]    Compiling rustfft v6.1.0
[INFO] [stderr]    Compiling num-complex v0.4.4
[INFO] [stderr]    Compiling transpose v0.2.2
[INFO] [stderr]    Compiling primal-check v0.3.3
[INFO] [stderr]    Compiling tempfile v3.8.0
[INFO] [stderr]    Compiling rustradio v0.3.11 (/opt/rustwide/workdir)
[INFO] [stderr]     Finished dev [unoptimized + debuginfo] target(s) in 6.15s
[INFO] running `Command { std: "docker" "inspect" "4cecdb754ad06fd65ace59191601f8e8add20fde3f433a4886197248fabf44ce", kill_on_drop: false }`
[INFO] running `Command { std: "docker" "rm" "-f" "4cecdb754ad06fd65ace59191601f8e8add20fde3f433a4886197248fabf44ce", kill_on_drop: false }`
[INFO] [stdout] 4cecdb754ad06fd65ace59191601f8e8add20fde3f433a4886197248fabf44ce
[INFO] running `Command { std: "docker" "create" "-v" "/var/lib/crater-agent-workspace/builds/worker-5-tc1/target:/opt/rustwide/target:rw,Z" "-v" "/var/lib/crater-agent-workspace/builds/worker-5-tc1/source:/opt/rustwide/workdir:ro,Z" "-v" "/var/lib/crater-agent-workspace/cargo-home:/opt/rustwide/cargo-home:ro,Z" "-v" "/var/lib/crater-agent-workspace/rustup-home:/opt/rustwide/rustup-home:ro,Z" "-e" "SOURCE_DIR=/opt/rustwide/workdir" "-e" "CARGO_TARGET_DIR=/opt/rustwide/target" "-e" "CARGO_INCREMENTAL=0" "-e" "RUST_BACKTRACE=full" "-e" "RUSTFLAGS=--cap-lints=warn" "-e" "RUSTDOCFLAGS=--cap-lints=warn" "-e" "CARGO_HOME=/opt/rustwide/cargo-home" "-e" "RUSTUP_HOME=/opt/rustwide/rustup-home" "-w" "/opt/rustwide/workdir" "-m" "1610612736" "--user" "0:0" "--network" "none" "ghcr.io/rust-lang/crates-build-env/linux@sha256:2788e3201cd34a07e3172128adcd8b3090168a8e3bcc40d7c032b9dda1df7d1c" "/opt/rustwide/cargo-home/bin/cargo" "+1.75.0" "test" "--frozen" "--no-run" "--message-format=json", kill_on_drop: false }`
[INFO] [stdout] 7e315c76ed8a3d83850da04714fc31f630a36e03c76bfc9b540ea523c39476c2
[INFO] running `Command { std: "docker" "start" "-a" "7e315c76ed8a3d83850da04714fc31f630a36e03c76bfc9b540ea523c39476c2", kill_on_drop: false }`
[INFO] [stderr]    Compiling libc v0.2.149
[INFO] [stderr]    Compiling proc-macro2 v1.0.67
[INFO] [stderr]    Compiling unicode-ident v1.0.12
[INFO] [stderr]    Compiling proc-macro-error-attr v1.0.4
[INFO] [stderr]    Compiling syn v1.0.109
[INFO] [stderr]    Compiling proc-macro-error v1.0.4
[INFO] [stderr]    Compiling unicode-segmentation v1.10.1
[INFO] [stderr]    Compiling unicode-width v0.1.11
[INFO] [stderr]    Compiling strsim v0.8.0
[INFO] [stderr]    Compiling bitflags v1.3.2
[INFO] [stderr]    Compiling once_cell v1.18.0
[INFO] [stderr]    Compiling iana-time-zone v0.1.57
[INFO] [stderr]    Compiling vec_map v0.8.2
[INFO] [stderr]    Compiling termcolor v1.1.3
[INFO] [stderr]    Compiling textwrap v0.11.0
[INFO] [stderr]    Compiling chrono v0.4.31
[INFO] [stderr]    Compiling thread_local v1.1.7
[INFO] [stderr]    Compiling heck v0.3.3
[INFO] [stderr]    Compiling quote v1.0.33
[INFO] [stderr]    Compiling atty v0.2.14
[INFO] [stderr]    Compiling nix v0.27.1
[INFO] [stderr]    Compiling rustradio v0.3.11 (/opt/rustwide/workdir)
[INFO] [stderr]    Compiling clap v2.34.0
[INFO] [stderr]    Compiling stderrlog v0.5.4
[INFO] [stderr]    Compiling ctrlc v3.4.1
[INFO] [stderr]    Compiling structopt-derive v0.4.18
[INFO] [stderr]    Compiling structopt v0.3.26
[INFO] [stderr]     Finished test [unoptimized + debuginfo] target(s) in 8.58s
[INFO] running `Command { std: "docker" "inspect" "7e315c76ed8a3d83850da04714fc31f630a36e03c76bfc9b540ea523c39476c2", kill_on_drop: false }`
[INFO] running `Command { std: "docker" "rm" "-f" "7e315c76ed8a3d83850da04714fc31f630a36e03c76bfc9b540ea523c39476c2", kill_on_drop: false }`
[INFO] [stdout] 7e315c76ed8a3d83850da04714fc31f630a36e03c76bfc9b540ea523c39476c2
[INFO] running `Command { std: "docker" "create" "-v" "/var/lib/crater-agent-workspace/builds/worker-5-tc1/target:/opt/rustwide/target:rw,Z" "-v" "/var/lib/crater-agent-workspace/builds/worker-5-tc1/source:/opt/rustwide/workdir:ro,Z" "-v" "/var/lib/crater-agent-workspace/cargo-home:/opt/rustwide/cargo-home:ro,Z" "-v" "/var/lib/crater-agent-workspace/rustup-home:/opt/rustwide/rustup-home:ro,Z" "-e" "SOURCE_DIR=/opt/rustwide/workdir" "-e" "CARGO_TARGET_DIR=/opt/rustwide/target" "-e" "CARGO_INCREMENTAL=0" "-e" "RUST_BACKTRACE=full" "-e" "RUSTFLAGS=--cap-lints=warn" "-e" "RUSTDOCFLAGS=--cap-lints=warn" "-e" "CARGO_HOME=/opt/rustwide/cargo-home" "-e" "RUSTUP_HOME=/opt/rustwide/rustup-home" "-w" "/opt/rustwide/workdir" "-m" "1610612736" "--user" "0:0" "--network" "none" "ghcr.io/rust-lang/crates-build-env/linux@sha256:2788e3201cd34a07e3172128adcd8b3090168a8e3bcc40d7c032b9dda1df7d1c" "/opt/rustwide/cargo-home/bin/cargo" "+1.75.0" "test" "--frozen", kill_on_drop: false }`
[INFO] [stdout] 06044f0e892adc4c83b04c5762f908333f70da91b4ae24fa9b19ebbaddbef59f
[INFO] running `Command { std: "docker" "start" "-a" "06044f0e892adc4c83b04c5762f908333f70da91b4ae24fa9b19ebbaddbef59f", kill_on_drop: false }`
[INFO] [stderr]     Finished test [unoptimized + debuginfo] target(s) in 0.08s
[INFO] [stderr]      Running unittests src/lib.rs (/opt/rustwide/target/debug/deps/rustradio-eac48651c7d796a3)
[INFO] [stdout] 
[INFO] [stdout] running 24 tests
[INFO] [stdout] test circular_buffer::tests::exact_overflow ... ok
[INFO] [stdout] test delay::tests::delay_change ... ok
[INFO] [stdout] test delay::tests::delay_one ... ok
[INFO] [stdout] test circular_buffer::tests::test_build ... ok
[INFO] [stdout] test delay::tests::delay_zero ... ok
[INFO] [stdout] test circular_buffer::tests::test_typical ... ok
[INFO] [stdout] test circular_buffer::tests::test_float ... ok
[INFO] [stdout] test fir::tests::test_complex ... ok
[INFO] [stdout] test file_sink::tests::sink_f32 ... ok
[INFO] [stdout] test hdlc_deframer::tests::bitstuffed1 ... ok
[INFO] [stdout] test file_sink::tests::sink_c32 ... ok
[INFO] [stdout] test hdlc_deframer::tests::bitstuffed2 ... ok
[INFO] [stdout] test hdlc_deframer::tests::check_crc ... ok
[INFO] [stdout] test fir::tests::test_filter_generator ... ok
[INFO] [stdout] test hdlc_deframer::tests::find_simple_frame ... ok
[INFO] [stdout] test hdlc_deframer::tests::find_simple_frames ... ok
[INFO] [stdout] test single_pole_iir_filter::tests::iir_cc ... ok
[INFO] [stdout] test single_pole_iir_filter::tests::iir_ff ... ok
[INFO] [stdout] test single_pole_iir_filter::tests::reject_bad_alpha ... ok
[INFO] [stdout] test tcp_source::tests::partials ... FAILED
[INFO] [stdout] test hdlc_deframer::tests::too_long ... ok
[INFO] [stdout] test hdlc_deframer::tests::too_short ... ok
[INFO] [stdout] test hilbert::tests::stack_one ... ok
[INFO] [stdout] test fft_filter::tests::filter_a_signal ... ok
[INFO] [stdout] 
[INFO] [stdout] failures:
[INFO] [stdout] 
[INFO] [stdout] ---- tcp_source::tests::partials stdout ----
[INFO] [stdout] Error: Cannot assign requested address (os error 99)
[INFO] [stdout] 
[INFO] [stdout] 
[INFO] [stdout] failures:
[INFO] [stdout]     tcp_source::tests::partials
[INFO] [stdout] 
[INFO] [stdout] test result: FAILED. 23 passed; 1 failed; 0 ignored; 0 measured; 0 filtered out; finished in 0.69s
[INFO] [stdout] 
[INFO] [stderr] error: test failed, to rerun pass `--lib`
[INFO] running `Command { std: "docker" "inspect" "06044f0e892adc4c83b04c5762f908333f70da91b4ae24fa9b19ebbaddbef59f", kill_on_drop: false }`
[INFO] running `Command { std: "docker" "rm" "-f" "06044f0e892adc4c83b04c5762f908333f70da91b4ae24fa9b19ebbaddbef59f", kill_on_drop: false }`
[INFO] [stdout] 06044f0e892adc4c83b04c5762f908333f70da91b4ae24fa9b19ebbaddbef59f
[INFO] testing rustradio-0.3.11 against beta-2023-12-22 for beta-1.76-1
[INFO] extracting crate rustradio 0.3.11 into /workspace/builds/worker-5-tc2/source
[INFO] validating manifest of crates.io crate rustradio 0.3.11 on toolchain beta-2023-12-22
[INFO] running `Command { std: CARGO_HOME="/workspace/cargo-home" RUSTUP_HOME="/workspace/rustup-home" "/workspace/cargo-home/bin/cargo" "+beta-2023-12-22" "metadata" "--manifest-path" "Cargo.toml" "--no-deps", kill_on_drop: false }`
[INFO] started tweaking crates.io crate rustradio 0.3.11
[INFO] finished tweaking crates.io crate rustradio 0.3.11
[INFO] tweaked toml for crates.io crate rustradio 0.3.11 written to /workspace/builds/worker-5-tc2/source/Cargo.toml
[INFO] crate crates.io crate rustradio 0.3.11 already has a lockfile, it will not be regenerated
[INFO] running `Command { std: CARGO_HOME="/workspace/cargo-home" RUSTUP_HOME="/workspace/rustup-home" "/workspace/cargo-home/bin/cargo" "+beta-2023-12-22" "fetch" "--manifest-path" "Cargo.toml", kill_on_drop: false }`
[INFO] running `Command { std: "docker" "create" "-v" "/var/lib/crater-agent-workspace/builds/worker-5-tc2/target:/opt/rustwide/target:rw,Z" "-v" "/var/lib/crater-agent-workspace/builds/worker-5-tc2/source:/opt/rustwide/workdir:ro,Z" "-v" "/var/lib/crater-agent-workspace/cargo-home:/opt/rustwide/cargo-home:ro,Z" "-v" "/var/lib/crater-agent-workspace/rustup-home:/opt/rustwide/rustup-home:ro,Z" "-e" "SOURCE_DIR=/opt/rustwide/workdir" "-e" "CARGO_TARGET_DIR=/opt/rustwide/target" "-e" "CARGO_HOME=/opt/rustwide/cargo-home" "-e" "RUSTUP_HOME=/opt/rustwide/rustup-home" "-w" "/opt/rustwide/workdir" "-m" "1610612736" "--user" "0:0" "--network" "none" "ghcr.io/rust-lang/crates-build-env/linux@sha256:2788e3201cd34a07e3172128adcd8b3090168a8e3bcc40d7c032b9dda1df7d1c" "/opt/rustwide/cargo-home/bin/cargo" "+beta-2023-12-22" "metadata" "--no-deps" "--format-version=1", kill_on_drop: false }`
[INFO] [stdout] 6b0b545a9ddcd847225c903329d0004c67c94f9e19b251fda6a9dd1b2b74be8f
[INFO] running `Command { std: "docker" "start" "-a" "6b0b545a9ddcd847225c903329d0004c67c94f9e19b251fda6a9dd1b2b74be8f", kill_on_drop: false }`
[INFO] running `Command { std: "docker" "inspect" "6b0b545a9ddcd847225c903329d0004c67c94f9e19b251fda6a9dd1b2b74be8f", kill_on_drop: false }`
[INFO] running `Command { std: "docker" "rm" "-f" "6b0b545a9ddcd847225c903329d0004c67c94f9e19b251fda6a9dd1b2b74be8f", kill_on_drop: false }`
[INFO] [stdout] 6b0b545a9ddcd847225c903329d0004c67c94f9e19b251fda6a9dd1b2b74be8f
[INFO] running `Command { std: "docker" "create" "-v" "/var/lib/crater-agent-workspace/builds/worker-5-tc2/target:/opt/rustwide/target:rw,Z" "-v" "/var/lib/crater-agent-workspace/builds/worker-5-tc2/source:/opt/rustwide/workdir:ro,Z" "-v" "/var/lib/crater-agent-workspace/cargo-home:/opt/rustwide/cargo-home:ro,Z" "-v" "/var/lib/crater-agent-workspace/rustup-home:/opt/rustwide/rustup-home:ro,Z" "-e" "SOURCE_DIR=/opt/rustwide/workdir" "-e" "CARGO_TARGET_DIR=/opt/rustwide/target" "-e" "CARGO_INCREMENTAL=0" "-e" "RUST_BACKTRACE=full" "-e" "RUSTFLAGS=--cap-lints=warn" "-e" "RUSTDOCFLAGS=--cap-lints=warn" "-e" "CARGO_HOME=/opt/rustwide/cargo-home" "-e" "RUSTUP_HOME=/opt/rustwide/rustup-home" "-w" "/opt/rustwide/workdir" "-m" "1610612736" "--user" "0:0" "--network" "none" "ghcr.io/rust-lang/crates-build-env/linux@sha256:2788e3201cd34a07e3172128adcd8b3090168a8e3bcc40d7c032b9dda1df7d1c" "/opt/rustwide/cargo-home/bin/cargo" "+beta-2023-12-22" "build" "--frozen" "--message-format=json", kill_on_drop: false }`
[INFO] [stdout] 0d637814185f2bb80e631db2b707da79c5050bb1f09a857ec7e8d487f8c3473c
[INFO] running `Command { std: "docker" "start" "-a" "0d637814185f2bb80e631db2b707da79c5050bb1f09a857ec7e8d487f8c3473c", kill_on_drop: false }`
[INFO] [stderr]    Compiling num-traits v0.2.16
[INFO] [stderr]    Compiling num-integer v0.1.45
[INFO] [stderr]    Compiling rustix v0.38.19
[INFO] [stderr]    Compiling libc v0.2.149
[INFO] [stderr]    Compiling linux-raw-sys v0.4.10
[INFO] [stderr]    Compiling strength_reduce v0.2.4
[INFO] [stderr]    Compiling anyhow v1.0.75
[INFO] [stderr]    Compiling bitflags v2.4.0
[INFO] [stderr]    Compiling fastrand v2.0.0
[INFO] [stderr]    Compiling rustfft v6.1.0
[INFO] [stderr]    Compiling num-complex v0.4.4
[INFO] [stderr]    Compiling primal-check v0.3.3
[INFO] [stderr]    Compiling transpose v0.2.2
[INFO] [stderr]    Compiling tempfile v3.8.0
[INFO] [stderr]    Compiling rustradio v0.3.11 (/opt/rustwide/workdir)
[INFO] [stderr]     Finished dev [unoptimized + debuginfo] target(s) in 6.31s
[INFO] running `Command { std: "docker" "inspect" "0d637814185f2bb80e631db2b707da79c5050bb1f09a857ec7e8d487f8c3473c", kill_on_drop: false }`
[INFO] running `Command { std: "docker" "rm" "-f" "0d637814185f2bb80e631db2b707da79c5050bb1f09a857ec7e8d487f8c3473c", kill_on_drop: false }`
[INFO] [stdout] 0d637814185f2bb80e631db2b707da79c5050bb1f09a857ec7e8d487f8c3473c
[INFO] running `Command { std: "docker" "create" "-v" "/var/lib/crater-agent-workspace/builds/worker-5-tc2/target:/opt/rustwide/target:rw,Z" "-v" "/var/lib/crater-agent-workspace/builds/worker-5-tc2/source:/opt/rustwide/workdir:ro,Z" "-v" "/var/lib/crater-agent-workspace/cargo-home:/opt/rustwide/cargo-home:ro,Z" "-v" "/var/lib/crater-agent-workspace/rustup-home:/opt/rustwide/rustup-home:ro,Z" "-e" "SOURCE_DIR=/opt/rustwide/workdir" "-e" "CARGO_TARGET_DIR=/opt/rustwide/target" "-e" "CARGO_INCREMENTAL=0" "-e" "RUST_BACKTRACE=full" "-e" "RUSTFLAGS=--cap-lints=warn" "-e" "RUSTDOCFLAGS=--cap-lints=warn" "-e" "CARGO_HOME=/opt/rustwide/cargo-home" "-e" "RUSTUP_HOME=/opt/rustwide/rustup-home" "-w" "/opt/rustwide/workdir" "-m" "1610612736" "--user" "0:0" "--network" "none" "ghcr.io/rust-lang/crates-build-env/linux@sha256:2788e3201cd34a07e3172128adcd8b3090168a8e3bcc40d7c032b9dda1df7d1c" "/opt/rustwide/cargo-home/bin/cargo" "+beta-2023-12-22" "test" "--frozen" "--no-run" "--message-format=json", kill_on_drop: false }`
[INFO] [stdout] 94c96d773b80ef2b05366c7698f5261c593e0f3a56c92ee19bdc0dd2a44a29be
[INFO] running `Command { std: "docker" "start" "-a" "94c96d773b80ef2b05366c7698f5261c593e0f3a56c92ee19bdc0dd2a44a29be", kill_on_drop: false }`
[INFO] [stderr]    Compiling libc v0.2.149
[INFO] [stderr]    Compiling proc-macro2 v1.0.67
[INFO] [stderr]    Compiling unicode-ident v1.0.12
[INFO] [stderr]    Compiling proc-macro-error-attr v1.0.4
[INFO] [stderr]    Compiling syn v1.0.109
[INFO] [stderr]    Compiling proc-macro-error v1.0.4
[INFO] [stderr]    Compiling unicode-segmentation v1.10.1
[INFO] [stderr]    Compiling unicode-width v0.1.11
[INFO] [stderr]    Compiling once_cell v1.18.0
[INFO] [stderr]    Compiling strsim v0.8.0
[INFO] [stderr]    Compiling vec_map v0.8.2
[INFO] [stderr]    Compiling iana-time-zone v0.1.57
[INFO] [stderr]    Compiling bitflags v1.3.2
[INFO] [stderr]    Compiling termcolor v1.1.3
[INFO] [stderr]    Compiling textwrap v0.11.0
[INFO] [stderr]    Compiling chrono v0.4.31
[INFO] [stderr]    Compiling thread_local v1.1.7
[INFO] [stderr]    Compiling heck v0.3.3
[INFO] [stderr]    Compiling quote v1.0.33
[INFO] [stderr]    Compiling atty v0.2.14
[INFO] [stderr]    Compiling nix v0.27.1
[INFO] [stderr]    Compiling rustradio v0.3.11 (/opt/rustwide/workdir)
[INFO] [stderr]    Compiling clap v2.34.0
[INFO] [stderr]    Compiling stderrlog v0.5.4
[INFO] [stderr]    Compiling ctrlc v3.4.1
[INFO] [stderr]    Compiling structopt-derive v0.4.18
[INFO] [stderr]    Compiling structopt v0.3.26
[INFO] [stderr]     Finished test [unoptimized + debuginfo] target(s) in 7.70s
[INFO] running `Command { std: "docker" "inspect" "94c96d773b80ef2b05366c7698f5261c593e0f3a56c92ee19bdc0dd2a44a29be", kill_on_drop: false }`
[INFO] running `Command { std: "docker" "rm" "-f" "94c96d773b80ef2b05366c7698f5261c593e0f3a56c92ee19bdc0dd2a44a29be", kill_on_drop: false }`
[INFO] [stdout] 94c96d773b80ef2b05366c7698f5261c593e0f3a56c92ee19bdc0dd2a44a29be
[INFO] running `Command { std: "docker" "create" "-v" "/var/lib/crater-agent-workspace/builds/worker-5-tc2/target:/opt/rustwide/target:rw,Z" "-v" "/var/lib/crater-agent-workspace/builds/worker-5-tc2/source:/opt/rustwide/workdir:ro,Z" "-v" "/var/lib/crater-agent-workspace/cargo-home:/opt/rustwide/cargo-home:ro,Z" "-v" "/var/lib/crater-agent-workspace/rustup-home:/opt/rustwide/rustup-home:ro,Z" "-e" "SOURCE_DIR=/opt/rustwide/workdir" "-e" "CARGO_TARGET_DIR=/opt/rustwide/target" "-e" "CARGO_INCREMENTAL=0" "-e" "RUST_BACKTRACE=full" "-e" "RUSTFLAGS=--cap-lints=warn" "-e" "RUSTDOCFLAGS=--cap-lints=warn" "-e" "CARGO_HOME=/opt/rustwide/cargo-home" "-e" "RUSTUP_HOME=/opt/rustwide/rustup-home" "-w" "/opt/rustwide/workdir" "-m" "1610612736" "--user" "0:0" "--network" "none" "ghcr.io/rust-lang/crates-build-env/linux@sha256:2788e3201cd34a07e3172128adcd8b3090168a8e3bcc40d7c032b9dda1df7d1c" "/opt/rustwide/cargo-home/bin/cargo" "+beta-2023-12-22" "test" "--frozen", kill_on_drop: false }`
[INFO] [stdout] 90aad27ccafdd5d1ee37cfad6471d3da9adecf665d622a54e4caeea9ebcd9d45
[INFO] running `Command { std: "docker" "start" "-a" "90aad27ccafdd5d1ee37cfad6471d3da9adecf665d622a54e4caeea9ebcd9d45", kill_on_drop: false }`
[INFO] [stderr]     Finished test [unoptimized + debuginfo] target(s) in 0.07s
[INFO] [stderr]      Running unittests src/lib.rs (/opt/rustwide/target/debug/deps/rustradio-674f136cfe257af8)
[INFO] [stdout] 
[INFO] [stdout] running 24 tests
[INFO] [stdout] test delay::tests::delay_change ... ok
[INFO] [stdout] test delay::tests::delay_one ... ok
[INFO] [stdout] test delay::tests::delay_zero ... ok
[INFO] [stdout] test circular_buffer::tests::test_build ... ok
[INFO] [stdout] test circular_buffer::tests::test_float ... ok
[INFO] [stdout] test fir::tests::test_complex ... ok
[INFO] [stdout] test file_sink::tests::sink_c32 ... ok
[INFO] [stdout] test circular_buffer::tests::exact_overflow ... ok
[INFO] [stdout] test file_sink::tests::sink_f32 ... ok
[INFO] [stdout] test circular_buffer::tests::test_typical ... ok
[INFO] [stdout] test fir::tests::test_filter_generator ... ok
[INFO] [stdout] test hdlc_deframer::tests::bitstuffed1 ... ok
[INFO] [stdout] test hdlc_deframer::tests::bitstuffed2 ... ok
[INFO] [stdout] test hdlc_deframer::tests::too_long ... ok
[INFO] [stdout] test hdlc_deframer::tests::find_simple_frames ... ok
[INFO] [stdout] test single_pole_iir_filter::tests::iir_cc ... ok
[INFO] [stdout] test single_pole_iir_filter::tests::iir_ff ... ok
[INFO] [stdout] test single_pole_iir_filter::tests::reject_bad_alpha ... ok
[INFO] [stdout] test hdlc_deframer::tests::check_crc ... ok
[INFO] [stdout] test hdlc_deframer::tests::too_short ... ok
[INFO] [stdout] test tcp_source::tests::partials ... FAILED
[INFO] [stdout] test hilbert::tests::stack_one ... ok
[INFO] [stdout] test hdlc_deframer::tests::find_simple_frame ... ok
[INFO] [stdout] test fft_filter::tests::filter_a_signal ... ok
[INFO] [stdout] 
[INFO] [stdout] failures:
[INFO] [stdout] 
[INFO] [stdout] ---- tcp_source::tests::partials stdout ----
[INFO] [stdout] Error: Cannot assign requested address (os error 99)
[INFO] [stdout] 
[INFO] [stdout] 
[INFO] [stdout] failures:
[INFO] [stdout]     tcp_source::tests::partials
[INFO] [stdout] 
[INFO] [stdout] test result: FAILED. 23 passed; 1 failed; 0 ignored; 0 measured; 0 filtered out; finished in 0.79s
[INFO] [stdout] 
[INFO] [stderr] error: test failed, to rerun pass `--lib`
[INFO] running `Command { std: "docker" "inspect" "90aad27ccafdd5d1ee37cfad6471d3da9adecf665d622a54e4caeea9ebcd9d45", kill_on_drop: false }`
[INFO] running `Command { std: "docker" "rm" "-f" "90aad27ccafdd5d1ee37cfad6471d3da9adecf665d622a54e4caeea9ebcd9d45", kill_on_drop: false }`
[INFO] [stdout] 90aad27ccafdd5d1ee37cfad6471d3da9adecf665d622a54e4caeea9ebcd9d45
