[INFO] fetching crate rustifact_derive 0.2.0...
[INFO] testing rustifact_derive-0.2.0 against 1.75.0 for beta-1.76-1
[INFO] extracting crate rustifact_derive 0.2.0 into /workspace/builds/worker-6-tc1/source
[INFO] validating manifest of crates.io crate rustifact_derive 0.2.0 on toolchain 1.75.0
[INFO] running `Command { std: CARGO_HOME="/workspace/cargo-home" RUSTUP_HOME="/workspace/rustup-home" "/workspace/cargo-home/bin/cargo" "+1.75.0" "metadata" "--manifest-path" "Cargo.toml" "--no-deps", kill_on_drop: false }`
[INFO] started tweaking crates.io crate rustifact_derive 0.2.0
[INFO] finished tweaking crates.io crate rustifact_derive 0.2.0
[INFO] tweaked toml for crates.io crate rustifact_derive 0.2.0 written to /workspace/builds/worker-6-tc1/source/Cargo.toml
[INFO] running `Command { std: CARGO_HOME="/workspace/cargo-home" RUSTUP_HOME="/workspace/rustup-home" "/workspace/cargo-home/bin/cargo" "+1.75.0" "generate-lockfile" "--manifest-path" "Cargo.toml", kill_on_drop: false }`
[INFO] [stderr]     Updating crates.io index
[INFO] running `Command { std: CARGO_HOME="/workspace/cargo-home" RUSTUP_HOME="/workspace/rustup-home" "/workspace/cargo-home/bin/cargo" "+1.75.0" "fetch" "--manifest-path" "Cargo.toml", kill_on_drop: false }`
[INFO] running `Command { std: "docker" "create" "-v" "/var/lib/crater-agent-workspace/builds/worker-6-tc1/target:/opt/rustwide/target:rw,Z" "-v" "/var/lib/crater-agent-workspace/builds/worker-6-tc1/source:/opt/rustwide/workdir:ro,Z" "-v" "/var/lib/crater-agent-workspace/cargo-home:/opt/rustwide/cargo-home:ro,Z" "-v" "/var/lib/crater-agent-workspace/rustup-home:/opt/rustwide/rustup-home:ro,Z" "-e" "SOURCE_DIR=/opt/rustwide/workdir" "-e" "CARGO_TARGET_DIR=/opt/rustwide/target" "-e" "CARGO_HOME=/opt/rustwide/cargo-home" "-e" "RUSTUP_HOME=/opt/rustwide/rustup-home" "-w" "/opt/rustwide/workdir" "-m" "1610612736" "--user" "0:0" "--network" "none" "ghcr.io/rust-lang/crates-build-env/linux@sha256:2788e3201cd34a07e3172128adcd8b3090168a8e3bcc40d7c032b9dda1df7d1c" "/opt/rustwide/cargo-home/bin/cargo" "+1.75.0" "metadata" "--no-deps" "--format-version=1", kill_on_drop: false }`
[INFO] [stdout] 48bf8909cc6f32d53e87312014404e71f09872800d6f550795889365d54bc034
[INFO] running `Command { std: "docker" "start" "-a" "48bf8909cc6f32d53e87312014404e71f09872800d6f550795889365d54bc034", kill_on_drop: false }`
[INFO] running `Command { std: "docker" "inspect" "48bf8909cc6f32d53e87312014404e71f09872800d6f550795889365d54bc034", kill_on_drop: false }`
[INFO] running `Command { std: "docker" "rm" "-f" "48bf8909cc6f32d53e87312014404e71f09872800d6f550795889365d54bc034", kill_on_drop: false }`
[INFO] [stdout] 48bf8909cc6f32d53e87312014404e71f09872800d6f550795889365d54bc034
[INFO] running `Command { std: "docker" "create" "-v" "/var/lib/crater-agent-workspace/builds/worker-6-tc1/target:/opt/rustwide/target:rw,Z" "-v" "/var/lib/crater-agent-workspace/builds/worker-6-tc1/source:/opt/rustwide/workdir:ro,Z" "-v" "/var/lib/crater-agent-workspace/cargo-home:/opt/rustwide/cargo-home:ro,Z" "-v" "/var/lib/crater-agent-workspace/rustup-home:/opt/rustwide/rustup-home:ro,Z" "-e" "SOURCE_DIR=/opt/rustwide/workdir" "-e" "CARGO_TARGET_DIR=/opt/rustwide/target" "-e" "CARGO_INCREMENTAL=0" "-e" "RUST_BACKTRACE=full" "-e" "RUSTFLAGS=--cap-lints=warn" "-e" "RUSTDOCFLAGS=--cap-lints=warn" "-e" "CARGO_HOME=/opt/rustwide/cargo-home" "-e" "RUSTUP_HOME=/opt/rustwide/rustup-home" "-w" "/opt/rustwide/workdir" "-m" "1610612736" "--user" "0:0" "--network" "none" "ghcr.io/rust-lang/crates-build-env/linux@sha256:2788e3201cd34a07e3172128adcd8b3090168a8e3bcc40d7c032b9dda1df7d1c" "/opt/rustwide/cargo-home/bin/cargo" "+1.75.0" "build" "--frozen" "--message-format=json", kill_on_drop: false }`
[INFO] [stdout] 459dba5a2fa1402ac4d54dd5859eab23a15f16f9179724944bea561ea8f09ce5
[INFO] running `Command { std: "docker" "start" "-a" "459dba5a2fa1402ac4d54dd5859eab23a15f16f9179724944bea561ea8f09ce5", kill_on_drop: false }`
[INFO] [stderr]    Compiling rustifact_derive v0.2.0 (/opt/rustwide/workdir)
[INFO] [stderr]     Finished dev [unoptimized + debuginfo] target(s) in 0.55s
[INFO] running `Command { std: "docker" "inspect" "459dba5a2fa1402ac4d54dd5859eab23a15f16f9179724944bea561ea8f09ce5", kill_on_drop: false }`
[INFO] running `Command { std: "docker" "rm" "-f" "459dba5a2fa1402ac4d54dd5859eab23a15f16f9179724944bea561ea8f09ce5", kill_on_drop: false }`
[INFO] [stdout] 459dba5a2fa1402ac4d54dd5859eab23a15f16f9179724944bea561ea8f09ce5
[INFO] running `Command { std: "docker" "create" "-v" "/var/lib/crater-agent-workspace/builds/worker-6-tc1/target:/opt/rustwide/target:rw,Z" "-v" "/var/lib/crater-agent-workspace/builds/worker-6-tc1/source:/opt/rustwide/workdir:ro,Z" "-v" "/var/lib/crater-agent-workspace/cargo-home:/opt/rustwide/cargo-home:ro,Z" "-v" "/var/lib/crater-agent-workspace/rustup-home:/opt/rustwide/rustup-home:ro,Z" "-e" "SOURCE_DIR=/opt/rustwide/workdir" "-e" "CARGO_TARGET_DIR=/opt/rustwide/target" "-e" "CARGO_INCREMENTAL=0" "-e" "RUST_BACKTRACE=full" "-e" "RUSTFLAGS=--cap-lints=warn" "-e" "RUSTDOCFLAGS=--cap-lints=warn" "-e" "CARGO_HOME=/opt/rustwide/cargo-home" "-e" "RUSTUP_HOME=/opt/rustwide/rustup-home" "-w" "/opt/rustwide/workdir" "-m" "1610612736" "--user" "0:0" "--network" "none" "ghcr.io/rust-lang/crates-build-env/linux@sha256:2788e3201cd34a07e3172128adcd8b3090168a8e3bcc40d7c032b9dda1df7d1c" "/opt/rustwide/cargo-home/bin/cargo" "+1.75.0" "test" "--frozen" "--no-run" "--message-format=json", kill_on_drop: false }`
[INFO] [stdout] 6fa228d572b899f0cfe92884c0f02d2443fbb6ccbb7609ce2c418cb0fd605876
[INFO] running `Command { std: "docker" "start" "-a" "6fa228d572b899f0cfe92884c0f02d2443fbb6ccbb7609ce2c418cb0fd605876", kill_on_drop: false }`
[INFO] [stderr]    Compiling rustifact_derive v0.2.0 (/opt/rustwide/workdir)
[INFO] [stderr]     Finished test [unoptimized + debuginfo] target(s) in 0.45s
[INFO] running `Command { std: "docker" "inspect" "6fa228d572b899f0cfe92884c0f02d2443fbb6ccbb7609ce2c418cb0fd605876", kill_on_drop: false }`
[INFO] running `Command { std: "docker" "rm" "-f" "6fa228d572b899f0cfe92884c0f02d2443fbb6ccbb7609ce2c418cb0fd605876", kill_on_drop: false }`
[INFO] [stdout] 6fa228d572b899f0cfe92884c0f02d2443fbb6ccbb7609ce2c418cb0fd605876
[INFO] running `Command { std: "docker" "create" "-v" "/var/lib/crater-agent-workspace/builds/worker-6-tc1/target:/opt/rustwide/target:rw,Z" "-v" "/var/lib/crater-agent-workspace/builds/worker-6-tc1/source:/opt/rustwide/workdir:ro,Z" "-v" "/var/lib/crater-agent-workspace/cargo-home:/opt/rustwide/cargo-home:ro,Z" "-v" "/var/lib/crater-agent-workspace/rustup-home:/opt/rustwide/rustup-home:ro,Z" "-e" "SOURCE_DIR=/opt/rustwide/workdir" "-e" "CARGO_TARGET_DIR=/opt/rustwide/target" "-e" "CARGO_INCREMENTAL=0" "-e" "RUST_BACKTRACE=full" "-e" "RUSTFLAGS=--cap-lints=warn" "-e" "RUSTDOCFLAGS=--cap-lints=warn" "-e" "CARGO_HOME=/opt/rustwide/cargo-home" "-e" "RUSTUP_HOME=/opt/rustwide/rustup-home" "-w" "/opt/rustwide/workdir" "-m" "1610612736" "--user" "0:0" "--network" "none" "ghcr.io/rust-lang/crates-build-env/linux@sha256:2788e3201cd34a07e3172128adcd8b3090168a8e3bcc40d7c032b9dda1df7d1c" "/opt/rustwide/cargo-home/bin/cargo" "+1.75.0" "test" "--frozen", kill_on_drop: false }`
[INFO] [stdout] d6324031e8dc3f95b350fb21285af7cf524d1d33a543ba223e72768c69512cbd
[INFO] running `Command { std: "docker" "start" "-a" "d6324031e8dc3f95b350fb21285af7cf524d1d33a543ba223e72768c69512cbd", kill_on_drop: false }`
[INFO] [stderr]     Finished test [unoptimized + debuginfo] target(s) in 0.01s
[INFO] [stderr]      Running unittests src/lib.rs (/opt/rustwide/target/debug/deps/rustifact_derive-0bf34b432f499c9d)
[INFO] [stdout] 
[INFO] [stdout] running 0 tests
[INFO] [stdout] 
[INFO] [stdout] test result: ok. 0 passed; 0 failed; 0 ignored; 0 measured; 0 filtered out; finished in 0.00s
[INFO] [stdout] 
[INFO] [stderr]    Doc-tests rustifact_derive
[INFO] [stdout] 
[INFO] [stdout] running 2 tests
[INFO] [stdout] test src/lib.rs - derive_token_stream (line 109) - compile ... FAILED
[INFO] [stdout] test src/lib.rs - derive_token_stream (line 128) - compile ... FAILED
[INFO] [stdout] 
[INFO] [stdout] failures:
[INFO] [stdout] 
[INFO] [stdout] ---- src/lib.rs - derive_token_stream (line 109) stdout ----
[INFO] [stdout] error[E0432]: unresolved import `rustifact`
[INFO] [stdout]  --> src/lib.rs:110:5
[INFO] [stdout]   |
[INFO] [stdout] 3 | use rustifact::ToTokenStream;
[INFO] [stdout]   |     ^^^^^^^^^ use of undeclared crate or module `rustifact`
[INFO] [stdout] 
[INFO] [stdout] error: cannot determine resolution for the derive macro `ToTokenStream`
[INFO] [stdout]   --> src/lib.rs:117:10
[INFO] [stdout]    |
[INFO] [stdout] 10 | #[derive(ToTokenStream)]
[INFO] [stdout]    |          ^^^^^^^^^^^^^
[INFO] [stdout]    |
[INFO] [stdout]    = note: import resolution is stuck, try simplifying macro imports
[INFO] [stdout] 
[INFO] [stdout] error: cannot determine resolution for the derive macro `ToTokenStream`
[INFO] [stdout]  --> src/lib.rs:112:10
[INFO] [stdout]   |
[INFO] [stdout] 5 | #[derive(ToTokenStream)]
[INFO] [stdout]   |          ^^^^^^^^^^^^^
[INFO] [stdout]   |
[INFO] [stdout]   = note: import resolution is stuck, try simplifying macro imports
[INFO] [stdout] 
[INFO] [stdout] error: aborting due to 3 previous errors
[INFO] [stdout] 
[INFO] [stdout] For more information about this error, try `rustc --explain E0432`.
[INFO] [stdout] Couldn't compile the test.
[INFO] [stdout] ---- src/lib.rs - derive_token_stream (line 128) stdout ----
[INFO] [stdout] error[E0432]: unresolved import `rustifact`
[INFO] [stdout]  --> src/lib.rs:129:5
[INFO] [stdout]   |
[INFO] [stdout] 3 | use rustifact::ToTokenStream;
[INFO] [stdout]   |     ^^^^^^^^^ use of undeclared crate or module `rustifact`
[INFO] [stdout] 
[INFO] [stdout] error: cannot determine resolution for the derive macro `ToTokenStream`
[INFO] [stdout]  --> src/lib.rs:135:10
[INFO] [stdout]   |
[INFO] [stdout] 9 | #[derive(ToTokenStream)]
[INFO] [stdout]   |          ^^^^^^^^^^^^^
[INFO] [stdout]   |
[INFO] [stdout]   = note: import resolution is stuck, try simplifying macro imports
[INFO] [stdout] 
[INFO] [stdout] error: cannot find attribute `OutType` in this scope
[INFO] [stdout]   --> src/lib.rs:136:3
[INFO] [stdout]    |
[INFO] [stdout] 10 | #[OutType(StructWithStr)]
[INFO] [stdout]    |   ^^^^^^^
[INFO] [stdout] 
[INFO] [stdout] error: aborting due to 3 previous errors
[INFO] [stdout] 
[INFO] [stdout] For more information about this error, try `rustc --explain E0432`.
[INFO] [stdout] Couldn't compile the test.
[INFO] [stdout] 
[INFO] [stdout] failures:
[INFO] [stdout]     src/lib.rs - derive_token_stream (line 109)
[INFO] [stdout]     src/lib.rs - derive_token_stream (line 128)
[INFO] [stdout] 
[INFO] [stdout] test result: FAILED. 0 passed; 2 failed; 0 ignored; 0 measured; 0 filtered out; finished in 0.05s
[INFO] [stdout] 
[INFO] [stderr] error: doctest failed, to rerun pass `--doc`
[INFO] running `Command { std: "docker" "inspect" "d6324031e8dc3f95b350fb21285af7cf524d1d33a543ba223e72768c69512cbd", kill_on_drop: false }`
[INFO] running `Command { std: "docker" "rm" "-f" "d6324031e8dc3f95b350fb21285af7cf524d1d33a543ba223e72768c69512cbd", kill_on_drop: false }`
[INFO] [stdout] d6324031e8dc3f95b350fb21285af7cf524d1d33a543ba223e72768c69512cbd
[INFO] testing rustifact_derive-0.2.0 against beta-2023-12-22 for beta-1.76-1
[INFO] extracting crate rustifact_derive 0.2.0 into /workspace/builds/worker-6-tc2/source
[INFO] validating manifest of crates.io crate rustifact_derive 0.2.0 on toolchain beta-2023-12-22
[INFO] running `Command { std: CARGO_HOME="/workspace/cargo-home" RUSTUP_HOME="/workspace/rustup-home" "/workspace/cargo-home/bin/cargo" "+beta-2023-12-22" "metadata" "--manifest-path" "Cargo.toml" "--no-deps", kill_on_drop: false }`
[INFO] started tweaking crates.io crate rustifact_derive 0.2.0
[INFO] finished tweaking crates.io crate rustifact_derive 0.2.0
[INFO] tweaked toml for crates.io crate rustifact_derive 0.2.0 written to /workspace/builds/worker-6-tc2/source/Cargo.toml
[INFO] running `Command { std: CARGO_HOME="/workspace/cargo-home" RUSTUP_HOME="/workspace/rustup-home" "/workspace/cargo-home/bin/cargo" "+beta-2023-12-22" "generate-lockfile" "--manifest-path" "Cargo.toml", kill_on_drop: false }`
[INFO] [stderr]     Updating crates.io index
[INFO] running `Command { std: CARGO_HOME="/workspace/cargo-home" RUSTUP_HOME="/workspace/rustup-home" "/workspace/cargo-home/bin/cargo" "+beta-2023-12-22" "fetch" "--manifest-path" "Cargo.toml", kill_on_drop: false }`
[INFO] running `Command { std: "docker" "create" "-v" "/var/lib/crater-agent-workspace/builds/worker-6-tc2/target:/opt/rustwide/target:rw,Z" "-v" "/var/lib/crater-agent-workspace/builds/worker-6-tc2/source:/opt/rustwide/workdir:ro,Z" "-v" "/var/lib/crater-agent-workspace/cargo-home:/opt/rustwide/cargo-home:ro,Z" "-v" "/var/lib/crater-agent-workspace/rustup-home:/opt/rustwide/rustup-home:ro,Z" "-e" "SOURCE_DIR=/opt/rustwide/workdir" "-e" "CARGO_TARGET_DIR=/opt/rustwide/target" "-e" "CARGO_HOME=/opt/rustwide/cargo-home" "-e" "RUSTUP_HOME=/opt/rustwide/rustup-home" "-w" "/opt/rustwide/workdir" "-m" "1610612736" "--user" "0:0" "--network" "none" "ghcr.io/rust-lang/crates-build-env/linux@sha256:2788e3201cd34a07e3172128adcd8b3090168a8e3bcc40d7c032b9dda1df7d1c" "/opt/rustwide/cargo-home/bin/cargo" "+beta-2023-12-22" "metadata" "--no-deps" "--format-version=1", kill_on_drop: false }`
[INFO] [stdout] 98efc9c7aea89e586af16777f98ffa9ce974271ed6fce6077ec5ecf68b2b9409
[INFO] running `Command { std: "docker" "start" "-a" "98efc9c7aea89e586af16777f98ffa9ce974271ed6fce6077ec5ecf68b2b9409", kill_on_drop: false }`
[INFO] running `Command { std: "docker" "inspect" "98efc9c7aea89e586af16777f98ffa9ce974271ed6fce6077ec5ecf68b2b9409", kill_on_drop: false }`
[INFO] running `Command { std: "docker" "rm" "-f" "98efc9c7aea89e586af16777f98ffa9ce974271ed6fce6077ec5ecf68b2b9409", kill_on_drop: false }`
[INFO] [stdout] 98efc9c7aea89e586af16777f98ffa9ce974271ed6fce6077ec5ecf68b2b9409
[INFO] running `Command { std: "docker" "create" "-v" "/var/lib/crater-agent-workspace/builds/worker-6-tc2/target:/opt/rustwide/target:rw,Z" "-v" "/var/lib/crater-agent-workspace/builds/worker-6-tc2/source:/opt/rustwide/workdir:ro,Z" "-v" "/var/lib/crater-agent-workspace/cargo-home:/opt/rustwide/cargo-home:ro,Z" "-v" "/var/lib/crater-agent-workspace/rustup-home:/opt/rustwide/rustup-home:ro,Z" "-e" "SOURCE_DIR=/opt/rustwide/workdir" "-e" "CARGO_TARGET_DIR=/opt/rustwide/target" "-e" "CARGO_INCREMENTAL=0" "-e" "RUST_BACKTRACE=full" "-e" "RUSTFLAGS=--cap-lints=warn" "-e" "RUSTDOCFLAGS=--cap-lints=warn" "-e" "CARGO_HOME=/opt/rustwide/cargo-home" "-e" "RUSTUP_HOME=/opt/rustwide/rustup-home" "-w" "/opt/rustwide/workdir" "-m" "1610612736" "--user" "0:0" "--network" "none" "ghcr.io/rust-lang/crates-build-env/linux@sha256:2788e3201cd34a07e3172128adcd8b3090168a8e3bcc40d7c032b9dda1df7d1c" "/opt/rustwide/cargo-home/bin/cargo" "+beta-2023-12-22" "build" "--frozen" "--message-format=json", kill_on_drop: false }`
[INFO] [stdout] 7e637722f91e9002fbbc3b6c3b151e4d75931013352dab5f15358a0d6f7e0301
[INFO] running `Command { std: "docker" "start" "-a" "7e637722f91e9002fbbc3b6c3b151e4d75931013352dab5f15358a0d6f7e0301", kill_on_drop: false }`
[INFO] [stderr]    Compiling rustifact_derive v0.2.0 (/opt/rustwide/workdir)
[INFO] [stderr]     Finished dev [unoptimized + debuginfo] target(s) in 0.51s
[INFO] running `Command { std: "docker" "inspect" "7e637722f91e9002fbbc3b6c3b151e4d75931013352dab5f15358a0d6f7e0301", kill_on_drop: false }`
[INFO] running `Command { std: "docker" "rm" "-f" "7e637722f91e9002fbbc3b6c3b151e4d75931013352dab5f15358a0d6f7e0301", kill_on_drop: false }`
[INFO] [stdout] 7e637722f91e9002fbbc3b6c3b151e4d75931013352dab5f15358a0d6f7e0301
[INFO] running `Command { std: "docker" "create" "-v" "/var/lib/crater-agent-workspace/builds/worker-6-tc2/target:/opt/rustwide/target:rw,Z" "-v" "/var/lib/crater-agent-workspace/builds/worker-6-tc2/source:/opt/rustwide/workdir:ro,Z" "-v" "/var/lib/crater-agent-workspace/cargo-home:/opt/rustwide/cargo-home:ro,Z" "-v" "/var/lib/crater-agent-workspace/rustup-home:/opt/rustwide/rustup-home:ro,Z" "-e" "SOURCE_DIR=/opt/rustwide/workdir" "-e" "CARGO_TARGET_DIR=/opt/rustwide/target" "-e" "CARGO_INCREMENTAL=0" "-e" "RUST_BACKTRACE=full" "-e" "RUSTFLAGS=--cap-lints=warn" "-e" "RUSTDOCFLAGS=--cap-lints=warn" "-e" "CARGO_HOME=/opt/rustwide/cargo-home" "-e" "RUSTUP_HOME=/opt/rustwide/rustup-home" "-w" "/opt/rustwide/workdir" "-m" "1610612736" "--user" "0:0" "--network" "none" "ghcr.io/rust-lang/crates-build-env/linux@sha256:2788e3201cd34a07e3172128adcd8b3090168a8e3bcc40d7c032b9dda1df7d1c" "/opt/rustwide/cargo-home/bin/cargo" "+beta-2023-12-22" "test" "--frozen" "--no-run" "--message-format=json", kill_on_drop: false }`
[INFO] [stdout] cc16952390c20fec1958aff85228015c876f495d5bebc1c1bfeecae51daa9991
[INFO] running `Command { std: "docker" "start" "-a" "cc16952390c20fec1958aff85228015c876f495d5bebc1c1bfeecae51daa9991", kill_on_drop: false }`
[INFO] [stderr]    Compiling rustifact_derive v0.2.0 (/opt/rustwide/workdir)
[INFO] [stderr]     Finished test [unoptimized + debuginfo] target(s) in 0.41s
[INFO] running `Command { std: "docker" "inspect" "cc16952390c20fec1958aff85228015c876f495d5bebc1c1bfeecae51daa9991", kill_on_drop: false }`
[INFO] running `Command { std: "docker" "rm" "-f" "cc16952390c20fec1958aff85228015c876f495d5bebc1c1bfeecae51daa9991", kill_on_drop: false }`
[INFO] [stdout] cc16952390c20fec1958aff85228015c876f495d5bebc1c1bfeecae51daa9991
[INFO] running `Command { std: "docker" "create" "-v" "/var/lib/crater-agent-workspace/builds/worker-6-tc2/target:/opt/rustwide/target:rw,Z" "-v" "/var/lib/crater-agent-workspace/builds/worker-6-tc2/source:/opt/rustwide/workdir:ro,Z" "-v" "/var/lib/crater-agent-workspace/cargo-home:/opt/rustwide/cargo-home:ro,Z" "-v" "/var/lib/crater-agent-workspace/rustup-home:/opt/rustwide/rustup-home:ro,Z" "-e" "SOURCE_DIR=/opt/rustwide/workdir" "-e" "CARGO_TARGET_DIR=/opt/rustwide/target" "-e" "CARGO_INCREMENTAL=0" "-e" "RUST_BACKTRACE=full" "-e" "RUSTFLAGS=--cap-lints=warn" "-e" "RUSTDOCFLAGS=--cap-lints=warn" "-e" "CARGO_HOME=/opt/rustwide/cargo-home" "-e" "RUSTUP_HOME=/opt/rustwide/rustup-home" "-w" "/opt/rustwide/workdir" "-m" "1610612736" "--user" "0:0" "--network" "none" "ghcr.io/rust-lang/crates-build-env/linux@sha256:2788e3201cd34a07e3172128adcd8b3090168a8e3bcc40d7c032b9dda1df7d1c" "/opt/rustwide/cargo-home/bin/cargo" "+beta-2023-12-22" "test" "--frozen", kill_on_drop: false }`
[INFO] [stdout] 85a340ddf6c59d1f48668c4af1f05f0ab5c480111ef1b0ba2af9b8b95d88a0fa
[INFO] running `Command { std: "docker" "start" "-a" "85a340ddf6c59d1f48668c4af1f05f0ab5c480111ef1b0ba2af9b8b95d88a0fa", kill_on_drop: false }`
[INFO] [stderr]     Finished test [unoptimized + debuginfo] target(s) in 0.01s
[INFO] [stderr]      Running unittests src/lib.rs (/opt/rustwide/target/debug/deps/rustifact_derive-4cd969082b73fd80)
[INFO] [stdout] 
[INFO] [stdout] running 0 tests
[INFO] [stdout] 
[INFO] [stdout] test result: ok. 0 passed; 0 failed; 0 ignored; 0 measured; 0 filtered out; finished in 0.00s
[INFO] [stdout] 
[INFO] [stderr]    Doc-tests rustifact_derive
[INFO] [stdout] 
[INFO] [stdout] running 2 tests
[INFO] [stdout] test src/lib.rs - derive_token_stream (line 109) - compile ... FAILED
[INFO] [stdout] test src/lib.rs - derive_token_stream (line 128) - compile ... FAILED
[INFO] [stdout] 
[INFO] [stdout] failures:
[INFO] [stdout] 
[INFO] [stdout] ---- src/lib.rs - derive_token_stream (line 109) stdout ----
[INFO] [stdout] error[E0432]: unresolved import `rustifact`
[INFO] [stdout]  --> src/lib.rs:110:5
[INFO] [stdout]   |
[INFO] [stdout] 3 | use rustifact::ToTokenStream;
[INFO] [stdout]   |     ^^^^^^^^^ use of undeclared crate or module `rustifact`
[INFO] [stdout] 
[INFO] [stdout] error: cannot determine resolution for the derive macro `ToTokenStream`
[INFO] [stdout]   --> src/lib.rs:117:10
[INFO] [stdout]    |
[INFO] [stdout] 10 | #[derive(ToTokenStream)]
[INFO] [stdout]    |          ^^^^^^^^^^^^^
[INFO] [stdout]    |
[INFO] [stdout]    = note: import resolution is stuck, try simplifying macro imports
[INFO] [stdout] 
[INFO] [stdout] error: cannot determine resolution for the derive macro `ToTokenStream`
[INFO] [stdout]  --> src/lib.rs:112:10
[INFO] [stdout]   |
[INFO] [stdout] 5 | #[derive(ToTokenStream)]
[INFO] [stdout]   |          ^^^^^^^^^^^^^
[INFO] [stdout]   |
[INFO] [stdout]   = note: import resolution is stuck, try simplifying macro imports
[INFO] [stdout] 
[INFO] [stdout] error: aborting due to 3 previous errors
[INFO] [stdout] 
[INFO] [stdout] For more information about this error, try `rustc --explain E0432`.
[INFO] [stdout] Couldn't compile the test.
[INFO] [stdout] ---- src/lib.rs - derive_token_stream (line 128) stdout ----
[INFO] [stdout] error[E0432]: unresolved import `rustifact`
[INFO] [stdout]  --> src/lib.rs:129:5
[INFO] [stdout]   |
[INFO] [stdout] 3 | use rustifact::ToTokenStream;
[INFO] [stdout]   |     ^^^^^^^^^ use of undeclared crate or module `rustifact`
[INFO] [stdout] 
[INFO] [stdout] error: cannot determine resolution for the derive macro `ToTokenStream`
[INFO] [stdout]  --> src/lib.rs:135:10
[INFO] [stdout]   |
[INFO] [stdout] 9 | #[derive(ToTokenStream)]
[INFO] [stdout]   |          ^^^^^^^^^^^^^
[INFO] [stdout]   |
[INFO] [stdout]   = note: import resolution is stuck, try simplifying macro imports
[INFO] [stdout] 
[INFO] [stdout] error: cannot find attribute `OutType` in this scope
[INFO] [stdout]   --> src/lib.rs:136:3
[INFO] [stdout]    |
[INFO] [stdout] 10 | #[OutType(StructWithStr)]
[INFO] [stdout]    |   ^^^^^^^
[INFO] [stdout] 
[INFO] [stdout] error: aborting due to 3 previous errors
[INFO] [stdout] 
[INFO] [stdout] For more information about this error, try `rustc --explain E0432`.
[INFO] [stdout] Couldn't compile the test.
[INFO] [stdout] 
[INFO] [stdout] failures:
[INFO] [stdout]     src/lib.rs - derive_token_stream (line 109)
[INFO] [stdout]     src/lib.rs - derive_token_stream (line 128)
[INFO] [stdout] 
[INFO] [stdout] test result: FAILED. 0 passed; 2 failed; 0 ignored; 0 measured; 0 filtered out; finished in 0.06s
[INFO] [stdout] 
[INFO] [stderr] error: doctest failed, to rerun pass `--doc`
[INFO] running `Command { std: "docker" "inspect" "85a340ddf6c59d1f48668c4af1f05f0ab5c480111ef1b0ba2af9b8b95d88a0fa", kill_on_drop: false }`
[INFO] running `Command { std: "docker" "rm" "-f" "85a340ddf6c59d1f48668c4af1f05f0ab5c480111ef1b0ba2af9b8b95d88a0fa", kill_on_drop: false }`
[INFO] [stdout] 85a340ddf6c59d1f48668c4af1f05f0ab5c480111ef1b0ba2af9b8b95d88a0fa
