[INFO] fetching crate rustic-mountain-core 0.1.0...
[INFO] testing rustic-mountain-core-0.1.0 against 1.75.0 for beta-1.76-1
[INFO] extracting crate rustic-mountain-core 0.1.0 into /workspace/builds/worker-4-tc1/source
[INFO] validating manifest of crates.io crate rustic-mountain-core 0.1.0 on toolchain 1.75.0
[INFO] running `Command { std: CARGO_HOME="/workspace/cargo-home" RUSTUP_HOME="/workspace/rustup-home" "/workspace/cargo-home/bin/cargo" "+1.75.0" "metadata" "--manifest-path" "Cargo.toml" "--no-deps", kill_on_drop: false }`
[INFO] started tweaking crates.io crate rustic-mountain-core 0.1.0
[INFO] finished tweaking crates.io crate rustic-mountain-core 0.1.0
[INFO] tweaked toml for crates.io crate rustic-mountain-core 0.1.0 written to /workspace/builds/worker-4-tc1/source/Cargo.toml
[INFO] running `Command { std: CARGO_HOME="/workspace/cargo-home" RUSTUP_HOME="/workspace/rustup-home" "/workspace/cargo-home/bin/cargo" "+1.75.0" "generate-lockfile" "--manifest-path" "Cargo.toml", kill_on_drop: false }`
[INFO] [stderr]     Updating crates.io index
[INFO] running `Command { std: CARGO_HOME="/workspace/cargo-home" RUSTUP_HOME="/workspace/rustup-home" "/workspace/cargo-home/bin/cargo" "+1.75.0" "fetch" "--manifest-path" "Cargo.toml", kill_on_drop: false }`
[INFO] running `Command { std: "docker" "create" "-v" "/var/lib/crater-agent-workspace/builds/worker-4-tc1/target:/opt/rustwide/target:rw,Z" "-v" "/var/lib/crater-agent-workspace/builds/worker-4-tc1/source:/opt/rustwide/workdir:ro,Z" "-v" "/var/lib/crater-agent-workspace/cargo-home:/opt/rustwide/cargo-home:ro,Z" "-v" "/var/lib/crater-agent-workspace/rustup-home:/opt/rustwide/rustup-home:ro,Z" "-e" "SOURCE_DIR=/opt/rustwide/workdir" "-e" "CARGO_TARGET_DIR=/opt/rustwide/target" "-e" "CARGO_HOME=/opt/rustwide/cargo-home" "-e" "RUSTUP_HOME=/opt/rustwide/rustup-home" "-w" "/opt/rustwide/workdir" "-m" "1610612736" "--user" "0:0" "--network" "none" "ghcr.io/rust-lang/crates-build-env/linux@sha256:2788e3201cd34a07e3172128adcd8b3090168a8e3bcc40d7c032b9dda1df7d1c" "/opt/rustwide/cargo-home/bin/cargo" "+1.75.0" "metadata" "--no-deps" "--format-version=1", kill_on_drop: false }`
[INFO] [stdout] 3580ec7a8103ce292ce67527d6bf3fd0f0add3bcb0caa12fa872fe9bbbf917b7
[INFO] running `Command { std: "docker" "start" "-a" "3580ec7a8103ce292ce67527d6bf3fd0f0add3bcb0caa12fa872fe9bbbf917b7", kill_on_drop: false }`
[INFO] running `Command { std: "docker" "inspect" "3580ec7a8103ce292ce67527d6bf3fd0f0add3bcb0caa12fa872fe9bbbf917b7", kill_on_drop: false }`
[INFO] running `Command { std: "docker" "rm" "-f" "3580ec7a8103ce292ce67527d6bf3fd0f0add3bcb0caa12fa872fe9bbbf917b7", kill_on_drop: false }`
[INFO] [stdout] 3580ec7a8103ce292ce67527d6bf3fd0f0add3bcb0caa12fa872fe9bbbf917b7
[INFO] running `Command { std: "docker" "create" "-v" "/var/lib/crater-agent-workspace/builds/worker-4-tc1/target:/opt/rustwide/target:rw,Z" "-v" "/var/lib/crater-agent-workspace/builds/worker-4-tc1/source:/opt/rustwide/workdir:ro,Z" "-v" "/var/lib/crater-agent-workspace/cargo-home:/opt/rustwide/cargo-home:ro,Z" "-v" "/var/lib/crater-agent-workspace/rustup-home:/opt/rustwide/rustup-home:ro,Z" "-e" "SOURCE_DIR=/opt/rustwide/workdir" "-e" "CARGO_TARGET_DIR=/opt/rustwide/target" "-e" "CARGO_INCREMENTAL=0" "-e" "RUST_BACKTRACE=full" "-e" "RUSTFLAGS=--cap-lints=warn" "-e" "RUSTDOCFLAGS=--cap-lints=warn" "-e" "CARGO_HOME=/opt/rustwide/cargo-home" "-e" "RUSTUP_HOME=/opt/rustwide/rustup-home" "-w" "/opt/rustwide/workdir" "-m" "1610612736" "--user" "0:0" "--network" "none" "ghcr.io/rust-lang/crates-build-env/linux@sha256:2788e3201cd34a07e3172128adcd8b3090168a8e3bcc40d7c032b9dda1df7d1c" "/opt/rustwide/cargo-home/bin/cargo" "+1.75.0" "build" "--frozen" "--message-format=json", kill_on_drop: false }`
[INFO] [stdout] 5352d6447a2fc052ab640a492c457b70716f6b89574814ebbe6ddb3f8e5858a0
[INFO] running `Command { std: "docker" "start" "-a" "5352d6447a2fc052ab640a492c457b70716f6b89574814ebbe6ddb3f8e5858a0", kill_on_drop: false }`
[INFO] [stderr]    Compiling libc v0.2.151
[INFO] [stderr]    Compiling serde v1.0.194
[INFO] [stderr]    Compiling hex v0.4.3
[INFO] [stderr]    Compiling syn v2.0.48
[INFO] [stderr]    Compiling getrandom v0.2.11
[INFO] [stderr]    Compiling rand_core v0.6.4
[INFO] [stderr]    Compiling rand_chacha v0.3.1
[INFO] [stderr]    Compiling serde_derive v1.0.194
[INFO] [stderr]    Compiling rand v0.8.5
[INFO] [stderr]    Compiling serde_json v1.0.111
[INFO] [stderr]    Compiling rustic-mountain-core v0.1.0 (/opt/rustwide/workdir)
[INFO] [stdout] warning: unused imports: `lifeup::LifeUp`, `player::Player`
[INFO] [stdout]   --> src/lib.rs:12:61
[INFO] [stdout]    |
[INFO] [stdout] 12 |     flag::Flag, flyfruit::FlyFruit, fruit::Fruit, key::Key, lifeup::LifeUp, message::Message,
[INFO] [stdout]    |                                                             ^^^^^^^^^^^^^^
[INFO] [stdout] 13 |     platform::Platform, player::Player, playerspawn::PlayerSpawn, roomtitle::RoomTitle,
[INFO] [stdout]    |                         ^^^^^^^^^^^^^^
[INFO] [stdout]    |
[INFO] [stdout]    = note: `#[warn(unused_imports)]` on by default
[INFO] [stdout] 
[INFO] [stdout] 
[INFO] [stdout] warning: unused import: `serde_json::json`
[INFO] [stdout]   --> src/lib.rs:18:5
[INFO] [stdout]    |
[INFO] [stdout] 18 | use serde_json::json;
[INFO] [stdout]    |     ^^^^^^^^^^^^^^^^
[INFO] [stdout] 
[INFO] [stdout] 
[INFO] [stdout] warning: unused variable: `obj`
[INFO] [stdout]   --> src/objects/orb.rs:34:19
[INFO] [stdout]    |
[INFO] [stdout] 34 |     pub fn update(obj: &mut Object, _celeste: &mut Celeste) {}
[INFO] [stdout]    |                   ^^^ help: if this is intentional, prefix it with an underscore: `_obj`
[INFO] [stdout]    |
[INFO] [stdout]    = note: `#[warn(unused_variables)]` on by default
[INFO] [stdout] 
[INFO] [stdout] 
[INFO] [stdout] warning: unused variable: `lastlen`
[INFO] [stdout]    --> src/lib.rs:162:17
[INFO] [stdout]     |
[INFO] [stdout] 162 |         let mut lastlen = self.objects.len();
[INFO] [stdout]     |                 ^^^^^^^ help: if this is intentional, prefix it with an underscore: `_lastlen`
[INFO] [stdout] 
[INFO] [stdout] 
[INFO] [stdout] warning: variable does not need to be mutable
[INFO] [stdout]    --> src/lib.rs:162:13
[INFO] [stdout]     |
[INFO] [stdout] 162 |         let mut lastlen = self.objects.len();
[INFO] [stdout]     |             ----^^^^^^^
[INFO] [stdout]     |             |
[INFO] [stdout]     |             help: remove this `mut`
[INFO] [stdout]     |
[INFO] [stdout]     = note: `#[warn(unused_mut)]` on by default
[INFO] [stdout] 
[INFO] [stdout] 
[INFO] [stdout] warning: 5 warnings emitted
[INFO] [stdout] 
[INFO] [stdout] 
[INFO] [stderr]     Finished dev [unoptimized + debuginfo] target(s) in 14.46s
[INFO] running `Command { std: "docker" "inspect" "5352d6447a2fc052ab640a492c457b70716f6b89574814ebbe6ddb3f8e5858a0", kill_on_drop: false }`
[INFO] running `Command { std: "docker" "rm" "-f" "5352d6447a2fc052ab640a492c457b70716f6b89574814ebbe6ddb3f8e5858a0", kill_on_drop: false }`
[INFO] [stdout] 5352d6447a2fc052ab640a492c457b70716f6b89574814ebbe6ddb3f8e5858a0
[INFO] running `Command { std: "docker" "create" "-v" "/var/lib/crater-agent-workspace/builds/worker-4-tc1/target:/opt/rustwide/target:rw,Z" "-v" "/var/lib/crater-agent-workspace/builds/worker-4-tc1/source:/opt/rustwide/workdir:ro,Z" "-v" "/var/lib/crater-agent-workspace/cargo-home:/opt/rustwide/cargo-home:ro,Z" "-v" "/var/lib/crater-agent-workspace/rustup-home:/opt/rustwide/rustup-home:ro,Z" "-e" "SOURCE_DIR=/opt/rustwide/workdir" "-e" "CARGO_TARGET_DIR=/opt/rustwide/target" "-e" "CARGO_INCREMENTAL=0" "-e" "RUST_BACKTRACE=full" "-e" "RUSTFLAGS=--cap-lints=warn" "-e" "RUSTDOCFLAGS=--cap-lints=warn" "-e" "CARGO_HOME=/opt/rustwide/cargo-home" "-e" "RUSTUP_HOME=/opt/rustwide/rustup-home" "-w" "/opt/rustwide/workdir" "-m" "1610612736" "--user" "0:0" "--network" "none" "ghcr.io/rust-lang/crates-build-env/linux@sha256:2788e3201cd34a07e3172128adcd8b3090168a8e3bcc40d7c032b9dda1df7d1c" "/opt/rustwide/cargo-home/bin/cargo" "+1.75.0" "test" "--frozen" "--no-run" "--message-format=json", kill_on_drop: false }`
[INFO] [stdout] 0b6cb05be4451174c82514305c185b5ba251f5972c981187e7f6a810a34ab7a3
[INFO] running `Command { std: "docker" "start" "-a" "0b6cb05be4451174c82514305c185b5ba251f5972c981187e7f6a810a34ab7a3", kill_on_drop: false }`
[INFO] [stderr]    Compiling rustic-mountain-core v0.1.0 (/opt/rustwide/workdir)
[INFO] [stdout] warning: unused imports: `lifeup::LifeUp`, `player::Player`
[INFO] [stdout]   --> src/lib.rs:12:61
[INFO] [stdout]    |
[INFO] [stdout] 12 |     flag::Flag, flyfruit::FlyFruit, fruit::Fruit, key::Key, lifeup::LifeUp, message::Message,
[INFO] [stdout]    |                                                             ^^^^^^^^^^^^^^
[INFO] [stdout] 13 |     platform::Platform, player::Player, playerspawn::PlayerSpawn, roomtitle::RoomTitle,
[INFO] [stdout]    |                         ^^^^^^^^^^^^^^
[INFO] [stdout]    |
[INFO] [stdout]    = note: `#[warn(unused_imports)]` on by default
[INFO] [stdout] 
[INFO] [stdout] 
[INFO] [stdout] warning: unused import: `serde_json::json`
[INFO] [stdout]   --> src/lib.rs:18:5
[INFO] [stdout]    |
[INFO] [stdout] 18 | use serde_json::json;
[INFO] [stdout]    |     ^^^^^^^^^^^^^^^^
[INFO] [stdout] 
[INFO] [stdout] 
[INFO] [stdout] warning: unused variable: `obj`
[INFO] [stdout]   --> src/objects/orb.rs:34:19
[INFO] [stdout]    |
[INFO] [stdout] 34 |     pub fn update(obj: &mut Object, _celeste: &mut Celeste) {}
[INFO] [stdout]    |                   ^^^ help: if this is intentional, prefix it with an underscore: `_obj`
[INFO] [stdout]    |
[INFO] [stdout]    = note: `#[warn(unused_variables)]` on by default
[INFO] [stdout] 
[INFO] [stdout] 
[INFO] [stdout] warning: unused variable: `lastlen`
[INFO] [stdout]    --> src/lib.rs:162:17
[INFO] [stdout]     |
[INFO] [stdout] 162 |         let mut lastlen = self.objects.len();
[INFO] [stdout]     |                 ^^^^^^^ help: if this is intentional, prefix it with an underscore: `_lastlen`
[INFO] [stdout] 
[INFO] [stdout] 
[INFO] [stdout] warning: variable does not need to be mutable
[INFO] [stdout]    --> src/lib.rs:162:13
[INFO] [stdout]     |
[INFO] [stdout] 162 |         let mut lastlen = self.objects.len();
[INFO] [stdout]     |             ----^^^^^^^
[INFO] [stdout]     |             |
[INFO] [stdout]     |             help: remove this `mut`
[INFO] [stdout]     |
[INFO] [stdout]     = note: `#[warn(unused_mut)]` on by default
[INFO] [stdout] 
[INFO] [stdout] 
[INFO] [stdout] warning: 5 warnings emitted
[INFO] [stdout] 
[INFO] [stdout] 
[INFO] [stdout] warning: unused imports: `lifeup::LifeUp`, `player::Player`
[INFO] [stdout]   --> src/lib.rs:12:61
[INFO] [stdout]    |
[INFO] [stdout] 12 |     flag::Flag, flyfruit::FlyFruit, fruit::Fruit, key::Key, lifeup::LifeUp, message::Message,
[INFO] [stdout]    |                                                             ^^^^^^^^^^^^^^
[INFO] [stdout] 13 |     platform::Platform, player::Player, playerspawn::PlayerSpawn, roomtitle::RoomTitle,
[INFO] [stdout]    |                         ^^^^^^^^^^^^^^
[INFO] [stdout]    |
[INFO] [stdout]    = note: `#[warn(unused_imports)]` on by default
[INFO] [stdout] 
[INFO] [stdout] 
[INFO] [stdout] warning: unused import: `serde_json::json`
[INFO] [stdout]   --> src/lib.rs:18:5
[INFO] [stdout]    |
[INFO] [stdout] 18 | use serde_json::json;
[INFO] [stdout]    |     ^^^^^^^^^^^^^^^^
[INFO] [stdout] 
[INFO] [stdout] 
[INFO] [stdout] warning: unused variable: `obj`
[INFO] [stdout]   --> src/objects/orb.rs:34:19
[INFO] [stdout]    |
[INFO] [stdout] 34 |     pub fn update(obj: &mut Object, _celeste: &mut Celeste) {}
[INFO] [stdout]    |                   ^^^ help: if this is intentional, prefix it with an underscore: `_obj`
[INFO] [stdout]    |
[INFO] [stdout]    = note: `#[warn(unused_variables)]` on by default
[INFO] [stdout] 
[INFO] [stdout] 
[INFO] [stdout] warning: unused variable: `lastlen`
[INFO] [stdout]    --> src/lib.rs:162:17
[INFO] [stdout]     |
[INFO] [stdout] 162 |         let mut lastlen = self.objects.len();
[INFO] [stdout]     |                 ^^^^^^^ help: if this is intentional, prefix it with an underscore: `_lastlen`
[INFO] [stdout] 
[INFO] [stdout] 
[INFO] [stdout] warning: variable does not need to be mutable
[INFO] [stdout]    --> src/lib.rs:162:13
[INFO] [stdout]     |
[INFO] [stdout] 162 |         let mut lastlen = self.objects.len();
[INFO] [stdout]     |             ----^^^^^^^
[INFO] [stdout]     |             |
[INFO] [stdout]     |             help: remove this `mut`
[INFO] [stdout]     |
[INFO] [stdout]     = note: `#[warn(unused_mut)]` on by default
[INFO] [stdout] 
[INFO] [stdout] 
[INFO] [stdout] warning: 5 warnings emitted
[INFO] [stdout] 
[INFO] [stdout] 
[INFO] [stderr]     Finished test [unoptimized + debuginfo] target(s) in 1.18s
[INFO] running `Command { std: "docker" "inspect" "0b6cb05be4451174c82514305c185b5ba251f5972c981187e7f6a810a34ab7a3", kill_on_drop: false }`
[INFO] running `Command { std: "docker" "rm" "-f" "0b6cb05be4451174c82514305c185b5ba251f5972c981187e7f6a810a34ab7a3", kill_on_drop: false }`
[INFO] [stdout] 0b6cb05be4451174c82514305c185b5ba251f5972c981187e7f6a810a34ab7a3
[INFO] running `Command { std: "docker" "create" "-v" "/var/lib/crater-agent-workspace/builds/worker-4-tc1/target:/opt/rustwide/target:rw,Z" "-v" "/var/lib/crater-agent-workspace/builds/worker-4-tc1/source:/opt/rustwide/workdir:ro,Z" "-v" "/var/lib/crater-agent-workspace/cargo-home:/opt/rustwide/cargo-home:ro,Z" "-v" "/var/lib/crater-agent-workspace/rustup-home:/opt/rustwide/rustup-home:ro,Z" "-e" "SOURCE_DIR=/opt/rustwide/workdir" "-e" "CARGO_TARGET_DIR=/opt/rustwide/target" "-e" "CARGO_INCREMENTAL=0" "-e" "RUST_BACKTRACE=full" "-e" "RUSTFLAGS=--cap-lints=warn" "-e" "RUSTDOCFLAGS=--cap-lints=warn" "-e" "CARGO_HOME=/opt/rustwide/cargo-home" "-e" "RUSTUP_HOME=/opt/rustwide/rustup-home" "-w" "/opt/rustwide/workdir" "-m" "1610612736" "--user" "0:0" "--network" "none" "ghcr.io/rust-lang/crates-build-env/linux@sha256:2788e3201cd34a07e3172128adcd8b3090168a8e3bcc40d7c032b9dda1df7d1c" "/opt/rustwide/cargo-home/bin/cargo" "+1.75.0" "test" "--frozen", kill_on_drop: false }`
[INFO] [stdout] d3f0b3a4914e683b7c3d0f76e7903db9b7169140c2042d3061cf6bd39785f66c
[INFO] running `Command { std: "docker" "start" "-a" "d3f0b3a4914e683b7c3d0f76e7903db9b7169140c2042d3061cf6bd39785f66c", kill_on_drop: false }`
[INFO] [stderr] warning: unused imports: `lifeup::LifeUp`, `player::Player`
[INFO] [stderr]   --> src/lib.rs:12:61
[INFO] [stderr]    |
[INFO] [stderr] 12 |     flag::Flag, flyfruit::FlyFruit, fruit::Fruit, key::Key, lifeup::LifeUp, message::Message,
[INFO] [stderr]    |                                                             ^^^^^^^^^^^^^^
[INFO] [stderr] 13 |     platform::Platform, player::Player, playerspawn::PlayerSpawn, roomtitle::RoomTitle,
[INFO] [stderr]    |                         ^^^^^^^^^^^^^^
[INFO] [stderr]    |
[INFO] [stderr]    = note: `#[warn(unused_imports)]` on by default
[INFO] [stderr] 
[INFO] [stderr] warning: unused import: `serde_json::json`
[INFO] [stderr]   --> src/lib.rs:18:5
[INFO] [stderr]    |
[INFO] [stderr] 18 | use serde_json::json;
[INFO] [stderr]    |     ^^^^^^^^^^^^^^^^
[INFO] [stderr] 
[INFO] [stderr] warning: unused variable: `obj`
[INFO] [stderr]   --> src/objects/orb.rs:34:19
[INFO] [stderr]    |
[INFO] [stderr] 34 |     pub fn update(obj: &mut Object, _celeste: &mut Celeste) {}
[INFO] [stderr]    |                   ^^^ help: if this is intentional, prefix it with an underscore: `_obj`
[INFO] [stderr]    |
[INFO] [stderr]    = note: `#[warn(unused_variables)]` on by default
[INFO] [stderr] 
[INFO] [stderr] warning: unused variable: `lastlen`
[INFO] [stderr]    --> src/lib.rs:162:17
[INFO] [stderr]     |
[INFO] [stderr] 162 |         let mut lastlen = self.objects.len();
[INFO] [stderr]     |                 ^^^^^^^ help: if this is intentional, prefix it with an underscore: `_lastlen`
[INFO] [stderr] 
[INFO] [stderr] warning: variable does not need to be mutable
[INFO] [stderr]    --> src/lib.rs:162:13
[INFO] [stderr]     |
[INFO] [stderr] 162 |         let mut lastlen = self.objects.len();
[INFO] [stderr]     |             ----^^^^^^^
[INFO] [stderr]     |             |
[INFO] [stderr]     |             help: remove this `mut`
[INFO] [stderr]     |
[INFO] [stderr]     = note: `#[warn(unused_mut)]` on by default
[INFO] [stderr] 
[INFO] [stderr] warning: `rustic-mountain-core` (lib) generated 5 warnings (run `cargo fix --lib -p rustic-mountain-core` to apply 5 suggestions)
[INFO] [stderr] warning: `rustic-mountain-core` (lib test) generated 5 warnings (5 duplicates)
[INFO] [stderr]     Finished test [unoptimized + debuginfo] target(s) in 0.03s
[INFO] [stderr]      Running unittests src/lib.rs (/opt/rustwide/target/debug/deps/rustic_mountain_core-9638ce8e4e422c17)
[INFO] [stdout] 
[INFO] [stdout] running 0 tests
[INFO] [stdout] 
[INFO] [stdout] test result: ok. 0 passed; 0 failed; 0 ignored; 0 measured; 0 filtered out; finished in 0.00s
[INFO] [stdout] 
[INFO] [stderr]    Doc-tests rustic_mountain_core
[INFO] [stdout] 
[INFO] [stdout] running 3 tests
[INFO] [stdout] test src/lib.rs - Celeste::load_state (line 460) ... FAILED
[INFO] [stdout] test src/lib.rs - Celeste::save_state (line 451) ... FAILED
[INFO] [stdout] test src/lib.rs - Celeste::new (line 63) ... FAILED
[INFO] [stdout] 
[INFO] [stdout] failures:
[INFO] [stdout] 
[INFO] [stdout] ---- src/lib.rs - Celeste::load_state (line 460) stdout ----
[INFO] [stdout] error[E0425]: cannot find value `celeste` in this scope
[INFO] [stdout]  --> src/lib.rs:461:17
[INFO] [stdout]   |
[INFO] [stdout] 3 | let savestate = celeste.save_state();
[INFO] [stdout]   |                 ^^^^^^^ not found in this scope
[INFO] [stdout] 
[INFO] [stdout] error[E0425]: cannot find value `celeste` in this scope
[INFO] [stdout]  --> src/lib.rs:462:1
[INFO] [stdout]   |
[INFO] [stdout] 4 | celeste.load_state(savestate)
[INFO] [stdout]   | ^^^^^^^ not found in this scope
[INFO] [stdout] 
[INFO] [stdout] error: aborting due to 2 previous errors
[INFO] [stdout] 
[INFO] [stdout] For more information about this error, try `rustc --explain E0425`.
[INFO] [stdout] Couldn't compile the test.
[INFO] [stdout] ---- src/lib.rs - Celeste::save_state (line 451) stdout ----
[INFO] [stdout] error[E0425]: cannot find value `celeste` in this scope
[INFO] [stdout]  --> src/lib.rs:452:17
[INFO] [stdout]   |
[INFO] [stdout] 3 | let savestate = celeste.save_state();
[INFO] [stdout]   |                 ^^^^^^^ not found in this scope
[INFO] [stdout] 
[INFO] [stdout] error[E0425]: cannot find value `celeste` in this scope
[INFO] [stdout]  --> src/lib.rs:453:1
[INFO] [stdout]   |
[INFO] [stdout] 4 | celeste.load_state(savestate)
[INFO] [stdout]   | ^^^^^^^ not found in this scope
[INFO] [stdout] 
[INFO] [stdout] error: aborting due to 2 previous errors
[INFO] [stdout] 
[INFO] [stdout] For more information about this error, try `rustc --explain E0425`.
[INFO] [stdout] Couldn't compile the test.
[INFO] [stdout] ---- src/lib.rs - Celeste::new (line 63) stdout ----
[INFO] [stdout] error[E0433]: failed to resolve: use of undeclared type `Celeste`
[INFO] [stdout]  --> src/lib.rs:65:15
[INFO] [stdout]   |
[INFO] [stdout] 4 | let celeste = Celeste::new(MAPDATA,SPRITES,FLAGS,FONTATLAS);
[INFO] [stdout]   |               ^^^^^^^ use of undeclared type `Celeste`
[INFO] [stdout]   |
[INFO] [stdout] help: consider importing this struct
[INFO] [stdout]   |
[INFO] [stdout] 3 + use rustic_mountain_core::Celeste;
[INFO] [stdout]   |
[INFO] [stdout] 
[INFO] [stdout] error[E0425]: cannot find value `MAPDATA` in this scope
[INFO] [stdout]  --> src/lib.rs:65:28
[INFO] [stdout]   |
[INFO] [stdout] 4 | let celeste = Celeste::new(MAPDATA,SPRITES,FLAGS,FONTATLAS);
[INFO] [stdout]   |                            ^^^^^^^ not found in this scope
[INFO] [stdout] 
[INFO] [stdout] error[E0425]: cannot find value `SPRITES` in this scope
[INFO] [stdout]  --> src/lib.rs:65:36
[INFO] [stdout]   |
[INFO] [stdout] 4 | let celeste = Celeste::new(MAPDATA,SPRITES,FLAGS,FONTATLAS);
[INFO] [stdout]   |                                    ^^^^^^^ not found in this scope
[INFO] [stdout] 
[INFO] [stdout] error[E0425]: cannot find value `FLAGS` in this scope
[INFO] [stdout]  --> src/lib.rs:65:44
[INFO] [stdout]   |
[INFO] [stdout] 4 | let celeste = Celeste::new(MAPDATA,SPRITES,FLAGS,FONTATLAS);
[INFO] [stdout]   |                                            ^^^^^ not found in this scope
[INFO] [stdout] 
[INFO] [stdout] error[E0425]: cannot find value `FONTATLAS` in this scope
[INFO] [stdout]  --> src/lib.rs:65:50
[INFO] [stdout]   |
[INFO] [stdout] 4 | let celeste = Celeste::new(MAPDATA,SPRITES,FLAGS,FONTATLAS);
[INFO] [stdout]   |                                                  ^^^^^^^^^ not found in this scope
[INFO] [stdout] 
[INFO] [stdout] error: aborting due to 5 previous errors
[INFO] [stdout] 
[INFO] [stdout] Some errors have detailed explanations: E0425, E0433.
[INFO] [stdout] For more information about an error, try `rustc --explain E0425`.
[INFO] [stdout] Couldn't compile the test.
[INFO] [stdout] 
[INFO] [stdout] failures:
[INFO] [stdout]     src/lib.rs - Celeste::load_state (line 460)
[INFO] [stdout]     src/lib.rs - Celeste::new (line 63)
[INFO] [stdout]     src/lib.rs - Celeste::save_state (line 451)
[INFO] [stdout] 
[INFO] [stdout] test result: FAILED. 0 passed; 3 failed; 0 ignored; 0 measured; 0 filtered out; finished in 0.12s
[INFO] [stdout] 
[INFO] [stderr] error: doctest failed, to rerun pass `--doc`
[INFO] running `Command { std: "docker" "inspect" "d3f0b3a4914e683b7c3d0f76e7903db9b7169140c2042d3061cf6bd39785f66c", kill_on_drop: false }`
[INFO] running `Command { std: "docker" "rm" "-f" "d3f0b3a4914e683b7c3d0f76e7903db9b7169140c2042d3061cf6bd39785f66c", kill_on_drop: false }`
[INFO] [stdout] d3f0b3a4914e683b7c3d0f76e7903db9b7169140c2042d3061cf6bd39785f66c
[INFO] testing rustic-mountain-core-0.1.0 against beta-2023-12-22 for beta-1.76-1
[INFO] extracting crate rustic-mountain-core 0.1.0 into /workspace/builds/worker-4-tc2/source
[INFO] validating manifest of crates.io crate rustic-mountain-core 0.1.0 on toolchain beta-2023-12-22
[INFO] running `Command { std: CARGO_HOME="/workspace/cargo-home" RUSTUP_HOME="/workspace/rustup-home" "/workspace/cargo-home/bin/cargo" "+beta-2023-12-22" "metadata" "--manifest-path" "Cargo.toml" "--no-deps", kill_on_drop: false }`
[INFO] started tweaking crates.io crate rustic-mountain-core 0.1.0
[INFO] finished tweaking crates.io crate rustic-mountain-core 0.1.0
[INFO] tweaked toml for crates.io crate rustic-mountain-core 0.1.0 written to /workspace/builds/worker-4-tc2/source/Cargo.toml
[INFO] running `Command { std: CARGO_HOME="/workspace/cargo-home" RUSTUP_HOME="/workspace/rustup-home" "/workspace/cargo-home/bin/cargo" "+beta-2023-12-22" "generate-lockfile" "--manifest-path" "Cargo.toml", kill_on_drop: false }`
[INFO] [stderr]     Updating crates.io index
[INFO] running `Command { std: CARGO_HOME="/workspace/cargo-home" RUSTUP_HOME="/workspace/rustup-home" "/workspace/cargo-home/bin/cargo" "+beta-2023-12-22" "fetch" "--manifest-path" "Cargo.toml", kill_on_drop: false }`
[INFO] running `Command { std: "docker" "create" "-v" "/var/lib/crater-agent-workspace/builds/worker-4-tc2/target:/opt/rustwide/target:rw,Z" "-v" "/var/lib/crater-agent-workspace/builds/worker-4-tc2/source:/opt/rustwide/workdir:ro,Z" "-v" "/var/lib/crater-agent-workspace/cargo-home:/opt/rustwide/cargo-home:ro,Z" "-v" "/var/lib/crater-agent-workspace/rustup-home:/opt/rustwide/rustup-home:ro,Z" "-e" "SOURCE_DIR=/opt/rustwide/workdir" "-e" "CARGO_TARGET_DIR=/opt/rustwide/target" "-e" "CARGO_HOME=/opt/rustwide/cargo-home" "-e" "RUSTUP_HOME=/opt/rustwide/rustup-home" "-w" "/opt/rustwide/workdir" "-m" "1610612736" "--user" "0:0" "--network" "none" "ghcr.io/rust-lang/crates-build-env/linux@sha256:2788e3201cd34a07e3172128adcd8b3090168a8e3bcc40d7c032b9dda1df7d1c" "/opt/rustwide/cargo-home/bin/cargo" "+beta-2023-12-22" "metadata" "--no-deps" "--format-version=1", kill_on_drop: false }`
[INFO] [stdout] 887612dfe31b93a897f3c9088f1650da268ed525014889a1b242a9175a4d1e88
[INFO] running `Command { std: "docker" "start" "-a" "887612dfe31b93a897f3c9088f1650da268ed525014889a1b242a9175a4d1e88", kill_on_drop: false }`
[INFO] running `Command { std: "docker" "inspect" "887612dfe31b93a897f3c9088f1650da268ed525014889a1b242a9175a4d1e88", kill_on_drop: false }`
[INFO] running `Command { std: "docker" "rm" "-f" "887612dfe31b93a897f3c9088f1650da268ed525014889a1b242a9175a4d1e88", kill_on_drop: false }`
[INFO] [stdout] 887612dfe31b93a897f3c9088f1650da268ed525014889a1b242a9175a4d1e88
[INFO] running `Command { std: "docker" "create" "-v" "/var/lib/crater-agent-workspace/builds/worker-4-tc2/target:/opt/rustwide/target:rw,Z" "-v" "/var/lib/crater-agent-workspace/builds/worker-4-tc2/source:/opt/rustwide/workdir:ro,Z" "-v" "/var/lib/crater-agent-workspace/cargo-home:/opt/rustwide/cargo-home:ro,Z" "-v" "/var/lib/crater-agent-workspace/rustup-home:/opt/rustwide/rustup-home:ro,Z" "-e" "SOURCE_DIR=/opt/rustwide/workdir" "-e" "CARGO_TARGET_DIR=/opt/rustwide/target" "-e" "CARGO_INCREMENTAL=0" "-e" "RUST_BACKTRACE=full" "-e" "RUSTFLAGS=--cap-lints=warn" "-e" "RUSTDOCFLAGS=--cap-lints=warn" "-e" "CARGO_HOME=/opt/rustwide/cargo-home" "-e" "RUSTUP_HOME=/opt/rustwide/rustup-home" "-w" "/opt/rustwide/workdir" "-m" "1610612736" "--user" "0:0" "--network" "none" "ghcr.io/rust-lang/crates-build-env/linux@sha256:2788e3201cd34a07e3172128adcd8b3090168a8e3bcc40d7c032b9dda1df7d1c" "/opt/rustwide/cargo-home/bin/cargo" "+beta-2023-12-22" "build" "--frozen" "--message-format=json", kill_on_drop: false }`
[INFO] [stdout] f8b1017c0af33e3701362ee2119ff7ec79308413c0ac60bf4205af1e515c8908
[INFO] running `Command { std: "docker" "start" "-a" "f8b1017c0af33e3701362ee2119ff7ec79308413c0ac60bf4205af1e515c8908", kill_on_drop: false }`
[INFO] [stderr]    Compiling libc v0.2.151
[INFO] [stderr]    Compiling serde v1.0.194
[INFO] [stderr]    Compiling hex v0.4.3
[INFO] [stderr]    Compiling syn v2.0.48
[INFO] [stderr]    Compiling getrandom v0.2.11
[INFO] [stderr]    Compiling rand_core v0.6.4
[INFO] [stderr]    Compiling rand_chacha v0.3.1
[INFO] [stderr]    Compiling serde_derive v1.0.194
[INFO] [stderr]    Compiling serde_json v1.0.111
[INFO] [stderr]    Compiling rand v0.8.5
[INFO] [stderr]    Compiling rustic-mountain-core v0.1.0 (/opt/rustwide/workdir)
[INFO] [stdout] warning: unused imports: `lifeup::LifeUp`, `player::Player`
[INFO] [stdout]   --> src/lib.rs:12:61
[INFO] [stdout]    |
[INFO] [stdout] 12 |     flag::Flag, flyfruit::FlyFruit, fruit::Fruit, key::Key, lifeup::LifeUp, message::Message,
[INFO] [stdout]    |                                                             ^^^^^^^^^^^^^^
[INFO] [stdout] 13 |     platform::Platform, player::Player, playerspawn::PlayerSpawn, roomtitle::RoomTitle,
[INFO] [stdout]    |                         ^^^^^^^^^^^^^^
[INFO] [stdout]    |
[INFO] [stdout]    = note: `#[warn(unused_imports)]` on by default
[INFO] [stdout] 
[INFO] [stdout] 
[INFO] [stdout] warning: unused import: `serde_json::json`
[INFO] [stdout]   --> src/lib.rs:18:5
[INFO] [stdout]    |
[INFO] [stdout] 18 | use serde_json::json;
[INFO] [stdout]    |     ^^^^^^^^^^^^^^^^
[INFO] [stdout] 
[INFO] [stdout] 
[INFO] [stdout] warning: unused variable: `obj`
[INFO] [stdout]   --> src/objects/orb.rs:34:19
[INFO] [stdout]    |
[INFO] [stdout] 34 |     pub fn update(obj: &mut Object, _celeste: &mut Celeste) {}
[INFO] [stdout]    |                   ^^^ help: if this is intentional, prefix it with an underscore: `_obj`
[INFO] [stdout]    |
[INFO] [stdout]    = note: `#[warn(unused_variables)]` on by default
[INFO] [stdout] 
[INFO] [stdout] 
[INFO] [stdout] warning: unused variable: `lastlen`
[INFO] [stdout]    --> src/lib.rs:162:17
[INFO] [stdout]     |
[INFO] [stdout] 162 |         let mut lastlen = self.objects.len();
[INFO] [stdout]     |                 ^^^^^^^ help: if this is intentional, prefix it with an underscore: `_lastlen`
[INFO] [stdout] 
[INFO] [stdout] 
[INFO] [stdout] warning: variable does not need to be mutable
[INFO] [stdout]    --> src/lib.rs:162:13
[INFO] [stdout]     |
[INFO] [stdout] 162 |         let mut lastlen = self.objects.len();
[INFO] [stdout]     |             ----^^^^^^^
[INFO] [stdout]     |             |
[INFO] [stdout]     |             help: remove this `mut`
[INFO] [stdout]     |
[INFO] [stdout]     = note: `#[warn(unused_mut)]` on by default
[INFO] [stdout] 
[INFO] [stdout] 
[INFO] [stdout] warning: 5 warnings emitted
[INFO] [stdout] 
[INFO] [stdout] 
[INFO] [stderr]     Finished dev [unoptimized + debuginfo] target(s) in 15.05s
[INFO] running `Command { std: "docker" "inspect" "f8b1017c0af33e3701362ee2119ff7ec79308413c0ac60bf4205af1e515c8908", kill_on_drop: false }`
[INFO] running `Command { std: "docker" "rm" "-f" "f8b1017c0af33e3701362ee2119ff7ec79308413c0ac60bf4205af1e515c8908", kill_on_drop: false }`
[INFO] [stdout] f8b1017c0af33e3701362ee2119ff7ec79308413c0ac60bf4205af1e515c8908
[INFO] running `Command { std: "docker" "create" "-v" "/var/lib/crater-agent-workspace/builds/worker-4-tc2/target:/opt/rustwide/target:rw,Z" "-v" "/var/lib/crater-agent-workspace/builds/worker-4-tc2/source:/opt/rustwide/workdir:ro,Z" "-v" "/var/lib/crater-agent-workspace/cargo-home:/opt/rustwide/cargo-home:ro,Z" "-v" "/var/lib/crater-agent-workspace/rustup-home:/opt/rustwide/rustup-home:ro,Z" "-e" "SOURCE_DIR=/opt/rustwide/workdir" "-e" "CARGO_TARGET_DIR=/opt/rustwide/target" "-e" "CARGO_INCREMENTAL=0" "-e" "RUST_BACKTRACE=full" "-e" "RUSTFLAGS=--cap-lints=warn" "-e" "RUSTDOCFLAGS=--cap-lints=warn" "-e" "CARGO_HOME=/opt/rustwide/cargo-home" "-e" "RUSTUP_HOME=/opt/rustwide/rustup-home" "-w" "/opt/rustwide/workdir" "-m" "1610612736" "--user" "0:0" "--network" "none" "ghcr.io/rust-lang/crates-build-env/linux@sha256:2788e3201cd34a07e3172128adcd8b3090168a8e3bcc40d7c032b9dda1df7d1c" "/opt/rustwide/cargo-home/bin/cargo" "+beta-2023-12-22" "test" "--frozen" "--no-run" "--message-format=json", kill_on_drop: false }`
[INFO] [stdout] 7601df9090cdbde8f573dc459b3f8dfeca5a889144ddecc95bd3d3725759142f
[INFO] running `Command { std: "docker" "start" "-a" "7601df9090cdbde8f573dc459b3f8dfeca5a889144ddecc95bd3d3725759142f", kill_on_drop: false }`
[INFO] [stderr]    Compiling rustic-mountain-core v0.1.0 (/opt/rustwide/workdir)
[INFO] [stdout] warning: unused imports: `lifeup::LifeUp`, `player::Player`
[INFO] [stdout]   --> src/lib.rs:12:61
[INFO] [stdout]    |
[INFO] [stdout] 12 |     flag::Flag, flyfruit::FlyFruit, fruit::Fruit, key::Key, lifeup::LifeUp, message::Message,
[INFO] [stdout]    |                                                             ^^^^^^^^^^^^^^
[INFO] [stdout] 13 |     platform::Platform, player::Player, playerspawn::PlayerSpawn, roomtitle::RoomTitle,
[INFO] [stdout]    |                         ^^^^^^^^^^^^^^
[INFO] [stdout]    |
[INFO] [stdout]    = note: `#[warn(unused_imports)]` on by default
[INFO] [stdout] 
[INFO] [stdout] 
[INFO] [stdout] warning: unused import: `serde_json::json`
[INFO] [stdout]   --> src/lib.rs:18:5
[INFO] [stdout]    |
[INFO] [stdout] 18 | use serde_json::json;
[INFO] [stdout]    |     ^^^^^^^^^^^^^^^^
[INFO] [stdout] 
[INFO] [stdout] 
[INFO] [stdout] warning: unused variable: `obj`
[INFO] [stdout]   --> src/objects/orb.rs:34:19
[INFO] [stdout]    |
[INFO] [stdout] 34 |     pub fn update(obj: &mut Object, _celeste: &mut Celeste) {}
[INFO] [stdout]    |                   ^^^ help: if this is intentional, prefix it with an underscore: `_obj`
[INFO] [stdout]    |
[INFO] [stdout]    = note: `#[warn(unused_variables)]` on by default
[INFO] [stdout] 
[INFO] [stdout] 
[INFO] [stdout] warning: unused variable: `lastlen`
[INFO] [stdout]    --> src/lib.rs:162:17
[INFO] [stdout]     |
[INFO] [stdout] 162 |         let mut lastlen = self.objects.len();
[INFO] [stdout]     |                 ^^^^^^^ help: if this is intentional, prefix it with an underscore: `_lastlen`
[INFO] [stdout] 
[INFO] [stdout] 
[INFO] [stdout] warning: variable does not need to be mutable
[INFO] [stdout]    --> src/lib.rs:162:13
[INFO] [stdout]     |
[INFO] [stdout] 162 |         let mut lastlen = self.objects.len();
[INFO] [stdout]     |             ----^^^^^^^
[INFO] [stdout]     |             |
[INFO] [stdout]     |             help: remove this `mut`
[INFO] [stdout]     |
[INFO] [stdout]     = note: `#[warn(unused_mut)]` on by default
[INFO] [stdout] 
[INFO] [stdout] 
[INFO] [stdout] warning: 5 warnings emitted
[INFO] [stdout] 
[INFO] [stdout] 
[INFO] [stdout] warning: unused imports: `lifeup::LifeUp`, `player::Player`
[INFO] [stdout]   --> src/lib.rs:12:61
[INFO] [stdout]    |
[INFO] [stdout] 12 |     flag::Flag, flyfruit::FlyFruit, fruit::Fruit, key::Key, lifeup::LifeUp, message::Message,
[INFO] [stdout]    |                                                             ^^^^^^^^^^^^^^
[INFO] [stdout] 13 |     platform::Platform, player::Player, playerspawn::PlayerSpawn, roomtitle::RoomTitle,
[INFO] [stdout]    |                         ^^^^^^^^^^^^^^
[INFO] [stdout]    |
[INFO] [stdout]    = note: `#[warn(unused_imports)]` on by default
[INFO] [stdout] 
[INFO] [stdout] 
[INFO] [stdout] warning: unused import: `serde_json::json`
[INFO] [stdout]   --> src/lib.rs:18:5
[INFO] [stdout]    |
[INFO] [stdout] 18 | use serde_json::json;
[INFO] [stdout]    |     ^^^^^^^^^^^^^^^^
[INFO] [stdout] 
[INFO] [stdout] 
[INFO] [stdout] warning: unused variable: `obj`
[INFO] [stdout]   --> src/objects/orb.rs:34:19
[INFO] [stdout]    |
[INFO] [stdout] 34 |     pub fn update(obj: &mut Object, _celeste: &mut Celeste) {}
[INFO] [stdout]    |                   ^^^ help: if this is intentional, prefix it with an underscore: `_obj`
[INFO] [stdout]    |
[INFO] [stdout]    = note: `#[warn(unused_variables)]` on by default
[INFO] [stdout] 
[INFO] [stdout] 
[INFO] [stdout] warning: unused variable: `lastlen`
[INFO] [stdout]    --> src/lib.rs:162:17
[INFO] [stdout]     |
[INFO] [stdout] 162 |         let mut lastlen = self.objects.len();
[INFO] [stdout]     |                 ^^^^^^^ help: if this is intentional, prefix it with an underscore: `_lastlen`
[INFO] [stdout] 
[INFO] [stdout] 
[INFO] [stdout] warning: variable does not need to be mutable
[INFO] [stdout]    --> src/lib.rs:162:13
[INFO] [stdout]     |
[INFO] [stdout] 162 |         let mut lastlen = self.objects.len();
[INFO] [stdout]     |             ----^^^^^^^
[INFO] [stdout]     |             |
[INFO] [stdout]     |             help: remove this `mut`
[INFO] [stdout]     |
[INFO] [stdout]     = note: `#[warn(unused_mut)]` on by default
[INFO] [stdout] 
[INFO] [stdout] 
[INFO] [stdout] warning: 5 warnings emitted
[INFO] [stdout] 
[INFO] [stdout] 
[INFO] [stderr]     Finished test [unoptimized + debuginfo] target(s) in 1.31s
[INFO] running `Command { std: "docker" "inspect" "7601df9090cdbde8f573dc459b3f8dfeca5a889144ddecc95bd3d3725759142f", kill_on_drop: false }`
[INFO] running `Command { std: "docker" "rm" "-f" "7601df9090cdbde8f573dc459b3f8dfeca5a889144ddecc95bd3d3725759142f", kill_on_drop: false }`
[INFO] [stdout] 7601df9090cdbde8f573dc459b3f8dfeca5a889144ddecc95bd3d3725759142f
[INFO] running `Command { std: "docker" "create" "-v" "/var/lib/crater-agent-workspace/builds/worker-4-tc2/target:/opt/rustwide/target:rw,Z" "-v" "/var/lib/crater-agent-workspace/builds/worker-4-tc2/source:/opt/rustwide/workdir:ro,Z" "-v" "/var/lib/crater-agent-workspace/cargo-home:/opt/rustwide/cargo-home:ro,Z" "-v" "/var/lib/crater-agent-workspace/rustup-home:/opt/rustwide/rustup-home:ro,Z" "-e" "SOURCE_DIR=/opt/rustwide/workdir" "-e" "CARGO_TARGET_DIR=/opt/rustwide/target" "-e" "CARGO_INCREMENTAL=0" "-e" "RUST_BACKTRACE=full" "-e" "RUSTFLAGS=--cap-lints=warn" "-e" "RUSTDOCFLAGS=--cap-lints=warn" "-e" "CARGO_HOME=/opt/rustwide/cargo-home" "-e" "RUSTUP_HOME=/opt/rustwide/rustup-home" "-w" "/opt/rustwide/workdir" "-m" "1610612736" "--user" "0:0" "--network" "none" "ghcr.io/rust-lang/crates-build-env/linux@sha256:2788e3201cd34a07e3172128adcd8b3090168a8e3bcc40d7c032b9dda1df7d1c" "/opt/rustwide/cargo-home/bin/cargo" "+beta-2023-12-22" "test" "--frozen", kill_on_drop: false }`
[INFO] [stdout] ed7fd1be37be84eddcc8edf17735bacad01ffdd924e2921c2b9fe8a729ba845e
[INFO] running `Command { std: "docker" "start" "-a" "ed7fd1be37be84eddcc8edf17735bacad01ffdd924e2921c2b9fe8a729ba845e", kill_on_drop: false }`
[INFO] [stderr] warning: unused imports: `lifeup::LifeUp`, `player::Player`
[INFO] [stderr]   --> src/lib.rs:12:61
[INFO] [stderr]    |
[INFO] [stderr] 12 |     flag::Flag, flyfruit::FlyFruit, fruit::Fruit, key::Key, lifeup::LifeUp, message::Message,
[INFO] [stderr]    |                                                             ^^^^^^^^^^^^^^
[INFO] [stderr] 13 |     platform::Platform, player::Player, playerspawn::PlayerSpawn, roomtitle::RoomTitle,
[INFO] [stderr]    |                         ^^^^^^^^^^^^^^
[INFO] [stderr]    |
[INFO] [stderr]    = note: `#[warn(unused_imports)]` on by default
[INFO] [stderr] 
[INFO] [stderr] warning: unused import: `serde_json::json`
[INFO] [stderr]   --> src/lib.rs:18:5
[INFO] [stderr]    |
[INFO] [stderr] 18 | use serde_json::json;
[INFO] [stderr]    |     ^^^^^^^^^^^^^^^^
[INFO] [stderr] 
[INFO] [stderr] warning: unused variable: `obj`
[INFO] [stderr]   --> src/objects/orb.rs:34:19
[INFO] [stderr]    |
[INFO] [stderr] 34 |     pub fn update(obj: &mut Object, _celeste: &mut Celeste) {}
[INFO] [stderr]    |                   ^^^ help: if this is intentional, prefix it with an underscore: `_obj`
[INFO] [stderr]    |
[INFO] [stderr]    = note: `#[warn(unused_variables)]` on by default
[INFO] [stderr] 
[INFO] [stderr] warning: unused variable: `lastlen`
[INFO] [stderr]    --> src/lib.rs:162:17
[INFO] [stderr]     |
[INFO] [stderr] 162 |         let mut lastlen = self.objects.len();
[INFO] [stderr]     |                 ^^^^^^^ help: if this is intentional, prefix it with an underscore: `_lastlen`
[INFO] [stderr] 
[INFO] [stderr] warning: variable does not need to be mutable
[INFO] [stderr]    --> src/lib.rs:162:13
[INFO] [stderr]     |
[INFO] [stderr] 162 |         let mut lastlen = self.objects.len();
[INFO] [stderr]     |             ----^^^^^^^
[INFO] [stderr]     |             |
[INFO] [stderr]     |             help: remove this `mut`
[INFO] [stderr]     |
[INFO] [stderr]     = note: `#[warn(unused_mut)]` on by default
[INFO] [stderr] 
[INFO] [stderr] warning: `rustic-mountain-core` (lib) generated 5 warnings (run `cargo fix --lib -p rustic-mountain-core` to apply 5 suggestions)
[INFO] [stderr] warning: `rustic-mountain-core` (lib test) generated 5 warnings (5 duplicates)
[INFO] [stderr]     Finished test [unoptimized + debuginfo] target(s) in 0.02s
[INFO] [stderr]      Running unittests src/lib.rs (/opt/rustwide/target/debug/deps/rustic_mountain_core-a4b7f5747e525534)
[INFO] [stdout] 
[INFO] [stdout] running 0 tests
[INFO] [stdout] 
[INFO] [stdout] test result: ok. 0 passed; 0 failed; 0 ignored; 0 measured; 0 filtered out; finished in 0.00s
[INFO] [stdout] 
[INFO] [stderr]    Doc-tests rustic_mountain_core
[INFO] [stdout] 
[INFO] [stdout] running 3 tests
[INFO] [stdout] test src/lib.rs - Celeste::new (line 63) ... FAILED
[INFO] [stdout] test src/lib.rs - Celeste::save_state (line 451) ... FAILED
[INFO] [stdout] test src/lib.rs - Celeste::load_state (line 460) ... FAILED
[INFO] [stdout] 
[INFO] [stdout] failures:
[INFO] [stdout] 
[INFO] [stdout] ---- src/lib.rs - Celeste::new (line 63) stdout ----
[INFO] [stdout] error[E0433]: failed to resolve: use of undeclared type `Celeste`
[INFO] [stdout]  --> src/lib.rs:65:15
[INFO] [stdout]   |
[INFO] [stdout] 4 | let celeste = Celeste::new(MAPDATA,SPRITES,FLAGS,FONTATLAS);
[INFO] [stdout]   |               ^^^^^^^ use of undeclared type `Celeste`
[INFO] [stdout]   |
[INFO] [stdout] help: consider importing this struct
[INFO] [stdout]   |
[INFO] [stdout] 3 + use rustic_mountain_core::Celeste;
[INFO] [stdout]   |
[INFO] [stdout] 
[INFO] [stdout] error[E0425]: cannot find value `MAPDATA` in this scope
[INFO] [stdout]  --> src/lib.rs:65:28
[INFO] [stdout]   |
[INFO] [stdout] 4 | let celeste = Celeste::new(MAPDATA,SPRITES,FLAGS,FONTATLAS);
[INFO] [stdout]   |                            ^^^^^^^ not found in this scope
[INFO] [stdout] 
[INFO] [stdout] error[E0425]: cannot find value `SPRITES` in this scope
[INFO] [stdout]  --> src/lib.rs:65:36
[INFO] [stdout]   |
[INFO] [stdout] 4 | let celeste = Celeste::new(MAPDATA,SPRITES,FLAGS,FONTATLAS);
[INFO] [stdout]   |                                    ^^^^^^^ not found in this scope
[INFO] [stdout] 
[INFO] [stdout] error[E0425]: cannot find value `FLAGS` in this scope
[INFO] [stdout]  --> src/lib.rs:65:44
[INFO] [stdout]   |
[INFO] [stdout] 4 | let celeste = Celeste::new(MAPDATA,SPRITES,FLAGS,FONTATLAS);
[INFO] [stdout]   |                                            ^^^^^ not found in this scope
[INFO] [stdout] 
[INFO] [stdout] error[E0425]: cannot find value `FONTATLAS` in this scope
[INFO] [stdout]  --> src/lib.rs:65:50
[INFO] [stdout]   |
[INFO] [stdout] 4 | let celeste = Celeste::new(MAPDATA,SPRITES,FLAGS,FONTATLAS);
[INFO] [stdout]   |                                                  ^^^^^^^^^ not found in this scope
[INFO] [stdout] 
[INFO] [stdout] error: aborting due to 5 previous errors
[INFO] [stdout] 
[INFO] [stdout] Some errors have detailed explanations: E0425, E0433.
[INFO] [stdout] For more information about an error, try `rustc --explain E0425`.
[INFO] [stdout] Couldn't compile the test.
[INFO] [stdout] ---- src/lib.rs - Celeste::save_state (line 451) stdout ----
[INFO] [stdout] error[E0425]: cannot find value `celeste` in this scope
[INFO] [stdout]  --> src/lib.rs:452:17
[INFO] [stdout]   |
[INFO] [stdout] 3 | let savestate = celeste.save_state();
[INFO] [stdout]   |                 ^^^^^^^ not found in this scope
[INFO] [stdout] 
[INFO] [stdout] error[E0425]: cannot find value `celeste` in this scope
[INFO] [stdout]  --> src/lib.rs:453:1
[INFO] [stdout]   |
[INFO] [stdout] 4 | celeste.load_state(savestate)
[INFO] [stdout]   | ^^^^^^^ not found in this scope
[INFO] [stdout] 
[INFO] [stdout] error: aborting due to 2 previous errors
[INFO] [stdout] 
[INFO] [stdout] For more information about this error, try `rustc --explain E0425`.
[INFO] [stdout] Couldn't compile the test.
[INFO] [stdout] ---- src/lib.rs - Celeste::load_state (line 460) stdout ----
[INFO] [stdout] error[E0425]: cannot find value `celeste` in this scope
[INFO] [stdout]  --> src/lib.rs:461:17
[INFO] [stdout]   |
[INFO] [stdout] 3 | let savestate = celeste.save_state();
[INFO] [stdout]   |                 ^^^^^^^ not found in this scope
[INFO] [stdout] 
[INFO] [stdout] error[E0425]: cannot find value `celeste` in this scope
[INFO] [stdout]  --> src/lib.rs:462:1
[INFO] [stdout]   |
[INFO] [stdout] 4 | celeste.load_state(savestate)
[INFO] [stdout]   | ^^^^^^^ not found in this scope
[INFO] [stdout] 
[INFO] [stdout] error: aborting due to 2 previous errors
[INFO] [stdout] 
[INFO] [stdout] For more information about this error, try `rustc --explain E0425`.
[INFO] [stdout] Couldn't compile the test.
[INFO] [stdout] 
[INFO] [stdout] failures:
[INFO] [stdout]     src/lib.rs - Celeste::load_state (line 460)
[INFO] [stdout]     src/lib.rs - Celeste::new (line 63)
[INFO] [stdout]     src/lib.rs - Celeste::save_state (line 451)
[INFO] [stdout] 
[INFO] [stdout] test result: FAILED. 0 passed; 3 failed; 0 ignored; 0 measured; 0 filtered out; finished in 0.14s
[INFO] [stdout] 
[INFO] [stderr] error: doctest failed, to rerun pass `--doc`
[INFO] running `Command { std: "docker" "inspect" "ed7fd1be37be84eddcc8edf17735bacad01ffdd924e2921c2b9fe8a729ba845e", kill_on_drop: false }`
[INFO] running `Command { std: "docker" "rm" "-f" "ed7fd1be37be84eddcc8edf17735bacad01ffdd924e2921c2b9fe8a729ba845e", kill_on_drop: false }`
[INFO] [stdout] ed7fd1be37be84eddcc8edf17735bacad01ffdd924e2921c2b9fe8a729ba845e
