[INFO] fetching crate rusthound 1.1.68...
[INFO] testing rusthound-1.1.68 against 1.75.0 for beta-1.76-1
[INFO] extracting crate rusthound 1.1.68 into /workspace/builds/worker-1-tc1/source
[INFO] validating manifest of crates.io crate rusthound 1.1.68 on toolchain 1.75.0
[INFO] running `Command { std: CARGO_HOME="/workspace/cargo-home" RUSTUP_HOME="/workspace/rustup-home" "/workspace/cargo-home/bin/cargo" "+1.75.0" "metadata" "--manifest-path" "Cargo.toml" "--no-deps", kill_on_drop: false }`
[INFO] started tweaking crates.io crate rusthound 1.1.68
[INFO] finished tweaking crates.io crate rusthound 1.1.68
[INFO] tweaked toml for crates.io crate rusthound 1.1.68 written to /workspace/builds/worker-1-tc1/source/Cargo.toml
[INFO] crate crates.io crate rusthound 1.1.68 already has a lockfile, it will not be regenerated
[INFO] running `Command { std: CARGO_HOME="/workspace/cargo-home" RUSTUP_HOME="/workspace/rustup-home" "/workspace/cargo-home/bin/cargo" "+1.75.0" "fetch" "--manifest-path" "Cargo.toml", kill_on_drop: false }`
[INFO] [stderr]     Updating crates.io index
[INFO] [stderr]  Downloading crates ...
[INFO] [stderr]   Downloaded cross-krb5 v0.3.0
[INFO] [stderr]   Downloaded libgssapi-sys v0.3.0
[INFO] [stderr]   Downloaded lber v0.4.2
[INFO] [stderr]   Downloaded rpassword v7.2.0
[INFO] [stderr]   Downloaded libgssapi v0.6.4
[INFO] [stderr]   Downloaded clap_builder v4.4.1
[INFO] [stderr]   Downloaded ldap3 v0.11.3
[INFO] [stderr]   Downloaded memchr v2.6.2
[INFO] [stderr]   Downloaded clap v4.4.1
[INFO] [stderr]   Downloaded rtoolbox v0.0.1
[INFO] running `Command { std: "docker" "create" "-v" "/var/lib/crater-agent-workspace/builds/worker-1-tc1/target:/opt/rustwide/target:rw,Z" "-v" "/var/lib/crater-agent-workspace/builds/worker-1-tc1/source:/opt/rustwide/workdir:ro,Z" "-v" "/var/lib/crater-agent-workspace/cargo-home:/opt/rustwide/cargo-home:ro,Z" "-v" "/var/lib/crater-agent-workspace/rustup-home:/opt/rustwide/rustup-home:ro,Z" "-e" "SOURCE_DIR=/opt/rustwide/workdir" "-e" "CARGO_TARGET_DIR=/opt/rustwide/target" "-e" "CARGO_HOME=/opt/rustwide/cargo-home" "-e" "RUSTUP_HOME=/opt/rustwide/rustup-home" "-w" "/opt/rustwide/workdir" "-m" "1610612736" "--user" "0:0" "--network" "none" "ghcr.io/rust-lang/crates-build-env/linux@sha256:2788e3201cd34a07e3172128adcd8b3090168a8e3bcc40d7c032b9dda1df7d1c" "/opt/rustwide/cargo-home/bin/cargo" "+1.75.0" "metadata" "--no-deps" "--format-version=1", kill_on_drop: false }`
[INFO] [stdout] 0a9fc4a8f753ba425bb2bb72284cafc6de59bbd0fd53b22487d8794b2115fd3a
[INFO] running `Command { std: "docker" "start" "-a" "0a9fc4a8f753ba425bb2bb72284cafc6de59bbd0fd53b22487d8794b2115fd3a", kill_on_drop: false }`
[INFO] running `Command { std: "docker" "inspect" "0a9fc4a8f753ba425bb2bb72284cafc6de59bbd0fd53b22487d8794b2115fd3a", kill_on_drop: false }`
[INFO] running `Command { std: "docker" "rm" "-f" "0a9fc4a8f753ba425bb2bb72284cafc6de59bbd0fd53b22487d8794b2115fd3a", kill_on_drop: false }`
[INFO] [stdout] 0a9fc4a8f753ba425bb2bb72284cafc6de59bbd0fd53b22487d8794b2115fd3a
[INFO] running `Command { std: "docker" "create" "-v" "/var/lib/crater-agent-workspace/builds/worker-1-tc1/target:/opt/rustwide/target:rw,Z" "-v" "/var/lib/crater-agent-workspace/builds/worker-1-tc1/source:/opt/rustwide/workdir:ro,Z" "-v" "/var/lib/crater-agent-workspace/cargo-home:/opt/rustwide/cargo-home:ro,Z" "-v" "/var/lib/crater-agent-workspace/rustup-home:/opt/rustwide/rustup-home:ro,Z" "-e" "SOURCE_DIR=/opt/rustwide/workdir" "-e" "CARGO_TARGET_DIR=/opt/rustwide/target" "-e" "CARGO_INCREMENTAL=0" "-e" "RUST_BACKTRACE=full" "-e" "RUSTFLAGS=--cap-lints=warn" "-e" "RUSTDOCFLAGS=--cap-lints=warn" "-e" "CARGO_HOME=/opt/rustwide/cargo-home" "-e" "RUSTUP_HOME=/opt/rustwide/rustup-home" "-w" "/opt/rustwide/workdir" "-m" "1610612736" "--user" "0:0" "--network" "none" "ghcr.io/rust-lang/crates-build-env/linux@sha256:2788e3201cd34a07e3172128adcd8b3090168a8e3bcc40d7c032b9dda1df7d1c" "/opt/rustwide/cargo-home/bin/cargo" "+1.75.0" "build" "--frozen" "--message-format=json", kill_on_drop: false }`
[INFO] [stdout] 02ee30a84aab5afd9404ac7687b60a9c4369cef2715ce72b5cd000342b5e8dd1
[INFO] running `Command { std: "docker" "start" "-a" "02ee30a84aab5afd9404ac7687b60a9c4369cef2715ce72b5cd000342b5e8dd1", kill_on_drop: false }`
[INFO] [stderr]    Compiling libc v0.2.147
[INFO] [stderr]    Compiling proc-macro2 v1.0.66
[INFO] [stderr]    Compiling unicode-ident v1.0.11
[INFO] [stderr]    Compiling memchr v2.6.2
[INFO] [stderr]    Compiling syn v1.0.109
[INFO] [stderr]    Compiling minimal-lexical v0.2.1
[INFO] [stderr]    Compiling futures-core v0.3.28
[INFO] [stderr]    Compiling glob v0.3.1
[INFO] [stderr]    Compiling once_cell v1.18.0
[INFO] [stderr]    Compiling num-traits v0.2.16
[INFO] [stderr]    Compiling regex-syntax v0.7.5
[INFO] [stderr]    Compiling log v0.4.20
[INFO] [stderr]    Compiling bytes v1.4.0
[INFO] [stderr]    Compiling clang-sys v1.6.1
[INFO] [stderr]    Compiling nom v7.1.3
[INFO] [stderr]    Compiling quote v1.0.33
[INFO] [stderr]    Compiling aho-corasick v1.0.5
[INFO] [stderr]    Compiling thiserror v1.0.47
[INFO] [stderr]    Compiling syn v2.0.29
[INFO] [stderr]    Compiling libloading v0.7.4
[INFO] [stderr]    Compiling cc v1.0.83
[INFO] [stderr]    Compiling bindgen v0.64.0
[INFO] [stderr]    Compiling futures-sink v0.3.28
[INFO] [stderr]    Compiling either v1.9.0
[INFO] [stderr]    Compiling futures-channel v0.3.28
[INFO] [stderr]    Compiling regex-automata v0.3.7
[INFO] [stderr]    Compiling futures-task v0.3.28
[INFO] [stderr]    Compiling which v4.4.0
[INFO] [stderr]    Compiling cexpr v0.6.0
[INFO] [stderr]    Compiling ring v0.16.20
[INFO] [stderr]    Compiling num_cpus v1.16.0
[INFO] [stderr]    Compiling mio v0.8.8
[INFO] [stderr]    Compiling socket2 v0.5.3
[INFO] [stderr]    Compiling rustc-hash v1.1.0
[INFO] [stderr]    Compiling bitflags v2.4.0
[INFO] [stderr]    Compiling lazycell v1.3.0
[INFO] [stderr]    Compiling futures-util v0.3.28
[INFO] [stderr]    Compiling time-core v0.1.1
[INFO] [stderr]    Compiling peeking_take_while v0.1.2
[INFO] [stderr]    Compiling regex v1.9.4
[INFO] [stderr]    Compiling shlex v1.1.0
[INFO] [stderr]    Compiling itoa v1.0.9
[INFO] [stderr]    Compiling time-macros v0.2.14
[INFO] [stderr]    Compiling synstructure v0.12.6
[INFO] [stderr]    Compiling num-integer v0.1.45
[INFO] [stderr]    Compiling spin v0.5.2
[INFO] [stderr]    Compiling unicode-bidi v0.3.13
[INFO] [stderr]    Compiling untrusted v0.7.1
[INFO] [stderr]    Compiling futures-io v0.3.28
[INFO] [stderr]    Compiling deranged v0.3.8
[INFO] [stderr]    Compiling asn1-rs-impl v0.1.0
[INFO] [stderr]    Compiling asn1-rs-derive v0.4.0
[INFO] [stderr]    Compiling thiserror-impl v1.0.47
[INFO] [stderr]    Compiling tokio-macros v2.1.0
[INFO] [stderr]    Compiling futures-macro v0.3.28
[INFO] [stderr]    Compiling time v0.3.28
[INFO] [stderr]    Compiling tracing-attributes v0.1.26
[INFO] [stderr]    Compiling displaydoc v0.2.4
[INFO] [stderr]    Compiling tokio v1.32.0
[INFO] [stderr]    Compiling rusticata-macros v4.1.0
[INFO] [stderr]    Compiling getrandom v0.2.10
[INFO] [stderr]    Compiling tracing-core v0.1.31
[INFO] [stderr]    Compiling num-bigint v0.4.4
[INFO] [stderr]    Compiling async-trait v0.1.73
[INFO] [stderr]    Compiling percent-encoding v2.3.0
[INFO] [stderr]    Compiling rustix v0.38.10
[INFO] [stderr]    Compiling tracing v0.1.37
[INFO] [stderr]    Compiling form_urlencoded v1.2.0
[INFO] [stderr]    Compiling asn1-rs v0.5.2
[INFO] [stderr]    Compiling rand_core v0.6.4
[INFO] [stderr]    Compiling idna v0.4.0
[INFO] [stderr]    Compiling lock_api v0.4.10
[INFO] [stderr]    Compiling parking_lot_core v0.9.8
[INFO] [stderr]    Compiling oid-registry v0.6.1
[INFO] [stderr]    Compiling rustls v0.21.7
[INFO] [stderr]    Compiling data-encoding v2.4.0
[INFO] [stderr]    Compiling smallvec v1.11.0
[INFO] [stderr]    Compiling anyhow v1.0.75
[INFO] [stderr]    Compiling utf8parse v0.2.1
[INFO] [stderr]    Compiling linux-raw-sys v0.4.5
[INFO] [stderr]    Compiling anstyle-parse v0.2.1
[INFO] [stderr]    Compiling libgssapi-sys v0.3.0
[INFO] [stderr]    Compiling rand_chacha v0.3.1
[INFO] [stderr]    Compiling url v2.4.1
[INFO] [stderr]    Compiling rustls-webpki v0.101.4
[INFO] [stderr]    Compiling sct v0.7.0
[INFO] [stderr]    Compiling anstyle v1.0.2
[INFO] [stderr]    Compiling serde v1.0.188
[INFO] [stderr]    Compiling colorchoice v1.0.0
[INFO] [stderr]    Compiling match_cfg v0.1.0
[INFO] [stderr]    Compiling portable-atomic v1.4.3
[INFO] [stderr]    Compiling anstyle-query v1.0.0
[INFO] [stderr]    Compiling base64 v0.21.3
[INFO] [stderr]    Compiling heck v0.4.1
[INFO] [stderr]    Compiling enum-as-inner v0.5.1
[INFO] [stderr]    Compiling rustls-pemfile v1.0.3
[INFO] [stderr]    Compiling anstream v0.5.0
[INFO] [stderr]    Compiling der-parser v8.2.0
[INFO] [stderr]    Compiling idna v0.2.3
[INFO] [stderr]    Compiling hostname v0.3.1
[INFO] [stderr]    Compiling is-terminal v0.4.9
[INFO] [stderr]    Compiling rand v0.8.5
[INFO] [stderr]    Compiling futures-executor v0.3.28
[INFO] [stderr]    Compiling hashbrown v0.14.0
[INFO] [stderr]    Compiling clap_lex v0.5.1
[INFO] [stderr]    Compiling serde_json v1.0.105
[INFO] [stderr]    Compiling ipnet v2.8.0
[INFO] [stderr]    Compiling unicode-width v0.1.10
[INFO] [stderr]    Compiling linked-hash-map v0.5.6
[INFO] [stderr]    Compiling strsim v0.10.0
[INFO] [stderr]    Compiling quick-error v1.2.3
[INFO] [stderr]    Compiling resolv-conf v0.7.0
[INFO] [stderr]    Compiling trust-dns-proto v0.22.0
[INFO] [stderr]    Compiling indexmap v2.0.0
[INFO] [stderr]    Compiling clap_builder v4.4.1
[INFO] [stderr]    Compiling lru-cache v0.1.2
[INFO] [stderr]    Compiling console v0.15.7
[INFO] [stderr]    Compiling rustls-native-certs v0.6.3
[INFO] [stderr]    Compiling x509-parser v0.15.1
[INFO] [stderr]    Compiling futures v0.3.28
[INFO] [stderr]    Compiling parking_lot v0.12.1
[INFO] [stderr]    Compiling tokio-rustls v0.24.1
[INFO] [stderr]    Compiling tokio-util v0.7.8
[INFO] [stderr]    Compiling tokio-stream v0.1.14
[INFO] [stderr]    Compiling lber v0.4.2
[INFO] [stderr]    Compiling rtoolbox v0.0.1
[INFO] [stderr]    Compiling time v0.1.45
[INFO] [stderr]    Compiling termcolor v1.2.0
[INFO] [stderr]    Compiling number_prefix v0.4.0
[INFO] [stderr]    Compiling iana-time-zone v0.1.57
[INFO] [stderr]    Compiling ryu v1.0.15
[INFO] [stderr]    Compiling humantime v2.1.0
[INFO] [stderr]    Compiling chrono v0.4.28
[INFO] [stderr]    Compiling env_logger v0.10.0
[INFO] [stderr]    Compiling zip v0.6.6
[INFO] [stderr]    Compiling indicatif v0.17.6
[INFO] [stderr]    Compiling rpassword v7.2.0
[INFO] [stderr]    Compiling trust-dns-resolver v0.22.0
[INFO] [stderr]    Compiling clap v4.4.1
[INFO] [stderr]    Compiling colored v2.0.4
[INFO] [stderr]    Compiling libgssapi v0.6.4
[INFO] [stderr]    Compiling cross-krb5 v0.3.0
[INFO] [stderr]    Compiling ldap3 v0.11.3
[INFO] [stderr]    Compiling rusthound v1.1.68 (/opt/rustwide/workdir)
[INFO] [stdout] warning: ambiguous glob re-exports
[INFO] [stdout]  --> src/json/mod.rs:2:9
[INFO] [stdout]   |
[INFO] [stdout] 2 | pub use checker::*;
[INFO] [stdout]   |         ^^^^^^^^^^ the name `bh_41` in the type namespace is first re-exported here
[INFO] [stdout] ...
[INFO] [stdout] 5 | pub use templates::*;
[INFO] [stdout]   |         ------------ but the name `bh_41` in the type namespace is also re-exported here
[INFO] [stdout]   |
[INFO] [stdout]   = note: `#[warn(ambiguous_glob_reexports)]` on by default
[INFO] [stdout] 
[INFO] [stdout] 
[INFO] [stdout] warning: unused import: `templates::*`
[INFO] [stdout]  --> src/json/mod.rs:5:9
[INFO] [stdout]   |
[INFO] [stdout] 5 | pub use templates::*;
[INFO] [stdout]   |         ^^^^^^^^^^^^
[INFO] [stdout]   |
[INFO] [stdout]   = note: `#[warn(unused_imports)]` on by default
[INFO] [stdout] 
[INFO] [stdout] 
[INFO] [stdout] warning: 2 warnings emitted
[INFO] [stdout] 
[INFO] [stdout] 
[INFO] [stdout] warning: ambiguous glob re-exports
[INFO] [stdout]  --> src/json/mod.rs:2:9
[INFO] [stdout]   |
[INFO] [stdout] 2 | pub use checker::*;
[INFO] [stdout]   |         ^^^^^^^^^^ the name `bh_41` in the type namespace is first re-exported here
[INFO] [stdout] ...
[INFO] [stdout] 5 | pub use templates::*;
[INFO] [stdout]   |         ------------ but the name `bh_41` in the type namespace is also re-exported here
[INFO] [stdout]   |
[INFO] [stdout]   = note: `#[warn(ambiguous_glob_reexports)]` on by default
[INFO] [stdout] 
[INFO] [stdout] 
[INFO] [stdout] warning: unused import: `templates::*`
[INFO] [stdout]  --> src/json/mod.rs:5:9
[INFO] [stdout]   |
[INFO] [stdout] 5 | pub use templates::*;
[INFO] [stdout]   |         ^^^^^^^^^^^^
[INFO] [stdout]   |
[INFO] [stdout]   = note: `#[warn(unused_imports)]` on by default
[INFO] [stdout] 
[INFO] [stdout] 
[INFO] [stdout] warning: 2 warnings emitted
[INFO] [stdout] 
[INFO] [stdout] 
[INFO] [stderr]     Finished dev [unoptimized + debuginfo] target(s) in 54.40s
[INFO] running `Command { std: "docker" "inspect" "02ee30a84aab5afd9404ac7687b60a9c4369cef2715ce72b5cd000342b5e8dd1", kill_on_drop: false }`
[INFO] running `Command { std: "docker" "rm" "-f" "02ee30a84aab5afd9404ac7687b60a9c4369cef2715ce72b5cd000342b5e8dd1", kill_on_drop: false }`
[INFO] [stdout] 02ee30a84aab5afd9404ac7687b60a9c4369cef2715ce72b5cd000342b5e8dd1
[INFO] running `Command { std: "docker" "create" "-v" "/var/lib/crater-agent-workspace/builds/worker-1-tc1/target:/opt/rustwide/target:rw,Z" "-v" "/var/lib/crater-agent-workspace/builds/worker-1-tc1/source:/opt/rustwide/workdir:ro,Z" "-v" "/var/lib/crater-agent-workspace/cargo-home:/opt/rustwide/cargo-home:ro,Z" "-v" "/var/lib/crater-agent-workspace/rustup-home:/opt/rustwide/rustup-home:ro,Z" "-e" "SOURCE_DIR=/opt/rustwide/workdir" "-e" "CARGO_TARGET_DIR=/opt/rustwide/target" "-e" "CARGO_INCREMENTAL=0" "-e" "RUST_BACKTRACE=full" "-e" "RUSTFLAGS=--cap-lints=warn" "-e" "RUSTDOCFLAGS=--cap-lints=warn" "-e" "CARGO_HOME=/opt/rustwide/cargo-home" "-e" "RUSTUP_HOME=/opt/rustwide/rustup-home" "-w" "/opt/rustwide/workdir" "-m" "1610612736" "--user" "0:0" "--network" "none" "ghcr.io/rust-lang/crates-build-env/linux@sha256:2788e3201cd34a07e3172128adcd8b3090168a8e3bcc40d7c032b9dda1df7d1c" "/opt/rustwide/cargo-home/bin/cargo" "+1.75.0" "test" "--frozen" "--no-run" "--message-format=json", kill_on_drop: false }`
[INFO] [stdout] 6db0b46f41014e41fd2f378af8182af083f372ce94d47ede30f75438a9d2c84e
[INFO] running `Command { std: "docker" "start" "-a" "6db0b46f41014e41fd2f378af8182af083f372ce94d47ede30f75438a9d2c84e", kill_on_drop: false }`
[INFO] [stdout] warning: ambiguous glob re-exports
[INFO] [stdout]  --> src/json/mod.rs:2:9
[INFO] [stdout]   |
[INFO] [stdout] 2 | pub use checker::*;
[INFO] [stdout]   |         ^^^^^^^^^^ the name `bh_41` in the type namespace is first re-exported here
[INFO] [stdout] ...
[INFO] [stdout] 5 | pub use templates::*;
[INFO] [stdout]   |         ------------ but the name `bh_41` in the type namespace is also re-exported here
[INFO] [stdout]   |
[INFO] [stdout]   = note: `#[warn(ambiguous_glob_reexports)]` on by default
[INFO] [stdout] 
[INFO] [stdout] 
[INFO] [stdout] warning: unused import: `templates::*`
[INFO] [stdout]  --> src/json/mod.rs:5:9
[INFO] [stdout]   |
[INFO] [stdout] 5 | pub use templates::*;
[INFO] [stdout]   |         ^^^^^^^^^^^^
[INFO] [stdout]   |
[INFO] [stdout]   = note: `#[warn(unused_imports)]` on by default
[INFO] [stdout] 
[INFO] [stdout] 
[INFO] [stdout] warning: 2 warnings emitted
[INFO] [stdout] 
[INFO] [stdout] 
[INFO] [stderr]    Compiling rusthound v1.1.68 (/opt/rustwide/workdir)
[INFO] [stdout] warning: ambiguous glob re-exports
[INFO] [stdout]  --> src/json/mod.rs:2:9
[INFO] [stdout]   |
[INFO] [stdout] 2 | pub use checker::*;
[INFO] [stdout]   |         ^^^^^^^^^^ the name `bh_41` in the type namespace is first re-exported here
[INFO] [stdout] ...
[INFO] [stdout] 5 | pub use templates::*;
[INFO] [stdout]   |         ------------ but the name `bh_41` in the type namespace is also re-exported here
[INFO] [stdout]   |
[INFO] [stdout]   = note: `#[warn(ambiguous_glob_reexports)]` on by default
[INFO] [stdout] 
[INFO] [stdout] 
[INFO] [stdout] warning: unused import: `templates::*`
[INFO] [stdout]  --> src/json/mod.rs:5:9
[INFO] [stdout]   |
[INFO] [stdout] 5 | pub use templates::*;
[INFO] [stdout]   |         ^^^^^^^^^^^^
[INFO] [stdout]   |
[INFO] [stdout]   = note: `#[warn(unused_imports)]` on by default
[INFO] [stdout] 
[INFO] [stdout] 
[INFO] [stdout] warning: ambiguous glob re-exports
[INFO] [stdout]  --> src/json/mod.rs:2:9
[INFO] [stdout]   |
[INFO] [stdout] 2 | pub use checker::*;
[INFO] [stdout]   |         ^^^^^^^^^^ the name `bh_41` in the type namespace is first re-exported here
[INFO] [stdout] ...
[INFO] [stdout] 5 | pub use templates::*;
[INFO] [stdout]   |         ------------ but the name `bh_41` in the type namespace is also re-exported here
[INFO] [stdout]   |
[INFO] [stdout]   = note: `#[warn(ambiguous_glob_reexports)]` on by default
[INFO] [stdout] 
[INFO] [stdout] 
[INFO] [stdout] warning: unused import: `templates::*`
[INFO] [stdout]  --> src/json/mod.rs:5:9
[INFO] [stdout]   |
[INFO] [stdout] 5 | pub use templates::*;
[INFO] [stdout]   |         ^^^^^^^^^^^^
[INFO] [stdout]   |
[INFO] [stdout]   = note: `#[warn(unused_imports)]` on by default
[INFO] [stdout] 
[INFO] [stdout] 
[INFO] [stdout] warning: 2 warnings emitted
[INFO] [stdout] 
[INFO] [stdout] 
[INFO] [stdout] warning: 2 warnings emitted
[INFO] [stdout] 
[INFO] [stdout] 
[INFO] [stderr]     Finished test [unoptimized + debuginfo] target(s) in 4.59s
[INFO] running `Command { std: "docker" "inspect" "6db0b46f41014e41fd2f378af8182af083f372ce94d47ede30f75438a9d2c84e", kill_on_drop: false }`
[INFO] running `Command { std: "docker" "rm" "-f" "6db0b46f41014e41fd2f378af8182af083f372ce94d47ede30f75438a9d2c84e", kill_on_drop: false }`
[INFO] [stdout] 6db0b46f41014e41fd2f378af8182af083f372ce94d47ede30f75438a9d2c84e
[INFO] running `Command { std: "docker" "create" "-v" "/var/lib/crater-agent-workspace/builds/worker-1-tc1/target:/opt/rustwide/target:rw,Z" "-v" "/var/lib/crater-agent-workspace/builds/worker-1-tc1/source:/opt/rustwide/workdir:ro,Z" "-v" "/var/lib/crater-agent-workspace/cargo-home:/opt/rustwide/cargo-home:ro,Z" "-v" "/var/lib/crater-agent-workspace/rustup-home:/opt/rustwide/rustup-home:ro,Z" "-e" "SOURCE_DIR=/opt/rustwide/workdir" "-e" "CARGO_TARGET_DIR=/opt/rustwide/target" "-e" "CARGO_INCREMENTAL=0" "-e" "RUST_BACKTRACE=full" "-e" "RUSTFLAGS=--cap-lints=warn" "-e" "RUSTDOCFLAGS=--cap-lints=warn" "-e" "CARGO_HOME=/opt/rustwide/cargo-home" "-e" "RUSTUP_HOME=/opt/rustwide/rustup-home" "-w" "/opt/rustwide/workdir" "-m" "1610612736" "--user" "0:0" "--network" "none" "ghcr.io/rust-lang/crates-build-env/linux@sha256:2788e3201cd34a07e3172128adcd8b3090168a8e3bcc40d7c032b9dda1df7d1c" "/opt/rustwide/cargo-home/bin/cargo" "+1.75.0" "test" "--frozen", kill_on_drop: false }`
[INFO] [stdout] 044ab9bc4c2300302238bbaeab03835beb3d264daf0bea674a65bf72aebb42f9
[INFO] running `Command { std: "docker" "start" "-a" "044ab9bc4c2300302238bbaeab03835beb3d264daf0bea674a65bf72aebb42f9", kill_on_drop: false }`
[INFO] [stderr] warning: ambiguous glob re-exports
[INFO] [stderr]  --> src/json/mod.rs:2:9
[INFO] [stderr]   |
[INFO] [stderr] 2 | pub use checker::*;
[INFO] [stderr]   |         ^^^^^^^^^^ the name `bh_41` in the type namespace is first re-exported here
[INFO] [stderr] ...
[INFO] [stderr] 5 | pub use templates::*;
[INFO] [stderr]   |         ------------ but the name `bh_41` in the type namespace is also re-exported here
[INFO] [stderr]   |
[INFO] [stderr]   = note: `#[warn(ambiguous_glob_reexports)]` on by default
[INFO] [stderr] 
[INFO] [stderr] warning: unused import: `templates::*`
[INFO] [stderr]  --> src/json/mod.rs:5:9
[INFO] [stderr]   |
[INFO] [stderr] 5 | pub use templates::*;
[INFO] [stderr]   |         ^^^^^^^^^^^^
[INFO] [stderr]   |
[INFO] [stderr]   = note: `#[warn(unused_imports)]` on by default
[INFO] [stderr] 
[INFO] [stderr] warning: `rusthound` (lib) generated 2 warnings (run `cargo fix --lib -p rusthound` to apply 1 suggestion)
[INFO] [stderr] warning: `rusthound` (lib test) generated 2 warnings (2 duplicates)
[INFO] [stderr] warning: `rusthound` (bin "rusthound" test) generated 2 warnings (2 duplicates)
[INFO] [stderr]     Finished test [unoptimized + debuginfo] target(s) in 0.18s
[INFO] [stderr]      Running unittests src/lib.rs (/opt/rustwide/target/debug/deps/rusthound-8668cc1cee49d31b)
[INFO] [stdout] 
[INFO] [stdout] running 3 tests
[INFO] [stdout] test enums::secdesc::test_security_descriptor ... ok
[INFO] [stdout] test enums::secdesc::test_ace ... ok
[INFO] [stderr]      Running unittests src/main.rs (/opt/rustwide/target/debug/deps/rusthound-0d8d495cc044c558)
[INFO] [stdout] test enums::secdesc::test_acl_admin ... ok
[INFO] [stdout] 
[INFO] [stdout] test result: ok. 3 passed; 0 failed; 0 ignored; 0 measured; 0 filtered out; finished in 0.01s
[INFO] [stdout] 
[INFO] [stdout] 
[INFO] [stdout] running 3 tests
[INFO] [stdout] test enums::secdesc::test_ace ... ok
[INFO] [stdout] test enums::secdesc::test_acl_admin ... ok
[INFO] [stdout] test enums::secdesc::test_security_descriptor ... ok
[INFO] [stdout] 
[INFO] [stdout] test result: ok. 3 passed; 0 failed; 0 ignored; 0 measured; 0 filtered out; finished in 0.00s
[INFO] [stdout] 
[INFO] [stderr]    Doc-tests rusthound
[INFO] [stdout] 
[INFO] [stdout] running 4 tests
[INFO] [stdout] test src/lib.rs - (line 9) ... FAILED
[INFO] [stdout] test src/ldap.rs - ldap (line 9) ... FAILED
[INFO] [stdout] test src/errors.rs - errors::Error::new (line 41) ... FAILED
[INFO] [stdout] test src/lib.rs - (line 52) ... FAILED
[INFO] [stdout] 
[INFO] [stdout] failures:
[INFO] [stdout] 
[INFO] [stdout] ---- src/lib.rs - (line 9) stdout ----
[INFO] [stdout] error: expected one of `!`, `.`, `::`, `;`, `?`, `{`, `}`, or an operator, found `RustHound`
[INFO] [stdout]  --> src/lib.rs:12:14
[INFO] [stdout]   |
[INFO] [stdout] 6 | Initializing RustHound at 13:37:00 UTC on 10/04/22
[INFO] [stdout]   |              ^^^^^^^^^ expected one of 8 possible tokens
[INFO] [stdout] 
[INFO] [stdout] error: aborting due to previous error
[INFO] [stdout] 
[INFO] [stdout] Couldn't compile the test.
[INFO] [stdout] ---- src/ldap.rs - ldap (line 9) stdout ----
[INFO] [stdout] error: unexpected token: `...`
[INFO] [stdout]  --> src/ldap.rs:10:26
[INFO] [stdout]   |
[INFO] [stdout] 3 | let search = ldap_search(...)
[INFO] [stdout]   |                          ^^^
[INFO] [stdout]   |
[INFO] [stdout] help: use `..` for an exclusive range
[INFO] [stdout]   |
[INFO] [stdout] 3 | let search = ldap_search(..)
[INFO] [stdout]   |                          ~~
[INFO] [stdout] help: or `..=` for an inclusive range
[INFO] [stdout]   |
[INFO] [stdout] 3 | let search = ldap_search(..=)
[INFO] [stdout]   |                          ~~~
[INFO] [stdout] 
[INFO] [stdout] error[E0586]: inclusive range with no end
[INFO] [stdout]  --> src/ldap.rs:10:26
[INFO] [stdout]   |
[INFO] [stdout] 3 | let search = ldap_search(...)
[INFO] [stdout]   |                          ^^^ help: use `..` instead
[INFO] [stdout]   |
[INFO] [stdout]   = note: inclusive ranges must be bounded at the end (`..=b` or `a..=b`)
[INFO] [stdout] 
[INFO] [stdout] error: expected `;`, found `}`
[INFO] [stdout]  --> src/ldap.rs:10:30
[INFO] [stdout]   |
[INFO] [stdout] 3 | let search = ldap_search(...)
[INFO] [stdout]   |                              ^ help: add `;` here
[INFO] [stdout] 4 | } _doctest_main_src_ldap_rs_9_0() }
[INFO] [stdout]   | - unexpected token
[INFO] [stdout] 
[INFO] [stdout] error[E0425]: cannot find function `ldap_search` in this scope
[INFO] [stdout]  --> src/ldap.rs:10:14
[INFO] [stdout]   |
[INFO] [stdout] 3 | let search = ldap_search(...)
[INFO] [stdout]   |              ^^^^^^^^^^^ not found in this scope
[INFO] [stdout]   |
[INFO] [stdout] help: consider importing this function
[INFO] [stdout]   |
[INFO] [stdout] 2 + use rusthound::ldap_search;
[INFO] [stdout]   |
[INFO] [stdout] 
[INFO] [stdout] error: aborting due to 4 previous errors
[INFO] [stdout] 
[INFO] [stdout] Some errors have detailed explanations: E0425, E0586.
[INFO] [stdout] For more information about an error, try `rustc --explain E0425`.
[INFO] [stdout] Couldn't compile the test.
[INFO] [stdout] ---- src/errors.rs - errors::Error::new (line 41) stdout ----
[INFO] [stdout] error[E0433]: failed to resolve: use of undeclared type `Error`
[INFO] [stdout]  --> src/errors.rs:42:1
[INFO] [stdout]   |
[INFO] [stdout] 3 | Error::new(Kind::Other).with()
[INFO] [stdout]   | ^^^^^ use of undeclared type `Error`
[INFO] [stdout]   |
[INFO] [stdout] help: consider importing one of these items
[INFO] [stdout]   |
[INFO] [stdout] 2 + use clap::Error;
[INFO] [stdout]   |
[INFO] [stdout] 2 + use clap::error::Error;
[INFO] [stdout]   |
[INFO] [stdout] 2 + use core::error::Error;
[INFO] [stdout]   |
[INFO] [stdout] 2 + use core::fmt::Error;
[INFO] [stdout]   |
[INFO] [stdout]     and 10 other candidates
[INFO] [stdout] 
[INFO] [stdout] error[E0433]: failed to resolve: use of undeclared type `Kind`
[INFO] [stdout]  --> src/errors.rs:42:12
[INFO] [stdout]   |
[INFO] [stdout] 3 | Error::new(Kind::Other).with()
[INFO] [stdout]   |            ^^^^ use of undeclared type `Kind`
[INFO] [stdout]   |
[INFO] [stdout] help: consider importing this enum
[INFO] [stdout]   |
[INFO] [stdout] 2 + use rusthound::errors::Kind;
[INFO] [stdout]   |
[INFO] [stdout] 
[INFO] [stdout] error: aborting due to 2 previous errors
[INFO] [stdout] 
[INFO] [stdout] For more information about this error, try `rustc --explain E0433`.
[INFO] [stdout] Couldn't compile the test.
[INFO] [stdout] ---- src/lib.rs - (line 52) stdout ----
[INFO] [stdout] error[E0425]: cannot find function `ldap_search` in this scope
[INFO] [stdout]  --> src/lib.rs:53:14
[INFO] [stdout]   |
[INFO] [stdout] 3 | let result = ldap_search(
[INFO] [stdout]   |              ^^^^^^^^^^^ not found in this scope
[INFO] [stdout]   |
[INFO] [stdout] help: consider importing this function
[INFO] [stdout]   |
[INFO] [stdout] 2 + use rusthound::ldap_search;
[INFO] [stdout]   |
[INFO] [stdout] 
[INFO] [stdout] error[E0425]: cannot find value `ldaps` in this scope
[INFO] [stdout]  --> src/lib.rs:54:5
[INFO] [stdout]   |
[INFO] [stdout] 4 |    &ldaps,
[INFO] [stdout]   |     ^^^^^ not found in this scope
[INFO] [stdout] 
[INFO] [stdout] error[E0425]: cannot find value `ip` in this scope
[INFO] [stdout]  --> src/lib.rs:55:5
[INFO] [stdout]   |
[INFO] [stdout] 5 |    &ip,
[INFO] [stdout]   |     ^^ not found in this scope
[INFO] [stdout] 
[INFO] [stdout] error[E0425]: cannot find value `port` in this scope
[INFO] [stdout]  --> src/lib.rs:56:5
[INFO] [stdout]   |
[INFO] [stdout] 6 |    &port,
[INFO] [stdout]   |     ^^^^ not found in this scope
[INFO] [stdout] 
[INFO] [stdout] error[E0425]: cannot find value `domain` in this scope
[INFO] [stdout]  --> src/lib.rs:57:5
[INFO] [stdout]   |
[INFO] [stdout] 7 |    &domain,
[INFO] [stdout]   |     ^^^^^^ not found in this scope
[INFO] [stdout] 
[INFO] [stdout] error[E0425]: cannot find value `ldapfqdn` in this scope
[INFO] [stdout]  --> src/lib.rs:58:5
[INFO] [stdout]   |
[INFO] [stdout] 8 |    &ldapfqdn,
[INFO] [stdout]   |     ^^^^^^^^ not found in this scope
[INFO] [stdout] 
[INFO] [stdout] error[E0425]: cannot find value `username` in this scope
[INFO] [stdout]  --> src/lib.rs:59:5
[INFO] [stdout]   |
[INFO] [stdout] 9 |    &username,
[INFO] [stdout]   |     ^^^^^^^^ not found in this scope
[INFO] [stdout] 
[INFO] [stdout] error[E0425]: cannot find value `password` in this scope
[INFO] [stdout]   --> src/lib.rs:60:5
[INFO] [stdout]    |
[INFO] [stdout] 10 |    &password,
[INFO] [stdout]    |     ^^^^^^^^ not found in this scope
[INFO] [stdout] 
[INFO] [stdout] error: aborting due to 8 previous errors
[INFO] [stdout] 
[INFO] [stdout] For more information about this error, try `rustc --explain E0425`.
[INFO] [stdout] Couldn't compile the test.
[INFO] [stdout] 
[INFO] [stdout] failures:
[INFO] [stdout]     src/errors.rs - errors::Error::new (line 41)
[INFO] [stdout]     src/ldap.rs - ldap (line 9)
[INFO] [stdout]     src/lib.rs - (line 52)
[INFO] [stdout]     src/lib.rs - (line 9)
[INFO] [stdout] 
[INFO] [stdout] test result: FAILED. 0 passed; 4 failed; 0 ignored; 0 measured; 0 filtered out; finished in 0.20s
[INFO] [stdout] 
[INFO] [stderr] error: doctest failed, to rerun pass `--doc`
[INFO] running `Command { std: "docker" "inspect" "044ab9bc4c2300302238bbaeab03835beb3d264daf0bea674a65bf72aebb42f9", kill_on_drop: false }`
[INFO] running `Command { std: "docker" "rm" "-f" "044ab9bc4c2300302238bbaeab03835beb3d264daf0bea674a65bf72aebb42f9", kill_on_drop: false }`
[INFO] [stdout] 044ab9bc4c2300302238bbaeab03835beb3d264daf0bea674a65bf72aebb42f9
[INFO] testing rusthound-1.1.68 against beta-2023-12-22 for beta-1.76-1
[INFO] extracting crate rusthound 1.1.68 into /workspace/builds/worker-1-tc2/source
[INFO] validating manifest of crates.io crate rusthound 1.1.68 on toolchain beta-2023-12-22
[INFO] running `Command { std: CARGO_HOME="/workspace/cargo-home" RUSTUP_HOME="/workspace/rustup-home" "/workspace/cargo-home/bin/cargo" "+beta-2023-12-22" "metadata" "--manifest-path" "Cargo.toml" "--no-deps", kill_on_drop: false }`
[INFO] started tweaking crates.io crate rusthound 1.1.68
[INFO] finished tweaking crates.io crate rusthound 1.1.68
[INFO] tweaked toml for crates.io crate rusthound 1.1.68 written to /workspace/builds/worker-1-tc2/source/Cargo.toml
[INFO] crate crates.io crate rusthound 1.1.68 already has a lockfile, it will not be regenerated
[INFO] running `Command { std: CARGO_HOME="/workspace/cargo-home" RUSTUP_HOME="/workspace/rustup-home" "/workspace/cargo-home/bin/cargo" "+beta-2023-12-22" "fetch" "--manifest-path" "Cargo.toml", kill_on_drop: false }`
[INFO] running `Command { std: "docker" "create" "-v" "/var/lib/crater-agent-workspace/builds/worker-1-tc2/target:/opt/rustwide/target:rw,Z" "-v" "/var/lib/crater-agent-workspace/builds/worker-1-tc2/source:/opt/rustwide/workdir:ro,Z" "-v" "/var/lib/crater-agent-workspace/cargo-home:/opt/rustwide/cargo-home:ro,Z" "-v" "/var/lib/crater-agent-workspace/rustup-home:/opt/rustwide/rustup-home:ro,Z" "-e" "SOURCE_DIR=/opt/rustwide/workdir" "-e" "CARGO_TARGET_DIR=/opt/rustwide/target" "-e" "CARGO_HOME=/opt/rustwide/cargo-home" "-e" "RUSTUP_HOME=/opt/rustwide/rustup-home" "-w" "/opt/rustwide/workdir" "-m" "1610612736" "--user" "0:0" "--network" "none" "ghcr.io/rust-lang/crates-build-env/linux@sha256:2788e3201cd34a07e3172128adcd8b3090168a8e3bcc40d7c032b9dda1df7d1c" "/opt/rustwide/cargo-home/bin/cargo" "+beta-2023-12-22" "metadata" "--no-deps" "--format-version=1", kill_on_drop: false }`
[INFO] [stdout] fd1b3a50a0bbd22564eab6d9f9465b61b54287aaebda0427a0a290e5d4418586
[INFO] running `Command { std: "docker" "start" "-a" "fd1b3a50a0bbd22564eab6d9f9465b61b54287aaebda0427a0a290e5d4418586", kill_on_drop: false }`
[INFO] running `Command { std: "docker" "inspect" "fd1b3a50a0bbd22564eab6d9f9465b61b54287aaebda0427a0a290e5d4418586", kill_on_drop: false }`
[INFO] running `Command { std: "docker" "rm" "-f" "fd1b3a50a0bbd22564eab6d9f9465b61b54287aaebda0427a0a290e5d4418586", kill_on_drop: false }`
[INFO] [stdout] fd1b3a50a0bbd22564eab6d9f9465b61b54287aaebda0427a0a290e5d4418586
[INFO] running `Command { std: "docker" "create" "-v" "/var/lib/crater-agent-workspace/builds/worker-1-tc2/target:/opt/rustwide/target:rw,Z" "-v" "/var/lib/crater-agent-workspace/builds/worker-1-tc2/source:/opt/rustwide/workdir:ro,Z" "-v" "/var/lib/crater-agent-workspace/cargo-home:/opt/rustwide/cargo-home:ro,Z" "-v" "/var/lib/crater-agent-workspace/rustup-home:/opt/rustwide/rustup-home:ro,Z" "-e" "SOURCE_DIR=/opt/rustwide/workdir" "-e" "CARGO_TARGET_DIR=/opt/rustwide/target" "-e" "CARGO_INCREMENTAL=0" "-e" "RUST_BACKTRACE=full" "-e" "RUSTFLAGS=--cap-lints=warn" "-e" "RUSTDOCFLAGS=--cap-lints=warn" "-e" "CARGO_HOME=/opt/rustwide/cargo-home" "-e" "RUSTUP_HOME=/opt/rustwide/rustup-home" "-w" "/opt/rustwide/workdir" "-m" "1610612736" "--user" "0:0" "--network" "none" "ghcr.io/rust-lang/crates-build-env/linux@sha256:2788e3201cd34a07e3172128adcd8b3090168a8e3bcc40d7c032b9dda1df7d1c" "/opt/rustwide/cargo-home/bin/cargo" "+beta-2023-12-22" "build" "--frozen" "--message-format=json", kill_on_drop: false }`
[INFO] [stdout] ea94be06787eb6b9701061220cce9fa8d6d5205e00bb8f0ff9a982e9b805fbca
[INFO] running `Command { std: "docker" "start" "-a" "ea94be06787eb6b9701061220cce9fa8d6d5205e00bb8f0ff9a982e9b805fbca", kill_on_drop: false }`
[INFO] [stderr]    Compiling libc v0.2.147
[INFO] [stderr]    Compiling proc-macro2 v1.0.66
[INFO] [stderr]    Compiling unicode-ident v1.0.11
[INFO] [stderr]    Compiling memchr v2.6.2
[INFO] [stderr]    Compiling syn v1.0.109
[INFO] [stderr]    Compiling minimal-lexical v0.2.1
[INFO] [stderr]    Compiling futures-core v0.3.28
[INFO] [stderr]    Compiling glob v0.3.1
[INFO] [stderr]    Compiling once_cell v1.18.0
[INFO] [stderr]    Compiling num-traits v0.2.16
[INFO] [stderr]    Compiling log v0.4.20
[INFO] [stderr]    Compiling bytes v1.4.0
[INFO] [stderr]    Compiling clang-sys v1.6.1
[INFO] [stderr]    Compiling regex-syntax v0.7.5
[INFO] [stderr]    Compiling nom v7.1.3
[INFO] [stderr]    Compiling aho-corasick v1.0.5
[INFO] [stderr]    Compiling quote v1.0.33
[INFO] [stderr]    Compiling thiserror v1.0.47
[INFO] [stderr]    Compiling syn v2.0.29
[INFO] [stderr]    Compiling libloading v0.7.4
[INFO] [stderr]    Compiling bindgen v0.64.0
[INFO] [stderr]    Compiling cc v1.0.83
[INFO] [stderr]    Compiling futures-sink v0.3.28
[INFO] [stderr]    Compiling futures-task v0.3.28
[INFO] [stderr]    Compiling either v1.9.0
[INFO] [stderr]    Compiling futures-channel v0.3.28
[INFO] [stderr]    Compiling which v4.4.0
[INFO] [stderr]    Compiling cexpr v0.6.0
[INFO] [stderr]    Compiling mio v0.8.8
[INFO] [stderr]    Compiling num_cpus v1.16.0
[INFO] [stderr]    Compiling regex-automata v0.3.7
[INFO] [stderr]    Compiling ring v0.16.20
[INFO] [stderr]    Compiling socket2 v0.5.3
[INFO] [stderr]    Compiling shlex v1.1.0
[INFO] [stderr]    Compiling rustc-hash v1.1.0
[INFO] [stderr]    Compiling peeking_take_while v0.1.2
[INFO] [stderr]    Compiling time-core v0.1.1
[INFO] [stderr]    Compiling itoa v1.0.9
[INFO] [stderr]    Compiling lazycell v1.3.0
[INFO] [stderr]    Compiling bitflags v2.4.0
[INFO] [stderr]    Compiling futures-util v0.3.28
[INFO] [stderr]    Compiling time-macros v0.2.14
[INFO] [stderr]    Compiling synstructure v0.12.6
[INFO] [stderr]    Compiling num-integer v0.1.45
[INFO] [stderr]    Compiling regex v1.9.4
[INFO] [stderr]    Compiling untrusted v0.7.1
[INFO] [stderr]    Compiling spin v0.5.2
[INFO] [stderr]    Compiling deranged v0.3.8
[INFO] [stderr]    Compiling unicode-bidi v0.3.13
[INFO] [stderr]    Compiling futures-io v0.3.28
[INFO] [stderr]    Compiling thiserror-impl v1.0.47
[INFO] [stderr]    Compiling tokio-macros v2.1.0
[INFO] [stderr]    Compiling futures-macro v0.3.28
[INFO] [stderr]    Compiling asn1-rs-derive v0.4.0
[INFO] [stderr]    Compiling tokio v1.32.0
[INFO] [stderr]    Compiling asn1-rs-impl v0.1.0
[INFO] [stderr]    Compiling displaydoc v0.2.4
[INFO] [stderr]    Compiling tracing-attributes v0.1.26
[INFO] [stderr]    Compiling time v0.3.28
[INFO] [stderr]    Compiling rusticata-macros v4.1.0
[INFO] [stderr]    Compiling getrandom v0.2.10
[INFO] [stderr]    Compiling tracing-core v0.1.31
[INFO] [stderr]    Compiling num-bigint v0.4.4
[INFO] [stderr]    Compiling percent-encoding v2.3.0
[INFO] [stderr]    Compiling async-trait v0.1.73
[INFO] [stderr]    Compiling rustix v0.38.10
[INFO] [stderr]    Compiling form_urlencoded v1.2.0
[INFO] [stderr]    Compiling rand_core v0.6.4
[INFO] [stderr]    Compiling asn1-rs v0.5.2
[INFO] [stderr]    Compiling idna v0.4.0
[INFO] [stderr]    Compiling tracing v0.1.37
[INFO] [stderr]    Compiling lock_api v0.4.10
[INFO] [stderr]    Compiling utf8parse v0.2.1
[INFO] [stderr]    Compiling data-encoding v2.4.0
[INFO] [stderr]    Compiling linux-raw-sys v0.4.5
[INFO] [stderr]    Compiling anyhow v1.0.75
[INFO] [stderr]    Compiling parking_lot_core v0.9.8
[INFO] [stderr]    Compiling rustls v0.21.7
[INFO] [stderr]    Compiling smallvec v1.11.0
[INFO] [stderr]    Compiling oid-registry v0.6.1
[INFO] [stderr]    Compiling rand_chacha v0.3.1
[INFO] [stderr]    Compiling libgssapi-sys v0.3.0
[INFO] [stderr]    Compiling url v2.4.1
[INFO] [stderr]    Compiling anstyle-parse v0.2.1
[INFO] [stderr]    Compiling rustls-webpki v0.101.4
[INFO] [stderr]    Compiling sct v0.7.0
[INFO] [stderr]    Compiling anstyle-query v1.0.0
[INFO] [stderr]    Compiling colorchoice v1.0.0
[INFO] [stderr]    Compiling portable-atomic v1.4.3
[INFO] [stderr]    Compiling base64 v0.21.3
[INFO] [stderr]    Compiling heck v0.4.1
[INFO] [stderr]    Compiling anstyle v1.0.2
[INFO] [stderr]    Compiling serde v1.0.188
[INFO] [stderr]    Compiling match_cfg v0.1.0
[INFO] [stderr]    Compiling anstream v0.5.0
[INFO] [stderr]    Compiling der-parser v8.2.0
[INFO] [stderr]    Compiling hostname v0.3.1
[INFO] [stderr]    Compiling idna v0.2.3
[INFO] [stderr]    Compiling enum-as-inner v0.5.1
[INFO] [stderr]    Compiling rustls-pemfile v1.0.3
[INFO] [stderr]    Compiling is-terminal v0.4.9
[INFO] [stderr]    Compiling rand v0.8.5
[INFO] [stderr]    Compiling futures-executor v0.3.28
[INFO] [stderr]    Compiling hashbrown v0.14.0
[INFO] [stderr]    Compiling ipnet v2.8.0
[INFO] [stderr]    Compiling unicode-width v0.1.10
[INFO] [stderr]    Compiling strsim v0.10.0
[INFO] [stderr]    Compiling linked-hash-map v0.5.6
[INFO] [stderr]    Compiling clap_lex v0.5.1
[INFO] [stderr]    Compiling quick-error v1.2.3
[INFO] [stderr]    Compiling serde_json v1.0.105
[INFO] [stderr]    Compiling rustls-native-certs v0.6.3
[INFO] [stderr]    Compiling indexmap v2.0.0
[INFO] [stderr]    Compiling resolv-conf v0.7.0
[INFO] [stderr]    Compiling clap_builder v4.4.1
[INFO] [stderr]    Compiling lru-cache v0.1.2
[INFO] [stderr]    Compiling trust-dns-proto v0.22.0
[INFO] [stderr]    Compiling console v0.15.7
[INFO] [stderr]    Compiling futures v0.3.28
[INFO] [stderr]    Compiling parking_lot v0.12.1
[INFO] [stderr]    Compiling x509-parser v0.15.1
[INFO] [stderr]    Compiling tokio-rustls v0.24.1
[INFO] [stderr]    Compiling tokio-util v0.7.8
[INFO] [stderr]    Compiling tokio-stream v0.1.14
[INFO] [stderr]    Compiling lber v0.4.2
[INFO] [stderr]    Compiling libgssapi v0.6.4
[INFO] [stderr]    Compiling rtoolbox v0.0.1
[INFO] [stderr]    Compiling cross-krb5 v0.3.0
[INFO] [stderr]    Compiling time v0.1.45
[INFO] [stderr]    Compiling humantime v2.1.0
[INFO] [stderr]    Compiling iana-time-zone v0.1.57
[INFO] [stderr]    Compiling termcolor v1.2.0
[INFO] [stderr]    Compiling number_prefix v0.4.0
[INFO] [stderr]    Compiling ryu v1.0.15
[INFO] [stderr]    Compiling env_logger v0.10.0
[INFO] [stderr]    Compiling zip v0.6.6
[INFO] [stderr]    Compiling indicatif v0.17.6
[INFO] [stderr]    Compiling chrono v0.4.28
[INFO] [stderr]    Compiling ldap3 v0.11.3
[INFO] [stderr]    Compiling trust-dns-resolver v0.22.0
[INFO] [stderr]    Compiling rpassword v7.2.0
[INFO] [stderr]    Compiling clap v4.4.1
[INFO] [stderr]    Compiling colored v2.0.4
[INFO] [stderr]    Compiling rusthound v1.1.68 (/opt/rustwide/workdir)
[INFO] [stdout] warning: ambiguous glob re-exports
[INFO] [stdout]  --> src/json/mod.rs:2:9
[INFO] [stdout]   |
[INFO] [stdout] 2 | pub use checker::*;
[INFO] [stdout]   |         ^^^^^^^^^^ the name `bh_41` in the type namespace is first re-exported here
[INFO] [stdout] ...
[INFO] [stdout] 5 | pub use templates::*;
[INFO] [stdout]   |         ------------ but the name `bh_41` in the type namespace is also re-exported here
[INFO] [stdout]   |
[INFO] [stdout]   = note: `#[warn(ambiguous_glob_reexports)]` on by default
[INFO] [stdout] 
[INFO] [stdout] 
[INFO] [stdout] warning: unused import: `templates::*`
[INFO] [stdout]  --> src/json/mod.rs:5:9
[INFO] [stdout]   |
[INFO] [stdout] 5 | pub use templates::*;
[INFO] [stdout]   |         ^^^^^^^^^^^^
[INFO] [stdout]   |
[INFO] [stdout]   = note: `#[warn(unused_imports)]` on by default
[INFO] [stdout] 
[INFO] [stdout] 
[INFO] [stdout] warning: 2 warnings emitted
[INFO] [stdout] 
[INFO] [stdout] 
[INFO] [stdout] warning: ambiguous glob re-exports
[INFO] [stdout]  --> src/json/mod.rs:2:9
[INFO] [stdout]   |
[INFO] [stdout] 2 | pub use checker::*;
[INFO] [stdout]   |         ^^^^^^^^^^ the name `bh_41` in the type namespace is first re-exported here
[INFO] [stdout] ...
[INFO] [stdout] 5 | pub use templates::*;
[INFO] [stdout]   |         ------------ but the name `bh_41` in the type namespace is also re-exported here
[INFO] [stdout]   |
[INFO] [stdout]   = note: `#[warn(ambiguous_glob_reexports)]` on by default
[INFO] [stdout] 
[INFO] [stdout] 
[INFO] [stdout] warning: unused import: `templates::*`
[INFO] [stdout]  --> src/json/mod.rs:5:9
[INFO] [stdout]   |
[INFO] [stdout] 5 | pub use templates::*;
[INFO] [stdout]   |         ^^^^^^^^^^^^
[INFO] [stdout]   |
[INFO] [stdout]   = note: `#[warn(unused_imports)]` on by default
[INFO] [stdout] 
[INFO] [stdout] 
[INFO] [stdout] warning: 2 warnings emitted
[INFO] [stdout] 
[INFO] [stdout] 
[INFO] [stderr]     Finished dev [unoptimized + debuginfo] target(s) in 38.32s
[INFO] running `Command { std: "docker" "inspect" "ea94be06787eb6b9701061220cce9fa8d6d5205e00bb8f0ff9a982e9b805fbca", kill_on_drop: false }`
[INFO] running `Command { std: "docker" "rm" "-f" "ea94be06787eb6b9701061220cce9fa8d6d5205e00bb8f0ff9a982e9b805fbca", kill_on_drop: false }`
[INFO] [stdout] ea94be06787eb6b9701061220cce9fa8d6d5205e00bb8f0ff9a982e9b805fbca
[INFO] running `Command { std: "docker" "create" "-v" "/var/lib/crater-agent-workspace/builds/worker-1-tc2/target:/opt/rustwide/target:rw,Z" "-v" "/var/lib/crater-agent-workspace/builds/worker-1-tc2/source:/opt/rustwide/workdir:ro,Z" "-v" "/var/lib/crater-agent-workspace/cargo-home:/opt/rustwide/cargo-home:ro,Z" "-v" "/var/lib/crater-agent-workspace/rustup-home:/opt/rustwide/rustup-home:ro,Z" "-e" "SOURCE_DIR=/opt/rustwide/workdir" "-e" "CARGO_TARGET_DIR=/opt/rustwide/target" "-e" "CARGO_INCREMENTAL=0" "-e" "RUST_BACKTRACE=full" "-e" "RUSTFLAGS=--cap-lints=warn" "-e" "RUSTDOCFLAGS=--cap-lints=warn" "-e" "CARGO_HOME=/opt/rustwide/cargo-home" "-e" "RUSTUP_HOME=/opt/rustwide/rustup-home" "-w" "/opt/rustwide/workdir" "-m" "1610612736" "--user" "0:0" "--network" "none" "ghcr.io/rust-lang/crates-build-env/linux@sha256:2788e3201cd34a07e3172128adcd8b3090168a8e3bcc40d7c032b9dda1df7d1c" "/opt/rustwide/cargo-home/bin/cargo" "+beta-2023-12-22" "test" "--frozen" "--no-run" "--message-format=json", kill_on_drop: false }`
[INFO] [stdout] 312b15081598aad9f4863acf1551b806e0c8181b74d4366ac37c8b55423a1eb9
[INFO] running `Command { std: "docker" "start" "-a" "312b15081598aad9f4863acf1551b806e0c8181b74d4366ac37c8b55423a1eb9", kill_on_drop: false }`
[INFO] [stdout] warning: ambiguous glob re-exports
[INFO] [stdout]  --> src/json/mod.rs:2:9
[INFO] [stdout]   |
[INFO] [stdout] 2 | pub use checker::*;
[INFO] [stdout]   |         ^^^^^^^^^^ the name `bh_41` in the type namespace is first re-exported here
[INFO] [stdout] ...
[INFO] [stdout] 5 | pub use templates::*;
[INFO] [stdout]   |         ------------ but the name `bh_41` in the type namespace is also re-exported here
[INFO] [stdout]   |
[INFO] [stdout]   = note: `#[warn(ambiguous_glob_reexports)]` on by default
[INFO] [stdout] 
[INFO] [stdout] 
[INFO] [stdout] warning: unused import: `templates::*`
[INFO] [stdout]  --> src/json/mod.rs:5:9
[INFO] [stdout]   |
[INFO] [stdout] 5 | pub use templates::*;
[INFO] [stdout]   |         ^^^^^^^^^^^^
[INFO] [stdout]   |
[INFO] [stdout]   = note: `#[warn(unused_imports)]` on by default
[INFO] [stdout] 
[INFO] [stdout] 
[INFO] [stdout] warning: 2 warnings emitted
[INFO] [stdout] 
[INFO] [stdout] 
[INFO] [stderr]    Compiling rusthound v1.1.68 (/opt/rustwide/workdir)
[INFO] [stdout] warning: ambiguous glob re-exports
[INFO] [stdout]  --> src/json/mod.rs:2:9
[INFO] [stdout]   |
[INFO] [stdout] 2 | pub use checker::*;
[INFO] [stdout]   |         ^^^^^^^^^^ the name `bh_41` in the type namespace is first re-exported here
[INFO] [stdout] ...
[INFO] [stdout] 5 | pub use templates::*;
[INFO] [stdout]   |         ------------ but the name `bh_41` in the type namespace is also re-exported here
[INFO] [stdout]   |
[INFO] [stdout]   = note: `#[warn(ambiguous_glob_reexports)]` on by default
[INFO] [stdout] 
[INFO] [stdout] 
[INFO] [stdout] warning: unused import: `templates::*`
[INFO] [stdout]  --> src/json/mod.rs:5:9
[INFO] [stdout]   |
[INFO] [stdout] 5 | pub use templates::*;
[INFO] [stdout]   |         ^^^^^^^^^^^^
[INFO] [stdout]   |
[INFO] [stdout]   = note: `#[warn(unused_imports)]` on by default
[INFO] [stdout] 
[INFO] [stdout] 
[INFO] [stdout] warning: ambiguous glob re-exports
[INFO] [stdout]  --> src/json/mod.rs:2:9
[INFO] [stdout]   |
[INFO] [stdout] 2 | pub use checker::*;
[INFO] [stdout]   |         ^^^^^^^^^^ the name `bh_41` in the type namespace is first re-exported here
[INFO] [stdout] ...
[INFO] [stdout] 5 | pub use templates::*;
[INFO] [stdout]   |         ------------ but the name `bh_41` in the type namespace is also re-exported here
[INFO] [stdout]   |
[INFO] [stdout]   = note: `#[warn(ambiguous_glob_reexports)]` on by default
[INFO] [stdout] 
[INFO] [stdout] 
[INFO] [stdout] warning: unused import: `templates::*`
[INFO] [stdout]  --> src/json/mod.rs:5:9
[INFO] [stdout]   |
[INFO] [stdout] 5 | pub use templates::*;
[INFO] [stdout]   |         ^^^^^^^^^^^^
[INFO] [stdout]   |
[INFO] [stdout]   = note: `#[warn(unused_imports)]` on by default
[INFO] [stdout] 
[INFO] [stdout] 
[INFO] [stdout] warning: 2 warnings emitted
[INFO] [stdout] 
[INFO] [stdout] 
[INFO] [stdout] warning: 2 warnings emitted
[INFO] [stdout] 
[INFO] [stdout] 
[INFO] [stderr]     Finished test [unoptimized + debuginfo] target(s) in 4.10s
[INFO] running `Command { std: "docker" "inspect" "312b15081598aad9f4863acf1551b806e0c8181b74d4366ac37c8b55423a1eb9", kill_on_drop: false }`
[INFO] running `Command { std: "docker" "rm" "-f" "312b15081598aad9f4863acf1551b806e0c8181b74d4366ac37c8b55423a1eb9", kill_on_drop: false }`
[INFO] [stdout] 312b15081598aad9f4863acf1551b806e0c8181b74d4366ac37c8b55423a1eb9
[INFO] running `Command { std: "docker" "create" "-v" "/var/lib/crater-agent-workspace/builds/worker-1-tc2/target:/opt/rustwide/target:rw,Z" "-v" "/var/lib/crater-agent-workspace/builds/worker-1-tc2/source:/opt/rustwide/workdir:ro,Z" "-v" "/var/lib/crater-agent-workspace/cargo-home:/opt/rustwide/cargo-home:ro,Z" "-v" "/var/lib/crater-agent-workspace/rustup-home:/opt/rustwide/rustup-home:ro,Z" "-e" "SOURCE_DIR=/opt/rustwide/workdir" "-e" "CARGO_TARGET_DIR=/opt/rustwide/target" "-e" "CARGO_INCREMENTAL=0" "-e" "RUST_BACKTRACE=full" "-e" "RUSTFLAGS=--cap-lints=warn" "-e" "RUSTDOCFLAGS=--cap-lints=warn" "-e" "CARGO_HOME=/opt/rustwide/cargo-home" "-e" "RUSTUP_HOME=/opt/rustwide/rustup-home" "-w" "/opt/rustwide/workdir" "-m" "1610612736" "--user" "0:0" "--network" "none" "ghcr.io/rust-lang/crates-build-env/linux@sha256:2788e3201cd34a07e3172128adcd8b3090168a8e3bcc40d7c032b9dda1df7d1c" "/opt/rustwide/cargo-home/bin/cargo" "+beta-2023-12-22" "test" "--frozen", kill_on_drop: false }`
[INFO] [stdout] 81b874a14fea99d50543d5db9f05cce5397864cd97683ecabdd33eb5bb753f88
[INFO] running `Command { std: "docker" "start" "-a" "81b874a14fea99d50543d5db9f05cce5397864cd97683ecabdd33eb5bb753f88", kill_on_drop: false }`
[INFO] [stderr] warning: ambiguous glob re-exports
[INFO] [stderr]  --> src/json/mod.rs:2:9
[INFO] [stderr]   |
[INFO] [stderr] 2 | pub use checker::*;
[INFO] [stderr]   |         ^^^^^^^^^^ the name `bh_41` in the type namespace is first re-exported here
[INFO] [stderr] ...
[INFO] [stderr] 5 | pub use templates::*;
[INFO] [stderr]   |         ------------ but the name `bh_41` in the type namespace is also re-exported here
[INFO] [stderr]   |
[INFO] [stderr]   = note: `#[warn(ambiguous_glob_reexports)]` on by default
[INFO] [stderr] 
[INFO] [stderr] warning: unused import: `templates::*`
[INFO] [stderr]  --> src/json/mod.rs:5:9
[INFO] [stderr]   |
[INFO] [stderr] 5 | pub use templates::*;
[INFO] [stderr]   |         ^^^^^^^^^^^^
[INFO] [stderr]   |
[INFO] [stderr]   = note: `#[warn(unused_imports)]` on by default
[INFO] [stderr] 
[INFO] [stderr] warning: `rusthound` (lib) generated 2 warnings (run `cargo fix --lib -p rusthound` to apply 1 suggestion)
[INFO] [stderr] warning: `rusthound` (lib test) generated 2 warnings (2 duplicates)
[INFO] [stderr] warning: `rusthound` (bin "rusthound" test) generated 2 warnings (2 duplicates)
[INFO] [stderr]     Finished test [unoptimized + debuginfo] target(s) in 0.19s
[INFO] [stderr]      Running unittests src/lib.rs (/opt/rustwide/target/debug/deps/rusthound-eb9bf29d6346569f)
[INFO] [stdout] 
[INFO] [stdout] running 3 tests
[INFO] [stdout] test enums::secdesc::test_ace ... ok
[INFO] [stdout] test enums::secdesc::test_security_descriptor ... ok
[INFO] [stdout] test enums::secdesc::test_acl_admin ... ok
[INFO] [stderr]      Running unittests src/main.rs (/opt/rustwide/target/debug/deps/rusthound-0e9dc84ba101d9cc)
[INFO] [stdout] 
[INFO] [stdout] test result: ok. 3 passed; 0 failed; 0 ignored; 0 measured; 0 filtered out; finished in 0.02s
[INFO] [stdout] 
[INFO] [stdout] 
[INFO] [stdout] running 3 tests
[INFO] [stdout] test enums::secdesc::test_ace ... ok
[INFO] [stdout] test enums::secdesc::test_security_descriptor ... ok
[INFO] [stdout] test enums::secdesc::test_acl_admin ... ok
[INFO] [stderr]    Doc-tests rusthound
[INFO] [stdout] 
[INFO] [stdout] test result: ok. 3 passed; 0 failed; 0 ignored; 0 measured; 0 filtered out; finished in 0.01s
[INFO] [stdout] 
[INFO] [stdout] 
[INFO] [stdout] running 4 tests
[INFO] [stdout] test src/lib.rs - (line 52) ... FAILED
[INFO] [stdout] test src/lib.rs - (line 9) ... FAILED
[INFO] [stdout] test src/errors.rs - errors::Error::new (line 41) ... FAILED
[INFO] [stdout] test src/ldap.rs - ldap (line 9) ... FAILED
[INFO] [stdout] 
[INFO] [stdout] failures:
[INFO] [stdout] 
[INFO] [stdout] ---- src/lib.rs - (line 52) stdout ----
[INFO] [stdout] error[E0425]: cannot find function `ldap_search` in this scope
[INFO] [stdout]  --> src/lib.rs:53:14
[INFO] [stdout]   |
[INFO] [stdout] 3 | let result = ldap_search(
[INFO] [stdout]   |              ^^^^^^^^^^^ not found in this scope
[INFO] [stdout]   |
[INFO] [stdout] help: consider importing this function
[INFO] [stdout]   |
[INFO] [stdout] 2 + use rusthound::ldap_search;
[INFO] [stdout]   |
[INFO] [stdout] 
[INFO] [stdout] error[E0425]: cannot find value `ldaps` in this scope
[INFO] [stdout]  --> src/lib.rs:54:5
[INFO] [stdout]   |
[INFO] [stdout] 4 |    &ldaps,
[INFO] [stdout]   |     ^^^^^ not found in this scope
[INFO] [stdout] 
[INFO] [stdout] error[E0425]: cannot find value `ip` in this scope
[INFO] [stdout]  --> src/lib.rs:55:5
[INFO] [stdout]   |
[INFO] [stdout] 5 |    &ip,
[INFO] [stdout]   |     ^^ not found in this scope
[INFO] [stdout] 
[INFO] [stdout] error[E0425]: cannot find value `port` in this scope
[INFO] [stdout]  --> src/lib.rs:56:5
[INFO] [stdout]   |
[INFO] [stdout] 6 |    &port,
[INFO] [stdout]   |     ^^^^ not found in this scope
[INFO] [stdout] 
[INFO] [stdout] error[E0425]: cannot find value `domain` in this scope
[INFO] [stdout]  --> src/lib.rs:57:5
[INFO] [stdout]   |
[INFO] [stdout] 7 |    &domain,
[INFO] [stdout]   |     ^^^^^^ not found in this scope
[INFO] [stdout] 
[INFO] [stdout] error[E0425]: cannot find value `ldapfqdn` in this scope
[INFO] [stdout]  --> src/lib.rs:58:5
[INFO] [stdout]   |
[INFO] [stdout] 8 |    &ldapfqdn,
[INFO] [stdout]   |     ^^^^^^^^ not found in this scope
[INFO] [stdout] 
[INFO] [stdout] error[E0425]: cannot find value `username` in this scope
[INFO] [stdout]  --> src/lib.rs:59:5
[INFO] [stdout]   |
[INFO] [stdout] 9 |    &username,
[INFO] [stdout]   |     ^^^^^^^^ not found in this scope
[INFO] [stdout] 
[INFO] [stdout] error[E0425]: cannot find value `password` in this scope
[INFO] [stdout]   --> src/lib.rs:60:5
[INFO] [stdout]    |
[INFO] [stdout] 10 |    &password,
[INFO] [stdout]    |     ^^^^^^^^ not found in this scope
[INFO] [stdout] 
[INFO] [stdout] error: aborting due to 8 previous errors
[INFO] [stdout] 
[INFO] [stdout] For more information about this error, try `rustc --explain E0425`.
[INFO] [stdout] Couldn't compile the test.
[INFO] [stdout] ---- src/lib.rs - (line 9) stdout ----
[INFO] [stdout] error: expected one of `!`, `.`, `::`, `;`, `?`, `{`, `}`, or an operator, found `RustHound`
[INFO] [stdout]  --> src/lib.rs:12:14
[INFO] [stdout]   |
[INFO] [stdout] 6 | Initializing RustHound at 13:37:00 UTC on 10/04/22
[INFO] [stdout]   |              ^^^^^^^^^ expected one of 8 possible tokens
[INFO] [stdout] 
[INFO] [stdout] error: aborting due to 1 previous error
[INFO] [stdout] 
[INFO] [stdout] Couldn't compile the test.
[INFO] [stdout] ---- src/errors.rs - errors::Error::new (line 41) stdout ----
[INFO] [stdout] error[E0433]: failed to resolve: use of undeclared type `Error`
[INFO] [stdout]  --> src/errors.rs:42:1
[INFO] [stdout]   |
[INFO] [stdout] 3 | Error::new(Kind::Other).with()
[INFO] [stdout]   | ^^^^^ use of undeclared type `Error`
[INFO] [stdout]   |
[INFO] [stdout] help: consider importing one of these items
[INFO] [stdout]   |
[INFO] [stdout] 2 + use clap::Error;
[INFO] [stdout]   |
[INFO] [stdout] 2 + use clap::error::Error;
[INFO] [stdout]   |
[INFO] [stdout] 2 + use core::error::Error;
[INFO] [stdout]   |
[INFO] [stdout] 2 + use core::fmt::Error;
[INFO] [stdout]   |
[INFO] [stdout]     and 10 other candidates
[INFO] [stdout] 
[INFO] [stdout] error[E0433]: failed to resolve: use of undeclared type `Kind`
[INFO] [stdout]  --> src/errors.rs:42:12
[INFO] [stdout]   |
[INFO] [stdout] 3 | Error::new(Kind::Other).with()
[INFO] [stdout]   |            ^^^^ use of undeclared type `Kind`
[INFO] [stdout]   |
[INFO] [stdout] help: consider importing this enum
[INFO] [stdout]   |
[INFO] [stdout] 2 + use rusthound::errors::Kind;
[INFO] [stdout]   |
[INFO] [stdout] 
[INFO] [stdout] error: aborting due to 2 previous errors
[INFO] [stdout] 
[INFO] [stdout] For more information about this error, try `rustc --explain E0433`.
[INFO] [stdout] Couldn't compile the test.
[INFO] [stdout] ---- src/ldap.rs - ldap (line 9) stdout ----
[INFO] [stdout] error: unexpected token: `...`
[INFO] [stdout]  --> src/ldap.rs:10:26
[INFO] [stdout]   |
[INFO] [stdout] 3 | let search = ldap_search(...)
[INFO] [stdout]   |                          ^^^
[INFO] [stdout]   |
[INFO] [stdout] help: use `..` for an exclusive range
[INFO] [stdout]   |
[INFO] [stdout] 3 | let search = ldap_search(..)
[INFO] [stdout]   |                          ~~
[INFO] [stdout] help: or `..=` for an inclusive range
[INFO] [stdout]   |
[INFO] [stdout] 3 | let search = ldap_search(..=)
[INFO] [stdout]   |                          ~~~
[INFO] [stdout] 
[INFO] [stdout] error[E0586]: inclusive range with no end
[INFO] [stdout]  --> src/ldap.rs:10:26
[INFO] [stdout]   |
[INFO] [stdout] 3 | let search = ldap_search(...)
[INFO] [stdout]   |                          ^^^ help: use `..` instead
[INFO] [stdout]   |
[INFO] [stdout]   = note: inclusive ranges must be bounded at the end (`..=b` or `a..=b`)
[INFO] [stdout] 
[INFO] [stdout] error: expected `;`, found `}`
[INFO] [stdout]  --> src/ldap.rs:10:30
[INFO] [stdout]   |
[INFO] [stdout] 3 | let search = ldap_search(...)
[INFO] [stdout]   |                              ^ help: add `;` here
[INFO] [stdout] 4 | } _doctest_main_src_ldap_rs_9_0() }
[INFO] [stdout]   | - unexpected token
[INFO] [stdout] 
[INFO] [stdout] error[E0425]: cannot find function `ldap_search` in this scope
[INFO] [stdout]  --> src/ldap.rs:10:14
[INFO] [stdout]   |
[INFO] [stdout] 3 | let search = ldap_search(...)
[INFO] [stdout]   |              ^^^^^^^^^^^ not found in this scope
[INFO] [stdout]   |
[INFO] [stdout] help: consider importing this function
[INFO] [stdout]   |
[INFO] [stdout] 2 + use rusthound::ldap_search;
[INFO] [stdout]   |
[INFO] [stdout] 
[INFO] [stdout] error: aborting due to 4 previous errors
[INFO] [stdout] 
[INFO] [stdout] Some errors have detailed explanations: E0425, E0586.
[INFO] [stdout] For more information about an error, try `rustc --explain E0425`.
[INFO] [stdout] Couldn't compile the test.
[INFO] [stdout] 
[INFO] [stdout] failures:
[INFO] [stdout]     src/errors.rs - errors::Error::new (line 41)
[INFO] [stdout]     src/ldap.rs - ldap (line 9)
[INFO] [stdout]     src/lib.rs - (line 52)
[INFO] [stdout]     src/lib.rs - (line 9)
[INFO] [stdout] 
[INFO] [stdout] test result: FAILED. 0 passed; 4 failed; 0 ignored; 0 measured; 0 filtered out; finished in 0.16s
[INFO] [stdout] 
[INFO] [stderr] error: doctest failed, to rerun pass `--doc`
[INFO] running `Command { std: "docker" "inspect" "81b874a14fea99d50543d5db9f05cce5397864cd97683ecabdd33eb5bb753f88", kill_on_drop: false }`
[INFO] running `Command { std: "docker" "rm" "-f" "81b874a14fea99d50543d5db9f05cce5397864cd97683ecabdd33eb5bb753f88", kill_on_drop: false }`
[INFO] [stdout] 81b874a14fea99d50543d5db9f05cce5397864cd97683ecabdd33eb5bb753f88
