[INFO] fetching crate rustgit 1.1.1...
[INFO] testing rustgit-1.1.1 against 1.75.0 for beta-1.76-1
[INFO] extracting crate rustgit 1.1.1 into /workspace/builds/worker-7-tc1/source
[INFO] validating manifest of crates.io crate rustgit 1.1.1 on toolchain 1.75.0
[INFO] running `Command { std: CARGO_HOME="/workspace/cargo-home" RUSTUP_HOME="/workspace/rustup-home" "/workspace/cargo-home/bin/cargo" "+1.75.0" "metadata" "--manifest-path" "Cargo.toml" "--no-deps", kill_on_drop: false }`
[INFO] started tweaking crates.io crate rustgit 1.1.1
[INFO] finished tweaking crates.io crate rustgit 1.1.1
[INFO] tweaked toml for crates.io crate rustgit 1.1.1 written to /workspace/builds/worker-7-tc1/source/Cargo.toml
[INFO] running `Command { std: CARGO_HOME="/workspace/cargo-home" RUSTUP_HOME="/workspace/rustup-home" "/workspace/cargo-home/bin/cargo" "+1.75.0" "generate-lockfile" "--manifest-path" "Cargo.toml", kill_on_drop: false }`
[INFO] [stderr]     Updating crates.io index
[INFO] running `Command { std: CARGO_HOME="/workspace/cargo-home" RUSTUP_HOME="/workspace/rustup-home" "/workspace/cargo-home/bin/cargo" "+1.75.0" "fetch" "--manifest-path" "Cargo.toml", kill_on_drop: false }`
[INFO] [stderr]  Downloading crates ...
[INFO] [stderr]   Downloaded strpool v1.0.3
[INFO] [stderr]   Downloaded coolssh v1.2.0
[INFO] [stderr]   Downloaded lmfu v1.3.1
[INFO] [stderr]   Downloaded arcstr v1.1.5
[INFO] running `Command { std: "docker" "create" "-v" "/var/lib/crater-agent-workspace/builds/worker-7-tc1/target:/opt/rustwide/target:rw,Z" "-v" "/var/lib/crater-agent-workspace/builds/worker-7-tc1/source:/opt/rustwide/workdir:ro,Z" "-v" "/var/lib/crater-agent-workspace/cargo-home:/opt/rustwide/cargo-home:ro,Z" "-v" "/var/lib/crater-agent-workspace/rustup-home:/opt/rustwide/rustup-home:ro,Z" "-e" "SOURCE_DIR=/opt/rustwide/workdir" "-e" "CARGO_TARGET_DIR=/opt/rustwide/target" "-e" "CARGO_HOME=/opt/rustwide/cargo-home" "-e" "RUSTUP_HOME=/opt/rustwide/rustup-home" "-w" "/opt/rustwide/workdir" "-m" "1610612736" "--user" "0:0" "--network" "none" "ghcr.io/rust-lang/crates-build-env/linux@sha256:2788e3201cd34a07e3172128adcd8b3090168a8e3bcc40d7c032b9dda1df7d1c" "/opt/rustwide/cargo-home/bin/cargo" "+1.75.0" "metadata" "--no-deps" "--format-version=1", kill_on_drop: false }`
[INFO] [stdout] 3c0312b2f83aad0637db7e472a34396351a81758e4c3785bf9e39e478bf25379
[INFO] running `Command { std: "docker" "start" "-a" "3c0312b2f83aad0637db7e472a34396351a81758e4c3785bf9e39e478bf25379", kill_on_drop: false }`
[INFO] running `Command { std: "docker" "inspect" "3c0312b2f83aad0637db7e472a34396351a81758e4c3785bf9e39e478bf25379", kill_on_drop: false }`
[INFO] running `Command { std: "docker" "rm" "-f" "3c0312b2f83aad0637db7e472a34396351a81758e4c3785bf9e39e478bf25379", kill_on_drop: false }`
[INFO] [stdout] 3c0312b2f83aad0637db7e472a34396351a81758e4c3785bf9e39e478bf25379
[INFO] running `Command { std: "docker" "create" "-v" "/var/lib/crater-agent-workspace/builds/worker-7-tc1/target:/opt/rustwide/target:rw,Z" "-v" "/var/lib/crater-agent-workspace/builds/worker-7-tc1/source:/opt/rustwide/workdir:ro,Z" "-v" "/var/lib/crater-agent-workspace/cargo-home:/opt/rustwide/cargo-home:ro,Z" "-v" "/var/lib/crater-agent-workspace/rustup-home:/opt/rustwide/rustup-home:ro,Z" "-e" "SOURCE_DIR=/opt/rustwide/workdir" "-e" "CARGO_TARGET_DIR=/opt/rustwide/target" "-e" "CARGO_INCREMENTAL=0" "-e" "RUST_BACKTRACE=full" "-e" "RUSTFLAGS=--cap-lints=warn" "-e" "RUSTDOCFLAGS=--cap-lints=warn" "-e" "CARGO_HOME=/opt/rustwide/cargo-home" "-e" "RUSTUP_HOME=/opt/rustwide/rustup-home" "-w" "/opt/rustwide/workdir" "-m" "1610612736" "--user" "0:0" "--network" "none" "ghcr.io/rust-lang/crates-build-env/linux@sha256:2788e3201cd34a07e3172128adcd8b3090168a8e3bcc40d7c032b9dda1df7d1c" "/opt/rustwide/cargo-home/bin/cargo" "+1.75.0" "build" "--frozen" "--message-format=json", kill_on_drop: false }`
[INFO] [stdout] 8060503a8cbf7caa28f0e6e9ed4e11a63b34a6f297ba9907579e531b45dc1cb5
[INFO] running `Command { std: "docker" "start" "-a" "8060503a8cbf7caa28f0e6e9ed4e11a63b34a6f297ba9907579e531b45dc1cb5", kill_on_drop: false }`
[INFO] [stderr]    Compiling libc v0.2.151
[INFO] [stderr]    Compiling typenum v1.17.0
[INFO] [stderr]    Compiling generic-array v0.14.7
[INFO] [stderr]    Compiling ppv-lite86 v0.2.17
[INFO] [stderr]    Compiling proc-macro2 v1.0.75
[INFO] [stderr]    Compiling getrandom v0.1.16
[INFO] [stderr]    Compiling unicode-ident v1.0.12
[INFO] [stderr]    Compiling cpufeatures v0.2.12
[INFO] [stderr]    Compiling ahash v0.8.7
[INFO] [stderr]    Compiling subtle v2.5.0
[INFO] [stderr]    Compiling byteorder v1.5.0
[INFO] [stderr]    Compiling serde v1.0.194
[INFO] [stderr]    Compiling signature v1.6.4
[INFO] [stderr]    Compiling once_cell v1.19.0
[INFO] [stderr]    Compiling zerocopy v0.7.32
[INFO] [stderr]    Compiling opaque-debug v0.3.0
[INFO] [stderr]    Compiling log v0.4.20
[INFO] [stderr]    Compiling litemap v0.7.2
[INFO] [stderr]    Compiling ed25519 v1.5.3
[INFO] [stderr]    Compiling arcstr v1.1.5
[INFO] [stderr]    Compiling base64 v0.21.5
[INFO] [stderr]    Compiling adler v1.0.2
[INFO] [stderr]    Compiling miniz_oxide v0.7.1
[INFO] [stderr]    Compiling quote v1.0.35
[INFO] [stderr]    Compiling syn v2.0.48
[INFO] [stderr]    Compiling getrandom v0.2.11
[INFO] [stderr]    Compiling rand_core v0.6.4
[INFO] [stderr]    Compiling rand_core v0.5.1
[INFO] [stderr]    Compiling rand_chacha v0.3.1
[INFO] [stderr]    Compiling rand_chacha v0.2.2
[INFO] [stderr]    Compiling rand v0.7.3
[INFO] [stderr]    Compiling rand v0.8.5
[INFO] [stderr]    Compiling crypto-common v0.1.6
[INFO] [stderr]    Compiling digest v0.9.0
[INFO] [stderr]    Compiling inout v0.1.3
[INFO] [stderr]    Compiling block-buffer v0.10.4
[INFO] [stderr]    Compiling block-buffer v0.9.0
[INFO] [stderr]    Compiling cipher v0.4.4
[INFO] [stderr]    Compiling digest v0.10.7
[INFO] [stderr]    Compiling sha2 v0.9.9
[INFO] [stderr]    Compiling sha2 v0.10.8
[INFO] [stderr]    Compiling sha1 v0.10.6
[INFO] [stderr]    Compiling strpool v1.0.3
[INFO] [stderr]    Compiling lmfu v1.3.1
[INFO] [stderr]    Compiling ctr v0.9.2
[INFO] [stderr]    Compiling aes v0.8.3
[INFO] [stderr]    Compiling zeroize_derive v1.4.2
[INFO] [stderr]    Compiling zeroize v1.3.0
[INFO] [stderr]    Compiling curve25519-dalek v3.2.1
[INFO] [stderr]    Compiling ed25519-dalek v1.0.1
[INFO] [stderr]    Compiling x25519-dalek v1.2.0
[INFO] [stderr]    Compiling coolssh v1.2.0
[INFO] [stderr]    Compiling rustgit v1.1.1 (/opt/rustwide/workdir)
[INFO] [stderr]     Finished dev [unoptimized + debuginfo] target(s) in 7.55s
[INFO] running `Command { std: "docker" "inspect" "8060503a8cbf7caa28f0e6e9ed4e11a63b34a6f297ba9907579e531b45dc1cb5", kill_on_drop: false }`
[INFO] running `Command { std: "docker" "rm" "-f" "8060503a8cbf7caa28f0e6e9ed4e11a63b34a6f297ba9907579e531b45dc1cb5", kill_on_drop: false }`
[INFO] [stdout] 8060503a8cbf7caa28f0e6e9ed4e11a63b34a6f297ba9907579e531b45dc1cb5
[INFO] running `Command { std: "docker" "create" "-v" "/var/lib/crater-agent-workspace/builds/worker-7-tc1/target:/opt/rustwide/target:rw,Z" "-v" "/var/lib/crater-agent-workspace/builds/worker-7-tc1/source:/opt/rustwide/workdir:ro,Z" "-v" "/var/lib/crater-agent-workspace/cargo-home:/opt/rustwide/cargo-home:ro,Z" "-v" "/var/lib/crater-agent-workspace/rustup-home:/opt/rustwide/rustup-home:ro,Z" "-e" "SOURCE_DIR=/opt/rustwide/workdir" "-e" "CARGO_TARGET_DIR=/opt/rustwide/target" "-e" "CARGO_INCREMENTAL=0" "-e" "RUST_BACKTRACE=full" "-e" "RUSTFLAGS=--cap-lints=warn" "-e" "RUSTDOCFLAGS=--cap-lints=warn" "-e" "CARGO_HOME=/opt/rustwide/cargo-home" "-e" "RUSTUP_HOME=/opt/rustwide/rustup-home" "-w" "/opt/rustwide/workdir" "-m" "1610612736" "--user" "0:0" "--network" "none" "ghcr.io/rust-lang/crates-build-env/linux@sha256:2788e3201cd34a07e3172128adcd8b3090168a8e3bcc40d7c032b9dda1df7d1c" "/opt/rustwide/cargo-home/bin/cargo" "+1.75.0" "test" "--frozen" "--no-run" "--message-format=json", kill_on_drop: false }`
[INFO] [stdout] 099a8b9d715c708e0fb8d64f170ca51882dc8d37f8fef190f7c6341d41c77834
[INFO] running `Command { std: "docker" "start" "-a" "099a8b9d715c708e0fb8d64f170ca51882dc8d37f8fef190f7c6341d41c77834", kill_on_drop: false }`
[INFO] [stderr]    Compiling rustgit v1.1.1 (/opt/rustwide/workdir)
[INFO] [stderr]     Finished test [unoptimized + debuginfo] target(s) in 0.57s
[INFO] running `Command { std: "docker" "inspect" "099a8b9d715c708e0fb8d64f170ca51882dc8d37f8fef190f7c6341d41c77834", kill_on_drop: false }`
[INFO] running `Command { std: "docker" "rm" "-f" "099a8b9d715c708e0fb8d64f170ca51882dc8d37f8fef190f7c6341d41c77834", kill_on_drop: false }`
[INFO] [stdout] 099a8b9d715c708e0fb8d64f170ca51882dc8d37f8fef190f7c6341d41c77834
[INFO] running `Command { std: "docker" "create" "-v" "/var/lib/crater-agent-workspace/builds/worker-7-tc1/target:/opt/rustwide/target:rw,Z" "-v" "/var/lib/crater-agent-workspace/builds/worker-7-tc1/source:/opt/rustwide/workdir:ro,Z" "-v" "/var/lib/crater-agent-workspace/cargo-home:/opt/rustwide/cargo-home:ro,Z" "-v" "/var/lib/crater-agent-workspace/rustup-home:/opt/rustwide/rustup-home:ro,Z" "-e" "SOURCE_DIR=/opt/rustwide/workdir" "-e" "CARGO_TARGET_DIR=/opt/rustwide/target" "-e" "CARGO_INCREMENTAL=0" "-e" "RUST_BACKTRACE=full" "-e" "RUSTFLAGS=--cap-lints=warn" "-e" "RUSTDOCFLAGS=--cap-lints=warn" "-e" "CARGO_HOME=/opt/rustwide/cargo-home" "-e" "RUSTUP_HOME=/opt/rustwide/rustup-home" "-w" "/opt/rustwide/workdir" "-m" "1610612736" "--user" "0:0" "--network" "none" "ghcr.io/rust-lang/crates-build-env/linux@sha256:2788e3201cd34a07e3172128adcd8b3090168a8e3bcc40d7c032b9dda1df7d1c" "/opt/rustwide/cargo-home/bin/cargo" "+1.75.0" "test" "--frozen", kill_on_drop: false }`
[INFO] [stdout] d70b6cf21fa16f7df734a518b14012a50e3d907b28e650c4a6ef53212ddde1c5
[INFO] running `Command { std: "docker" "start" "-a" "d70b6cf21fa16f7df734a518b14012a50e3d907b28e650c4a6ef53212ddde1c5", kill_on_drop: false }`
[INFO] [stderr]     Finished test [unoptimized + debuginfo] target(s) in 0.05s
[INFO] [stderr]      Running unittests src/lib.rs (/opt/rustwide/target/debug/deps/rustgit-57e503e2d7d803f7)
[INFO] [stderr]    Doc-tests rustgit
[INFO] [stdout] 
[INFO] [stdout] running 0 tests
[INFO] [stdout] 
[INFO] [stdout] test result: ok. 0 passed; 0 failed; 0 ignored; 0 measured; 0 filtered out; finished in 0.00s
[INFO] [stdout] 
[INFO] [stdout] 
[INFO] [stdout] running 1 test
[INFO] [stdout] test src/lib.rs - (line 5) ... FAILED
[INFO] [stdout] 
[INFO] [stdout] failures:
[INFO] [stdout] 
[INFO] [stdout] ---- src/lib.rs - (line 5) stdout ----
[INFO] [stdout] error[E0061]: this function takes 0 arguments but 1 argument was supplied
[INFO] [stdout]   --> src/lib.rs:11:41
[INFO] [stdout]    |
[INFO] [stdout] 9  | let (openssh_encoded_pubkey, keypair) = create_ed25519_keypair(github_account_id);
[INFO] [stdout]    |                                         ^^^^^^^^^^^^^^^^^^^^^^ -----------------
[INFO] [stdout]    |                                                                |
[INFO] [stdout]    |                                                                unexpected argument of type `&str`
[INFO] [stdout]    |                                                                help: remove the extra argument
[INFO] [stdout]    |
[INFO] [stdout] note: function defined here
[INFO] [stdout]   --> /opt/rustwide/cargo-home/registry/src/index.crates.io-6f17d22bba15001f/coolssh-1.2.0/src/keygen.rs:31:8
[INFO] [stdout]    |
[INFO] [stdout] 31 | pub fn create_ed25519_keypair() -> String {
[INFO] [stdout]    |        ^^^^^^^^^^^^^^^^^^^^^^
[INFO] [stdout] 
[INFO] [stdout] error[E0308]: mismatched types
[INFO] [stdout]  --> src/lib.rs:11:5
[INFO] [stdout]   |
[INFO] [stdout] 9 | let (openssh_encoded_pubkey, keypair) = create_ed25519_keypair(github_account_id);
[INFO] [stdout]   |     ^^^^^^^^^^^^^^^^^^^^^^^^^^^^^^^^^   ----------------------------------------- this expression has type `std::string::String`
[INFO] [stdout]   |     |
[INFO] [stdout]   |     expected `String`, found `(_, _)`
[INFO] [stdout]   |
[INFO] [stdout]   = note: expected struct `std::string::String`
[INFO] [stdout]               found tuple `(_, _)`
[INFO] [stdout] 
[INFO] [stdout] error[E0308]: arguments to this function are incorrect
[INFO] [stdout]   --> src/lib.rs:17:14
[INFO] [stdout]    |
[INFO] [stdout] 15 | let remote = Remote::new("github.com:22", "git", "NathanRoyer/rustgit.git", &keypair);
[INFO] [stdout]    |              ^^^^^^^^^^^ ---------------  -----  ------------------------- expected `ArcStr`, found `&str`
[INFO] [stdout]    |                          |                |
[INFO] [stdout]    |                          |                expected `ArcStr`, found `&str`
[INFO] [stdout]    |                          expected `ArcStr`, found `&str`
[INFO] [stdout]    |
[INFO] [stdout] note: associated function defined here
[INFO] [stdout]   --> /opt/rustwide/workdir/src/lib.rs:54:12
[INFO] [stdout]    |
[INFO] [stdout] 54 |     pub fn new(
[INFO] [stdout]    |            ^^^
[INFO] [stdout] help: call `Into::into` on this expression to convert `&'static str` into `arcstr::arc_str::ArcStr`
[INFO] [stdout]    |
[INFO] [stdout] 15 | let remote = Remote::new("github.com:22".into(), "git", "NathanRoyer/rustgit.git", &keypair);
[INFO] [stdout]    |                                         +++++++
[INFO] [stdout] help: call `Into::into` on this expression to convert `&'static str` into `arcstr::arc_str::ArcStr`
[INFO] [stdout]    |
[INFO] [stdout] 15 | let remote = Remote::new("github.com:22", "git".into(), "NathanRoyer/rustgit.git", &keypair);
[INFO] [stdout]    |                                                +++++++
[INFO] [stdout] help: call `Into::into` on this expression to convert `&'static str` into `arcstr::arc_str::ArcStr`
[INFO] [stdout]    |
[INFO] [stdout] 15 | let remote = Remote::new("github.com:22", "git", "NathanRoyer/rustgit.git".into(), &keypair);
[INFO] [stdout]    |                                                                           +++++++
[INFO] [stdout] 
[INFO] [stdout] error[E0308]: mismatched types
[INFO] [stdout]   --> src/lib.rs:26:12
[INFO] [stdout]    |
[INFO] [stdout] 24 | repo.clone(remote, Reference::Branch(the_branch), clone_depth).unwrap();
[INFO] [stdout]    |      ----- ^^^^^^ expected `&Remote`, found `Remote`
[INFO] [stdout]    |      |
[INFO] [stdout]    |      arguments to this method are incorrect
[INFO] [stdout]    |
[INFO] [stdout] note: method defined here
[INFO] [stdout]   --> /opt/rustwide/workdir/src/clone.rs:23:12
[INFO] [stdout]    |
[INFO] [stdout] 23 |     pub fn clone(
[INFO] [stdout]    |            ^^^^^
[INFO] [stdout] help: consider borrowing here
[INFO] [stdout]    |
[INFO] [stdout] 24 | repo.clone(&remote, Reference::Branch(the_branch), clone_depth).unwrap();
[INFO] [stdout]    |            +
[INFO] [stdout] 
[INFO] [stdout] error[E0308]: mismatched types
[INFO] [stdout]   --> src/lib.rs:41:11
[INFO] [stdout]    |
[INFO] [stdout] 39 | repo.push(remote, &[(the_branch, new_head)], false).unwrap();
[INFO] [stdout]    |      ---- ^^^^^^ expected `&Remote`, found `Remote`
[INFO] [stdout]    |      |
[INFO] [stdout]    |      arguments to this method are incorrect
[INFO] [stdout]    |
[INFO] [stdout] note: method defined here
[INFO] [stdout]   --> /opt/rustwide/workdir/src/push.rs:11:12
[INFO] [stdout]    |
[INFO] [stdout] 11 |     pub fn push(
[INFO] [stdout]    |            ^^^^
[INFO] [stdout] help: consider borrowing here
[INFO] [stdout]    |
[INFO] [stdout] 39 | repo.push(&remote, &[(the_branch, new_head)], false).unwrap();
[INFO] [stdout]    |           +
[INFO] [stdout] 
[INFO] [stdout] error: aborting due to 5 previous errors
[INFO] [stdout] 
[INFO] [stdout] Some errors have detailed explanations: E0061, E0308.
[INFO] [stdout] For more information about an error, try `rustc --explain E0061`.
[INFO] [stdout] Couldn't compile the test.
[INFO] [stdout] 
[INFO] [stdout] failures:
[INFO] [stdout]     src/lib.rs - (line 5)
[INFO] [stdout] 
[INFO] [stdout] test result: FAILED. 0 passed; 1 failed; 0 ignored; 0 measured; 0 filtered out; finished in 0.10s
[INFO] [stdout] 
[INFO] [stderr] error: doctest failed, to rerun pass `--doc`
[INFO] running `Command { std: "docker" "inspect" "d70b6cf21fa16f7df734a518b14012a50e3d907b28e650c4a6ef53212ddde1c5", kill_on_drop: false }`
[INFO] running `Command { std: "docker" "rm" "-f" "d70b6cf21fa16f7df734a518b14012a50e3d907b28e650c4a6ef53212ddde1c5", kill_on_drop: false }`
[INFO] [stdout] d70b6cf21fa16f7df734a518b14012a50e3d907b28e650c4a6ef53212ddde1c5
