[INFO] fetching crate rustdoc-index 0.7.1...
[INFO] testing rustdoc-index-0.7.1 against 1.75.0 for beta-1.76-1
[INFO] extracting crate rustdoc-index 0.7.1 into /workspace/builds/worker-0-tc1/source
[INFO] validating manifest of crates.io crate rustdoc-index 0.7.1 on toolchain 1.75.0
[INFO] running `Command { std: CARGO_HOME="/workspace/cargo-home" RUSTUP_HOME="/workspace/rustup-home" "/workspace/cargo-home/bin/cargo" "+1.75.0" "metadata" "--manifest-path" "Cargo.toml" "--no-deps", kill_on_drop: false }`
[INFO] started tweaking crates.io crate rustdoc-index 0.7.1
[INFO] finished tweaking crates.io crate rustdoc-index 0.7.1
[INFO] tweaked toml for crates.io crate rustdoc-index 0.7.1 written to /workspace/builds/worker-0-tc1/source/Cargo.toml
[INFO] crate crates.io crate rustdoc-index 0.7.1 already has a lockfile, it will not be regenerated
[INFO] running `Command { std: CARGO_HOME="/workspace/cargo-home" RUSTUP_HOME="/workspace/rustup-home" "/workspace/cargo-home/bin/cargo" "+1.75.0" "fetch" "--manifest-path" "Cargo.toml", kill_on_drop: false }`
[INFO] [stderr]  Downloading crates ...
[INFO] [stderr]   Downloaded crossbeam-channel v0.5.5
[INFO] [stderr]   Downloaded once_cell v1.12.1
[INFO] [stderr]   Downloaded serde_repr v0.1.8
[INFO] running `Command { std: "docker" "create" "-v" "/var/lib/crater-agent-workspace/builds/worker-0-tc1/target:/opt/rustwide/target:rw,Z" "-v" "/var/lib/crater-agent-workspace/builds/worker-0-tc1/source:/opt/rustwide/workdir:ro,Z" "-v" "/var/lib/crater-agent-workspace/cargo-home:/opt/rustwide/cargo-home:ro,Z" "-v" "/var/lib/crater-agent-workspace/rustup-home:/opt/rustwide/rustup-home:ro,Z" "-e" "SOURCE_DIR=/opt/rustwide/workdir" "-e" "CARGO_TARGET_DIR=/opt/rustwide/target" "-e" "CARGO_HOME=/opt/rustwide/cargo-home" "-e" "RUSTUP_HOME=/opt/rustwide/rustup-home" "-w" "/opt/rustwide/workdir" "-m" "1610612736" "--user" "0:0" "--network" "none" "ghcr.io/rust-lang/crates-build-env/linux@sha256:2788e3201cd34a07e3172128adcd8b3090168a8e3bcc40d7c032b9dda1df7d1c" "/opt/rustwide/cargo-home/bin/cargo" "+1.75.0" "metadata" "--no-deps" "--format-version=1", kill_on_drop: false }`
[INFO] [stdout] 5827777e9a1fb6a9716eb185e20975e6f9be6d614de586110da0c13d3a6ab72b
[INFO] running `Command { std: "docker" "start" "-a" "5827777e9a1fb6a9716eb185e20975e6f9be6d614de586110da0c13d3a6ab72b", kill_on_drop: false }`
[INFO] running `Command { std: "docker" "inspect" "5827777e9a1fb6a9716eb185e20975e6f9be6d614de586110da0c13d3a6ab72b", kill_on_drop: false }`
[INFO] running `Command { std: "docker" "rm" "-f" "5827777e9a1fb6a9716eb185e20975e6f9be6d614de586110da0c13d3a6ab72b", kill_on_drop: false }`
[INFO] [stdout] 5827777e9a1fb6a9716eb185e20975e6f9be6d614de586110da0c13d3a6ab72b
[INFO] running `Command { std: "docker" "create" "-v" "/var/lib/crater-agent-workspace/builds/worker-0-tc1/target:/opt/rustwide/target:rw,Z" "-v" "/var/lib/crater-agent-workspace/builds/worker-0-tc1/source:/opt/rustwide/workdir:ro,Z" "-v" "/var/lib/crater-agent-workspace/cargo-home:/opt/rustwide/cargo-home:ro,Z" "-v" "/var/lib/crater-agent-workspace/rustup-home:/opt/rustwide/rustup-home:ro,Z" "-e" "SOURCE_DIR=/opt/rustwide/workdir" "-e" "CARGO_TARGET_DIR=/opt/rustwide/target" "-e" "CARGO_INCREMENTAL=0" "-e" "RUST_BACKTRACE=full" "-e" "RUSTFLAGS=--cap-lints=warn" "-e" "RUSTDOCFLAGS=--cap-lints=warn" "-e" "CARGO_HOME=/opt/rustwide/cargo-home" "-e" "RUSTUP_HOME=/opt/rustwide/rustup-home" "-w" "/opt/rustwide/workdir" "-m" "1610612736" "--user" "0:0" "--network" "none" "ghcr.io/rust-lang/crates-build-env/linux@sha256:2788e3201cd34a07e3172128adcd8b3090168a8e3bcc40d7c032b9dda1df7d1c" "/opt/rustwide/cargo-home/bin/cargo" "+1.75.0" "build" "--frozen" "--message-format=json", kill_on_drop: false }`
[INFO] [stdout] 4b2afb7611de34362e679fb94ed597dda0f515a0c43efc1f1f54f955864a4275
[INFO] running `Command { std: "docker" "start" "-a" "4b2afb7611de34362e679fb94ed597dda0f515a0c43efc1f1f54f955864a4275", kill_on_drop: false }`
[INFO] [stderr]    Compiling proc-macro2 v1.0.40
[INFO] [stderr]    Compiling unicode-ident v1.0.1
[INFO] [stderr]    Compiling quote v1.0.20
[INFO] [stderr]    Compiling syn v1.0.98
[INFO] [stderr]    Compiling libc v0.2.126
[INFO] [stderr]    Compiling serde_derive v1.0.138
[INFO] [stderr]    Compiling serde v1.0.138
[INFO] [stderr]    Compiling crossbeam-utils v0.8.10
[INFO] [stderr]    Compiling once_cell v1.12.1
[INFO] [stderr]    Compiling rayon-core v1.9.3
[INFO] [stderr]    Compiling scopeguard v1.1.0
[INFO] [stderr]    Compiling memoffset v0.6.5
[INFO] [stderr]    Compiling crossbeam-epoch v0.9.9
[INFO] [stderr]    Compiling proc-macro-error-attr v1.0.4
[INFO] [stderr]    Compiling proc-macro-error v1.0.4
[INFO] [stderr]    Compiling unicode-width v0.1.9
[INFO] [stderr]    Compiling serde_json v1.0.82
[INFO] [stderr]    Compiling semver v1.0.12
[INFO] [stderr]    Compiling unicode-segmentation v1.9.0
[INFO] [stderr]    Compiling camino v1.0.9
[INFO] [stderr]    Compiling textwrap v0.11.0
[INFO] [stderr]    Compiling rayon v1.5.3
[INFO] [stderr]    Compiling itoa v1.0.2
[INFO] [stderr]    Compiling ryu v1.0.10
[INFO] [stderr]    Compiling vec_map v0.8.2
[INFO] [stderr]    Compiling ansi_term v0.12.1
[INFO] [stderr]    Compiling strsim v0.8.0
[INFO] [stderr]    Compiling either v1.7.0
[INFO] [stderr]    Compiling pin-project-lite v0.2.9
[INFO] [stderr]    Compiling unescape v0.1.0
[INFO] [stderr]    Compiling heck v0.3.3
[INFO] [stderr]    Compiling crossbeam-channel v0.5.5
[INFO] [stderr]    Compiling crossbeam-deque v0.8.1
[INFO] [stderr]    Compiling num_cpus v1.13.1
[INFO] [stderr]    Compiling atty v0.2.14
[INFO] [stderr]    Compiling clap v2.34.0
[INFO] [stderr]    Compiling tokio-macros v1.8.0
[INFO] [stderr]    Compiling structopt-derive v0.4.18
[INFO] [stderr]    Compiling thiserror-impl v1.0.31
[INFO] [stderr]    Compiling serde_repr v0.1.8
[INFO] [stderr]    Compiling tokio v1.19.2
[INFO] [stderr]    Compiling thiserror v1.0.31
[INFO] [stderr]    Compiling structopt v0.3.26
[INFO] [stderr]    Compiling cargo-platform v0.1.2
[INFO] [stderr]    Compiling cargo_metadata v0.15.0
[INFO] [stderr]    Compiling rustdoc-index v0.7.1 (/opt/rustwide/workdir)
[INFO] [stdout] warning: fields `f` and `d` are never read
[INFO] [stdout]   --> src/doc.rs:12:5
[INFO] [stdout]    |
[INFO] [stdout] 5  | pub struct Crate {
[INFO] [stdout]    |            ----- fields in this struct
[INFO] [stdout] ...
[INFO] [stdout] 12 |     f: F,
[INFO] [stdout]    |     ^
[INFO] [stdout] 13 |     q: Vec<String>,
[INFO] [stdout] 14 |     d: Vec<String>,
[INFO] [stdout]    |     ^
[INFO] [stdout]    |
[INFO] [stdout]    = note: `Crate` has a derived impl for the trait `Debug`, but this is intentionally ignored during dead code analysis
[INFO] [stdout]    = note: `#[warn(dead_code)]` on by default
[INFO] [stdout] 
[INFO] [stdout] 
[INFO] [stdout] warning: fields `name`, `generics`, and `kind` are never read
[INFO] [stdout]   --> src/doc.rs:53:5
[INFO] [stdout]    |
[INFO] [stdout] 52 | pub struct Type1_55_0 {
[INFO] [stdout]    |            ---------- fields in this struct
[INFO] [stdout] 53 |     name: String,
[INFO] [stdout]    |     ^^^^
[INFO] [stdout] 54 |     generics: Option<Vec<String>>,
[INFO] [stdout]    |     ^^^^^^^^
[INFO] [stdout] 55 |     kind: ItemType
[INFO] [stdout]    |     ^^^^
[INFO] [stdout]    |
[INFO] [stdout]    = note: `Type1_55_0` has a derived impl for the trait `Debug`, but this is intentionally ignored during dead code analysis
[INFO] [stdout] 
[INFO] [stdout] 
[INFO] [stdout] warning: fields `name`, `generics`, and `kind` are never read
[INFO] [stdout]   --> src/doc.rs:68:5
[INFO] [stdout]    |
[INFO] [stdout] 67 | pub struct Type1_58_0 {
[INFO] [stdout]    |            ---------- fields in this struct
[INFO] [stdout] 68 |     name: String,
[INFO] [stdout]    |     ^^^^
[INFO] [stdout] 69 |     generics: Option<Vec<Type1_58_0>>,
[INFO] [stdout]    |     ^^^^^^^^
[INFO] [stdout] 70 |     kind: ItemType
[INFO] [stdout]    |     ^^^^
[INFO] [stdout]    |
[INFO] [stdout]    = note: `Type1_58_0` has a derived impl for the trait `Debug`, but this is intentionally ignored during dead code analysis
[INFO] [stdout] 
[INFO] [stdout] 
[INFO] [stdout] warning: 3 warnings emitted
[INFO] [stdout] 
[INFO] [stdout] 
[INFO] [stderr]     Finished dev [unoptimized + debuginfo] target(s) in 9.00s
[INFO] running `Command { std: "docker" "inspect" "4b2afb7611de34362e679fb94ed597dda0f515a0c43efc1f1f54f955864a4275", kill_on_drop: false }`
[INFO] running `Command { std: "docker" "rm" "-f" "4b2afb7611de34362e679fb94ed597dda0f515a0c43efc1f1f54f955864a4275", kill_on_drop: false }`
[INFO] [stdout] 4b2afb7611de34362e679fb94ed597dda0f515a0c43efc1f1f54f955864a4275
[INFO] running `Command { std: "docker" "create" "-v" "/var/lib/crater-agent-workspace/builds/worker-0-tc1/target:/opt/rustwide/target:rw,Z" "-v" "/var/lib/crater-agent-workspace/builds/worker-0-tc1/source:/opt/rustwide/workdir:ro,Z" "-v" "/var/lib/crater-agent-workspace/cargo-home:/opt/rustwide/cargo-home:ro,Z" "-v" "/var/lib/crater-agent-workspace/rustup-home:/opt/rustwide/rustup-home:ro,Z" "-e" "SOURCE_DIR=/opt/rustwide/workdir" "-e" "CARGO_TARGET_DIR=/opt/rustwide/target" "-e" "CARGO_INCREMENTAL=0" "-e" "RUST_BACKTRACE=full" "-e" "RUSTFLAGS=--cap-lints=warn" "-e" "RUSTDOCFLAGS=--cap-lints=warn" "-e" "CARGO_HOME=/opt/rustwide/cargo-home" "-e" "RUSTUP_HOME=/opt/rustwide/rustup-home" "-w" "/opt/rustwide/workdir" "-m" "1610612736" "--user" "0:0" "--network" "none" "ghcr.io/rust-lang/crates-build-env/linux@sha256:2788e3201cd34a07e3172128adcd8b3090168a8e3bcc40d7c032b9dda1df7d1c" "/opt/rustwide/cargo-home/bin/cargo" "+1.75.0" "test" "--frozen" "--no-run" "--message-format=json", kill_on_drop: false }`
[INFO] [stdout] 0092feee53e06f504e274eaee425d4339bdf52f8132bec50c7a9b0bbea188e8b
[INFO] running `Command { std: "docker" "start" "-a" "0092feee53e06f504e274eaee425d4339bdf52f8132bec50c7a9b0bbea188e8b", kill_on_drop: false }`
[INFO] [stderr]    Compiling memchr v2.5.0
[INFO] [stderr]    Compiling log v0.4.17
[INFO] [stderr]    Compiling regex-syntax v0.6.26
[INFO] [stderr]    Compiling humantime v2.1.0
[INFO] [stderr]    Compiling termcolor v1.1.3
[INFO] [stdout] warning: fields `f` and `d` are never read
[INFO] [stdout]   --> src/doc.rs:12:5
[INFO] [stdout]    |
[INFO] [stdout] 5  | pub struct Crate {
[INFO] [stdout]    |            ----- fields in this struct
[INFO] [stdout] ...
[INFO] [stdout] 12 |     f: F,
[INFO] [stdout]    |     ^
[INFO] [stdout] 13 |     q: Vec<String>,
[INFO] [stdout] 14 |     d: Vec<String>,
[INFO] [stdout]    |     ^
[INFO] [stdout]    |
[INFO] [stdout]    = note: `Crate` has a derived impl for the trait `Debug`, but this is intentionally ignored during dead code analysis
[INFO] [stdout]    = note: `#[warn(dead_code)]` on by default
[INFO] [stdout] 
[INFO] [stdout] 
[INFO] [stdout] warning: fields `name`, `generics`, and `kind` are never read
[INFO] [stdout]   --> src/doc.rs:53:5
[INFO] [stdout]    |
[INFO] [stdout] 52 | pub struct Type1_55_0 {
[INFO] [stdout]    |            ---------- fields in this struct
[INFO] [stdout] 53 |     name: String,
[INFO] [stdout]    |     ^^^^
[INFO] [stdout] 54 |     generics: Option<Vec<String>>,
[INFO] [stdout]    |     ^^^^^^^^
[INFO] [stdout] 55 |     kind: ItemType
[INFO] [stdout]    |     ^^^^
[INFO] [stdout]    |
[INFO] [stdout]    = note: `Type1_55_0` has a derived impl for the trait `Debug`, but this is intentionally ignored during dead code analysis
[INFO] [stdout] 
[INFO] [stdout] 
[INFO] [stdout] warning: fields `name`, `generics`, and `kind` are never read
[INFO] [stdout]   --> src/doc.rs:68:5
[INFO] [stdout]    |
[INFO] [stdout] 67 | pub struct Type1_58_0 {
[INFO] [stdout]    |            ---------- fields in this struct
[INFO] [stdout] 68 |     name: String,
[INFO] [stdout]    |     ^^^^
[INFO] [stdout] 69 |     generics: Option<Vec<Type1_58_0>>,
[INFO] [stdout]    |     ^^^^^^^^
[INFO] [stdout] 70 |     kind: ItemType
[INFO] [stdout]    |     ^^^^
[INFO] [stdout]    |
[INFO] [stdout]    = note: `Type1_58_0` has a derived impl for the trait `Debug`, but this is intentionally ignored during dead code analysis
[INFO] [stdout] 
[INFO] [stdout] 
[INFO] [stdout] warning: 3 warnings emitted
[INFO] [stdout] 
[INFO] [stdout] 
[INFO] [stderr]    Compiling aho-corasick v0.7.18
[INFO] [stderr]    Compiling regex v1.5.6
[INFO] [stderr]    Compiling env_logger v0.9.0
[INFO] [stderr]    Compiling rustdoc-index v0.7.1 (/opt/rustwide/workdir)
[INFO] [stdout] warning: fields `f` and `d` are never read
[INFO] [stdout]   --> src/doc.rs:12:5
[INFO] [stdout]    |
[INFO] [stdout] 5  | pub struct Crate {
[INFO] [stdout]    |            ----- fields in this struct
[INFO] [stdout] ...
[INFO] [stdout] 12 |     f: F,
[INFO] [stdout]    |     ^
[INFO] [stdout] 13 |     q: Vec<String>,
[INFO] [stdout] 14 |     d: Vec<String>,
[INFO] [stdout]    |     ^
[INFO] [stdout]    |
[INFO] [stdout]    = note: `Crate` has a derived impl for the trait `Debug`, but this is intentionally ignored during dead code analysis
[INFO] [stdout]    = note: `#[warn(dead_code)]` on by default
[INFO] [stdout] 
[INFO] [stdout] 
[INFO] [stdout] warning: fields `name`, `generics`, and `kind` are never read
[INFO] [stdout]   --> src/doc.rs:53:5
[INFO] [stdout]    |
[INFO] [stdout] 52 | pub struct Type1_55_0 {
[INFO] [stdout]    |            ---------- fields in this struct
[INFO] [stdout] 53 |     name: String,
[INFO] [stdout]    |     ^^^^
[INFO] [stdout] 54 |     generics: Option<Vec<String>>,
[INFO] [stdout]    |     ^^^^^^^^
[INFO] [stdout] 55 |     kind: ItemType
[INFO] [stdout]    |     ^^^^
[INFO] [stdout]    |
[INFO] [stdout]    = note: `Type1_55_0` has a derived impl for the trait `Debug`, but this is intentionally ignored during dead code analysis
[INFO] [stdout] 
[INFO] [stdout] 
[INFO] [stdout] warning: fields `name`, `generics`, and `kind` are never read
[INFO] [stdout]   --> src/doc.rs:68:5
[INFO] [stdout]    |
[INFO] [stdout] 67 | pub struct Type1_58_0 {
[INFO] [stdout]    |            ---------- fields in this struct
[INFO] [stdout] 68 |     name: String,
[INFO] [stdout]    |     ^^^^
[INFO] [stdout] 69 |     generics: Option<Vec<Type1_58_0>>,
[INFO] [stdout]    |     ^^^^^^^^
[INFO] [stdout] 70 |     kind: ItemType
[INFO] [stdout]    |     ^^^^
[INFO] [stdout]    |
[INFO] [stdout]    = note: `Type1_58_0` has a derived impl for the trait `Debug`, but this is intentionally ignored during dead code analysis
[INFO] [stdout] 
[INFO] [stdout] 
[INFO] [stdout] warning: 3 warnings emitted
[INFO] [stdout] 
[INFO] [stdout] 
[INFO] [stderr]     Finished test [unoptimized + debuginfo] target(s) in 3.21s
[INFO] running `Command { std: "docker" "inspect" "0092feee53e06f504e274eaee425d4339bdf52f8132bec50c7a9b0bbea188e8b", kill_on_drop: false }`
[INFO] running `Command { std: "docker" "rm" "-f" "0092feee53e06f504e274eaee425d4339bdf52f8132bec50c7a9b0bbea188e8b", kill_on_drop: false }`
[INFO] [stdout] 0092feee53e06f504e274eaee425d4339bdf52f8132bec50c7a9b0bbea188e8b
[INFO] running `Command { std: "docker" "create" "-v" "/var/lib/crater-agent-workspace/builds/worker-0-tc1/target:/opt/rustwide/target:rw,Z" "-v" "/var/lib/crater-agent-workspace/builds/worker-0-tc1/source:/opt/rustwide/workdir:ro,Z" "-v" "/var/lib/crater-agent-workspace/cargo-home:/opt/rustwide/cargo-home:ro,Z" "-v" "/var/lib/crater-agent-workspace/rustup-home:/opt/rustwide/rustup-home:ro,Z" "-e" "SOURCE_DIR=/opt/rustwide/workdir" "-e" "CARGO_TARGET_DIR=/opt/rustwide/target" "-e" "CARGO_INCREMENTAL=0" "-e" "RUST_BACKTRACE=full" "-e" "RUSTFLAGS=--cap-lints=warn" "-e" "RUSTDOCFLAGS=--cap-lints=warn" "-e" "CARGO_HOME=/opt/rustwide/cargo-home" "-e" "RUSTUP_HOME=/opt/rustwide/rustup-home" "-w" "/opt/rustwide/workdir" "-m" "1610612736" "--user" "0:0" "--network" "none" "ghcr.io/rust-lang/crates-build-env/linux@sha256:2788e3201cd34a07e3172128adcd8b3090168a8e3bcc40d7c032b9dda1df7d1c" "/opt/rustwide/cargo-home/bin/cargo" "+1.75.0" "test" "--frozen", kill_on_drop: false }`
[INFO] [stdout] 1a942730dbc438b2f769164e45e3cc2a8297dab0925c19ff6c0aa7f09ba92903
[INFO] running `Command { std: "docker" "start" "-a" "1a942730dbc438b2f769164e45e3cc2a8297dab0925c19ff6c0aa7f09ba92903", kill_on_drop: false }`
[INFO] [stderr] warning: fields `f` and `d` are never read
[INFO] [stderr]   --> src/doc.rs:12:5
[INFO] [stderr]    |
[INFO] [stderr] 5  | pub struct Crate {
[INFO] [stderr]    |            ----- fields in this struct
[INFO] [stderr] ...
[INFO] [stderr] 12 |     f: F,
[INFO] [stderr]    |     ^
[INFO] [stderr] 13 |     q: Vec<String>,
[INFO] [stderr] 14 |     d: Vec<String>,
[INFO] [stderr]    |     ^
[INFO] [stderr]    |
[INFO] [stderr]    = note: `Crate` has a derived impl for the trait `Debug`, but this is intentionally ignored during dead code analysis
[INFO] [stderr]    = note: `#[warn(dead_code)]` on by default
[INFO] [stderr] 
[INFO] [stderr] warning: fields `name`, `generics`, and `kind` are never read
[INFO] [stderr]   --> src/doc.rs:53:5
[INFO] [stderr]    |
[INFO] [stderr] 52 | pub struct Type1_55_0 {
[INFO] [stderr]    |            ---------- fields in this struct
[INFO] [stderr] 53 |     name: String,
[INFO] [stderr]    |     ^^^^
[INFO] [stderr] 54 |     generics: Option<Vec<String>>,
[INFO] [stderr]    |     ^^^^^^^^
[INFO] [stderr] 55 |     kind: ItemType
[INFO] [stderr]    |     ^^^^
[INFO] [stderr]    |
[INFO] [stderr]    = note: `Type1_55_0` has a derived impl for the trait `Debug`, but this is intentionally ignored during dead code analysis
[INFO] [stderr] 
[INFO] [stderr] warning: fields `name`, `generics`, and `kind` are never read
[INFO] [stderr]   --> src/doc.rs:68:5
[INFO] [stderr]    |
[INFO] [stderr] 67 | pub struct Type1_58_0 {
[INFO] [stderr]    |            ---------- fields in this struct
[INFO] [stderr] 68 |     name: String,
[INFO] [stderr]    |     ^^^^
[INFO] [stderr] 69 |     generics: Option<Vec<Type1_58_0>>,
[INFO] [stderr]    |     ^^^^^^^^
[INFO] [stderr] 70 |     kind: ItemType
[INFO] [stderr]    |     ^^^^
[INFO] [stderr]    |
[INFO] [stderr]    = note: `Type1_58_0` has a derived impl for the trait `Debug`, but this is intentionally ignored during dead code analysis
[INFO] [stderr] 
[INFO] [stderr] warning: `rustdoc-index` (lib) generated 3 warnings
[INFO] [stderr] warning: `rustdoc-index` (lib test) generated 3 warnings (3 duplicates)
[INFO] [stderr]     Finished test [unoptimized + debuginfo] target(s) in 0.03s
[INFO] [stderr]      Running unittests src/lib.rs (/opt/rustwide/target/debug/deps/rustdoc_index-a980f170d4c6d257)
[INFO] [stdout] 
[INFO] [stdout] running 2 tests
[INFO] [stdout] test doc::tests::parse_f ... ok
[INFO] [stdout] test location::tests::item_exists_for_every_line ... FAILED
[INFO] [stdout] 
[INFO] [stdout] failures:
[INFO] [stdout] 
[INFO] [stdout] ---- location::tests::item_exists_for_every_line stdout ----
[INFO] [stdout] thread 'location::tests::item_exists_for_every_line' panicked at src/location.rs:204:14:
[INFO] [stdout] called `Result::unwrap()` on an `Err` value: Os { code: 2, kind: NotFound, message: "No such file or directory" }
[INFO] [stdout] stack backtrace:
[INFO] [stdout]    0:     0x559ec791751c - std::backtrace_rs::backtrace::libunwind::trace::ha637c64ce894333a
[INFO] [stdout]                                at /rustc/82e1608dfa6e0b5569232559e3d385fea5a93112/library/std/src/../../backtrace/src/backtrace/libunwind.rs:104:5
[INFO] [stdout]    1:     0x559ec791751c - std::backtrace_rs::backtrace::trace_unsynchronized::h47f62dea28e0c88d
[INFO] [stdout]                                at /rustc/82e1608dfa6e0b5569232559e3d385fea5a93112/library/std/src/../../backtrace/src/backtrace/mod.rs:66:5
[INFO] [stdout]    2:     0x559ec791751c - std::sys_common::backtrace::_print_fmt::h9eef0abe20ede486
[INFO] [stdout]                                at /rustc/82e1608dfa6e0b5569232559e3d385fea5a93112/library/std/src/sys_common/backtrace.rs:67:5
[INFO] [stdout]    3:     0x559ec791751c - <std::sys_common::backtrace::_print::DisplayBacktrace as core::fmt::Display>::fmt::hed7f999df88cc644
[INFO] [stdout]                                at /rustc/82e1608dfa6e0b5569232559e3d385fea5a93112/library/std/src/sys_common/backtrace.rs:44:22
[INFO] [stdout]    4:     0x559ec7941c40 - core::fmt::rt::Argument::fmt::h1539a9308b8d058d
[INFO] [stdout]                                at /rustc/82e1608dfa6e0b5569232559e3d385fea5a93112/library/core/src/fmt/rt.rs:142:9
[INFO] [stdout]    5:     0x559ec7941c40 - core::fmt::write::h3a39390d8560d9c9
[INFO] [stdout]                                at /rustc/82e1608dfa6e0b5569232559e3d385fea5a93112/library/core/src/fmt/mod.rs:1120:17
[INFO] [stdout]    6:     0x559ec79149cf - std::io::Write::write_fmt::h040b369f3a0f9cbc
[INFO] [stdout]                                at /rustc/82e1608dfa6e0b5569232559e3d385fea5a93112/library/std/src/io/mod.rs:1762:15
[INFO] [stdout]    7:     0x559ec7917304 - std::sys_common::backtrace::_print::h894006fb5c6f3d45
[INFO] [stdout]                                at /rustc/82e1608dfa6e0b5569232559e3d385fea5a93112/library/std/src/sys_common/backtrace.rs:47:5
[INFO] [stdout]    8:     0x559ec7917304 - std::sys_common::backtrace::print::h23a2d212c6fff936
[INFO] [stdout]                                at /rustc/82e1608dfa6e0b5569232559e3d385fea5a93112/library/std/src/sys_common/backtrace.rs:34:9
[INFO] [stdout]    9:     0x559ec7918fc7 - std::panicking::default_hook::{{closure}}::h8a1d2ee00185001a
[INFO] [stdout]   10:     0x559ec7918cb3 - std::panicking::default_hook::h6038f2eba384e475
[INFO] [stdout]                                at /rustc/82e1608dfa6e0b5569232559e3d385fea5a93112/library/std/src/panicking.rs:289:9
[INFO] [stdout]   11:     0x559ec78d52e7 - <alloc::boxed::Box<F,A> as core::ops::function::Fn<Args>>::call::h0ad024c9bdc6d768
[INFO] [stdout]                                at /rustc/82e1608dfa6e0b5569232559e3d385fea5a93112/library/alloc/src/boxed.rs:2021:9
[INFO] [stdout]   12:     0x559ec78d52e7 - test::test_main::{{closure}}::h7500b54257359db6
[INFO] [stdout]                                at /rustc/82e1608dfa6e0b5569232559e3d385fea5a93112/library/test/src/lib.rs:138:21
[INFO] [stdout]   13:     0x559ec79195d8 - <alloc::boxed::Box<F,A> as core::ops::function::Fn<Args>>::call::h1f8f335eaa9cfaee
[INFO] [stdout]                                at /rustc/82e1608dfa6e0b5569232559e3d385fea5a93112/library/alloc/src/boxed.rs:2021:9
[INFO] [stdout]   14:     0x559ec79195d8 - std::panicking::rust_panic_with_hook::h2b5517d590cab22e
[INFO] [stdout]                                at /rustc/82e1608dfa6e0b5569232559e3d385fea5a93112/library/std/src/panicking.rs:783:13
[INFO] [stdout]   15:     0x559ec791932e - std::panicking::begin_panic_handler::{{closure}}::h233112c06e0ef43e
[INFO] [stdout]                                at /rustc/82e1608dfa6e0b5569232559e3d385fea5a93112/library/std/src/panicking.rs:657:13
[INFO] [stdout]   16:     0x559ec79179e6 - std::sys_common::backtrace::__rust_end_short_backtrace::h6e893f24d7ebbff8
[INFO] [stdout]                                at /rustc/82e1608dfa6e0b5569232559e3d385fea5a93112/library/std/src/sys_common/backtrace.rs:170:18
[INFO] [stdout]   17:     0x559ec7919092 - rust_begin_unwind
[INFO] [stdout]                                at /rustc/82e1608dfa6e0b5569232559e3d385fea5a93112/library/std/src/panicking.rs:645:5
[INFO] [stdout]   18:     0x559ec7605335 - core::panicking::panic_fmt::hbf0e066aabfa482c
[INFO] [stdout]                                at /rustc/82e1608dfa6e0b5569232559e3d385fea5a93112/library/core/src/panicking.rs:72:14
[INFO] [stdout]   19:     0x559ec7605903 - core::result::unwrap_failed::hddb4fea594200c52
[INFO] [stdout]                                at /rustc/82e1608dfa6e0b5569232559e3d385fea5a93112/library/core/src/result.rs:1653:5
[INFO] [stdout]   20:     0x559ec763bdf3 - core::result::Result<T,E>::unwrap::hf8dadf1a16cd8edf
[INFO] [stdout]                                at /rustc/82e1608dfa6e0b5569232559e3d385fea5a93112/library/core/src/result.rs:1077:23
[INFO] [stdout]   21:     0x559ec7637380 - rustdoc_index::location::tests::source::h7a575659bb4911ed
[INFO] [stdout]                                at /opt/rustwide/workdir/src/location.rs:200:21
[INFO] [stdout]   22:     0x559ec763884a - rustdoc_index::location::tests::item_exists_for_every_line::{{closure}}::hcf0362d53737ee8e
[INFO] [stdout]                                at /opt/rustwide/workdir/src/location.rs:188:26
[INFO] [stdout]   23:     0x559ec7640ccb - <core::pin::Pin<P> as core::future::future::Future>::poll::h0765516b314be734
[INFO] [stdout]                                at /rustc/82e1608dfa6e0b5569232559e3d385fea5a93112/library/core/src/future/future.rs:125:9
[INFO] [stdout]   24:     0x559ec76326e4 - tokio::runtime::basic_scheduler::CoreGuard::block_on::{{closure}}::{{closure}}::{{closure}}::h76cbc9f032610a91
[INFO] [stdout]                                at /opt/rustwide/cargo-home/registry/src/index.crates.io-6f17d22bba15001f/tokio-1.19.2/src/runtime/basic_scheduler.rs:508:48
[INFO] [stdout]   25:     0x559ec7645f60 - tokio::coop::with_budget::{{closure}}::h0b449d7e589a78e2
[INFO] [stdout]                                at /opt/rustwide/cargo-home/registry/src/index.crates.io-6f17d22bba15001f/tokio-1.19.2/src/coop.rs:102:9
[INFO] [stdout]   26:     0x559ec7650a8e - std::thread::local::LocalKey<T>::try_with::h8e52d07581f9fca6
[INFO] [stdout]                                at /rustc/82e1608dfa6e0b5569232559e3d385fea5a93112/library/std/src/thread/local.rs:270:16
[INFO] [stdout]   27:     0x559ec76504fa - std::thread::local::LocalKey<T>::with::hbd794afe3c87f36f
[INFO] [stdout]                                at /rustc/82e1608dfa6e0b5569232559e3d385fea5a93112/library/std/src/thread/local.rs:246:9
[INFO] [stdout]   28:     0x559ec7632686 - tokio::coop::with_budget::hafa5cf5b5ddf9c82
[INFO] [stdout]                                at /opt/rustwide/cargo-home/registry/src/index.crates.io-6f17d22bba15001f/tokio-1.19.2/src/coop.rs:95:5
[INFO] [stdout]   29:     0x559ec7632686 - tokio::coop::budget::h6db9239d46f3ac4c
[INFO] [stdout]                                at /opt/rustwide/cargo-home/registry/src/index.crates.io-6f17d22bba15001f/tokio-1.19.2/src/coop.rs:72:5
[INFO] [stdout]   30:     0x559ec7632686 - tokio::runtime::basic_scheduler::CoreGuard::block_on::{{closure}}::{{closure}}::heb4a5d48a56c9579
[INFO] [stdout]                                at /opt/rustwide/cargo-home/registry/src/index.crates.io-6f17d22bba15001f/tokio-1.19.2/src/runtime/basic_scheduler.rs:508:25
[INFO] [stdout]   31:     0x559ec763086c - tokio::runtime::basic_scheduler::Context::enter::h2960a92ad8b10831
[INFO] [stdout]                                at /opt/rustwide/cargo-home/registry/src/index.crates.io-6f17d22bba15001f/tokio-1.19.2/src/runtime/basic_scheduler.rs:362:19
[INFO] [stdout]   32:     0x559ec7631f68 - tokio::runtime::basic_scheduler::CoreGuard::block_on::{{closure}}::hd8ecae03158ff1a8
[INFO] [stdout]                                at /opt/rustwide/cargo-home/registry/src/index.crates.io-6f17d22bba15001f/tokio-1.19.2/src/runtime/basic_scheduler.rs:507:36
[INFO] [stdout]   33:     0x559ec7631cdb - tokio::runtime::basic_scheduler::CoreGuard::enter::{{closure}}::hfaf1fe8d56f5a746
[INFO] [stdout]                                at /opt/rustwide/cargo-home/registry/src/index.crates.io-6f17d22bba15001f/tokio-1.19.2/src/runtime/basic_scheduler.rs:565:57
[INFO] [stdout]   34:     0x559ec76513f7 - tokio::macros::scoped_tls::ScopedKey<T>::set::h1cf47f926e5c2725
[INFO] [stdout]                                at /opt/rustwide/cargo-home/registry/src/index.crates.io-6f17d22bba15001f/tokio-1.19.2/src/macros/scoped_tls.rs:61:9
[INFO] [stdout]   35:     0x559ec7631a8c - tokio::runtime::basic_scheduler::CoreGuard::enter::ha11b7faf116ea71b
[INFO] [stdout]                                at /opt/rustwide/cargo-home/registry/src/index.crates.io-6f17d22bba15001f/tokio-1.19.2/src/runtime/basic_scheduler.rs:565:27
[INFO] [stdout]   36:     0x559ec7631cf8 - tokio::runtime::basic_scheduler::CoreGuard::block_on::h3f738ec67b42c3e0
[INFO] [stdout]                                at /opt/rustwide/cargo-home/registry/src/index.crates.io-6f17d22bba15001f/tokio-1.19.2/src/runtime/basic_scheduler.rs:498:9
[INFO] [stdout]   37:     0x559ec76302a8 - tokio::runtime::basic_scheduler::BasicScheduler::block_on::hbb50b1236e2e0803
[INFO] [stdout]                                at /opt/rustwide/cargo-home/registry/src/index.crates.io-6f17d22bba15001f/tokio-1.19.2/src/runtime/basic_scheduler.rs:174:24
[INFO] [stdout]   38:     0x559ec7627bc3 - tokio::runtime::Runtime::block_on::h7301c88715627fe7
[INFO] [stdout]                                at /opt/rustwide/cargo-home/registry/src/index.crates.io-6f17d22bba15001f/tokio-1.19.2/src/runtime/mod.rs:480:46
[INFO] [stdout]   39:     0x559ec763867f - rustdoc_index::location::tests::item_exists_for_every_line::h196938563bc87ac2
[INFO] [stdout]                                at /opt/rustwide/workdir/src/location.rs:194:9
[INFO] [stdout]   40:     0x559ec7638547 - rustdoc_index::location::tests::item_exists_for_every_line::{{closure}}::h4ad99830962b52f6
[INFO] [stdout]                                at /opt/rustwide/workdir/src/location.rs:186:42
[INFO] [stdout]   41:     0x559ec7648116 - core::ops::function::FnOnce::call_once::hf4c442c02986dbb9
[INFO] [stdout]                                at /rustc/82e1608dfa6e0b5569232559e3d385fea5a93112/library/core/src/ops/function.rs:250:5
[INFO] [stdout]   42:     0x559ec78da93f - core::ops::function::FnOnce::call_once::h2b5d431d5046312d
[INFO] [stdout]                                at /rustc/82e1608dfa6e0b5569232559e3d385fea5a93112/library/core/src/ops/function.rs:250:5
[INFO] [stdout]   43:     0x559ec78da93f - test::__rust_begin_short_backtrace::h7714669af176e207
[INFO] [stdout]                                at /rustc/82e1608dfa6e0b5569232559e3d385fea5a93112/library/test/src/lib.rs:628:18
[INFO] [stdout]   44:     0x559ec78d9955 - test::run_test_in_process::{{closure}}::h85218797dcbcec12
[INFO] [stdout]                                at /rustc/82e1608dfa6e0b5569232559e3d385fea5a93112/library/test/src/lib.rs:651:60
[INFO] [stdout]   45:     0x559ec78d9955 - <core::panic::unwind_safe::AssertUnwindSafe<F> as core::ops::function::FnOnce<()>>::call_once::h76c106ea31c14d7b
[INFO] [stdout]                                at /rustc/82e1608dfa6e0b5569232559e3d385fea5a93112/library/core/src/panic/unwind_safe.rs:272:9
[INFO] [stdout]   46:     0x559ec78d9955 - std::panicking::try::do_call::h3bd5d0f6620ee946
[INFO] [stdout]                                at /rustc/82e1608dfa6e0b5569232559e3d385fea5a93112/library/std/src/panicking.rs:552:40
[INFO] [stdout]   47:     0x559ec78d9955 - std::panicking::try::h232e535e4744fe31
[INFO] [stdout]                                at /rustc/82e1608dfa6e0b5569232559e3d385fea5a93112/library/std/src/panicking.rs:516:19
[INFO] [stdout]   48:     0x559ec78d9955 - std::panic::catch_unwind::h3ce3bd6ca8dbac68
[INFO] [stdout]                                at /rustc/82e1608dfa6e0b5569232559e3d385fea5a93112/library/std/src/panic.rs:142:14
[INFO] [stdout]   49:     0x559ec78d9955 - test::run_test_in_process::hc97b257c9621286a
[INFO] [stdout]                                at /rustc/82e1608dfa6e0b5569232559e3d385fea5a93112/library/test/src/lib.rs:651:27
[INFO] [stdout]   50:     0x559ec78d9955 - test::run_test::{{closure}}::h2aa798823a438d38
[INFO] [stdout]                                at /rustc/82e1608dfa6e0b5569232559e3d385fea5a93112/library/test/src/lib.rs:574:43
[INFO] [stdout]   51:     0x559ec78a1c16 - test::run_test::{{closure}}::h87d231c78fb59832
[INFO] [stdout]                                at /rustc/82e1608dfa6e0b5569232559e3d385fea5a93112/library/test/src/lib.rs:602:41
[INFO] [stdout]   52:     0x559ec78a1c16 - std::sys_common::backtrace::__rust_begin_short_backtrace::he6df152596625789
[INFO] [stdout]                                at /rustc/82e1608dfa6e0b5569232559e3d385fea5a93112/library/std/src/sys_common/backtrace.rs:154:18
[INFO] [stdout]   53:     0x559ec78a6cc7 - std::thread::Builder::spawn_unchecked_::{{closure}}::{{closure}}::ha94be15d1e0acf36
[INFO] [stdout]                                at /rustc/82e1608dfa6e0b5569232559e3d385fea5a93112/library/std/src/thread/mod.rs:529:17
[INFO] [stdout]   54:     0x559ec78a6cc7 - <core::panic::unwind_safe::AssertUnwindSafe<F> as core::ops::function::FnOnce<()>>::call_once::h9dc6bd6372f16606
[INFO] [stdout]                                at /rustc/82e1608dfa6e0b5569232559e3d385fea5a93112/library/core/src/panic/unwind_safe.rs:272:9
[INFO] [stdout]   55:     0x559ec78a6cc7 - std::panicking::try::do_call::h9057517f80303cd4
[INFO] [stdout]                                at /rustc/82e1608dfa6e0b5569232559e3d385fea5a93112/library/std/src/panicking.rs:552:40
[INFO] [stdout]   56:     0x559ec78a6cc7 - std::panicking::try::he3a30b11ee45340c
[INFO] [stdout]                                at /rustc/82e1608dfa6e0b5569232559e3d385fea5a93112/library/std/src/panicking.rs:516:19
[INFO] [stdout]   57:     0x559ec78a6cc7 - std::panic::catch_unwind::h410458cfd3528b8b
[INFO] [stdout]                                at /rustc/82e1608dfa6e0b5569232559e3d385fea5a93112/library/std/src/panic.rs:142:14
[INFO] [stdout]   58:     0x559ec78a6cc7 - std::thread::Builder::spawn_unchecked_::{{closure}}::h72ac3bdb567b737b
[INFO] [stdout]                                at /rustc/82e1608dfa6e0b5569232559e3d385fea5a93112/library/std/src/thread/mod.rs:528:30
[INFO] [stdout]   59:     0x559ec78a6cc7 - core::ops::function::FnOnce::call_once{{vtable.shim}}::h38f34da3654a8344
[INFO] [stdout]                                at /rustc/82e1608dfa6e0b5569232559e3d385fea5a93112/library/core/src/ops/function.rs:250:5
[INFO] [stdout]   60:     0x559ec791e6e5 - <alloc::boxed::Box<F,A> as core::ops::function::FnOnce<Args>>::call_once::hc7eafaff61e32df9
[INFO] [stdout]                                at /rustc/82e1608dfa6e0b5569232559e3d385fea5a93112/library/alloc/src/boxed.rs:2007:9
[INFO] [stdout]   61:     0x559ec791e6e5 - <alloc::boxed::Box<F,A> as core::ops::function::FnOnce<Args>>::call_once::h6ba4a5de48dd2304
[INFO] [stdout]                                at /rustc/82e1608dfa6e0b5569232559e3d385fea5a93112/library/alloc/src/boxed.rs:2007:9
[INFO] [stdout]   62:     0x559ec791e6e5 - std::sys::unix::thread::Thread::new::thread_start::he469335aef763e45
[INFO] [stdout]                                at /rustc/82e1608dfa6e0b5569232559e3d385fea5a93112/library/std/src/sys/unix/thread.rs:108:17
[INFO] [stdout]   63:     0x7f9680882ac3 - <unknown>
[INFO] [stdout]   64:     0x7f9680913bf4 - __clone
[INFO] [stdout]   65:                0x0 - <unknown>
[INFO] [stdout] 
[INFO] [stdout] 
[INFO] [stdout] failures:
[INFO] [stdout]     location::tests::item_exists_for_every_line
[INFO] [stdout] 
[INFO] [stdout] test result: FAILED. 1 passed; 1 failed; 0 ignored; 0 measured; 0 filtered out; finished in 0.02s
[INFO] [stdout] 
[INFO] [stderr] error: test failed, to rerun pass `--lib`
[INFO] running `Command { std: "docker" "inspect" "1a942730dbc438b2f769164e45e3cc2a8297dab0925c19ff6c0aa7f09ba92903", kill_on_drop: false }`
[INFO] running `Command { std: "docker" "rm" "-f" "1a942730dbc438b2f769164e45e3cc2a8297dab0925c19ff6c0aa7f09ba92903", kill_on_drop: false }`
[INFO] [stdout] 1a942730dbc438b2f769164e45e3cc2a8297dab0925c19ff6c0aa7f09ba92903
