[INFO] fetching crate rustcms-axum-xml 0.3.0...
[INFO] testing rustcms-axum-xml-0.3.0 against 1.75.0 for beta-1.76-1
[INFO] extracting crate rustcms-axum-xml 0.3.0 into /workspace/builds/worker-2-tc1/source
[INFO] validating manifest of crates.io crate rustcms-axum-xml 0.3.0 on toolchain 1.75.0
[INFO] running `Command { std: CARGO_HOME="/workspace/cargo-home" RUSTUP_HOME="/workspace/rustup-home" "/workspace/cargo-home/bin/cargo" "+1.75.0" "metadata" "--manifest-path" "Cargo.toml" "--no-deps", kill_on_drop: false }`
[INFO] started tweaking crates.io crate rustcms-axum-xml 0.3.0
[INFO] finished tweaking crates.io crate rustcms-axum-xml 0.3.0
[INFO] tweaked toml for crates.io crate rustcms-axum-xml 0.3.0 written to /workspace/builds/worker-2-tc1/source/Cargo.toml
[INFO] running `Command { std: CARGO_HOME="/workspace/cargo-home" RUSTUP_HOME="/workspace/rustup-home" "/workspace/cargo-home/bin/cargo" "+1.75.0" "generate-lockfile" "--manifest-path" "Cargo.toml", kill_on_drop: false }`
[INFO] [stderr]     Updating crates.io index
[INFO] running `Command { std: CARGO_HOME="/workspace/cargo-home" RUSTUP_HOME="/workspace/rustup-home" "/workspace/cargo-home/bin/cargo" "+1.75.0" "fetch" "--manifest-path" "Cargo.toml", kill_on_drop: false }`
[INFO] running `Command { std: "docker" "create" "-v" "/var/lib/crater-agent-workspace/builds/worker-2-tc1/target:/opt/rustwide/target:rw,Z" "-v" "/var/lib/crater-agent-workspace/builds/worker-2-tc1/source:/opt/rustwide/workdir:ro,Z" "-v" "/var/lib/crater-agent-workspace/cargo-home:/opt/rustwide/cargo-home:ro,Z" "-v" "/var/lib/crater-agent-workspace/rustup-home:/opt/rustwide/rustup-home:ro,Z" "-e" "SOURCE_DIR=/opt/rustwide/workdir" "-e" "CARGO_TARGET_DIR=/opt/rustwide/target" "-e" "CARGO_HOME=/opt/rustwide/cargo-home" "-e" "RUSTUP_HOME=/opt/rustwide/rustup-home" "-w" "/opt/rustwide/workdir" "-m" "1610612736" "--user" "0:0" "--network" "none" "ghcr.io/rust-lang/crates-build-env/linux@sha256:2788e3201cd34a07e3172128adcd8b3090168a8e3bcc40d7c032b9dda1df7d1c" "/opt/rustwide/cargo-home/bin/cargo" "+1.75.0" "metadata" "--no-deps" "--format-version=1", kill_on_drop: false }`
[INFO] [stdout] 6d1925a1b7b9a8080cd38157440b121fc9f20d8631cd5ae2930c02232496c566
[INFO] running `Command { std: "docker" "start" "-a" "6d1925a1b7b9a8080cd38157440b121fc9f20d8631cd5ae2930c02232496c566", kill_on_drop: false }`
[INFO] running `Command { std: "docker" "inspect" "6d1925a1b7b9a8080cd38157440b121fc9f20d8631cd5ae2930c02232496c566", kill_on_drop: false }`
[INFO] running `Command { std: "docker" "rm" "-f" "6d1925a1b7b9a8080cd38157440b121fc9f20d8631cd5ae2930c02232496c566", kill_on_drop: false }`
[INFO] [stdout] 6d1925a1b7b9a8080cd38157440b121fc9f20d8631cd5ae2930c02232496c566
[INFO] running `Command { std: "docker" "create" "-v" "/var/lib/crater-agent-workspace/builds/worker-2-tc1/target:/opt/rustwide/target:rw,Z" "-v" "/var/lib/crater-agent-workspace/builds/worker-2-tc1/source:/opt/rustwide/workdir:ro,Z" "-v" "/var/lib/crater-agent-workspace/cargo-home:/opt/rustwide/cargo-home:ro,Z" "-v" "/var/lib/crater-agent-workspace/rustup-home:/opt/rustwide/rustup-home:ro,Z" "-e" "SOURCE_DIR=/opt/rustwide/workdir" "-e" "CARGO_TARGET_DIR=/opt/rustwide/target" "-e" "CARGO_INCREMENTAL=0" "-e" "RUST_BACKTRACE=full" "-e" "RUSTFLAGS=--cap-lints=warn" "-e" "RUSTDOCFLAGS=--cap-lints=warn" "-e" "CARGO_HOME=/opt/rustwide/cargo-home" "-e" "RUSTUP_HOME=/opt/rustwide/rustup-home" "-w" "/opt/rustwide/workdir" "-m" "1610612736" "--user" "0:0" "--network" "none" "ghcr.io/rust-lang/crates-build-env/linux@sha256:2788e3201cd34a07e3172128adcd8b3090168a8e3bcc40d7c032b9dda1df7d1c" "/opt/rustwide/cargo-home/bin/cargo" "+1.75.0" "build" "--frozen" "--message-format=json", kill_on_drop: false }`
[INFO] [stdout] d6a8e8df6aea1f6ab41d08522b771e86d29bf385af3e1bf4a9570f30ffe8ac86
[INFO] running `Command { std: "docker" "start" "-a" "d6a8e8df6aea1f6ab41d08522b771e86d29bf385af3e1bf4a9570f30ffe8ac86", kill_on_drop: false }`
[INFO] [stderr]    Compiling rustversion v1.0.14
[INFO] [stderr]    Compiling fnv v1.0.7
[INFO] [stderr]    Compiling async-trait v0.1.77
[INFO] [stderr]    Compiling bytes v1.5.0
[INFO] [stderr]    Compiling serde v1.0.194
[INFO] [stderr]    Compiling futures-core v0.3.30
[INFO] [stderr]    Compiling futures-task v0.3.30
[INFO] [stderr]    Compiling tower-layer v0.3.2
[INFO] [stderr]    Compiling tower-service v0.3.2
[INFO] [stderr]    Compiling mime v0.3.17
[INFO] [stderr]    Compiling syn v2.0.48
[INFO] [stderr]    Compiling futures-util v0.3.30
[INFO] [stderr]    Compiling http v0.2.11
[INFO] [stderr]    Compiling axum-core v0.3.4
[INFO] [stderr]    Compiling http-body v0.4.6
[INFO] [stderr]    Compiling serde_derive v1.0.194
[INFO] [stderr]    Compiling thiserror-impl v1.0.56
[INFO] [stderr]    Compiling thiserror v1.0.56
[INFO] [stderr]    Compiling quick-xml v0.26.0
[INFO] [stderr]    Compiling rustcms-axum-xml v0.3.0 (/opt/rustwide/workdir)
[INFO] [stderr]     Finished dev [unoptimized + debuginfo] target(s) in 6.65s
[INFO] running `Command { std: "docker" "inspect" "d6a8e8df6aea1f6ab41d08522b771e86d29bf385af3e1bf4a9570f30ffe8ac86", kill_on_drop: false }`
[INFO] running `Command { std: "docker" "rm" "-f" "d6a8e8df6aea1f6ab41d08522b771e86d29bf385af3e1bf4a9570f30ffe8ac86", kill_on_drop: false }`
[INFO] [stdout] d6a8e8df6aea1f6ab41d08522b771e86d29bf385af3e1bf4a9570f30ffe8ac86
[INFO] running `Command { std: "docker" "create" "-v" "/var/lib/crater-agent-workspace/builds/worker-2-tc1/target:/opt/rustwide/target:rw,Z" "-v" "/var/lib/crater-agent-workspace/builds/worker-2-tc1/source:/opt/rustwide/workdir:ro,Z" "-v" "/var/lib/crater-agent-workspace/cargo-home:/opt/rustwide/cargo-home:ro,Z" "-v" "/var/lib/crater-agent-workspace/rustup-home:/opt/rustwide/rustup-home:ro,Z" "-e" "SOURCE_DIR=/opt/rustwide/workdir" "-e" "CARGO_TARGET_DIR=/opt/rustwide/target" "-e" "CARGO_INCREMENTAL=0" "-e" "RUST_BACKTRACE=full" "-e" "RUSTFLAGS=--cap-lints=warn" "-e" "RUSTDOCFLAGS=--cap-lints=warn" "-e" "CARGO_HOME=/opt/rustwide/cargo-home" "-e" "RUSTUP_HOME=/opt/rustwide/rustup-home" "-w" "/opt/rustwide/workdir" "-m" "1610612736" "--user" "0:0" "--network" "none" "ghcr.io/rust-lang/crates-build-env/linux@sha256:2788e3201cd34a07e3172128adcd8b3090168a8e3bcc40d7c032b9dda1df7d1c" "/opt/rustwide/cargo-home/bin/cargo" "+1.75.0" "test" "--frozen" "--no-run" "--message-format=json", kill_on_drop: false }`
[INFO] [stdout] 5a9d20f32370ee99fbead5b11c9e3bde4688cf8482c971523f7644cff83510cb
[INFO] running `Command { std: "docker" "start" "-a" "5a9d20f32370ee99fbead5b11c9e3bde4688cf8482c971523f7644cff83510cb", kill_on_drop: false }`
[INFO] [stderr]    Compiling vcpkg v0.2.15
[INFO] [stderr]    Compiling libc v0.2.151
[INFO] [stderr]    Compiling futures-util v0.3.30
[INFO] [stderr]    Compiling openssl v0.10.62
[INFO] [stderr]    Compiling foreign-types-shared v0.1.1
[INFO] [stderr]    Compiling futures-sink v0.3.30
[INFO] [stderr]    Compiling equivalent v1.0.1
[INFO] [stderr]    Compiling tracing v0.1.40
[INFO] [stderr]    Compiling hashbrown v0.14.3
[INFO] [stderr]    Compiling httparse v1.8.0
[INFO] [stderr]    Compiling try-lock v0.2.5
[INFO] [stderr]    Compiling socket2 v0.5.5
[INFO] [stderr]    Compiling mio v0.8.10
[INFO] [stderr]    Compiling tokio-macros v2.2.0
[INFO] [stderr]    Compiling openssl-macros v0.1.1
[INFO] [stderr]    Compiling tinyvec_macros v0.1.1
[INFO] [stderr]    Compiling foreign-types v0.3.2
[INFO] [stderr]    Compiling native-tls v0.2.11
[INFO] [stderr]    Compiling percent-encoding v2.3.1
[INFO] [stderr]    Compiling bitflags v2.4.1
[INFO] [stderr]    Compiling tinyvec v1.6.0
[INFO] [stderr]    Compiling want v0.3.1
[INFO] [stderr]    Compiling form_urlencoded v1.2.1
[INFO] [stderr]    Compiling futures-channel v0.3.30
[INFO] [stderr]    Compiling httpdate v1.0.3
[INFO] [stderr]    Compiling openssl-probe v0.1.5
[INFO] [stderr]    Compiling pin-project-internal v1.1.3
[INFO] [stderr]    Compiling serde_json v1.0.111
[INFO] [stderr]    Compiling unicode-bidi v0.3.14
[INFO] [stderr]    Compiling serde_urlencoded v0.7.1
[INFO] [stderr]    Compiling axum v0.6.20
[INFO] [stderr]    Compiling serde_path_to_error v0.1.15
[INFO] [stderr]    Compiling encoding_rs v0.8.33
[INFO] [stderr]    Compiling matchit v0.7.3
[INFO] [stderr]    Compiling indexmap v2.1.0
[INFO] [stderr]    Compiling sync_wrapper v0.1.2
[INFO] [stderr]    Compiling ipnet v2.9.0
[INFO] [stderr]    Compiling base64 v0.21.5
[INFO] [stderr]    Compiling uuid v1.6.1
[INFO] [stderr]    Compiling cc v1.0.83
[INFO] [stderr]    Compiling unicode-normalization v0.1.22
[INFO] [stderr]    Compiling tokio v1.35.1
[INFO] [stderr]    Compiling idna v0.5.0
[INFO] [stderr]    Compiling pin-project v1.1.3
[INFO] [stderr]    Compiling openssl-sys v0.9.98
[INFO] [stderr]    Compiling axum-core v0.3.4
[INFO] [stderr]    Compiling url v2.5.0
[INFO] [stderr]    Compiling rustcms-axum-xml v0.3.0 (/opt/rustwide/workdir)
[INFO] [stderr]    Compiling tokio-util v0.7.10
[INFO] [stderr]    Compiling tower v0.4.13
[INFO] [stderr]    Compiling h2 v0.3.22
[INFO] [stderr]    Compiling tokio-native-tls v0.3.1
[INFO] [stderr]    Compiling hyper v0.14.28
[INFO] [stderr]    Compiling hyper-tls v0.5.0
[INFO] [stderr]    Compiling reqwest v0.11.23
[INFO] [stderr]     Finished test [unoptimized + debuginfo] target(s) in 14.43s
[INFO] running `Command { std: "docker" "inspect" "5a9d20f32370ee99fbead5b11c9e3bde4688cf8482c971523f7644cff83510cb", kill_on_drop: false }`
[INFO] running `Command { std: "docker" "rm" "-f" "5a9d20f32370ee99fbead5b11c9e3bde4688cf8482c971523f7644cff83510cb", kill_on_drop: false }`
[INFO] [stdout] 5a9d20f32370ee99fbead5b11c9e3bde4688cf8482c971523f7644cff83510cb
[INFO] running `Command { std: "docker" "create" "-v" "/var/lib/crater-agent-workspace/builds/worker-2-tc1/target:/opt/rustwide/target:rw,Z" "-v" "/var/lib/crater-agent-workspace/builds/worker-2-tc1/source:/opt/rustwide/workdir:ro,Z" "-v" "/var/lib/crater-agent-workspace/cargo-home:/opt/rustwide/cargo-home:ro,Z" "-v" "/var/lib/crater-agent-workspace/rustup-home:/opt/rustwide/rustup-home:ro,Z" "-e" "SOURCE_DIR=/opt/rustwide/workdir" "-e" "CARGO_TARGET_DIR=/opt/rustwide/target" "-e" "CARGO_INCREMENTAL=0" "-e" "RUST_BACKTRACE=full" "-e" "RUSTFLAGS=--cap-lints=warn" "-e" "RUSTDOCFLAGS=--cap-lints=warn" "-e" "CARGO_HOME=/opt/rustwide/cargo-home" "-e" "RUSTUP_HOME=/opt/rustwide/rustup-home" "-w" "/opt/rustwide/workdir" "-m" "1610612736" "--user" "0:0" "--network" "none" "ghcr.io/rust-lang/crates-build-env/linux@sha256:2788e3201cd34a07e3172128adcd8b3090168a8e3bcc40d7c032b9dda1df7d1c" "/opt/rustwide/cargo-home/bin/cargo" "+1.75.0" "test" "--frozen", kill_on_drop: false }`
[INFO] [stdout] 5888964d5b2ebdf3082f73050aa0b3f5411c1521ddf7250320d1b31c11d69ef6
[INFO] running `Command { std: "docker" "start" "-a" "5888964d5b2ebdf3082f73050aa0b3f5411c1521ddf7250320d1b31c11d69ef6", kill_on_drop: false }`
[INFO] [stderr]     Finished test [unoptimized + debuginfo] target(s) in 0.07s
[INFO] [stderr]      Running unittests src/lib.rs (/opt/rustwide/target/debug/deps/rustcms_axum_xml-91a3288ed5707317)
[INFO] [stdout] 
[INFO] [stdout] running 3 tests
[INFO] [stdout] test tests::deserialize_body ... ok
[INFO] [stdout] test tests::consume_body_to_xml_requires_xml_content_type ... ok
[INFO] [stdout] test tests::xml_content_types ... ok
[INFO] [stdout] 
[INFO] [stdout] test result: ok. 3 passed; 0 failed; 0 ignored; 0 measured; 0 filtered out; finished in 0.31s
[INFO] [stdout] 
[INFO] [stderr]    Doc-tests rustcms-axum-xml
[INFO] [stdout] 
[INFO] [stdout] running 2 tests
[INFO] [stdout] test src/lib.rs - Xml (line 44) - compile ... ok
[INFO] [stdout] test src/lib.rs - Xml (line 74) ... FAILED
[INFO] [stdout] 
[INFO] [stdout] failures:
[INFO] [stdout] 
[INFO] [stdout] ---- src/lib.rs - Xml (line 74) stdout ----
[INFO] [stdout] error[E0412]: cannot find type `Json` in this scope
[INFO] [stdout]   --> src/lib.rs:91:50
[INFO] [stdout]    |
[INFO] [stdout] 20 | async fn get_user(Path(user_id) : Path<Uuid>) -> Json<User> {
[INFO] [stdout]    |                                                  ^^^^ not found in this scope
[INFO] [stdout]    |
[INFO] [stdout] help: consider importing this struct
[INFO] [stdout]    |
[INFO] [stdout] 2  + use axum::Json;
[INFO] [stdout]    |
[INFO] [stdout] 
[INFO] [stdout] error[E0277]: the trait bound `fn(axum::extract::Path<Uuid>) -> impl std::future::Future<Output = {type error}> {get_user}: Handler<_, _, _>` is not satisfied
[INFO] [stdout]    --> src/lib.rs:101:49
[INFO] [stdout]     |
[INFO] [stdout] 30  | let app = Router::new().route("/users/:id", get(get_user));
[INFO] [stdout]     |                                             --- ^^^^^^^^ the trait `Handler<_, _, _>` is not implemented for fn item `fn(axum::extract::Path<Uuid>) -> impl std::future::Future<Output = {type error}> {get_user}`
[INFO] [stdout]     |                                             |
[INFO] [stdout]     |                                             required by a bound introduced by this call
[INFO] [stdout]     |
[INFO] [stdout]     = help: the following other types implement trait `Handler<T, S, B>`:
[INFO] [stdout]               <Layered<L, H, T, S, B, B2> as Handler<T, S, B2>>
[INFO] [stdout]               <MethodRouter<S, B> as Handler<(), S, B>>
[INFO] [stdout] note: required by a bound in `axum::routing::get`
[INFO] [stdout]    --> /opt/rustwide/cargo-home/registry/src/index.crates.io-6f17d22bba15001f/axum-0.6.20/src/routing/method_routing.rs:403:1
[INFO] [stdout]     |
[INFO] [stdout] 403 | top_level_handler_fn!(get, GET);
[INFO] [stdout]     | ^^^^^^^^^^^^^^^^^^^^^^---^^^^^^
[INFO] [stdout]     | |                     |
[INFO] [stdout]     | |                     required by a bound in this function
[INFO] [stdout]     | required by this bound in `get`
[INFO] [stdout]     = note: this error originates in the macro `top_level_handler_fn` (in Nightly builds, run with -Z macro-backtrace for more info)
[INFO] [stdout] 
[INFO] [stdout] error: aborting due to 2 previous errors
[INFO] [stdout] 
[INFO] [stdout] Some errors have detailed explanations: E0277, E0412.
[INFO] [stdout] For more information about an error, try `rustc --explain E0277`.
[INFO] [stdout] Couldn't compile the test.
[INFO] [stdout] 
[INFO] [stdout] failures:
[INFO] [stdout]     src/lib.rs - Xml (line 74)
[INFO] [stdout] 
[INFO] [stdout] test result: FAILED. 1 passed; 1 failed; 0 ignored; 0 measured; 0 filtered out; finished in 0.09s
[INFO] [stdout] 
[INFO] [stderr] error: doctest failed, to rerun pass `--doc`
[INFO] running `Command { std: "docker" "inspect" "5888964d5b2ebdf3082f73050aa0b3f5411c1521ddf7250320d1b31c11d69ef6", kill_on_drop: false }`
[INFO] running `Command { std: "docker" "rm" "-f" "5888964d5b2ebdf3082f73050aa0b3f5411c1521ddf7250320d1b31c11d69ef6", kill_on_drop: false }`
[INFO] [stdout] 5888964d5b2ebdf3082f73050aa0b3f5411c1521ddf7250320d1b31c11d69ef6
