[INFO] fetching crate rustc_errors 0.0.2...
[INFO] testing rustc_errors-0.0.2 against 1.75.0 for beta-1.76-1
[INFO] extracting crate rustc_errors 0.0.2 into /workspace/builds/worker-7-tc1/source
[INFO] validating manifest of crates.io crate rustc_errors 0.0.2 on toolchain 1.75.0
[INFO] running `Command { std: CARGO_HOME="/workspace/cargo-home" RUSTUP_HOME="/workspace/rustup-home" "/workspace/cargo-home/bin/cargo" "+1.75.0" "metadata" "--manifest-path" "Cargo.toml" "--no-deps", kill_on_drop: false }`
[INFO] started tweaking crates.io crate rustc_errors 0.0.2
[INFO] finished tweaking crates.io crate rustc_errors 0.0.2
[INFO] tweaked toml for crates.io crate rustc_errors 0.0.2 written to /workspace/builds/worker-7-tc1/source/Cargo.toml
[INFO] running `Command { std: CARGO_HOME="/workspace/cargo-home" RUSTUP_HOME="/workspace/rustup-home" "/workspace/cargo-home/bin/cargo" "+1.75.0" "generate-lockfile" "--manifest-path" "Cargo.toml", kill_on_drop: false }`
[INFO] [stderr]     Updating crates.io index
[INFO] running `Command { std: CARGO_HOME="/workspace/cargo-home" RUSTUP_HOME="/workspace/rustup-home" "/workspace/cargo-home/bin/cargo" "+1.75.0" "fetch" "--manifest-path" "Cargo.toml", kill_on_drop: false }`
[INFO] running `Command { std: "docker" "create" "-v" "/var/lib/crater-agent-workspace/builds/worker-7-tc1/target:/opt/rustwide/target:rw,Z" "-v" "/var/lib/crater-agent-workspace/builds/worker-7-tc1/source:/opt/rustwide/workdir:ro,Z" "-v" "/var/lib/crater-agent-workspace/cargo-home:/opt/rustwide/cargo-home:ro,Z" "-v" "/var/lib/crater-agent-workspace/rustup-home:/opt/rustwide/rustup-home:ro,Z" "-e" "SOURCE_DIR=/opt/rustwide/workdir" "-e" "CARGO_TARGET_DIR=/opt/rustwide/target" "-e" "CARGO_HOME=/opt/rustwide/cargo-home" "-e" "RUSTUP_HOME=/opt/rustwide/rustup-home" "-w" "/opt/rustwide/workdir" "-m" "1610612736" "--user" "0:0" "--network" "none" "ghcr.io/rust-lang/crates-build-env/linux@sha256:2788e3201cd34a07e3172128adcd8b3090168a8e3bcc40d7c032b9dda1df7d1c" "/opt/rustwide/cargo-home/bin/cargo" "+1.75.0" "metadata" "--no-deps" "--format-version=1", kill_on_drop: false }`
[INFO] [stdout] 76e869b4f19de198ae9a62e68fe075bc1859f37cf013fc71461a9777fc8eca69
[INFO] running `Command { std: "docker" "start" "-a" "76e869b4f19de198ae9a62e68fe075bc1859f37cf013fc71461a9777fc8eca69", kill_on_drop: false }`
[INFO] running `Command { std: "docker" "inspect" "76e869b4f19de198ae9a62e68fe075bc1859f37cf013fc71461a9777fc8eca69", kill_on_drop: false }`
[INFO] running `Command { std: "docker" "rm" "-f" "76e869b4f19de198ae9a62e68fe075bc1859f37cf013fc71461a9777fc8eca69", kill_on_drop: false }`
[INFO] [stdout] 76e869b4f19de198ae9a62e68fe075bc1859f37cf013fc71461a9777fc8eca69
[INFO] running `Command { std: "docker" "create" "-v" "/var/lib/crater-agent-workspace/builds/worker-7-tc1/target:/opt/rustwide/target:rw,Z" "-v" "/var/lib/crater-agent-workspace/builds/worker-7-tc1/source:/opt/rustwide/workdir:ro,Z" "-v" "/var/lib/crater-agent-workspace/cargo-home:/opt/rustwide/cargo-home:ro,Z" "-v" "/var/lib/crater-agent-workspace/rustup-home:/opt/rustwide/rustup-home:ro,Z" "-e" "SOURCE_DIR=/opt/rustwide/workdir" "-e" "CARGO_TARGET_DIR=/opt/rustwide/target" "-e" "CARGO_INCREMENTAL=0" "-e" "RUST_BACKTRACE=full" "-e" "RUSTFLAGS=--cap-lints=warn" "-e" "RUSTDOCFLAGS=--cap-lints=warn" "-e" "CARGO_HOME=/opt/rustwide/cargo-home" "-e" "RUSTUP_HOME=/opt/rustwide/rustup-home" "-w" "/opt/rustwide/workdir" "-m" "1610612736" "--user" "0:0" "--network" "none" "ghcr.io/rust-lang/crates-build-env/linux@sha256:2788e3201cd34a07e3172128adcd8b3090168a8e3bcc40d7c032b9dda1df7d1c" "/opt/rustwide/cargo-home/bin/cargo" "+1.75.0" "build" "--frozen" "--message-format=json", kill_on_drop: false }`
[INFO] [stdout] 7e3ed860667d36c94966912f461895a4e74d49baa9864943d167f2d763022434
[INFO] running `Command { std: "docker" "start" "-a" "7e3ed860667d36c94966912f461895a4e74d49baa9864943d167f2d763022434", kill_on_drop: false }`
[INFO] [stderr]    Compiling rustc_errors v0.0.2 (/opt/rustwide/workdir)
[INFO] [stderr]     Finished dev [unoptimized + debuginfo] target(s) in 0.08s
[INFO] running `Command { std: "docker" "inspect" "7e3ed860667d36c94966912f461895a4e74d49baa9864943d167f2d763022434", kill_on_drop: false }`
[INFO] running `Command { std: "docker" "rm" "-f" "7e3ed860667d36c94966912f461895a4e74d49baa9864943d167f2d763022434", kill_on_drop: false }`
[INFO] [stdout] 7e3ed860667d36c94966912f461895a4e74d49baa9864943d167f2d763022434
[INFO] running `Command { std: "docker" "create" "-v" "/var/lib/crater-agent-workspace/builds/worker-7-tc1/target:/opt/rustwide/target:rw,Z" "-v" "/var/lib/crater-agent-workspace/builds/worker-7-tc1/source:/opt/rustwide/workdir:ro,Z" "-v" "/var/lib/crater-agent-workspace/cargo-home:/opt/rustwide/cargo-home:ro,Z" "-v" "/var/lib/crater-agent-workspace/rustup-home:/opt/rustwide/rustup-home:ro,Z" "-e" "SOURCE_DIR=/opt/rustwide/workdir" "-e" "CARGO_TARGET_DIR=/opt/rustwide/target" "-e" "CARGO_INCREMENTAL=0" "-e" "RUST_BACKTRACE=full" "-e" "RUSTFLAGS=--cap-lints=warn" "-e" "RUSTDOCFLAGS=--cap-lints=warn" "-e" "CARGO_HOME=/opt/rustwide/cargo-home" "-e" "RUSTUP_HOME=/opt/rustwide/rustup-home" "-w" "/opt/rustwide/workdir" "-m" "1610612736" "--user" "0:0" "--network" "none" "ghcr.io/rust-lang/crates-build-env/linux@sha256:2788e3201cd34a07e3172128adcd8b3090168a8e3bcc40d7c032b9dda1df7d1c" "/opt/rustwide/cargo-home/bin/cargo" "+1.75.0" "test" "--frozen" "--no-run" "--message-format=json", kill_on_drop: false }`
[INFO] [stdout] ff9d911af95c9dd0e13f2f0a9072c142c67a1b7733955edd4a945a0fb628dabc
[INFO] running `Command { std: "docker" "start" "-a" "ff9d911af95c9dd0e13f2f0a9072c142c67a1b7733955edd4a945a0fb628dabc", kill_on_drop: false }`
[INFO] [stderr]    Compiling rustc_errors v0.0.2 (/opt/rustwide/workdir)
[INFO] [stderr]     Finished test [unoptimized + debuginfo] target(s) in 0.33s
[INFO] running `Command { std: "docker" "inspect" "ff9d911af95c9dd0e13f2f0a9072c142c67a1b7733955edd4a945a0fb628dabc", kill_on_drop: false }`
[INFO] running `Command { std: "docker" "rm" "-f" "ff9d911af95c9dd0e13f2f0a9072c142c67a1b7733955edd4a945a0fb628dabc", kill_on_drop: false }`
[INFO] [stdout] ff9d911af95c9dd0e13f2f0a9072c142c67a1b7733955edd4a945a0fb628dabc
[INFO] running `Command { std: "docker" "create" "-v" "/var/lib/crater-agent-workspace/builds/worker-7-tc1/target:/opt/rustwide/target:rw,Z" "-v" "/var/lib/crater-agent-workspace/builds/worker-7-tc1/source:/opt/rustwide/workdir:ro,Z" "-v" "/var/lib/crater-agent-workspace/cargo-home:/opt/rustwide/cargo-home:ro,Z" "-v" "/var/lib/crater-agent-workspace/rustup-home:/opt/rustwide/rustup-home:ro,Z" "-e" "SOURCE_DIR=/opt/rustwide/workdir" "-e" "CARGO_TARGET_DIR=/opt/rustwide/target" "-e" "CARGO_INCREMENTAL=0" "-e" "RUST_BACKTRACE=full" "-e" "RUSTFLAGS=--cap-lints=warn" "-e" "RUSTDOCFLAGS=--cap-lints=warn" "-e" "CARGO_HOME=/opt/rustwide/cargo-home" "-e" "RUSTUP_HOME=/opt/rustwide/rustup-home" "-w" "/opt/rustwide/workdir" "-m" "1610612736" "--user" "0:0" "--network" "none" "ghcr.io/rust-lang/crates-build-env/linux@sha256:2788e3201cd34a07e3172128adcd8b3090168a8e3bcc40d7c032b9dda1df7d1c" "/opt/rustwide/cargo-home/bin/cargo" "+1.75.0" "test" "--frozen", kill_on_drop: false }`
[INFO] [stdout] 175246c677b9e3fe121577b69c42e22d4652d829bd89ebf521ae08daa1a66671
[INFO] running `Command { std: "docker" "start" "-a" "175246c677b9e3fe121577b69c42e22d4652d829bd89ebf521ae08daa1a66671", kill_on_drop: false }`
[INFO] [stderr]     Finished test [unoptimized + debuginfo] target(s) in 0.00s
[INFO] [stderr]      Running unittests src/lib.rs (/opt/rustwide/target/debug/deps/rustc_errors-04d5cacf4b7255c7)
[INFO] [stdout] 
[INFO] [stdout] running 8 tests
[INFO] [stdout] test test_styled_buffer::test_appendl ... ok
[INFO] [stdout] test test_styled_buffer::test_num_lines ... ok
[INFO] [stdout] test test_styled_buffer::test_pushs ... ok
[INFO] [stdout] test test_styled_buffer::test_prepend ... ok
[INFO] [stdout] test test_styled_buffer::test_putc ... ok
[INFO] [stdout] test test_styled_buffer::test_putc_new_line ... ok
[INFO] [stdout] test test_styled_buffer::test_puts ... ok
[INFO] [stdout] test test_styled_buffer::test_puts_new_line ... ok
[INFO] [stdout] 
[INFO] [stdout] test result: ok. 8 passed; 0 failed; 0 ignored; 0 measured; 0 filtered out; finished in 0.00s
[INFO] [stdout] 
[INFO] [stderr]    Doc-tests rustc_errors
[INFO] [stdout] 
[INFO] [stdout] running 2 tests
[INFO] [stdout] test src/styled_buffer.rs - styled_buffer::StyledString<T>::new (line 42) ... ignored
[INFO] [stdout] test src/lib.rs - Style::render_style_to_color_spec (line 25) ... FAILED
[INFO] [stdout] 
[INFO] [stdout] failures:
[INFO] [stdout] 
[INFO] [stdout] ---- src/lib.rs - Style::render_style_to_color_spec (line 25) stdout ----
[INFO] [stdout] error[E0405]: cannot find trait `Style` in this scope
[INFO] [stdout]  --> src/lib.rs:32:6
[INFO] [stdout]   |
[INFO] [stdout] 9 | impl Style for DummyStyle {
[INFO] [stdout]   |      ^^^^^ not found in this scope
[INFO] [stdout]   |
[INFO] [stdout] help: consider importing this trait
[INFO] [stdout]   |
[INFO] [stdout] 2 + use rustc_errors::Style;
[INFO] [stdout]   |
[INFO] [stdout] 
[INFO] [stdout] error[E0412]: cannot find type `ColorSpec` in this scope
[INFO] [stdout]   --> src/lib.rs:33:45
[INFO] [stdout]    |
[INFO] [stdout] 10 |     fn render_style_to_color_spec(&self) -> ColorSpec {
[INFO] [stdout]    |                                             ^^^^^^^^^ not found in this scope
[INFO] [stdout]    |
[INFO] [stdout] help: consider importing this struct
[INFO] [stdout]    |
[INFO] [stdout] 2  + use termcolor::ColorSpec;
[INFO] [stdout]    |
[INFO] [stdout] 
[INFO] [stdout] error[E0433]: failed to resolve: use of undeclared type `ColorSpec`
[INFO] [stdout]   --> src/lib.rs:34:24
[INFO] [stdout]    |
[INFO] [stdout] 11 |         let mut spec = ColorSpec::new();
[INFO] [stdout]    |                        ^^^^^^^^^ use of undeclared type `ColorSpec`
[INFO] [stdout]    |
[INFO] [stdout] help: consider importing this struct
[INFO] [stdout]    |
[INFO] [stdout] 2  + use termcolor::ColorSpec;
[INFO] [stdout]    |
[INFO] [stdout] 
[INFO] [stdout] error[E0433]: failed to resolve: use of undeclared type `Color`
[INFO] [stdout]   --> src/lib.rs:38:34
[INFO] [stdout]    |
[INFO] [stdout] 15 |                 spec.set_fg(Some(Color::Red)).set_intense(true);
[INFO] [stdout]    |                                  ^^^^^ use of undeclared type `Color`
[INFO] [stdout]    |
[INFO] [stdout] help: consider importing this enum
[INFO] [stdout]    |
[INFO] [stdout] 2  + use termcolor::Color;
[INFO] [stdout]    |
[INFO] [stdout] 
[INFO] [stdout] error: aborting due to 4 previous errors
[INFO] [stdout] 
[INFO] [stdout] Some errors have detailed explanations: E0405, E0412, E0433.
[INFO] [stdout] For more information about an error, try `rustc --explain E0405`.
[INFO] [stdout] Couldn't compile the test.
[INFO] [stdout] 
[INFO] [stdout] failures:
[INFO] [stdout]     src/lib.rs - Style::render_style_to_color_spec (line 25)
[INFO] [stdout] 
[INFO] [stdout] test result: FAILED. 0 passed; 1 failed; 1 ignored; 0 measured; 0 filtered out; finished in 0.04s
[INFO] [stdout] 
[INFO] [stderr] error: doctest failed, to rerun pass `--doc`
[INFO] running `Command { std: "docker" "inspect" "175246c677b9e3fe121577b69c42e22d4652d829bd89ebf521ae08daa1a66671", kill_on_drop: false }`
[INFO] running `Command { std: "docker" "rm" "-f" "175246c677b9e3fe121577b69c42e22d4652d829bd89ebf521ae08daa1a66671", kill_on_drop: false }`
[INFO] [stdout] 175246c677b9e3fe121577b69c42e22d4652d829bd89ebf521ae08daa1a66671
[INFO] testing rustc_errors-0.0.2 against beta-2023-12-22 for beta-1.76-1
[INFO] extracting crate rustc_errors 0.0.2 into /workspace/builds/worker-7-tc2/source
[INFO] validating manifest of crates.io crate rustc_errors 0.0.2 on toolchain beta-2023-12-22
[INFO] running `Command { std: CARGO_HOME="/workspace/cargo-home" RUSTUP_HOME="/workspace/rustup-home" "/workspace/cargo-home/bin/cargo" "+beta-2023-12-22" "metadata" "--manifest-path" "Cargo.toml" "--no-deps", kill_on_drop: false }`
[INFO] started tweaking crates.io crate rustc_errors 0.0.2
[INFO] finished tweaking crates.io crate rustc_errors 0.0.2
[INFO] tweaked toml for crates.io crate rustc_errors 0.0.2 written to /workspace/builds/worker-7-tc2/source/Cargo.toml
[INFO] running `Command { std: CARGO_HOME="/workspace/cargo-home" RUSTUP_HOME="/workspace/rustup-home" "/workspace/cargo-home/bin/cargo" "+beta-2023-12-22" "generate-lockfile" "--manifest-path" "Cargo.toml", kill_on_drop: false }`
[INFO] [stderr]     Updating crates.io index
[INFO] running `Command { std: CARGO_HOME="/workspace/cargo-home" RUSTUP_HOME="/workspace/rustup-home" "/workspace/cargo-home/bin/cargo" "+beta-2023-12-22" "fetch" "--manifest-path" "Cargo.toml", kill_on_drop: false }`
[INFO] running `Command { std: "docker" "create" "-v" "/var/lib/crater-agent-workspace/builds/worker-7-tc2/target:/opt/rustwide/target:rw,Z" "-v" "/var/lib/crater-agent-workspace/builds/worker-7-tc2/source:/opt/rustwide/workdir:ro,Z" "-v" "/var/lib/crater-agent-workspace/cargo-home:/opt/rustwide/cargo-home:ro,Z" "-v" "/var/lib/crater-agent-workspace/rustup-home:/opt/rustwide/rustup-home:ro,Z" "-e" "SOURCE_DIR=/opt/rustwide/workdir" "-e" "CARGO_TARGET_DIR=/opt/rustwide/target" "-e" "CARGO_HOME=/opt/rustwide/cargo-home" "-e" "RUSTUP_HOME=/opt/rustwide/rustup-home" "-w" "/opt/rustwide/workdir" "-m" "1610612736" "--user" "0:0" "--network" "none" "ghcr.io/rust-lang/crates-build-env/linux@sha256:2788e3201cd34a07e3172128adcd8b3090168a8e3bcc40d7c032b9dda1df7d1c" "/opt/rustwide/cargo-home/bin/cargo" "+beta-2023-12-22" "metadata" "--no-deps" "--format-version=1", kill_on_drop: false }`
[INFO] [stdout] 182744b7bc5ac7bcd9ca2fe3a587857f981b17c1822c8d152b20fc6b890702f0
[INFO] running `Command { std: "docker" "start" "-a" "182744b7bc5ac7bcd9ca2fe3a587857f981b17c1822c8d152b20fc6b890702f0", kill_on_drop: false }`
[INFO] running `Command { std: "docker" "inspect" "182744b7bc5ac7bcd9ca2fe3a587857f981b17c1822c8d152b20fc6b890702f0", kill_on_drop: false }`
[INFO] running `Command { std: "docker" "rm" "-f" "182744b7bc5ac7bcd9ca2fe3a587857f981b17c1822c8d152b20fc6b890702f0", kill_on_drop: false }`
[INFO] [stdout] 182744b7bc5ac7bcd9ca2fe3a587857f981b17c1822c8d152b20fc6b890702f0
[INFO] running `Command { std: "docker" "create" "-v" "/var/lib/crater-agent-workspace/builds/worker-7-tc2/target:/opt/rustwide/target:rw,Z" "-v" "/var/lib/crater-agent-workspace/builds/worker-7-tc2/source:/opt/rustwide/workdir:ro,Z" "-v" "/var/lib/crater-agent-workspace/cargo-home:/opt/rustwide/cargo-home:ro,Z" "-v" "/var/lib/crater-agent-workspace/rustup-home:/opt/rustwide/rustup-home:ro,Z" "-e" "SOURCE_DIR=/opt/rustwide/workdir" "-e" "CARGO_TARGET_DIR=/opt/rustwide/target" "-e" "CARGO_INCREMENTAL=0" "-e" "RUST_BACKTRACE=full" "-e" "RUSTFLAGS=--cap-lints=warn" "-e" "RUSTDOCFLAGS=--cap-lints=warn" "-e" "CARGO_HOME=/opt/rustwide/cargo-home" "-e" "RUSTUP_HOME=/opt/rustwide/rustup-home" "-w" "/opt/rustwide/workdir" "-m" "1610612736" "--user" "0:0" "--network" "none" "ghcr.io/rust-lang/crates-build-env/linux@sha256:2788e3201cd34a07e3172128adcd8b3090168a8e3bcc40d7c032b9dda1df7d1c" "/opt/rustwide/cargo-home/bin/cargo" "+beta-2023-12-22" "build" "--frozen" "--message-format=json", kill_on_drop: false }`
[INFO] [stdout] 754920de1e59f0729675439397a4e73c75f96c7400afdffa224de942cea0fc1f
[INFO] running `Command { std: "docker" "start" "-a" "754920de1e59f0729675439397a4e73c75f96c7400afdffa224de942cea0fc1f", kill_on_drop: false }`
[INFO] [stderr]    Compiling rustc_errors v0.0.2 (/opt/rustwide/workdir)
[INFO] [stderr]     Finished dev [unoptimized + debuginfo] target(s) in 0.07s
[INFO] running `Command { std: "docker" "inspect" "754920de1e59f0729675439397a4e73c75f96c7400afdffa224de942cea0fc1f", kill_on_drop: false }`
[INFO] running `Command { std: "docker" "rm" "-f" "754920de1e59f0729675439397a4e73c75f96c7400afdffa224de942cea0fc1f", kill_on_drop: false }`
[INFO] [stdout] 754920de1e59f0729675439397a4e73c75f96c7400afdffa224de942cea0fc1f
[INFO] running `Command { std: "docker" "create" "-v" "/var/lib/crater-agent-workspace/builds/worker-7-tc2/target:/opt/rustwide/target:rw,Z" "-v" "/var/lib/crater-agent-workspace/builds/worker-7-tc2/source:/opt/rustwide/workdir:ro,Z" "-v" "/var/lib/crater-agent-workspace/cargo-home:/opt/rustwide/cargo-home:ro,Z" "-v" "/var/lib/crater-agent-workspace/rustup-home:/opt/rustwide/rustup-home:ro,Z" "-e" "SOURCE_DIR=/opt/rustwide/workdir" "-e" "CARGO_TARGET_DIR=/opt/rustwide/target" "-e" "CARGO_INCREMENTAL=0" "-e" "RUST_BACKTRACE=full" "-e" "RUSTFLAGS=--cap-lints=warn" "-e" "RUSTDOCFLAGS=--cap-lints=warn" "-e" "CARGO_HOME=/opt/rustwide/cargo-home" "-e" "RUSTUP_HOME=/opt/rustwide/rustup-home" "-w" "/opt/rustwide/workdir" "-m" "1610612736" "--user" "0:0" "--network" "none" "ghcr.io/rust-lang/crates-build-env/linux@sha256:2788e3201cd34a07e3172128adcd8b3090168a8e3bcc40d7c032b9dda1df7d1c" "/opt/rustwide/cargo-home/bin/cargo" "+beta-2023-12-22" "test" "--frozen" "--no-run" "--message-format=json", kill_on_drop: false }`
[INFO] [stdout] 476bde957e90e9ba00ee1a3f8566fcb2818b6524b0f1d8c100c1b1203d361e31
[INFO] running `Command { std: "docker" "start" "-a" "476bde957e90e9ba00ee1a3f8566fcb2818b6524b0f1d8c100c1b1203d361e31", kill_on_drop: false }`
[INFO] [stderr]    Compiling rustc_errors v0.0.2 (/opt/rustwide/workdir)
[INFO] [stderr]     Finished test [unoptimized + debuginfo] target(s) in 0.34s
[INFO] running `Command { std: "docker" "inspect" "476bde957e90e9ba00ee1a3f8566fcb2818b6524b0f1d8c100c1b1203d361e31", kill_on_drop: false }`
[INFO] running `Command { std: "docker" "rm" "-f" "476bde957e90e9ba00ee1a3f8566fcb2818b6524b0f1d8c100c1b1203d361e31", kill_on_drop: false }`
[INFO] [stdout] 476bde957e90e9ba00ee1a3f8566fcb2818b6524b0f1d8c100c1b1203d361e31
[INFO] running `Command { std: "docker" "create" "-v" "/var/lib/crater-agent-workspace/builds/worker-7-tc2/target:/opt/rustwide/target:rw,Z" "-v" "/var/lib/crater-agent-workspace/builds/worker-7-tc2/source:/opt/rustwide/workdir:ro,Z" "-v" "/var/lib/crater-agent-workspace/cargo-home:/opt/rustwide/cargo-home:ro,Z" "-v" "/var/lib/crater-agent-workspace/rustup-home:/opt/rustwide/rustup-home:ro,Z" "-e" "SOURCE_DIR=/opt/rustwide/workdir" "-e" "CARGO_TARGET_DIR=/opt/rustwide/target" "-e" "CARGO_INCREMENTAL=0" "-e" "RUST_BACKTRACE=full" "-e" "RUSTFLAGS=--cap-lints=warn" "-e" "RUSTDOCFLAGS=--cap-lints=warn" "-e" "CARGO_HOME=/opt/rustwide/cargo-home" "-e" "RUSTUP_HOME=/opt/rustwide/rustup-home" "-w" "/opt/rustwide/workdir" "-m" "1610612736" "--user" "0:0" "--network" "none" "ghcr.io/rust-lang/crates-build-env/linux@sha256:2788e3201cd34a07e3172128adcd8b3090168a8e3bcc40d7c032b9dda1df7d1c" "/opt/rustwide/cargo-home/bin/cargo" "+beta-2023-12-22" "test" "--frozen", kill_on_drop: false }`
[INFO] [stdout] b13906e9c73da0ac2f8e125edc778156b67c0eb52353d783dbaf57265a691bd3
[INFO] running `Command { std: "docker" "start" "-a" "b13906e9c73da0ac2f8e125edc778156b67c0eb52353d783dbaf57265a691bd3", kill_on_drop: false }`
[INFO] [stderr]     Finished test [unoptimized + debuginfo] target(s) in 0.00s
[INFO] [stderr]      Running unittests src/lib.rs (/opt/rustwide/target/debug/deps/rustc_errors-63da4f88d36d3213)
[INFO] [stdout] 
[INFO] [stdout] running 8 tests
[INFO] [stdout] test test_styled_buffer::test_appendl ... ok
[INFO] [stdout] test test_styled_buffer::test_prepend ... ok
[INFO] [stdout] test test_styled_buffer::test_num_lines ... ok
[INFO] [stdout] test test_styled_buffer::test_pushs ... ok
[INFO] [stdout] test test_styled_buffer::test_putc_new_line ... ok
[INFO] [stdout] test test_styled_buffer::test_putc ... ok
[INFO] [stdout] test test_styled_buffer::test_puts ... ok
[INFO] [stdout] test test_styled_buffer::test_puts_new_line ... ok
[INFO] [stdout] 
[INFO] [stdout] test result: ok. 8 passed; 0 failed; 0 ignored; 0 measured; 0 filtered out; finished in 0.00s
[INFO] [stdout] 
[INFO] [stderr]    Doc-tests rustc_errors
[INFO] [stdout] 
[INFO] [stdout] running 2 tests
[INFO] [stdout] test src/styled_buffer.rs - styled_buffer::StyledString<T>::new (line 42) ... ignored
[INFO] [stdout] test src/lib.rs - Style::render_style_to_color_spec (line 25) ... FAILED
[INFO] [stdout] 
[INFO] [stdout] failures:
[INFO] [stdout] 
[INFO] [stdout] ---- src/lib.rs - Style::render_style_to_color_spec (line 25) stdout ----
[INFO] [stdout] error[E0405]: cannot find trait `Style` in this scope
[INFO] [stdout]  --> src/lib.rs:32:6
[INFO] [stdout]   |
[INFO] [stdout] 9 | impl Style for DummyStyle {
[INFO] [stdout]   |      ^^^^^ not found in this scope
[INFO] [stdout]   |
[INFO] [stdout] help: consider importing this trait
[INFO] [stdout]   |
[INFO] [stdout] 2 + use rustc_errors::Style;
[INFO] [stdout]   |
[INFO] [stdout] 
[INFO] [stdout] error[E0412]: cannot find type `ColorSpec` in this scope
[INFO] [stdout]   --> src/lib.rs:33:45
[INFO] [stdout]    |
[INFO] [stdout] 10 |     fn render_style_to_color_spec(&self) -> ColorSpec {
[INFO] [stdout]    |                                             ^^^^^^^^^ not found in this scope
[INFO] [stdout]    |
[INFO] [stdout] help: consider importing this struct
[INFO] [stdout]    |
[INFO] [stdout] 2  + use termcolor::ColorSpec;
[INFO] [stdout]    |
[INFO] [stdout] 
[INFO] [stdout] error[E0433]: failed to resolve: use of undeclared type `ColorSpec`
[INFO] [stdout]   --> src/lib.rs:34:24
[INFO] [stdout]    |
[INFO] [stdout] 11 |         let mut spec = ColorSpec::new();
[INFO] [stdout]    |                        ^^^^^^^^^ use of undeclared type `ColorSpec`
[INFO] [stdout]    |
[INFO] [stdout] help: consider importing this struct
[INFO] [stdout]    |
[INFO] [stdout] 2  + use termcolor::ColorSpec;
[INFO] [stdout]    |
[INFO] [stdout] 
[INFO] [stdout] error[E0433]: failed to resolve: use of undeclared type `Color`
[INFO] [stdout]   --> src/lib.rs:38:34
[INFO] [stdout]    |
[INFO] [stdout] 15 |                 spec.set_fg(Some(Color::Red)).set_intense(true);
[INFO] [stdout]    |                                  ^^^^^ use of undeclared type `Color`
[INFO] [stdout]    |
[INFO] [stdout] help: consider importing this enum
[INFO] [stdout]    |
[INFO] [stdout] 2  + use termcolor::Color;
[INFO] [stdout]    |
[INFO] [stdout] 
[INFO] [stdout] error: aborting due to 4 previous errors
[INFO] [stdout] 
[INFO] [stdout] Some errors have detailed explanations: E0405, E0412, E0433.
[INFO] [stdout] For more information about an error, try `rustc --explain E0405`.
[INFO] [stdout] Couldn't compile the test.
[INFO] [stdout] 
[INFO] [stdout] failures:
[INFO] [stdout]     src/lib.rs - Style::render_style_to_color_spec (line 25)
[INFO] [stdout] 
[INFO] [stdout] test result: FAILED. 0 passed; 1 failed; 1 ignored; 0 measured; 0 filtered out; finished in 0.05s
[INFO] [stdout] 
[INFO] [stderr] error: doctest failed, to rerun pass `--doc`
[INFO] running `Command { std: "docker" "inspect" "b13906e9c73da0ac2f8e125edc778156b67c0eb52353d783dbaf57265a691bd3", kill_on_drop: false }`
[INFO] running `Command { std: "docker" "rm" "-f" "b13906e9c73da0ac2f8e125edc778156b67c0eb52353d783dbaf57265a691bd3", kill_on_drop: false }`
[INFO] [stdout] b13906e9c73da0ac2f8e125edc778156b67c0eb52353d783dbaf57265a691bd3
