[INFO] fetching crate rustbase-scram 0.6.1...
[INFO] testing rustbase-scram-0.6.1 against 1.75.0 for beta-1.76-1
[INFO] extracting crate rustbase-scram 0.6.1 into /workspace/builds/worker-6-tc1/source
[INFO] validating manifest of crates.io crate rustbase-scram 0.6.1 on toolchain 1.75.0
[INFO] running `Command { std: CARGO_HOME="/workspace/cargo-home" RUSTUP_HOME="/workspace/rustup-home" "/workspace/cargo-home/bin/cargo" "+1.75.0" "metadata" "--manifest-path" "Cargo.toml" "--no-deps", kill_on_drop: false }`
[INFO] started tweaking crates.io crate rustbase-scram 0.6.1
[INFO] finished tweaking crates.io crate rustbase-scram 0.6.1
[INFO] tweaked toml for crates.io crate rustbase-scram 0.6.1 written to /workspace/builds/worker-6-tc1/source/Cargo.toml
[INFO] running `Command { std: CARGO_HOME="/workspace/cargo-home" RUSTUP_HOME="/workspace/rustup-home" "/workspace/cargo-home/bin/cargo" "+1.75.0" "generate-lockfile" "--manifest-path" "Cargo.toml", kill_on_drop: false }`
[INFO] [stderr]     Updating crates.io index
[INFO] running `Command { std: CARGO_HOME="/workspace/cargo-home" RUSTUP_HOME="/workspace/rustup-home" "/workspace/cargo-home/bin/cargo" "+1.75.0" "fetch" "--manifest-path" "Cargo.toml", kill_on_drop: false }`
[INFO] running `Command { std: "docker" "create" "-v" "/var/lib/crater-agent-workspace/builds/worker-6-tc1/target:/opt/rustwide/target:rw,Z" "-v" "/var/lib/crater-agent-workspace/builds/worker-6-tc1/source:/opt/rustwide/workdir:ro,Z" "-v" "/var/lib/crater-agent-workspace/cargo-home:/opt/rustwide/cargo-home:ro,Z" "-v" "/var/lib/crater-agent-workspace/rustup-home:/opt/rustwide/rustup-home:ro,Z" "-e" "SOURCE_DIR=/opt/rustwide/workdir" "-e" "CARGO_TARGET_DIR=/opt/rustwide/target" "-e" "CARGO_HOME=/opt/rustwide/cargo-home" "-e" "RUSTUP_HOME=/opt/rustwide/rustup-home" "-w" "/opt/rustwide/workdir" "-m" "1610612736" "--user" "0:0" "--network" "none" "ghcr.io/rust-lang/crates-build-env/linux@sha256:2788e3201cd34a07e3172128adcd8b3090168a8e3bcc40d7c032b9dda1df7d1c" "/opt/rustwide/cargo-home/bin/cargo" "+1.75.0" "metadata" "--no-deps" "--format-version=1", kill_on_drop: false }`
[INFO] [stdout] b2d762cae3bb505864cd4916817e6029d292a0cd5cbe2c75100e854be42f9415
[INFO] running `Command { std: "docker" "start" "-a" "b2d762cae3bb505864cd4916817e6029d292a0cd5cbe2c75100e854be42f9415", kill_on_drop: false }`
[INFO] running `Command { std: "docker" "inspect" "b2d762cae3bb505864cd4916817e6029d292a0cd5cbe2c75100e854be42f9415", kill_on_drop: false }`
[INFO] running `Command { std: "docker" "rm" "-f" "b2d762cae3bb505864cd4916817e6029d292a0cd5cbe2c75100e854be42f9415", kill_on_drop: false }`
[INFO] [stdout] b2d762cae3bb505864cd4916817e6029d292a0cd5cbe2c75100e854be42f9415
[INFO] running `Command { std: "docker" "create" "-v" "/var/lib/crater-agent-workspace/builds/worker-6-tc1/target:/opt/rustwide/target:rw,Z" "-v" "/var/lib/crater-agent-workspace/builds/worker-6-tc1/source:/opt/rustwide/workdir:ro,Z" "-v" "/var/lib/crater-agent-workspace/cargo-home:/opt/rustwide/cargo-home:ro,Z" "-v" "/var/lib/crater-agent-workspace/rustup-home:/opt/rustwide/rustup-home:ro,Z" "-e" "SOURCE_DIR=/opt/rustwide/workdir" "-e" "CARGO_TARGET_DIR=/opt/rustwide/target" "-e" "CARGO_INCREMENTAL=0" "-e" "RUST_BACKTRACE=full" "-e" "RUSTFLAGS=--cap-lints=warn" "-e" "RUSTDOCFLAGS=--cap-lints=warn" "-e" "CARGO_HOME=/opt/rustwide/cargo-home" "-e" "RUSTUP_HOME=/opt/rustwide/rustup-home" "-w" "/opt/rustwide/workdir" "-m" "1610612736" "--user" "0:0" "--network" "none" "ghcr.io/rust-lang/crates-build-env/linux@sha256:2788e3201cd34a07e3172128adcd8b3090168a8e3bcc40d7c032b9dda1df7d1c" "/opt/rustwide/cargo-home/bin/cargo" "+1.75.0" "build" "--frozen" "--message-format=json", kill_on_drop: false }`
[INFO] [stdout] 645f5183037b125de25afd920ed1fd958d1b1ad4bc0c7a31469af18c58a4433b
[INFO] running `Command { std: "docker" "start" "-a" "645f5183037b125de25afd920ed1fd958d1b1ad4bc0c7a31469af18c58a4433b", kill_on_drop: false }`
[INFO] [stderr]    Compiling libc v0.2.151
[INFO] [stderr]    Compiling ppv-lite86 v0.2.17
[INFO] [stderr]    Compiling untrusted v0.7.1
[INFO] [stderr]    Compiling spin v0.5.2
[INFO] [stderr]    Compiling once_cell v1.19.0
[INFO] [stderr]    Compiling base64 v0.13.1
[INFO] [stderr]    Compiling getrandom v0.2.11
[INFO] [stderr]    Compiling cc v1.0.83
[INFO] [stderr]    Compiling rand_core v0.6.4
[INFO] [stderr]    Compiling rand_chacha v0.3.1
[INFO] [stderr]    Compiling rand v0.8.5
[INFO] [stderr]    Compiling ring v0.16.20
[INFO] [stderr]    Compiling rustbase-scram v0.6.1 (/opt/rustwide/workdir)
[INFO] [stderr]     Finished dev [unoptimized + debuginfo] target(s) in 6.72s
[INFO] running `Command { std: "docker" "inspect" "645f5183037b125de25afd920ed1fd958d1b1ad4bc0c7a31469af18c58a4433b", kill_on_drop: false }`
[INFO] running `Command { std: "docker" "rm" "-f" "645f5183037b125de25afd920ed1fd958d1b1ad4bc0c7a31469af18c58a4433b", kill_on_drop: false }`
[INFO] [stdout] 645f5183037b125de25afd920ed1fd958d1b1ad4bc0c7a31469af18c58a4433b
[INFO] running `Command { std: "docker" "create" "-v" "/var/lib/crater-agent-workspace/builds/worker-6-tc1/target:/opt/rustwide/target:rw,Z" "-v" "/var/lib/crater-agent-workspace/builds/worker-6-tc1/source:/opt/rustwide/workdir:ro,Z" "-v" "/var/lib/crater-agent-workspace/cargo-home:/opt/rustwide/cargo-home:ro,Z" "-v" "/var/lib/crater-agent-workspace/rustup-home:/opt/rustwide/rustup-home:ro,Z" "-e" "SOURCE_DIR=/opt/rustwide/workdir" "-e" "CARGO_TARGET_DIR=/opt/rustwide/target" "-e" "CARGO_INCREMENTAL=0" "-e" "RUST_BACKTRACE=full" "-e" "RUSTFLAGS=--cap-lints=warn" "-e" "RUSTDOCFLAGS=--cap-lints=warn" "-e" "CARGO_HOME=/opt/rustwide/cargo-home" "-e" "RUSTUP_HOME=/opt/rustwide/rustup-home" "-w" "/opt/rustwide/workdir" "-m" "1610612736" "--user" "0:0" "--network" "none" "ghcr.io/rust-lang/crates-build-env/linux@sha256:2788e3201cd34a07e3172128adcd8b3090168a8e3bcc40d7c032b9dda1df7d1c" "/opt/rustwide/cargo-home/bin/cargo" "+1.75.0" "test" "--frozen" "--no-run" "--message-format=json", kill_on_drop: false }`
[INFO] [stdout] 74e6f5d3644494a5226eb1a3d91fb7f5afed7d3f330d610927be48058b53d993
[INFO] running `Command { std: "docker" "start" "-a" "74e6f5d3644494a5226eb1a3d91fb7f5afed7d3f330d610927be48058b53d993", kill_on_drop: false }`
[INFO] [stderr]    Compiling rustbase-scram v0.6.1 (/opt/rustwide/workdir)
[INFO] [stderr]     Finished test [unoptimized + debuginfo] target(s) in 0.69s
[INFO] running `Command { std: "docker" "inspect" "74e6f5d3644494a5226eb1a3d91fb7f5afed7d3f330d610927be48058b53d993", kill_on_drop: false }`
[INFO] running `Command { std: "docker" "rm" "-f" "74e6f5d3644494a5226eb1a3d91fb7f5afed7d3f330d610927be48058b53d993", kill_on_drop: false }`
[INFO] [stdout] 74e6f5d3644494a5226eb1a3d91fb7f5afed7d3f330d610927be48058b53d993
[INFO] running `Command { std: "docker" "create" "-v" "/var/lib/crater-agent-workspace/builds/worker-6-tc1/target:/opt/rustwide/target:rw,Z" "-v" "/var/lib/crater-agent-workspace/builds/worker-6-tc1/source:/opt/rustwide/workdir:ro,Z" "-v" "/var/lib/crater-agent-workspace/cargo-home:/opt/rustwide/cargo-home:ro,Z" "-v" "/var/lib/crater-agent-workspace/rustup-home:/opt/rustwide/rustup-home:ro,Z" "-e" "SOURCE_DIR=/opt/rustwide/workdir" "-e" "CARGO_TARGET_DIR=/opt/rustwide/target" "-e" "CARGO_INCREMENTAL=0" "-e" "RUST_BACKTRACE=full" "-e" "RUSTFLAGS=--cap-lints=warn" "-e" "RUSTDOCFLAGS=--cap-lints=warn" "-e" "CARGO_HOME=/opt/rustwide/cargo-home" "-e" "RUSTUP_HOME=/opt/rustwide/rustup-home" "-w" "/opt/rustwide/workdir" "-m" "1610612736" "--user" "0:0" "--network" "none" "ghcr.io/rust-lang/crates-build-env/linux@sha256:2788e3201cd34a07e3172128adcd8b3090168a8e3bcc40d7c032b9dda1df7d1c" "/opt/rustwide/cargo-home/bin/cargo" "+1.75.0" "test" "--frozen", kill_on_drop: false }`
[INFO] [stdout] 69f37069bfc969a4c7c0df79240d2e4ac00777911f5642d9516ce12052742180
[INFO] running `Command { std: "docker" "start" "-a" "69f37069bfc969a4c7c0df79240d2e4ac00777911f5642d9516ce12052742180", kill_on_drop: false }`
[INFO] [stdout] 
[INFO] [stderr]     Finished test [unoptimized + debuginfo] target(s) in 0.02s
[INFO] [stdout] running 5 tests
[INFO] [stderr]      Running unittests src/lib.rs (/opt/rustwide/target/debug/deps/rustbase_scram-84a10d66d6bcd72b)
[INFO] [stdout] test server::tests::test_parse_client_final_success ... ok
[INFO] [stdout] test server::tests::test_parse_client_final_missing_fields ... ok
[INFO] [stdout] test server::tests::test_parse_client_first_invalid_data ... ok
[INFO] [stdout] test server::tests::test_parse_client_first_missing_fields ... ok
[INFO] [stdout] test server::tests::test_parse_client_first_success ... ok
[INFO] [stdout] 
[INFO] [stdout] test result: ok. 5 passed; 0 failed; 0 ignored; 0 measured; 0 filtered out; finished in 0.00s
[INFO] [stdout] 
[INFO] [stderr]      Running tests/client_server.rs (/opt/rustwide/target/debug/deps/client_server-94668ca50f7e7fcd)
[INFO] [stdout] 
[INFO] [stdout] running 8 tests
[INFO] [stdout] test test_invalid_user ... ok
[INFO] [stdout] test test_empty_password ... ok
[INFO] [stdout] test test_bad_password ... ok
[INFO] [stdout] test test_empty_username ... ok
[INFO] [stdout] test test_simple_success ... ok
[INFO] [stdout] test test_authorize_fail ... ok
[INFO] [stdout] test test_authorize_non_existent ... ok
[INFO] [stdout] test test_authorize_different ... ok
[INFO] [stderr]    Doc-tests rustbase-scram
[INFO] [stdout] 
[INFO] [stdout] test result: ok. 8 passed; 0 failed; 0 ignored; 0 measured; 0 filtered out; finished in 0.19s
[INFO] [stdout] 
[INFO] [stdout] 
[INFO] [stdout] running 2 tests
[INFO] [stdout] test src/lib.rs - (line 81) - compile ... FAILED
[INFO] [stderr] error: doctest failed, to rerun pass `--doc`
[INFO] [stdout] test src/lib.rs - (line 28) - compile ... FAILED
[INFO] [stdout] 
[INFO] [stdout] failures:
[INFO] [stdout] 
[INFO] [stdout] ---- src/lib.rs - (line 81) stdout ----
[INFO] [stdout] error[E0432]: unresolved import `scram`
[INFO] [stdout]  --> src/lib.rs:82:5
[INFO] [stdout]   |
[INFO] [stdout] 3 | use scram::{ScramServer, AuthenticationStatus, AuthenticationProvider, PasswordInfo};
[INFO] [stdout]   |     ^^^^^ maybe a missing crate `scram`?
[INFO] [stdout]   |
[INFO] [stdout]   = help: consider adding `extern crate scram` to use the `scram` crate
[INFO] [stdout] 
[INFO] [stdout] error: aborting due to previous error
[INFO] [stdout] 
[INFO] [stdout] For more information about this error, try `rustc --explain E0432`.
[INFO] [stdout] Couldn't compile the test.
[INFO] [stdout] ---- src/lib.rs - (line 28) stdout ----
[INFO] [stdout] error[E0432]: unresolved import `scram`
[INFO] [stdout]  --> src/lib.rs:29:5
[INFO] [stdout]   |
[INFO] [stdout] 3 | use scram::ScramClient;
[INFO] [stdout]   |     ^^^^^ maybe a missing crate `scram`?
[INFO] [stdout]   |
[INFO] [stdout]   = help: consider adding `extern crate scram` to use the `scram` crate
[INFO] [stdout] 
[INFO] [stdout] error[E0277]: the size for values of type `str` cannot be known at compilation time
[INFO] [stdout]   --> src/lib.rs:41:13
[INFO] [stdout]    |
[INFO] [stdout] 15 | let (scram, client_first) = scram.client_first();
[INFO] [stdout]    |             ^^^^^^^^^^^^ doesn't have a size known at compile-time
[INFO] [stdout]    |
[INFO] [stdout]    = help: the trait `Sized` is not implemented for `str`
[INFO] [stdout]    = note: all local variables must have a statically known size
[INFO] [stdout]    = help: unsized locals are gated as an unstable feature
[INFO] [stdout] 
[INFO] [stdout] error[E0277]: the size for values of type `str` cannot be known at compilation time
[INFO] [stdout]   --> src/lib.rs:51:13
[INFO] [stdout]    |
[INFO] [stdout] 25 | let (scram, client_final) = scram.client_final();
[INFO] [stdout]    |             ^^^^^^^^^^^^ doesn't have a size known at compile-time
[INFO] [stdout]    |
[INFO] [stdout]    = help: the trait `Sized` is not implemented for `str`
[INFO] [stdout]    = note: all local variables must have a statically known size
[INFO] [stdout]    = help: unsized locals are gated as an unstable feature
[INFO] [stdout] 
[INFO] [stdout] error: aborting due to 3 previous errors
[INFO] [stdout] 
[INFO] [stdout] Some errors have detailed explanations: E0277, E0432.
[INFO] [stdout] For more information about an error, try `rustc --explain E0277`.
[INFO] [stdout] Couldn't compile the test.
[INFO] [stdout] 
[INFO] [stdout] failures:
[INFO] [stdout]     src/lib.rs - (line 28)
[INFO] [stdout]     src/lib.rs - (line 81)
[INFO] [stdout] 
[INFO] [stdout] test result: FAILED. 0 passed; 2 failed; 0 ignored; 0 measured; 0 filtered out; finished in 0.08s
[INFO] [stdout] 
[INFO] running `Command { std: "docker" "inspect" "69f37069bfc969a4c7c0df79240d2e4ac00777911f5642d9516ce12052742180", kill_on_drop: false }`
[INFO] running `Command { std: "docker" "rm" "-f" "69f37069bfc969a4c7c0df79240d2e4ac00777911f5642d9516ce12052742180", kill_on_drop: false }`
[INFO] [stdout] 69f37069bfc969a4c7c0df79240d2e4ac00777911f5642d9516ce12052742180
