[INFO] fetching crate rustache-lists 0.1.2...
[INFO] testing rustache-lists-0.1.2 against 1.75.0 for beta-1.76-1
[INFO] extracting crate rustache-lists 0.1.2 into /workspace/builds/worker-5-tc1/source
[INFO] validating manifest of crates.io crate rustache-lists 0.1.2 on toolchain 1.75.0
[INFO] running `Command { std: CARGO_HOME="/workspace/cargo-home" RUSTUP_HOME="/workspace/rustup-home" "/workspace/cargo-home/bin/cargo" "+1.75.0" "metadata" "--manifest-path" "Cargo.toml" "--no-deps", kill_on_drop: false }`
[INFO] started tweaking crates.io crate rustache-lists 0.1.2
[INFO] finished tweaking crates.io crate rustache-lists 0.1.2
[INFO] tweaked toml for crates.io crate rustache-lists 0.1.2 written to /workspace/builds/worker-5-tc1/source/Cargo.toml
[INFO] running `Command { std: CARGO_HOME="/workspace/cargo-home" RUSTUP_HOME="/workspace/rustup-home" "/workspace/cargo-home/bin/cargo" "+1.75.0" "generate-lockfile" "--manifest-path" "Cargo.toml", kill_on_drop: false }`
[INFO] [stderr]     Updating crates.io index
[INFO] running `Command { std: CARGO_HOME="/workspace/cargo-home" RUSTUP_HOME="/workspace/rustup-home" "/workspace/cargo-home/bin/cargo" "+1.75.0" "fetch" "--manifest-path" "Cargo.toml", kill_on_drop: false }`
[INFO] [stderr]  Downloading crates ...
[INFO] [stderr]   Downloaded error-chain v0.5.0
[INFO] running `Command { std: "docker" "create" "-v" "/var/lib/crater-agent-workspace/builds/worker-5-tc1/target:/opt/rustwide/target:rw,Z" "-v" "/var/lib/crater-agent-workspace/builds/worker-5-tc1/source:/opt/rustwide/workdir:ro,Z" "-v" "/var/lib/crater-agent-workspace/cargo-home:/opt/rustwide/cargo-home:ro,Z" "-v" "/var/lib/crater-agent-workspace/rustup-home:/opt/rustwide/rustup-home:ro,Z" "-e" "SOURCE_DIR=/opt/rustwide/workdir" "-e" "CARGO_TARGET_DIR=/opt/rustwide/target" "-e" "CARGO_HOME=/opt/rustwide/cargo-home" "-e" "RUSTUP_HOME=/opt/rustwide/rustup-home" "-w" "/opt/rustwide/workdir" "-m" "1610612736" "--user" "0:0" "--network" "none" "ghcr.io/rust-lang/crates-build-env/linux@sha256:2788e3201cd34a07e3172128adcd8b3090168a8e3bcc40d7c032b9dda1df7d1c" "/opt/rustwide/cargo-home/bin/cargo" "+1.75.0" "metadata" "--no-deps" "--format-version=1", kill_on_drop: false }`
[INFO] [stdout] af24907439477e1dcabde3c5e753f188858050de1779abd860a9108593b0e4a7
[INFO] running `Command { std: "docker" "start" "-a" "af24907439477e1dcabde3c5e753f188858050de1779abd860a9108593b0e4a7", kill_on_drop: false }`
[INFO] running `Command { std: "docker" "inspect" "af24907439477e1dcabde3c5e753f188858050de1779abd860a9108593b0e4a7", kill_on_drop: false }`
[INFO] running `Command { std: "docker" "rm" "-f" "af24907439477e1dcabde3c5e753f188858050de1779abd860a9108593b0e4a7", kill_on_drop: false }`
[INFO] [stdout] af24907439477e1dcabde3c5e753f188858050de1779abd860a9108593b0e4a7
[INFO] running `Command { std: "docker" "create" "-v" "/var/lib/crater-agent-workspace/builds/worker-5-tc1/target:/opt/rustwide/target:rw,Z" "-v" "/var/lib/crater-agent-workspace/builds/worker-5-tc1/source:/opt/rustwide/workdir:ro,Z" "-v" "/var/lib/crater-agent-workspace/cargo-home:/opt/rustwide/cargo-home:ro,Z" "-v" "/var/lib/crater-agent-workspace/rustup-home:/opt/rustwide/rustup-home:ro,Z" "-e" "SOURCE_DIR=/opt/rustwide/workdir" "-e" "CARGO_TARGET_DIR=/opt/rustwide/target" "-e" "CARGO_INCREMENTAL=0" "-e" "RUST_BACKTRACE=full" "-e" "RUSTFLAGS=--cap-lints=warn" "-e" "RUSTDOCFLAGS=--cap-lints=warn" "-e" "CARGO_HOME=/opt/rustwide/cargo-home" "-e" "RUSTUP_HOME=/opt/rustwide/rustup-home" "-w" "/opt/rustwide/workdir" "-m" "1610612736" "--user" "0:0" "--network" "none" "ghcr.io/rust-lang/crates-build-env/linux@sha256:2788e3201cd34a07e3172128adcd8b3090168a8e3bcc40d7c032b9dda1df7d1c" "/opt/rustwide/cargo-home/bin/cargo" "+1.75.0" "build" "--frozen" "--message-format=json", kill_on_drop: false }`
[INFO] [stdout] d32c4c57b57f3e668fea09759ee9f493ce480ea684815ecab595392ae1269a62
[INFO] running `Command { std: "docker" "start" "-a" "d32c4c57b57f3e668fea09759ee9f493ce480ea684815ecab595392ae1269a62", kill_on_drop: false }`
[INFO] [stderr]    Compiling libc v0.2.151
[INFO] [stderr]    Compiling winapi-build v0.1.1
[INFO] [stderr]    Compiling winapi v0.2.8
[INFO] [stderr]    Compiling backtrace v0.2.3
[INFO] [stderr]    Compiling cfg-if v0.1.10
[INFO] [stderr]    Compiling rustc-demangle v0.1.23
[INFO] [stderr]    Compiling utf8-ranges v0.1.3
[INFO] [stderr]    Compiling regex-syntax v0.3.9
[INFO] [stderr]    Compiling rustc-serialize v0.3.25
[INFO] [stderr]    Compiling kernel32-sys v0.2.2
[INFO] [stderr]    Compiling dbghelp-sys v0.2.0
[INFO] [stderr]    Compiling cc v1.0.83
[INFO] [stderr]    Compiling thread-id v2.0.0
[INFO] [stderr]    Compiling memchr v0.1.11
[INFO] [stderr]    Compiling thread_local v0.2.7
[INFO] [stderr]    Compiling aho-corasick v0.5.3
[INFO] [stderr]    Compiling regex v0.1.80
[INFO] [stderr]    Compiling backtrace-sys v0.1.37
[INFO] [stderr]    Compiling error-chain v0.5.0
[INFO] [stderr]    Compiling rustache-lists v0.1.2 (/opt/rustwide/workdir)
[INFO] [stdout] warning: use of deprecated macro `try`: use the `?` operator instead
[INFO] [stdout]    --> src/template.rs:220:21
[INFO] [stdout]     |
[INFO] [stdout] 220 |                     try!(self.handle_unescaped_or_value_node(node,
[INFO] [stdout]     |                     ^^^
[INFO] [stdout]     |
[INFO] [stdout]     = note: `#[warn(deprecated)]` on by default
[INFO] [stdout] 
[INFO] [stdout] 
[INFO] [stdout] warning: use of deprecated macro `try`: use the `?` operator instead
[INFO] [stdout]    --> src/template.rs:231:21
[INFO] [stdout]     |
[INFO] [stdout] 231 |                     try!(self.handle_unescaped_or_value_node(node,
[INFO] [stdout]     |                     ^^^
[INFO] [stdout] 
[INFO] [stdout] 
[INFO] [stdout] warning: use of deprecated macro `try`: use the `?` operator instead
[INFO] [stdout]    --> src/template.rs:593:13
[INFO] [stdout]     |
[INFO] [stdout] 593 |             try!(self.handle_node(node, data, writer));
[INFO] [stdout]     |             ^^^
[INFO] [stdout] 
[INFO] [stdout] 
[INFO] [stdout] warning: use of deprecated method `std::error::Error::description`: use the Display impl or to_string()
[INFO] [stdout]   --> src/errors.rs:5:1
[INFO] [stdout]    |
[INFO] [stdout] 5  | / error_chain! {
[INFO] [stdout] 6  | |
[INFO] [stdout] 7  | |     foreign_links {
[INFO] [stdout] 8  | |         json::BuilderError, Json;
[INFO] [stdout] ...  |
[INFO] [stdout] 31 | |     }
[INFO] [stdout] 32 | | }
[INFO] [stdout]    | |_^
[INFO] [stdout]    |
[INFO] [stdout]    = note: this warning originates in the macro `error_chain` (in Nightly builds, run with -Z macro-backtrace for more info)
[INFO] [stdout] 
[INFO] [stdout] 
[INFO] [stdout] warning: trait objects without an explicit `dyn` are deprecated
[INFO] [stdout]   --> src/lib.rs:40:31
[INFO] [stdout]    |
[INFO] [stdout] 40 | pub type Lambda<'a> = &'a mut FnMut(string::String) -> string::String;
[INFO] [stdout]    |                               ^^^^^^^^^^^^^^^^^^^^^^^^^^^^^^^^^^^^^^^
[INFO] [stdout]    |
[INFO] [stdout]    = warning: this is accepted in the current edition (Rust 2015) but is a hard error in Rust 2021!
[INFO] [stdout]    = note: for more information, see <https://doc.rust-lang.org/nightly/edition-guide/rust-2021/warnings-promoted-to-error.html>
[INFO] [stdout]    = note: `#[warn(bare_trait_objects)]` on by default
[INFO] [stdout] help: use `dyn`
[INFO] [stdout]    |
[INFO] [stdout] 40 | pub type Lambda<'a> = &'a mut dyn FnMut(string::String) -> string::String;
[INFO] [stdout]    |                               +++
[INFO] [stdout] 
[INFO] [stdout] 
[INFO] [stdout] warning: trait objects without an explicit `dyn` are deprecated
[INFO] [stdout]   --> src/rustache.rs:37:17
[INFO] [stdout]    |
[INFO] [stdout] 37 | impl Render for ToString {
[INFO] [stdout]    |                 ^^^^^^^^
[INFO] [stdout]    |
[INFO] [stdout]    = warning: this is accepted in the current edition (Rust 2015) but is a hard error in Rust 2021!
[INFO] [stdout]    = note: for more information, see <https://doc.rust-lang.org/nightly/edition-guide/rust-2021/warnings-promoted-to-error.html>
[INFO] [stdout] help: use `dyn`
[INFO] [stdout]    |
[INFO] [stdout] 37 | impl Render for dyn ToString {
[INFO] [stdout]    |                 +++
[INFO] [stdout] help: alternatively use a blanket implementation to implement `Render` for all types that also implement `ToString`
[INFO] [stdout]    |
[INFO] [stdout] 37 | impl<T: ToString> Render for T {
[INFO] [stdout]    |     +++++++++++++            ~
[INFO] [stdout] 
[INFO] [stdout] 
[INFO] [stdout] warning: trait objects without an explicit `dyn` are deprecated
[INFO] [stdout]   --> src/build.rs:74:50
[INFO] [stdout]    |
[INFO] [stdout] 74 | ...                   f: &'a mut FnMut(String) -> String)
[INFO] [stdout]    |                                  ^^^^^^^^^^^^^^^^^^^^^^^
[INFO] [stdout]    |
[INFO] [stdout]    = warning: this is accepted in the current edition (Rust 2015) but is a hard error in Rust 2021!
[INFO] [stdout]    = note: for more information, see <https://doc.rust-lang.org/nightly/edition-guide/rust-2021/warnings-promoted-to-error.html>
[INFO] [stdout] help: use `dyn`
[INFO] [stdout]    |
[INFO] [stdout] 74 |                                       f: &'a mut dyn FnMut(String) -> String)
[INFO] [stdout]    |                                                  +++
[INFO] [stdout] 
[INFO] [stdout] 
[INFO] [stdout] warning: trait objects without an explicit `dyn` are deprecated
[INFO] [stdout]    --> src/build.rs:155:41
[INFO] [stdout]     |
[INFO] [stdout] 155 |     pub fn push_lambda(self, f: &'a mut FnMut(String) -> String) -> VecBuilder<'a> {
[INFO] [stdout]     |                                         ^^^^^^^^^^^^^^^^^^^^^^^
[INFO] [stdout]     |
[INFO] [stdout]     = warning: this is accepted in the current edition (Rust 2015) but is a hard error in Rust 2021!
[INFO] [stdout]     = note: for more information, see <https://doc.rust-lang.org/nightly/edition-guide/rust-2021/warnings-promoted-to-error.html>
[INFO] [stdout] help: use `dyn`
[INFO] [stdout]     |
[INFO] [stdout] 155 |     pub fn push_lambda(self, f: &'a mut dyn FnMut(String) -> String) -> VecBuilder<'a> {
[INFO] [stdout]     |                                         +++
[INFO] [stdout] 
[INFO] [stdout] 
[INFO] [stdout] warning: trait objects without an explicit `dyn` are deprecated
[INFO] [stdout]    --> src/template.rs:143:64
[INFO] [stdout]     |
[INFO] [stdout] 143 | ...                   f: &mut FnMut(String) -> String,
[INFO] [stdout]     |                               ^^^^^^^^^^^^^^^^^^^^^^^
[INFO] [stdout]     |
[INFO] [stdout]     = warning: this is accepted in the current edition (Rust 2015) but is a hard error in Rust 2021!
[INFO] [stdout]     = note: for more information, see <https://doc.rust-lang.org/nightly/edition-guide/rust-2021/warnings-promoted-to-error.html>
[INFO] [stdout] help: use `dyn`
[INFO] [stdout]     |
[INFO] [stdout] 143 |                                                        f: &mut dyn FnMut(String) -> String,
[INFO] [stdout]     |                                                                +++
[INFO] [stdout] 
[INFO] [stdout] 
[INFO] [stdout] warning: trait objects without an explicit `dyn` are deprecated
[INFO] [stdout]    --> src/template.rs:156:62
[INFO] [stdout]     |
[INFO] [stdout] 156 | ...                   f: &mut FnMut(String) -> String,
[INFO] [stdout]     |                               ^^^^^^^^^^^^^^^^^^^^^^^
[INFO] [stdout]     |
[INFO] [stdout]     = warning: this is accepted in the current edition (Rust 2015) but is a hard error in Rust 2021!
[INFO] [stdout]     = note: for more information, see <https://doc.rust-lang.org/nightly/edition-guide/rust-2021/warnings-promoted-to-error.html>
[INFO] [stdout] help: use `dyn`
[INFO] [stdout]     |
[INFO] [stdout] 156 |                                                      f: &mut dyn FnMut(String) -> String,
[INFO] [stdout]     |                                                              +++
[INFO] [stdout] 
[INFO] [stdout] 
[INFO] [stdout] warning: use of deprecated method `std::error::Error::cause`: replaced by Error::source, which can support downcasting
[INFO] [stdout]   --> src/errors.rs:5:1
[INFO] [stdout]    |
[INFO] [stdout] 5  | / error_chain! {
[INFO] [stdout] 6  | |
[INFO] [stdout] 7  | |     foreign_links {
[INFO] [stdout] 8  | |         json::BuilderError, Json;
[INFO] [stdout] ...  |
[INFO] [stdout] 31 | |     }
[INFO] [stdout] 32 | | }
[INFO] [stdout]    | |_^
[INFO] [stdout]    |
[INFO] [stdout]    = note: this warning originates in the macro `error_chain` (in Nightly builds, run with -Z macro-backtrace for more info)
[INFO] [stdout] 
[INFO] [stdout] 
[INFO] [stdout] warning: 11 warnings emitted
[INFO] [stdout] 
[INFO] [stdout] 
[INFO] [stderr]     Finished dev [unoptimized + debuginfo] target(s) in 2.45s
[INFO] running `Command { std: "docker" "inspect" "d32c4c57b57f3e668fea09759ee9f493ce480ea684815ecab595392ae1269a62", kill_on_drop: false }`
[INFO] running `Command { std: "docker" "rm" "-f" "d32c4c57b57f3e668fea09759ee9f493ce480ea684815ecab595392ae1269a62", kill_on_drop: false }`
[INFO] [stdout] d32c4c57b57f3e668fea09759ee9f493ce480ea684815ecab595392ae1269a62
[INFO] running `Command { std: "docker" "create" "-v" "/var/lib/crater-agent-workspace/builds/worker-5-tc1/target:/opt/rustwide/target:rw,Z" "-v" "/var/lib/crater-agent-workspace/builds/worker-5-tc1/source:/opt/rustwide/workdir:ro,Z" "-v" "/var/lib/crater-agent-workspace/cargo-home:/opt/rustwide/cargo-home:ro,Z" "-v" "/var/lib/crater-agent-workspace/rustup-home:/opt/rustwide/rustup-home:ro,Z" "-e" "SOURCE_DIR=/opt/rustwide/workdir" "-e" "CARGO_TARGET_DIR=/opt/rustwide/target" "-e" "CARGO_INCREMENTAL=0" "-e" "RUST_BACKTRACE=full" "-e" "RUSTFLAGS=--cap-lints=warn" "-e" "RUSTDOCFLAGS=--cap-lints=warn" "-e" "CARGO_HOME=/opt/rustwide/cargo-home" "-e" "RUSTUP_HOME=/opt/rustwide/rustup-home" "-w" "/opt/rustwide/workdir" "-m" "1610612736" "--user" "0:0" "--network" "none" "ghcr.io/rust-lang/crates-build-env/linux@sha256:2788e3201cd34a07e3172128adcd8b3090168a8e3bcc40d7c032b9dda1df7d1c" "/opt/rustwide/cargo-home/bin/cargo" "+1.75.0" "test" "--frozen" "--no-run" "--message-format=json", kill_on_drop: false }`
[INFO] [stdout] d177b21a720b7abacabda80c7cbf207e7889bda23d80e2c95d32135c384e8cd4
[INFO] running `Command { std: "docker" "start" "-a" "d177b21a720b7abacabda80c7cbf207e7889bda23d80e2c95d32135c384e8cd4", kill_on_drop: false }`
[INFO] [stdout] warning: use of deprecated macro `try`: use the `?` operator instead
[INFO] [stdout]    --> src/template.rs:220:21
[INFO] [stdout]     |
[INFO] [stdout] 220 |                     try!(self.handle_unescaped_or_value_node(node,
[INFO] [stdout]     |                     ^^^
[INFO] [stdout]     |
[INFO] [stdout]     = note: `#[warn(deprecated)]` on by default
[INFO] [stdout] 
[INFO] [stdout] 
[INFO] [stdout] warning: use of deprecated macro `try`: use the `?` operator instead
[INFO] [stdout]    --> src/template.rs:231:21
[INFO] [stdout]     |
[INFO] [stdout] 231 |                     try!(self.handle_unescaped_or_value_node(node,
[INFO] [stdout]     |                     ^^^
[INFO] [stdout] 
[INFO] [stdout] 
[INFO] [stdout] warning: use of deprecated macro `try`: use the `?` operator instead
[INFO] [stdout]    --> src/template.rs:593:13
[INFO] [stdout]     |
[INFO] [stdout] 593 |             try!(self.handle_node(node, data, writer));
[INFO] [stdout]     |             ^^^
[INFO] [stdout] 
[INFO] [stdout] 
[INFO] [stdout] warning: use of deprecated method `std::error::Error::description`: use the Display impl or to_string()
[INFO] [stdout]   --> src/errors.rs:5:1
[INFO] [stdout]    |
[INFO] [stdout] 5  | / error_chain! {
[INFO] [stdout] 6  | |
[INFO] [stdout] 7  | |     foreign_links {
[INFO] [stdout] 8  | |         json::BuilderError, Json;
[INFO] [stdout] ...  |
[INFO] [stdout] 31 | |     }
[INFO] [stdout] 32 | | }
[INFO] [stdout]    | |_^
[INFO] [stdout]    |
[INFO] [stdout]    = note: this warning originates in the macro `error_chain` (in Nightly builds, run with -Z macro-backtrace for more info)
[INFO] [stdout] 
[INFO] [stdout] 
[INFO] [stdout] warning: trait objects without an explicit `dyn` are deprecated
[INFO] [stdout]   --> src/lib.rs:40:31
[INFO] [stdout]    |
[INFO] [stdout] 40 | pub type Lambda<'a> = &'a mut FnMut(string::String) -> string::String;
[INFO] [stdout]    |                               ^^^^^^^^^^^^^^^^^^^^^^^^^^^^^^^^^^^^^^^
[INFO] [stdout]    |
[INFO] [stdout]    = warning: this is accepted in the current edition (Rust 2015) but is a hard error in Rust 2021!
[INFO] [stdout]    = note: for more information, see <https://doc.rust-lang.org/nightly/edition-guide/rust-2021/warnings-promoted-to-error.html>
[INFO] [stdout]    = note: `#[warn(bare_trait_objects)]` on by default
[INFO] [stdout] help: use `dyn`
[INFO] [stdout]    |
[INFO] [stdout] 40 | pub type Lambda<'a> = &'a mut dyn FnMut(string::String) -> string::String;
[INFO] [stdout]    |                               +++
[INFO] [stdout] 
[INFO] [stdout] 
[INFO] [stdout] warning: trait objects without an explicit `dyn` are deprecated
[INFO] [stdout]   --> src/rustache.rs:37:17
[INFO] [stdout]    |
[INFO] [stdout] 37 | impl Render for ToString {
[INFO] [stdout]    |                 ^^^^^^^^
[INFO] [stdout]    |
[INFO] [stdout]    = warning: this is accepted in the current edition (Rust 2015) but is a hard error in Rust 2021!
[INFO] [stdout]    = note: for more information, see <https://doc.rust-lang.org/nightly/edition-guide/rust-2021/warnings-promoted-to-error.html>
[INFO] [stdout] help: use `dyn`
[INFO] [stdout]    |
[INFO] [stdout] 37 | impl Render for dyn ToString {
[INFO] [stdout]    |                 +++
[INFO] [stdout] help: alternatively use a blanket implementation to implement `Render` for all types that also implement `ToString`
[INFO] [stdout]    |
[INFO] [stdout] 37 | impl<T: ToString> Render for T {
[INFO] [stdout]    |     +++++++++++++            ~
[INFO] [stdout] 
[INFO] [stdout] 
[INFO] [stdout] warning: trait objects without an explicit `dyn` are deprecated
[INFO] [stdout]   --> src/build.rs:74:50
[INFO] [stdout]    |
[INFO] [stdout] 74 | ...                   f: &'a mut FnMut(String) -> String)
[INFO] [stdout]    |                                  ^^^^^^^^^^^^^^^^^^^^^^^
[INFO] [stdout]    |
[INFO] [stdout]    = warning: this is accepted in the current edition (Rust 2015) but is a hard error in Rust 2021!
[INFO] [stdout]    = note: for more information, see <https://doc.rust-lang.org/nightly/edition-guide/rust-2021/warnings-promoted-to-error.html>
[INFO] [stdout] help: use `dyn`
[INFO] [stdout]    |
[INFO] [stdout] 74 |                                       f: &'a mut dyn FnMut(String) -> String)
[INFO] [stdout]    |                                                  +++
[INFO] [stdout] 
[INFO] [stdout] 
[INFO] [stdout] warning: trait objects without an explicit `dyn` are deprecated
[INFO] [stdout]    --> src/build.rs:155:41
[INFO] [stdout]     |
[INFO] [stdout] 155 |     pub fn push_lambda(self, f: &'a mut FnMut(String) -> String) -> VecBuilder<'a> {
[INFO] [stdout]     |                                         ^^^^^^^^^^^^^^^^^^^^^^^
[INFO] [stdout]     |
[INFO] [stdout]     = warning: this is accepted in the current edition (Rust 2015) but is a hard error in Rust 2021!
[INFO] [stdout]     = note: for more information, see <https://doc.rust-lang.org/nightly/edition-guide/rust-2021/warnings-promoted-to-error.html>
[INFO] [stdout] help: use `dyn`
[INFO] [stdout]     |
[INFO] [stdout] 155 |     pub fn push_lambda(self, f: &'a mut dyn FnMut(String) -> String) -> VecBuilder<'a> {
[INFO] [stdout]     |                                         +++
[INFO] [stdout] 
[INFO] [stdout] 
[INFO] [stdout] warning: trait objects without an explicit `dyn` are deprecated
[INFO] [stdout]    --> src/template.rs:143:64
[INFO] [stdout]     |
[INFO] [stdout] 143 | ...                   f: &mut FnMut(String) -> String,
[INFO] [stdout]     |                               ^^^^^^^^^^^^^^^^^^^^^^^
[INFO] [stdout]     |
[INFO] [stdout]     = warning: this is accepted in the current edition (Rust 2015) but is a hard error in Rust 2021!
[INFO] [stdout]     = note: for more information, see <https://doc.rust-lang.org/nightly/edition-guide/rust-2021/warnings-promoted-to-error.html>
[INFO] [stdout] help: use `dyn`
[INFO] [stdout]     |
[INFO] [stdout] 143 |                                                        f: &mut dyn FnMut(String) -> String,
[INFO] [stdout]     |                                                                +++
[INFO] [stdout] 
[INFO] [stdout] 
[INFO] [stdout] warning: trait objects without an explicit `dyn` are deprecated
[INFO] [stdout]    --> src/template.rs:156:62
[INFO] [stdout]     |
[INFO] [stdout] 156 | ...                   f: &mut FnMut(String) -> String,
[INFO] [stdout]     |                               ^^^^^^^^^^^^^^^^^^^^^^^
[INFO] [stdout]     |
[INFO] [stdout]     = warning: this is accepted in the current edition (Rust 2015) but is a hard error in Rust 2021!
[INFO] [stdout]     = note: for more information, see <https://doc.rust-lang.org/nightly/edition-guide/rust-2021/warnings-promoted-to-error.html>
[INFO] [stdout] help: use `dyn`
[INFO] [stdout]     |
[INFO] [stdout] 156 |                                                      f: &mut dyn FnMut(String) -> String,
[INFO] [stdout]     |                                                              +++
[INFO] [stdout] 
[INFO] [stdout] 
[INFO] [stdout] warning: use of deprecated method `std::error::Error::cause`: replaced by Error::source, which can support downcasting
[INFO] [stdout]   --> src/errors.rs:5:1
[INFO] [stdout]    |
[INFO] [stdout] 5  | / error_chain! {
[INFO] [stdout] 6  | |
[INFO] [stdout] 7  | |     foreign_links {
[INFO] [stdout] 8  | |         json::BuilderError, Json;
[INFO] [stdout] ...  |
[INFO] [stdout] 31 | |     }
[INFO] [stdout] 32 | | }
[INFO] [stdout]    | |_^
[INFO] [stdout]    |
[INFO] [stdout]    = note: this warning originates in the macro `error_chain` (in Nightly builds, run with -Z macro-backtrace for more info)
[INFO] [stdout] 
[INFO] [stdout] 
[INFO] [stderr]    Compiling rustache-lists v0.1.2 (/opt/rustwide/workdir)
[INFO] [stdout] warning: 11 warnings emitted
[INFO] [stdout] 
[INFO] [stdout] 
[INFO] [stdout] warning: use of deprecated macro `try`: use the `?` operator instead
[INFO] [stdout]    --> src/template.rs:220:21
[INFO] [stdout]     |
[INFO] [stdout] 220 |                     try!(self.handle_unescaped_or_value_node(node,
[INFO] [stdout]     |                     ^^^
[INFO] [stdout]     |
[INFO] [stdout]     = note: `#[warn(deprecated)]` on by default
[INFO] [stdout] 
[INFO] [stdout] 
[INFO] [stdout] warning: use of deprecated macro `try`: use the `?` operator instead
[INFO] [stdout]    --> src/template.rs:231:21
[INFO] [stdout]     |
[INFO] [stdout] 231 |                     try!(self.handle_unescaped_or_value_node(node,
[INFO] [stdout]     |                     ^^^
[INFO] [stdout] 
[INFO] [stdout] 
[INFO] [stdout] warning: use of deprecated macro `try`: use the `?` operator instead
[INFO] [stdout]    --> src/template.rs:593:13
[INFO] [stdout]     |
[INFO] [stdout] 593 |             try!(self.handle_node(node, data, writer));
[INFO] [stdout]     |             ^^^
[INFO] [stdout] 
[INFO] [stdout] 
[INFO] [stdout] warning: use of deprecated method `std::error::Error::description`: use the Display impl or to_string()
[INFO] [stdout]   --> src/errors.rs:5:1
[INFO] [stdout]    |
[INFO] [stdout] 5  | / error_chain! {
[INFO] [stdout] 6  | |
[INFO] [stdout] 7  | |     foreign_links {
[INFO] [stdout] 8  | |         json::BuilderError, Json;
[INFO] [stdout] ...  |
[INFO] [stdout] 31 | |     }
[INFO] [stdout] 32 | | }
[INFO] [stdout]    | |_^
[INFO] [stdout]    |
[INFO] [stdout]    = note: this warning originates in the macro `error_chain` (in Nightly builds, run with -Z macro-backtrace for more info)
[INFO] [stdout] 
[INFO] [stdout] 
[INFO] [stdout] warning: trait objects without an explicit `dyn` are deprecated
[INFO] [stdout]   --> src/lib.rs:40:31
[INFO] [stdout]    |
[INFO] [stdout] 40 | pub type Lambda<'a> = &'a mut FnMut(string::String) -> string::String;
[INFO] [stdout]    |                               ^^^^^^^^^^^^^^^^^^^^^^^^^^^^^^^^^^^^^^^
[INFO] [stdout]    |
[INFO] [stdout]    = warning: this is accepted in the current edition (Rust 2015) but is a hard error in Rust 2021!
[INFO] [stdout]    = note: for more information, see <https://doc.rust-lang.org/nightly/edition-guide/rust-2021/warnings-promoted-to-error.html>
[INFO] [stdout]    = note: `#[warn(bare_trait_objects)]` on by default
[INFO] [stdout] help: use `dyn`
[INFO] [stdout]    |
[INFO] [stdout] 40 | pub type Lambda<'a> = &'a mut dyn FnMut(string::String) -> string::String;
[INFO] [stdout]    |                               +++
[INFO] [stdout] 
[INFO] [stdout] 
[INFO] [stdout] warning: trait objects without an explicit `dyn` are deprecated
[INFO] [stdout]   --> src/rustache.rs:37:17
[INFO] [stdout]    |
[INFO] [stdout] 37 | impl Render for ToString {
[INFO] [stdout]    |                 ^^^^^^^^
[INFO] [stdout]    |
[INFO] [stdout]    = warning: this is accepted in the current edition (Rust 2015) but is a hard error in Rust 2021!
[INFO] [stdout]    = note: for more information, see <https://doc.rust-lang.org/nightly/edition-guide/rust-2021/warnings-promoted-to-error.html>
[INFO] [stdout] help: use `dyn`
[INFO] [stdout]    |
[INFO] [stdout] 37 | impl Render for dyn ToString {
[INFO] [stdout]    |                 +++
[INFO] [stdout] help: alternatively use a blanket implementation to implement `Render` for all types that also implement `ToString`
[INFO] [stdout]    |
[INFO] [stdout] 37 | impl<T: ToString> Render for T {
[INFO] [stdout]    |     +++++++++++++            ~
[INFO] [stdout] 
[INFO] [stdout] 
[INFO] [stdout] warning: trait objects without an explicit `dyn` are deprecated
[INFO] [stdout]   --> src/build.rs:74:50
[INFO] [stdout]    |
[INFO] [stdout] 74 | ...                   f: &'a mut FnMut(String) -> String)
[INFO] [stdout]    |                                  ^^^^^^^^^^^^^^^^^^^^^^^
[INFO] [stdout]    |
[INFO] [stdout]    = warning: this is accepted in the current edition (Rust 2015) but is a hard error in Rust 2021!
[INFO] [stdout]    = note: for more information, see <https://doc.rust-lang.org/nightly/edition-guide/rust-2021/warnings-promoted-to-error.html>
[INFO] [stdout] help: use `dyn`
[INFO] [stdout]    |
[INFO] [stdout] 74 |                                       f: &'a mut dyn FnMut(String) -> String)
[INFO] [stdout]    |                                                  +++
[INFO] [stdout] 
[INFO] [stdout] 
[INFO] [stdout] warning: trait objects without an explicit `dyn` are deprecated
[INFO] [stdout]    --> src/build.rs:155:41
[INFO] [stdout]     |
[INFO] [stdout] 155 |     pub fn push_lambda(self, f: &'a mut FnMut(String) -> String) -> VecBuilder<'a> {
[INFO] [stdout]     |                                         ^^^^^^^^^^^^^^^^^^^^^^^
[INFO] [stdout]     |
[INFO] [stdout]     = warning: this is accepted in the current edition (Rust 2015) but is a hard error in Rust 2021!
[INFO] [stdout]     = note: for more information, see <https://doc.rust-lang.org/nightly/edition-guide/rust-2021/warnings-promoted-to-error.html>
[INFO] [stdout] help: use `dyn`
[INFO] [stdout]     |
[INFO] [stdout] 155 |     pub fn push_lambda(self, f: &'a mut dyn FnMut(String) -> String) -> VecBuilder<'a> {
[INFO] [stdout]     |                                         +++
[INFO] [stdout] 
[INFO] [stdout] 
[INFO] [stdout] warning: trait objects without an explicit `dyn` are deprecated
[INFO] [stdout]    --> src/template.rs:143:64
[INFO] [stdout]     |
[INFO] [stdout] 143 | ...                   f: &mut FnMut(String) -> String,
[INFO] [stdout]     |                               ^^^^^^^^^^^^^^^^^^^^^^^
[INFO] [stdout]     |
[INFO] [stdout]     = warning: this is accepted in the current edition (Rust 2015) but is a hard error in Rust 2021!
[INFO] [stdout]     = note: for more information, see <https://doc.rust-lang.org/nightly/edition-guide/rust-2021/warnings-promoted-to-error.html>
[INFO] [stdout] help: use `dyn`
[INFO] [stdout]     |
[INFO] [stdout] 143 |                                                        f: &mut dyn FnMut(String) -> String,
[INFO] [stdout]     |                                                                +++
[INFO] [stdout] 
[INFO] [stdout] 
[INFO] [stdout] warning: trait objects without an explicit `dyn` are deprecated
[INFO] [stdout]    --> src/template.rs:156:62
[INFO] [stdout]     |
[INFO] [stdout] 156 | ...                   f: &mut FnMut(String) -> String,
[INFO] [stdout]     |                               ^^^^^^^^^^^^^^^^^^^^^^^
[INFO] [stdout]     |
[INFO] [stdout]     = warning: this is accepted in the current edition (Rust 2015) but is a hard error in Rust 2021!
[INFO] [stdout]     = note: for more information, see <https://doc.rust-lang.org/nightly/edition-guide/rust-2021/warnings-promoted-to-error.html>
[INFO] [stdout] help: use `dyn`
[INFO] [stdout]     |
[INFO] [stdout] 156 |                                                      f: &mut dyn FnMut(String) -> String,
[INFO] [stdout]     |                                                              +++
[INFO] [stdout] 
[INFO] [stdout] 
[INFO] [stdout] warning: use of deprecated method `std::error::Error::cause`: replaced by Error::source, which can support downcasting
[INFO] [stdout]   --> src/errors.rs:5:1
[INFO] [stdout]    |
[INFO] [stdout] 5  | / error_chain! {
[INFO] [stdout] 6  | |
[INFO] [stdout] 7  | |     foreign_links {
[INFO] [stdout] 8  | |         json::BuilderError, Json;
[INFO] [stdout] ...  |
[INFO] [stdout] 31 | |     }
[INFO] [stdout] 32 | | }
[INFO] [stdout]    | |_^
[INFO] [stdout]    |
[INFO] [stdout]    = note: this warning originates in the macro `error_chain` (in Nightly builds, run with -Z macro-backtrace for more info)
[INFO] [stdout] 
[INFO] [stdout] 
[INFO] [stdout] warning: 11 warnings emitted
[INFO] [stdout] 
[INFO] [stdout] 
[INFO] [stderr]     Finished test [unoptimized + debuginfo] target(s) in 0.90s
[INFO] running `Command { std: "docker" "inspect" "d177b21a720b7abacabda80c7cbf207e7889bda23d80e2c95d32135c384e8cd4", kill_on_drop: false }`
[INFO] running `Command { std: "docker" "rm" "-f" "d177b21a720b7abacabda80c7cbf207e7889bda23d80e2c95d32135c384e8cd4", kill_on_drop: false }`
[INFO] [stdout] d177b21a720b7abacabda80c7cbf207e7889bda23d80e2c95d32135c384e8cd4
[INFO] running `Command { std: "docker" "create" "-v" "/var/lib/crater-agent-workspace/builds/worker-5-tc1/target:/opt/rustwide/target:rw,Z" "-v" "/var/lib/crater-agent-workspace/builds/worker-5-tc1/source:/opt/rustwide/workdir:ro,Z" "-v" "/var/lib/crater-agent-workspace/cargo-home:/opt/rustwide/cargo-home:ro,Z" "-v" "/var/lib/crater-agent-workspace/rustup-home:/opt/rustwide/rustup-home:ro,Z" "-e" "SOURCE_DIR=/opt/rustwide/workdir" "-e" "CARGO_TARGET_DIR=/opt/rustwide/target" "-e" "CARGO_INCREMENTAL=0" "-e" "RUST_BACKTRACE=full" "-e" "RUSTFLAGS=--cap-lints=warn" "-e" "RUSTDOCFLAGS=--cap-lints=warn" "-e" "CARGO_HOME=/opt/rustwide/cargo-home" "-e" "RUSTUP_HOME=/opt/rustwide/rustup-home" "-w" "/opt/rustwide/workdir" "-m" "1610612736" "--user" "0:0" "--network" "none" "ghcr.io/rust-lang/crates-build-env/linux@sha256:2788e3201cd34a07e3172128adcd8b3090168a8e3bcc40d7c032b9dda1df7d1c" "/opt/rustwide/cargo-home/bin/cargo" "+1.75.0" "test" "--frozen", kill_on_drop: false }`
[INFO] [stdout] 1a6bc518f2129f9102758981a8e4e0f24754545a33a14a251327acb1e63272e4
[INFO] running `Command { std: "docker" "start" "-a" "1a6bc518f2129f9102758981a8e4e0f24754545a33a14a251327acb1e63272e4", kill_on_drop: false }`
[INFO] [stderr] warning: use of deprecated macro `try`: use the `?` operator instead
[INFO] [stderr]    --> src/template.rs:220:21
[INFO] [stderr]     |
[INFO] [stderr] 220 |                     try!(self.handle_unescaped_or_value_node(node,
[INFO] [stderr]     |                     ^^^
[INFO] [stderr]     |
[INFO] [stderr]     = note: `#[warn(deprecated)]` on by default
[INFO] [stderr] 
[INFO] [stderr] warning: use of deprecated macro `try`: use the `?` operator instead
[INFO] [stderr]    --> src/template.rs:231:21
[INFO] [stderr]     |
[INFO] [stderr] 231 |                     try!(self.handle_unescaped_or_value_node(node,
[INFO] [stderr]     |                     ^^^
[INFO] [stderr] 
[INFO] [stderr] warning: use of deprecated macro `try`: use the `?` operator instead
[INFO] [stderr]    --> src/template.rs:593:13
[INFO] [stderr]     |
[INFO] [stderr] 593 |             try!(self.handle_node(node, data, writer));
[INFO] [stderr]     |             ^^^
[INFO] [stderr] 
[INFO] [stderr] warning: use of deprecated method `std::error::Error::description`: use the Display impl or to_string()
[INFO] [stderr]   --> src/errors.rs:5:1
[INFO] [stderr]    |
[INFO] [stderr] 5  | / error_chain! {
[INFO] [stderr] 6  | |
[INFO] [stderr] 7  | |     foreign_links {
[INFO] [stderr] 8  | |         json::BuilderError, Json;
[INFO] [stderr] ...  |
[INFO] [stderr] 31 | |     }
[INFO] [stderr] 32 | | }
[INFO] [stderr]    | |_^
[INFO] [stderr]    |
[INFO] [stderr]    = note: this warning originates in the macro `error_chain` (in Nightly builds, run with -Z macro-backtrace for more info)
[INFO] [stderr] 
[INFO] [stderr] warning: trait objects without an explicit `dyn` are deprecated
[INFO] [stderr]   --> src/lib.rs:40:31
[INFO] [stderr]    |
[INFO] [stderr] 40 | pub type Lambda<'a> = &'a mut FnMut(string::String) -> string::String;
[INFO] [stderr]    |                               ^^^^^^^^^^^^^^^^^^^^^^^^^^^^^^^^^^^^^^^
[INFO] [stderr]    |
[INFO] [stderr]    = warning: this is accepted in the current edition (Rust 2015) but is a hard error in Rust 2021!
[INFO] [stderr]    = note: for more information, see <https://doc.rust-lang.org/nightly/edition-guide/rust-2021/warnings-promoted-to-error.html>
[INFO] [stderr]    = note: `#[warn(bare_trait_objects)]` on by default
[INFO] [stderr] help: use `dyn`
[INFO] [stderr]    |
[INFO] [stderr] 40 | pub type Lambda<'a> = &'a mut dyn FnMut(string::String) -> string::String;
[INFO] [stderr]    |                               +++
[INFO] [stderr] 
[INFO] [stderr] warning: trait objects without an explicit `dyn` are deprecated
[INFO] [stderr]   --> src/rustache.rs:37:17
[INFO] [stderr]    |
[INFO] [stderr] 37 | impl Render for ToString {
[INFO] [stderr]    |                 ^^^^^^^^
[INFO] [stderr]    |
[INFO] [stderr]    = warning: this is accepted in the current edition (Rust 2015) but is a hard error in Rust 2021!
[INFO] [stderr]    = note: for more information, see <https://doc.rust-lang.org/nightly/edition-guide/rust-2021/warnings-promoted-to-error.html>
[INFO] [stderr] help: use `dyn`
[INFO] [stderr]    |
[INFO] [stderr] 37 | impl Render for dyn ToString {
[INFO] [stderr]    |                 +++
[INFO] [stderr] help: alternatively use a blanket implementation to implement `Render` for all types that also implement `ToString`
[INFO] [stderr]    |
[INFO] [stderr] 37 | impl<T: ToString> Render for T {
[INFO] [stderr]    |     +++++++++++++            ~
[INFO] [stderr] 
[INFO] [stderr] warning: trait objects without an explicit `dyn` are deprecated
[INFO] [stderr]   --> src/build.rs:74:50
[INFO] [stderr]    |
[INFO] [stderr] 74 | ...                   f: &'a mut FnMut(String) -> String)
[INFO] [stderr]    |                                  ^^^^^^^^^^^^^^^^^^^^^^^
[INFO] [stderr]    |
[INFO] [stderr]    = warning: this is accepted in the current edition (Rust 2015) but is a hard error in Rust 2021!
[INFO] [stderr]    = note: for more information, see <https://doc.rust-lang.org/nightly/edition-guide/rust-2021/warnings-promoted-to-error.html>
[INFO] [stderr] help: use `dyn`
[INFO] [stderr]    |
[INFO] [stderr] 74 |                                       f: &'a mut dyn FnMut(String) -> String)
[INFO] [stderr]    |                                                  +++
[INFO] [stderr] 
[INFO] [stderr] warning: trait objects without an explicit `dyn` are deprecated
[INFO] [stderr]    --> src/build.rs:155:41
[INFO] [stderr]     |
[INFO] [stderr] 155 |     pub fn push_lambda(self, f: &'a mut FnMut(String) -> String) -> VecBuilder<'a> {
[INFO] [stderr]     |                                         ^^^^^^^^^^^^^^^^^^^^^^^
[INFO] [stderr]     |
[INFO] [stderr]     = warning: this is accepted in the current edition (Rust 2015) but is a hard error in Rust 2021!
[INFO] [stderr]     = note: for more information, see <https://doc.rust-lang.org/nightly/edition-guide/rust-2021/warnings-promoted-to-error.html>
[INFO] [stderr] help: use `dyn`
[INFO] [stderr]     |
[INFO] [stderr] 155 |     pub fn push_lambda(self, f: &'a mut dyn FnMut(String) -> String) -> VecBuilder<'a> {
[INFO] [stderr]     |                                         +++
[INFO] [stderr] 
[INFO] [stderr] warning: trait objects without an explicit `dyn` are deprecated
[INFO] [stderr]    --> src/template.rs:143:64
[INFO] [stderr]     |
[INFO] [stderr] 143 | ...                   f: &mut FnMut(String) -> String,
[INFO] [stderr]     |                               ^^^^^^^^^^^^^^^^^^^^^^^
[INFO] [stderr]     |
[INFO] [stderr]     = warning: this is accepted in the current edition (Rust 2015) but is a hard error in Rust 2021!
[INFO] [stderr]     = note: for more information, see <https://doc.rust-lang.org/nightly/edition-guide/rust-2021/warnings-promoted-to-error.html>
[INFO] [stderr] help: use `dyn`
[INFO] [stderr]     |
[INFO] [stderr] 143 |                                                        f: &mut dyn FnMut(String) -> String,
[INFO] [stderr]     |                                                                +++
[INFO] [stderr] 
[INFO] [stderr] warning: trait objects without an explicit `dyn` are deprecated
[INFO] [stderr]    --> src/template.rs:156:62
[INFO] [stderr]     |
[INFO] [stderr] 156 | ...                   f: &mut FnMut(String) -> String,
[INFO] [stderr]     |                               ^^^^^^^^^^^^^^^^^^^^^^^
[INFO] [stderr]     |
[INFO] [stderr]     = warning: this is accepted in the current edition (Rust 2015) but is a hard error in Rust 2021!
[INFO] [stderr]     = note: for more information, see <https://doc.rust-lang.org/nightly/edition-guide/rust-2021/warnings-promoted-to-error.html>
[INFO] [stderr] help: use `dyn`
[INFO] [stderr]     |
[INFO] [stderr] 156 |                                                      f: &mut dyn FnMut(String) -> String,
[INFO] [stderr]     |                                                              +++
[INFO] [stderr] 
[INFO] [stderr] warning: use of deprecated method `std::error::Error::cause`: replaced by Error::source, which can support downcasting
[INFO] [stderr]   --> src/errors.rs:5:1
[INFO] [stderr]    |
[INFO] [stderr] 5  | / error_chain! {
[INFO] [stderr] 6  | |
[INFO] [stderr] 7  | |     foreign_links {
[INFO] [stderr] 8  | |         json::BuilderError, Json;
[INFO] [stderr] ...  |
[INFO] [stderr] 31 | |     }
[INFO] [stderr] 32 | | }
[INFO] [stderr]    | |_^
[INFO] [stderr]    |
[INFO] [stderr]    = note: this warning originates in the macro `error_chain` (in Nightly builds, run with -Z macro-backtrace for more info)
[INFO] [stderr] 
[INFO] [stderr] warning: `rustache-lists` (lib) generated 11 warnings (run `cargo fix --lib -p rustache-lists` to apply 6 suggestions)
[INFO] [stderr] warning: `rustache-lists` (lib test) generated 11 warnings (11 duplicates)
[INFO] [stderr]     Finished test [unoptimized + debuginfo] target(s) in 0.01s
[INFO] [stderr]      Running unittests src/lib.rs (/opt/rustwide/target/debug/deps/rustache-04520b801b3818aa)
[INFO] [stdout] 
[INFO] [stdout] running 55 tests
[INFO] [stdout] test build::tests::test_builders ... ok
[INFO] [stdout] test build::tests::test_new_builders ... ok
[INFO] [stdout] test build::tests::test_set_partials_path ... ok
[INFO] [stdout] test build::tests::test_vec_lambda_builder ... ok
[INFO] [stdout] test compiler::compiler_tests::test_bad_opens ... ok
[INFO] [stdout] test compiler::compiler_tests::test_single_brace_close ... ok
[INFO] [stdout] test compiler::compiler_tests::test_missing_close_on_comment ... ok
[INFO] [stdout] test compiler::compiler_tests::test_missing_close_on_partial ... ok
[INFO] [stdout] test compiler::compiler_tests::test_missing_close_on_section_close ... ok
[INFO] [stdout] test compiler::compiler_tests::test_missing_close_on_unescaped ... ok
[INFO] [stdout] test compiler::compiler_tests::test_missing_close_on_inverted_section_close ... ok
[INFO] [stdout] test parser::parser_tests::parse_all ... ok
[INFO] [stdout] test compiler::compiler_tests::test_missing_close_on_partial_plus_unescaped ... ok
[INFO] [stdout] test compiler::compiler_tests::test_embedded_comment ... ok
[INFO] [stdout] test compiler::compiler_tests::test_extended_dot_notation ... ok
[INFO] [stdout] test compiler::compiler_tests::test_missing_close_on_value ... ok
[INFO] [stdout] test parser::parser_tests::parse_dot_notation_ampersand ... ok
[INFO] [stdout] test parser::parser_tests::parse_dot_notation_triple_mustache ... ok
[INFO] [stdout] test parser::parser_tests::parse_inverted ... ok
[INFO] [stdout] test parser::parser_tests::parse_nested_dot_notation_ampersand ... ok
[INFO] [stdout] test parser::parser_tests::parse_dot_notation_simple ... ok
[INFO] [stdout] test parser::parser_tests::parse_nested_dot_notation_triple_mustache ... ok
[INFO] [stdout] test parser::parser_tests::parse_unescaped ... ok
[INFO] [stdout] test parser::parser_tests::parse_value ... ok
[INFO] [stdout] test parser::parser_tests::parse_nested_dot_notation_basic ... ok
[INFO] [stdout] test parser::parser_tests::parse_section ... ok
[INFO] [stdout] test parser::parser_tests::parse_partial ... ok
[INFO] [stdout] test parser::parser_tests::parse_static ... ok
[INFO] [stdout] test compiler::compiler_tests::test_all_directives ... ok
[INFO] [stdout] test template::template_tests::test_look_up_section_data ... ok
[INFO] [stdout] test template::template_tests::test_look_up_section_data_also ... ok
[INFO] [stdout] test template::template_tests::test_not_escape_html ... ok
[INFO] [stdout] test template::template_tests::test_escape_html ... ok
[INFO] [stdout] test compiler::compiler_tests::test_one_char ... ok
[INFO] [stdout] test template::template_tests::test_render_to_io_stream ... ok
[INFO] [stdout] test compiler::compiler_tests::test_single_brace_open ... ok
[INFO] [stdout] test template::template_tests::test_section_multiple_value_string_data ... ok
[INFO] [stdout] test template::template_tests::test_unescaped_node_correct_bool_true_data ... ok
[INFO] [stdout] test template::template_tests::test_value_node_correct_false_bool_data ... ok
[INFO] [stdout] test template::template_tests::test_value_node_correct_true_bool_data ... ok
[INFO] [stdout] test template::template_tests::test_section_value_string_data ... ok
[INFO] [stdout] test compiler::compiler_tests::basic_compiler_test ... ok
[INFO] [stdout] test template::template_tests::test_unescaped_node_correct_bool_false_data ... ok
[INFO] [stdout] test compiler::compiler_tests::test_extending_text_across_newlines ... ok
[INFO] [stdout] test compiler::compiler_tests::test_working_section ... ok
[INFO] [stdout] test compiler::compiler_tests::test_working_comment ... ok
[INFO] [stdout] test template::template_tests::test_unescaped_node_lambda_data ... ok
[INFO] [stdout] test template::template_tests::test_value_node_lambda_data ... ok
[INFO] [stdout] test compiler::compiler_tests::test_working_unescape ... ok
[INFO] [stdout] test compiler::compiler_tests::test_working_partial ... ok
[INFO] [stdout] test template::template_tests::test_partial_node_correct_data_with_extra ... ok
[INFO] [stdout] test template::template_tests::test_section_tag_iteration ... ok
[INFO] [stdout] test template::template_tests::test_partial_node_correct_data ... ok
[INFO] [stdout] test template::template_tests::test_spec_lambda_not_cached_on_interpolation ... ok
[INFO] [stdout] test template::template_tests::test_section_node_partial_node_correct_data ... FAILED
[INFO] [stdout] 
[INFO] [stdout] failures:
[INFO] [stdout] 
[INFO] [stdout] ---- template::template_tests::test_section_node_partial_node_correct_data stdout ----
[INFO] [stdout] thread 'template::template_tests::test_section_node_partial_node_correct_data' panicked at src/template.rs:1044:85:
[INFO] [stdout] called `Result::unwrap()` on an `Err` value: Os { code: 30, kind: ReadOnlyFilesystem, message: "Read-only file system" }
[INFO] [stdout] stack backtrace:
[INFO] [stdout]    0:     0x55935745ef8c - std::backtrace_rs::backtrace::libunwind::trace::ha637c64ce894333a
[INFO] [stdout]                                at /rustc/82e1608dfa6e0b5569232559e3d385fea5a93112/library/std/src/../../backtrace/src/backtrace/libunwind.rs:104:5
[INFO] [stdout]    1:     0x55935745ef8c - std::backtrace_rs::backtrace::trace_unsynchronized::h47f62dea28e0c88d
[INFO] [stdout]                                at /rustc/82e1608dfa6e0b5569232559e3d385fea5a93112/library/std/src/../../backtrace/src/backtrace/mod.rs:66:5
[INFO] [stdout]    2:     0x55935745ef8c - std::sys_common::backtrace::_print_fmt::h9eef0abe20ede486
[INFO] [stdout]                                at /rustc/82e1608dfa6e0b5569232559e3d385fea5a93112/library/std/src/sys_common/backtrace.rs:67:5
[INFO] [stdout]    3:     0x55935745ef8c - <std::sys_common::backtrace::_print::DisplayBacktrace as core::fmt::Display>::fmt::hed7f999df88cc644
[INFO] [stdout]                                at /rustc/82e1608dfa6e0b5569232559e3d385fea5a93112/library/std/src/sys_common/backtrace.rs:44:22
[INFO] [stdout]    4:     0x5593574892d0 - core::fmt::rt::Argument::fmt::h1539a9308b8d058d
[INFO] [stdout]                                at /rustc/82e1608dfa6e0b5569232559e3d385fea5a93112/library/core/src/fmt/rt.rs:142:9
[INFO] [stdout]    5:     0x5593574892d0 - core::fmt::write::h3a39390d8560d9c9
[INFO] [stdout]                                at /rustc/82e1608dfa6e0b5569232559e3d385fea5a93112/library/core/src/fmt/mod.rs:1120:17
[INFO] [stdout]    6:     0x55935745c7bf - std::io::Write::write_fmt::h040b369f3a0f9cbc
[INFO] [stdout]                                at /rustc/82e1608dfa6e0b5569232559e3d385fea5a93112/library/std/src/io/mod.rs:1762:15
[INFO] [stdout]    7:     0x55935745ed74 - std::sys_common::backtrace::_print::h894006fb5c6f3d45
[INFO] [stdout]                                at /rustc/82e1608dfa6e0b5569232559e3d385fea5a93112/library/std/src/sys_common/backtrace.rs:47:5
[INFO] [stdout]    8:     0x55935745ed74 - std::sys_common::backtrace::print::h23a2d212c6fff936
[INFO] [stdout]                                at /rustc/82e1608dfa6e0b5569232559e3d385fea5a93112/library/std/src/sys_common/backtrace.rs:34:9
[INFO] [stdout]    9:     0x559357460a37 - std::panicking::default_hook::{{closure}}::h8a1d2ee00185001a
[INFO] [stdout]   10:     0x559357460723 - std::panicking::default_hook::h6038f2eba384e475
[INFO] [stdout]                                at /rustc/82e1608dfa6e0b5569232559e3d385fea5a93112/library/std/src/panicking.rs:289:9
[INFO] [stdout]   11:     0x559357330277 - <alloc::boxed::Box<F,A> as core::ops::function::Fn<Args>>::call::h0ad024c9bdc6d768
[INFO] [stdout]                                at /rustc/82e1608dfa6e0b5569232559e3d385fea5a93112/library/alloc/src/boxed.rs:2021:9
[INFO] [stdout]   12:     0x559357330277 - test::test_main::{{closure}}::h7500b54257359db6
[INFO] [stdout]                                at /rustc/82e1608dfa6e0b5569232559e3d385fea5a93112/library/test/src/lib.rs:138:21
[INFO] [stdout]   13:     0x559357461048 - <alloc::boxed::Box<F,A> as core::ops::function::Fn<Args>>::call::h1f8f335eaa9cfaee
[INFO] [stdout]                                at /rustc/82e1608dfa6e0b5569232559e3d385fea5a93112/library/alloc/src/boxed.rs:2021:9
[INFO] [stdout]   14:     0x559357461048 - std::panicking::rust_panic_with_hook::h2b5517d590cab22e
[INFO] [stdout]                                at /rustc/82e1608dfa6e0b5569232559e3d385fea5a93112/library/std/src/panicking.rs:783:13
[INFO] [stdout]   15:     0x559357460d9e - std::panicking::begin_panic_handler::{{closure}}::h233112c06e0ef43e
[INFO] [stdout]                                at /rustc/82e1608dfa6e0b5569232559e3d385fea5a93112/library/std/src/panicking.rs:657:13
[INFO] [stdout]   16:     0x55935745f456 - std::sys_common::backtrace::__rust_end_short_backtrace::h6e893f24d7ebbff8
[INFO] [stdout]                                at /rustc/82e1608dfa6e0b5569232559e3d385fea5a93112/library/std/src/sys_common/backtrace.rs:170:18
[INFO] [stdout]   17:     0x559357460b02 - rust_begin_unwind
[INFO] [stdout]                                at /rustc/82e1608dfa6e0b5569232559e3d385fea5a93112/library/std/src/panicking.rs:645:5
[INFO] [stdout]   18:     0x5593572c7e55 - core::panicking::panic_fmt::hbf0e066aabfa482c
[INFO] [stdout]                                at /rustc/82e1608dfa6e0b5569232559e3d385fea5a93112/library/core/src/panicking.rs:72:14
[INFO] [stdout]   19:     0x5593572c8423 - core::result::unwrap_failed::hddb4fea594200c52
[INFO] [stdout]                                at /rustc/82e1608dfa6e0b5569232559e3d385fea5a93112/library/core/src/result.rs:1653:5
[INFO] [stdout]   20:     0x5593572e1f9b - core::result::Result<T,E>::unwrap::he0b28197aa850185
[INFO] [stdout]                                at /rustc/82e1608dfa6e0b5569232559e3d385fea5a93112/library/core/src/result.rs:1077:23
[INFO] [stdout]   21:     0x5593572ddd67 - rustache::template::template_tests::test_section_node_partial_node_correct_data::h938077bab4fc6f29
[INFO] [stdout]                                at /opt/rustwide/workdir/src/template.rs:1044:21
[INFO] [stdout]   22:     0x5593572dd8a7 - rustache::template::template_tests::test_section_node_partial_node_correct_data::{{closure}}::h32c1f67b767930fb
[INFO] [stdout]                                at /opt/rustwide/workdir/src/template.rs:1016:53
[INFO] [stdout]   23:     0x5593572e0256 - core::ops::function::FnOnce::call_once::h59a4a60d37803ad7
[INFO] [stdout]                                at /rustc/82e1608dfa6e0b5569232559e3d385fea5a93112/library/core/src/ops/function.rs:250:5
[INFO] [stdout]   24:     0x5593573358cf - core::ops::function::FnOnce::call_once::h2b5d431d5046312d
[INFO] [stdout]                                at /rustc/82e1608dfa6e0b5569232559e3d385fea5a93112/library/core/src/ops/function.rs:250:5
[INFO] [stdout]   25:     0x5593573358cf - test::__rust_begin_short_backtrace::h7714669af176e207
[INFO] [stdout]                                at /rustc/82e1608dfa6e0b5569232559e3d385fea5a93112/library/test/src/lib.rs:628:18
[INFO] [stdout]   26:     0x5593573348e5 - test::run_test_in_process::{{closure}}::h85218797dcbcec12
[INFO] [stdout]                                at /rustc/82e1608dfa6e0b5569232559e3d385fea5a93112/library/test/src/lib.rs:651:60
[INFO] [stdout]   27:     0x5593573348e5 - <core::panic::unwind_safe::AssertUnwindSafe<F> as core::ops::function::FnOnce<()>>::call_once::h76c106ea31c14d7b
[INFO] [stdout]                                at /rustc/82e1608dfa6e0b5569232559e3d385fea5a93112/library/core/src/panic/unwind_safe.rs:272:9
[INFO] [stdout]   28:     0x5593573348e5 - std::panicking::try::do_call::h3bd5d0f6620ee946
[INFO] [stdout]                                at /rustc/82e1608dfa6e0b5569232559e3d385fea5a93112/library/std/src/panicking.rs:552:40
[INFO] [stdout]   29:     0x5593573348e5 - std::panicking::try::h232e535e4744fe31
[INFO] [stdout]                                at /rustc/82e1608dfa6e0b5569232559e3d385fea5a93112/library/std/src/panicking.rs:516:19
[INFO] [stdout]   30:     0x5593573348e5 - std::panic::catch_unwind::h3ce3bd6ca8dbac68
[INFO] [stdout]                                at /rustc/82e1608dfa6e0b5569232559e3d385fea5a93112/library/std/src/panic.rs:142:14
[INFO] [stdout]   31:     0x5593573348e5 - test::run_test_in_process::hc97b257c9621286a
[INFO] [stdout]                                at /rustc/82e1608dfa6e0b5569232559e3d385fea5a93112/library/test/src/lib.rs:651:27
[INFO] [stdout]   32:     0x5593573348e5 - test::run_test::{{closure}}::h2aa798823a438d38
[INFO] [stdout]                                at /rustc/82e1608dfa6e0b5569232559e3d385fea5a93112/library/test/src/lib.rs:574:43
[INFO] [stdout]   33:     0x5593572fcba6 - test::run_test::{{closure}}::h87d231c78fb59832
[INFO] [stdout]                                at /rustc/82e1608dfa6e0b5569232559e3d385fea5a93112/library/test/src/lib.rs:602:41
[INFO] [stdout]   34:     0x5593572fcba6 - std::sys_common::backtrace::__rust_begin_short_backtrace::he6df152596625789
[INFO] [stdout]                                at /rustc/82e1608dfa6e0b5569232559e3d385fea5a93112/library/std/src/sys_common/backtrace.rs:154:18
[INFO] [stdout]   35:     0x559357301c57 - std::thread::Builder::spawn_unchecked_::{{closure}}::{{closure}}::ha94be15d1e0acf36
[INFO] [stdout]                                at /rustc/82e1608dfa6e0b5569232559e3d385fea5a93112/library/std/src/thread/mod.rs:529:17
[INFO] [stdout]   36:     0x559357301c57 - <core::panic::unwind_safe::AssertUnwindSafe<F> as core::ops::function::FnOnce<()>>::call_once::h9dc6bd6372f16606
[INFO] [stdout]                                at /rustc/82e1608dfa6e0b5569232559e3d385fea5a93112/library/core/src/panic/unwind_safe.rs:272:9
[INFO] [stdout]   37:     0x559357301c57 - std::panicking::try::do_call::h9057517f80303cd4
[INFO] [stdout]                                at /rustc/82e1608dfa6e0b5569232559e3d385fea5a93112/library/std/src/panicking.rs:552:40
[INFO] [stdout]   38:     0x559357301c57 - std::panicking::try::he3a30b11ee45340c
[INFO] [stdout]                                at /rustc/82e1608dfa6e0b5569232559e3d385fea5a93112/library/std/src/panicking.rs:516:19
[INFO] [stdout]   39:     0x559357301c57 - std::panic::catch_unwind::h410458cfd3528b8b
[INFO] [stdout]                                at /rustc/82e1608dfa6e0b5569232559e3d385fea5a93112/library/std/src/panic.rs:142:14
[INFO] [stdout]   40:     0x559357301c57 - std::thread::Builder::spawn_unchecked_::{{closure}}::h72ac3bdb567b737b
[INFO] [stdout]                                at /rustc/82e1608dfa6e0b5569232559e3d385fea5a93112/library/std/src/thread/mod.rs:528:30
[INFO] [stdout]   41:     0x559357301c57 - core::ops::function::FnOnce::call_once{{vtable.shim}}::h38f34da3654a8344
[INFO] [stdout]                                at /rustc/82e1608dfa6e0b5569232559e3d385fea5a93112/library/core/src/ops/function.rs:250:5
[INFO] [stdout]   42:     0x559357465b55 - <alloc::boxed::Box<F,A> as core::ops::function::FnOnce<Args>>::call_once::hc7eafaff61e32df9
[INFO] [stdout]                                at /rustc/82e1608dfa6e0b5569232559e3d385fea5a93112/library/alloc/src/boxed.rs:2007:9
[INFO] [stdout]   43:     0x559357465b55 - <alloc::boxed::Box<F,A> as core::ops::function::FnOnce<Args>>::call_once::h6ba4a5de48dd2304
[INFO] [stdout]                                at /rustc/82e1608dfa6e0b5569232559e3d385fea5a93112/library/alloc/src/boxed.rs:2007:9
[INFO] [stdout]   44:     0x559357465b55 - std::sys::unix::thread::Thread::new::thread_start::he469335aef763e45
[INFO] [stdout]                                at /rustc/82e1608dfa6e0b5569232559e3d385fea5a93112/library/std/src/sys/unix/thread.rs:108:17
[INFO] [stdout]   45:     0x7f5f01adfac3 - <unknown>
[INFO] [stdout]   46:     0x7f5f01b70bf4 - __clone
[INFO] [stdout]   47:                0x0 - <unknown>
[INFO] [stdout] 
[INFO] [stdout] 
[INFO] [stdout] failures:
[INFO] [stdout]     template::template_tests::test_section_node_partial_node_correct_data
[INFO] [stdout] 
[INFO] [stdout] test result: FAILED. 54 passed; 1 failed; 0 ignored; 0 measured; 0 filtered out; finished in 0.06s
[INFO] [stdout] 
[INFO] [stderr] error: test failed, to rerun pass `--lib`
[INFO] running `Command { std: "docker" "inspect" "1a6bc518f2129f9102758981a8e4e0f24754545a33a14a251327acb1e63272e4", kill_on_drop: false }`
[INFO] running `Command { std: "docker" "rm" "-f" "1a6bc518f2129f9102758981a8e4e0f24754545a33a14a251327acb1e63272e4", kill_on_drop: false }`
[INFO] [stdout] 1a6bc518f2129f9102758981a8e4e0f24754545a33a14a251327acb1e63272e4
[INFO] testing rustache-lists-0.1.2 against beta-2023-12-22 for beta-1.76-1
[INFO] extracting crate rustache-lists 0.1.2 into /workspace/builds/worker-5-tc2/source
[INFO] validating manifest of crates.io crate rustache-lists 0.1.2 on toolchain beta-2023-12-22
[INFO] running `Command { std: CARGO_HOME="/workspace/cargo-home" RUSTUP_HOME="/workspace/rustup-home" "/workspace/cargo-home/bin/cargo" "+beta-2023-12-22" "metadata" "--manifest-path" "Cargo.toml" "--no-deps", kill_on_drop: false }`
[INFO] started tweaking crates.io crate rustache-lists 0.1.2
[INFO] finished tweaking crates.io crate rustache-lists 0.1.2
[INFO] tweaked toml for crates.io crate rustache-lists 0.1.2 written to /workspace/builds/worker-5-tc2/source/Cargo.toml
[INFO] running `Command { std: CARGO_HOME="/workspace/cargo-home" RUSTUP_HOME="/workspace/rustup-home" "/workspace/cargo-home/bin/cargo" "+beta-2023-12-22" "generate-lockfile" "--manifest-path" "Cargo.toml", kill_on_drop: false }`
[INFO] [stderr]     Updating crates.io index
[INFO] running `Command { std: CARGO_HOME="/workspace/cargo-home" RUSTUP_HOME="/workspace/rustup-home" "/workspace/cargo-home/bin/cargo" "+beta-2023-12-22" "fetch" "--manifest-path" "Cargo.toml", kill_on_drop: false }`
[INFO] running `Command { std: "docker" "create" "-v" "/var/lib/crater-agent-workspace/builds/worker-5-tc2/target:/opt/rustwide/target:rw,Z" "-v" "/var/lib/crater-agent-workspace/builds/worker-5-tc2/source:/opt/rustwide/workdir:ro,Z" "-v" "/var/lib/crater-agent-workspace/cargo-home:/opt/rustwide/cargo-home:ro,Z" "-v" "/var/lib/crater-agent-workspace/rustup-home:/opt/rustwide/rustup-home:ro,Z" "-e" "SOURCE_DIR=/opt/rustwide/workdir" "-e" "CARGO_TARGET_DIR=/opt/rustwide/target" "-e" "CARGO_HOME=/opt/rustwide/cargo-home" "-e" "RUSTUP_HOME=/opt/rustwide/rustup-home" "-w" "/opt/rustwide/workdir" "-m" "1610612736" "--user" "0:0" "--network" "none" "ghcr.io/rust-lang/crates-build-env/linux@sha256:2788e3201cd34a07e3172128adcd8b3090168a8e3bcc40d7c032b9dda1df7d1c" "/opt/rustwide/cargo-home/bin/cargo" "+beta-2023-12-22" "metadata" "--no-deps" "--format-version=1", kill_on_drop: false }`
[INFO] [stdout] 615c9d7ec525a491ad9cba4bfb7cca7144cfa95205124a478cbc8192ba0a0e20
[INFO] running `Command { std: "docker" "start" "-a" "615c9d7ec525a491ad9cba4bfb7cca7144cfa95205124a478cbc8192ba0a0e20", kill_on_drop: false }`
[INFO] running `Command { std: "docker" "inspect" "615c9d7ec525a491ad9cba4bfb7cca7144cfa95205124a478cbc8192ba0a0e20", kill_on_drop: false }`
[INFO] running `Command { std: "docker" "rm" "-f" "615c9d7ec525a491ad9cba4bfb7cca7144cfa95205124a478cbc8192ba0a0e20", kill_on_drop: false }`
[INFO] [stdout] 615c9d7ec525a491ad9cba4bfb7cca7144cfa95205124a478cbc8192ba0a0e20
[INFO] running `Command { std: "docker" "create" "-v" "/var/lib/crater-agent-workspace/builds/worker-5-tc2/target:/opt/rustwide/target:rw,Z" "-v" "/var/lib/crater-agent-workspace/builds/worker-5-tc2/source:/opt/rustwide/workdir:ro,Z" "-v" "/var/lib/crater-agent-workspace/cargo-home:/opt/rustwide/cargo-home:ro,Z" "-v" "/var/lib/crater-agent-workspace/rustup-home:/opt/rustwide/rustup-home:ro,Z" "-e" "SOURCE_DIR=/opt/rustwide/workdir" "-e" "CARGO_TARGET_DIR=/opt/rustwide/target" "-e" "CARGO_INCREMENTAL=0" "-e" "RUST_BACKTRACE=full" "-e" "RUSTFLAGS=--cap-lints=warn" "-e" "RUSTDOCFLAGS=--cap-lints=warn" "-e" "CARGO_HOME=/opt/rustwide/cargo-home" "-e" "RUSTUP_HOME=/opt/rustwide/rustup-home" "-w" "/opt/rustwide/workdir" "-m" "1610612736" "--user" "0:0" "--network" "none" "ghcr.io/rust-lang/crates-build-env/linux@sha256:2788e3201cd34a07e3172128adcd8b3090168a8e3bcc40d7c032b9dda1df7d1c" "/opt/rustwide/cargo-home/bin/cargo" "+beta-2023-12-22" "build" "--frozen" "--message-format=json", kill_on_drop: false }`
[INFO] [stdout] 476a37730ddc72229940675aadc5e81c063873f1898a8b63b8b7c4639a4b9861
[INFO] running `Command { std: "docker" "start" "-a" "476a37730ddc72229940675aadc5e81c063873f1898a8b63b8b7c4639a4b9861", kill_on_drop: false }`
[INFO] [stderr]    Compiling libc v0.2.151
[INFO] [stderr]    Compiling winapi-build v0.1.1
[INFO] [stderr]    Compiling winapi v0.2.8
[INFO] [stderr]    Compiling backtrace v0.2.3
[INFO] [stderr]    Compiling rustc-demangle v0.1.23
[INFO] [stderr]    Compiling cfg-if v0.1.10
[INFO] [stderr]    Compiling utf8-ranges v0.1.3
[INFO] [stderr]    Compiling regex-syntax v0.3.9
[INFO] [stderr]    Compiling rustc-serialize v0.3.25
[INFO] [stderr]    Compiling kernel32-sys v0.2.2
[INFO] [stderr]    Compiling dbghelp-sys v0.2.0
[INFO] [stderr]    Compiling cc v1.0.83
[INFO] [stderr]    Compiling memchr v0.1.11
[INFO] [stderr]    Compiling thread-id v2.0.0
[INFO] [stderr]    Compiling thread_local v0.2.7
[INFO] [stderr]    Compiling aho-corasick v0.5.3
[INFO] [stderr]    Compiling regex v0.1.80
[INFO] [stderr]    Compiling backtrace-sys v0.1.37
[INFO] [stderr]    Compiling error-chain v0.5.0
[INFO] [stderr]    Compiling rustache-lists v0.1.2 (/opt/rustwide/workdir)
[INFO] [stdout] warning: use of deprecated macro `try`: use the `?` operator instead
[INFO] [stdout]    --> src/template.rs:220:21
[INFO] [stdout]     |
[INFO] [stdout] 220 |                     try!(self.handle_unescaped_or_value_node(node,
[INFO] [stdout]     |                     ^^^
[INFO] [stdout]     |
[INFO] [stdout]     = note: `#[warn(deprecated)]` on by default
[INFO] [stdout] 
[INFO] [stdout] 
[INFO] [stdout] warning: use of deprecated macro `try`: use the `?` operator instead
[INFO] [stdout]    --> src/template.rs:231:21
[INFO] [stdout]     |
[INFO] [stdout] 231 |                     try!(self.handle_unescaped_or_value_node(node,
[INFO] [stdout]     |                     ^^^
[INFO] [stdout] 
[INFO] [stdout] 
[INFO] [stdout] warning: use of deprecated macro `try`: use the `?` operator instead
[INFO] [stdout]    --> src/template.rs:593:13
[INFO] [stdout]     |
[INFO] [stdout] 593 |             try!(self.handle_node(node, data, writer));
[INFO] [stdout]     |             ^^^
[INFO] [stdout] 
[INFO] [stdout] 
[INFO] [stdout] warning: use of deprecated method `std::error::Error::description`: use the Display impl or to_string()
[INFO] [stdout]   --> src/errors.rs:5:1
[INFO] [stdout]    |
[INFO] [stdout] 5  | / error_chain! {
[INFO] [stdout] 6  | |
[INFO] [stdout] 7  | |     foreign_links {
[INFO] [stdout] 8  | |         json::BuilderError, Json;
[INFO] [stdout] ...  |
[INFO] [stdout] 31 | |     }
[INFO] [stdout] 32 | | }
[INFO] [stdout]    | |_^
[INFO] [stdout]    |
[INFO] [stdout]    = note: this warning originates in the macro `error_chain` (in Nightly builds, run with -Z macro-backtrace for more info)
[INFO] [stdout] 
[INFO] [stdout] 
[INFO] [stdout] warning: trait objects without an explicit `dyn` are deprecated
[INFO] [stdout]   --> src/lib.rs:40:31
[INFO] [stdout]    |
[INFO] [stdout] 40 | pub type Lambda<'a> = &'a mut FnMut(string::String) -> string::String;
[INFO] [stdout]    |                               ^^^^^^^^^^^^^^^^^^^^^^^^^^^^^^^^^^^^^^^
[INFO] [stdout]    |
[INFO] [stdout]    = warning: this is accepted in the current edition (Rust 2015) but is a hard error in Rust 2021!
[INFO] [stdout]    = note: for more information, see <https://doc.rust-lang.org/nightly/edition-guide/rust-2021/warnings-promoted-to-error.html>
[INFO] [stdout]    = note: `#[warn(bare_trait_objects)]` on by default
[INFO] [stdout] help: use `dyn`
[INFO] [stdout]    |
[INFO] [stdout] 40 | pub type Lambda<'a> = &'a mut dyn FnMut(string::String) -> string::String;
[INFO] [stdout]    |                               +++
[INFO] [stdout] 
[INFO] [stdout] 
[INFO] [stdout] warning: trait objects without an explicit `dyn` are deprecated
[INFO] [stdout]   --> src/rustache.rs:37:17
[INFO] [stdout]    |
[INFO] [stdout] 37 | impl Render for ToString {
[INFO] [stdout]    |                 ^^^^^^^^
[INFO] [stdout]    |
[INFO] [stdout]    = warning: this is accepted in the current edition (Rust 2015) but is a hard error in Rust 2021!
[INFO] [stdout]    = note: for more information, see <https://doc.rust-lang.org/nightly/edition-guide/rust-2021/warnings-promoted-to-error.html>
[INFO] [stdout] help: use `dyn`
[INFO] [stdout]    |
[INFO] [stdout] 37 | impl Render for dyn ToString {
[INFO] [stdout]    |                 +++
[INFO] [stdout] help: alternatively use a blanket implementation to implement `Render` for all types that also implement `ToString`
[INFO] [stdout]    |
[INFO] [stdout] 37 | impl<T: ToString> Render for T {
[INFO] [stdout]    |     +++++++++++++            ~
[INFO] [stdout] 
[INFO] [stdout] 
[INFO] [stdout] warning: trait objects without an explicit `dyn` are deprecated
[INFO] [stdout]   --> src/build.rs:74:50
[INFO] [stdout]    |
[INFO] [stdout] 74 | ...                   f: &'a mut FnMut(String) -> String)
[INFO] [stdout]    |                                  ^^^^^^^^^^^^^^^^^^^^^^^
[INFO] [stdout]    |
[INFO] [stdout]    = warning: this is accepted in the current edition (Rust 2015) but is a hard error in Rust 2021!
[INFO] [stdout]    = note: for more information, see <https://doc.rust-lang.org/nightly/edition-guide/rust-2021/warnings-promoted-to-error.html>
[INFO] [stdout] help: use `dyn`
[INFO] [stdout]    |
[INFO] [stdout] 74 |                                       f: &'a mut dyn FnMut(String) -> String)
[INFO] [stdout]    |                                                  +++
[INFO] [stdout] 
[INFO] [stdout] 
[INFO] [stdout] warning: trait objects without an explicit `dyn` are deprecated
[INFO] [stdout]    --> src/build.rs:155:41
[INFO] [stdout]     |
[INFO] [stdout] 155 |     pub fn push_lambda(self, f: &'a mut FnMut(String) -> String) -> VecBuilder<'a> {
[INFO] [stdout]     |                                         ^^^^^^^^^^^^^^^^^^^^^^^
[INFO] [stdout]     |
[INFO] [stdout]     = warning: this is accepted in the current edition (Rust 2015) but is a hard error in Rust 2021!
[INFO] [stdout]     = note: for more information, see <https://doc.rust-lang.org/nightly/edition-guide/rust-2021/warnings-promoted-to-error.html>
[INFO] [stdout] help: use `dyn`
[INFO] [stdout]     |
[INFO] [stdout] 155 |     pub fn push_lambda(self, f: &'a mut dyn FnMut(String) -> String) -> VecBuilder<'a> {
[INFO] [stdout]     |                                         +++
[INFO] [stdout] 
[INFO] [stdout] 
[INFO] [stdout] warning: trait objects without an explicit `dyn` are deprecated
[INFO] [stdout]    --> src/template.rs:143:64
[INFO] [stdout]     |
[INFO] [stdout] 143 | ...                   f: &mut FnMut(String) -> String,
[INFO] [stdout]     |                               ^^^^^^^^^^^^^^^^^^^^^^^
[INFO] [stdout]     |
[INFO] [stdout]     = warning: this is accepted in the current edition (Rust 2015) but is a hard error in Rust 2021!
[INFO] [stdout]     = note: for more information, see <https://doc.rust-lang.org/nightly/edition-guide/rust-2021/warnings-promoted-to-error.html>
[INFO] [stdout] help: use `dyn`
[INFO] [stdout]     |
[INFO] [stdout] 143 |                                                        f: &mut dyn FnMut(String) -> String,
[INFO] [stdout]     |                                                                +++
[INFO] [stdout] 
[INFO] [stdout] 
[INFO] [stdout] warning: trait objects without an explicit `dyn` are deprecated
[INFO] [stdout]    --> src/template.rs:156:62
[INFO] [stdout]     |
[INFO] [stdout] 156 | ...                   f: &mut FnMut(String) -> String,
[INFO] [stdout]     |                               ^^^^^^^^^^^^^^^^^^^^^^^
[INFO] [stdout]     |
[INFO] [stdout]     = warning: this is accepted in the current edition (Rust 2015) but is a hard error in Rust 2021!
[INFO] [stdout]     = note: for more information, see <https://doc.rust-lang.org/nightly/edition-guide/rust-2021/warnings-promoted-to-error.html>
[INFO] [stdout] help: use `dyn`
[INFO] [stdout]     |
[INFO] [stdout] 156 |                                                      f: &mut dyn FnMut(String) -> String,
[INFO] [stdout]     |                                                              +++
[INFO] [stdout] 
[INFO] [stdout] 
[INFO] [stdout] warning: use of deprecated method `std::error::Error::cause`: replaced by Error::source, which can support downcasting
[INFO] [stdout]   --> src/errors.rs:5:1
[INFO] [stdout]    |
[INFO] [stdout] 5  | / error_chain! {
[INFO] [stdout] 6  | |
[INFO] [stdout] 7  | |     foreign_links {
[INFO] [stdout] 8  | |         json::BuilderError, Json;
[INFO] [stdout] ...  |
[INFO] [stdout] 31 | |     }
[INFO] [stdout] 32 | | }
[INFO] [stdout]    | |_^
[INFO] [stdout]    |
[INFO] [stdout]    = note: this warning originates in the macro `error_chain` (in Nightly builds, run with -Z macro-backtrace for more info)
[INFO] [stdout] 
[INFO] [stdout] 
[INFO] [stdout] warning: 11 warnings emitted
[INFO] [stdout] 
[INFO] [stdout] 
[INFO] [stderr]     Finished dev [unoptimized + debuginfo] target(s) in 2.34s
[INFO] running `Command { std: "docker" "inspect" "476a37730ddc72229940675aadc5e81c063873f1898a8b63b8b7c4639a4b9861", kill_on_drop: false }`
[INFO] running `Command { std: "docker" "rm" "-f" "476a37730ddc72229940675aadc5e81c063873f1898a8b63b8b7c4639a4b9861", kill_on_drop: false }`
[INFO] [stdout] 476a37730ddc72229940675aadc5e81c063873f1898a8b63b8b7c4639a4b9861
[INFO] running `Command { std: "docker" "create" "-v" "/var/lib/crater-agent-workspace/builds/worker-5-tc2/target:/opt/rustwide/target:rw,Z" "-v" "/var/lib/crater-agent-workspace/builds/worker-5-tc2/source:/opt/rustwide/workdir:ro,Z" "-v" "/var/lib/crater-agent-workspace/cargo-home:/opt/rustwide/cargo-home:ro,Z" "-v" "/var/lib/crater-agent-workspace/rustup-home:/opt/rustwide/rustup-home:ro,Z" "-e" "SOURCE_DIR=/opt/rustwide/workdir" "-e" "CARGO_TARGET_DIR=/opt/rustwide/target" "-e" "CARGO_INCREMENTAL=0" "-e" "RUST_BACKTRACE=full" "-e" "RUSTFLAGS=--cap-lints=warn" "-e" "RUSTDOCFLAGS=--cap-lints=warn" "-e" "CARGO_HOME=/opt/rustwide/cargo-home" "-e" "RUSTUP_HOME=/opt/rustwide/rustup-home" "-w" "/opt/rustwide/workdir" "-m" "1610612736" "--user" "0:0" "--network" "none" "ghcr.io/rust-lang/crates-build-env/linux@sha256:2788e3201cd34a07e3172128adcd8b3090168a8e3bcc40d7c032b9dda1df7d1c" "/opt/rustwide/cargo-home/bin/cargo" "+beta-2023-12-22" "test" "--frozen" "--no-run" "--message-format=json", kill_on_drop: false }`
[INFO] [stdout] f6acce4d76bd29591342f3a44b93e5738f889a385df714cfbff3328aa945c085
[INFO] running `Command { std: "docker" "start" "-a" "f6acce4d76bd29591342f3a44b93e5738f889a385df714cfbff3328aa945c085", kill_on_drop: false }`
[INFO] [stdout] warning: use of deprecated macro `try`: use the `?` operator instead
[INFO] [stdout]    --> src/template.rs:220:21
[INFO] [stdout]     |
[INFO] [stdout] 220 |                     try!(self.handle_unescaped_or_value_node(node,
[INFO] [stdout]     |                     ^^^
[INFO] [stdout]     |
[INFO] [stdout]     = note: `#[warn(deprecated)]` on by default
[INFO] [stdout] 
[INFO] [stdout] 
[INFO] [stdout] warning: use of deprecated macro `try`: use the `?` operator instead
[INFO] [stdout]    --> src/template.rs:231:21
[INFO] [stdout]     |
[INFO] [stdout] 231 |                     try!(self.handle_unescaped_or_value_node(node,
[INFO] [stdout]     |                     ^^^
[INFO] [stdout] 
[INFO] [stdout] 
[INFO] [stdout] warning: use of deprecated macro `try`: use the `?` operator instead
[INFO] [stdout]    --> src/template.rs:593:13
[INFO] [stdout]     |
[INFO] [stdout] 593 |             try!(self.handle_node(node, data, writer));
[INFO] [stdout]     |             ^^^
[INFO] [stdout] 
[INFO] [stdout] 
[INFO] [stdout] warning: use of deprecated method `std::error::Error::description`: use the Display impl or to_string()
[INFO] [stdout]   --> src/errors.rs:5:1
[INFO] [stdout]    |
[INFO] [stdout] 5  | / error_chain! {
[INFO] [stdout] 6  | |
[INFO] [stdout] 7  | |     foreign_links {
[INFO] [stdout] 8  | |         json::BuilderError, Json;
[INFO] [stdout] ...  |
[INFO] [stdout] 31 | |     }
[INFO] [stdout] 32 | | }
[INFO] [stdout]    | |_^
[INFO] [stdout]    |
[INFO] [stdout]    = note: this warning originates in the macro `error_chain` (in Nightly builds, run with -Z macro-backtrace for more info)
[INFO] [stdout] 
[INFO] [stdout] 
[INFO] [stdout] warning: trait objects without an explicit `dyn` are deprecated
[INFO] [stdout]   --> src/lib.rs:40:31
[INFO] [stdout]    |
[INFO] [stdout] 40 | pub type Lambda<'a> = &'a mut FnMut(string::String) -> string::String;
[INFO] [stdout]    |                               ^^^^^^^^^^^^^^^^^^^^^^^^^^^^^^^^^^^^^^^
[INFO] [stdout]    |
[INFO] [stdout]    = warning: this is accepted in the current edition (Rust 2015) but is a hard error in Rust 2021!
[INFO] [stdout]    = note: for more information, see <https://doc.rust-lang.org/nightly/edition-guide/rust-2021/warnings-promoted-to-error.html>
[INFO] [stdout]    = note: `#[warn(bare_trait_objects)]` on by default
[INFO] [stdout] help: use `dyn`
[INFO] [stdout]    |
[INFO] [stdout] 40 | pub type Lambda<'a> = &'a mut dyn FnMut(string::String) -> string::String;
[INFO] [stdout]    |                               +++
[INFO] [stdout] 
[INFO] [stdout] 
[INFO] [stdout] warning: trait objects without an explicit `dyn` are deprecated
[INFO] [stdout]   --> src/rustache.rs:37:17
[INFO] [stdout]    |
[INFO] [stdout] 37 | impl Render for ToString {
[INFO] [stdout]    |                 ^^^^^^^^
[INFO] [stdout]    |
[INFO] [stdout]    = warning: this is accepted in the current edition (Rust 2015) but is a hard error in Rust 2021!
[INFO] [stdout]    = note: for more information, see <https://doc.rust-lang.org/nightly/edition-guide/rust-2021/warnings-promoted-to-error.html>
[INFO] [stdout] help: use `dyn`
[INFO] [stdout]    |
[INFO] [stdout] 37 | impl Render for dyn ToString {
[INFO] [stdout]    |                 +++
[INFO] [stdout] help: alternatively use a blanket implementation to implement `Render` for all types that also implement `ToString`
[INFO] [stdout]    |
[INFO] [stdout] 37 | impl<T: ToString> Render for T {
[INFO] [stdout]    |     +++++++++++++            ~
[INFO] [stdout] 
[INFO] [stdout] 
[INFO] [stdout] warning: trait objects without an explicit `dyn` are deprecated
[INFO] [stdout]   --> src/build.rs:74:50
[INFO] [stdout]    |
[INFO] [stdout] 74 | ...                   f: &'a mut FnMut(String) -> String)
[INFO] [stdout]    |                                  ^^^^^^^^^^^^^^^^^^^^^^^
[INFO] [stdout]    |
[INFO] [stdout]    = warning: this is accepted in the current edition (Rust 2015) but is a hard error in Rust 2021!
[INFO] [stdout]    = note: for more information, see <https://doc.rust-lang.org/nightly/edition-guide/rust-2021/warnings-promoted-to-error.html>
[INFO] [stdout] help: use `dyn`
[INFO] [stdout]    |
[INFO] [stdout] 74 |                                       f: &'a mut dyn FnMut(String) -> String)
[INFO] [stdout]    |                                                  +++
[INFO] [stdout] 
[INFO] [stdout] 
[INFO] [stdout] warning: trait objects without an explicit `dyn` are deprecated
[INFO] [stdout]    --> src/build.rs:155:41
[INFO] [stdout]     |
[INFO] [stdout] 155 |     pub fn push_lambda(self, f: &'a mut FnMut(String) -> String) -> VecBuilder<'a> {
[INFO] [stdout]     |                                         ^^^^^^^^^^^^^^^^^^^^^^^
[INFO] [stdout]     |
[INFO] [stdout]     = warning: this is accepted in the current edition (Rust 2015) but is a hard error in Rust 2021!
[INFO] [stdout]     = note: for more information, see <https://doc.rust-lang.org/nightly/edition-guide/rust-2021/warnings-promoted-to-error.html>
[INFO] [stdout] help: use `dyn`
[INFO] [stdout]     |
[INFO] [stdout] 155 |     pub fn push_lambda(self, f: &'a mut dyn FnMut(String) -> String) -> VecBuilder<'a> {
[INFO] [stdout]     |                                         +++
[INFO] [stdout] 
[INFO] [stdout] 
[INFO] [stdout] warning: trait objects without an explicit `dyn` are deprecated
[INFO] [stdout]    --> src/template.rs:143:64
[INFO] [stdout]     |
[INFO] [stdout] 143 | ...                   f: &mut FnMut(String) -> String,
[INFO] [stdout]     |                               ^^^^^^^^^^^^^^^^^^^^^^^
[INFO] [stdout]     |
[INFO] [stdout]     = warning: this is accepted in the current edition (Rust 2015) but is a hard error in Rust 2021!
[INFO] [stdout]     = note: for more information, see <https://doc.rust-lang.org/nightly/edition-guide/rust-2021/warnings-promoted-to-error.html>
[INFO] [stdout] help: use `dyn`
[INFO] [stdout]     |
[INFO] [stdout] 143 |                                                        f: &mut dyn FnMut(String) -> String,
[INFO] [stdout]     |                                                                +++
[INFO] [stdout] 
[INFO] [stdout] 
[INFO] [stdout] warning: trait objects without an explicit `dyn` are deprecated
[INFO] [stdout]    --> src/template.rs:156:62
[INFO] [stdout]     |
[INFO] [stdout] 156 | ...                   f: &mut FnMut(String) -> String,
[INFO] [stdout]     |                               ^^^^^^^^^^^^^^^^^^^^^^^
[INFO] [stdout]     |
[INFO] [stdout]     = warning: this is accepted in the current edition (Rust 2015) but is a hard error in Rust 2021!
[INFO] [stdout]     = note: for more information, see <https://doc.rust-lang.org/nightly/edition-guide/rust-2021/warnings-promoted-to-error.html>
[INFO] [stdout] help: use `dyn`
[INFO] [stdout]     |
[INFO] [stdout] 156 |                                                      f: &mut dyn FnMut(String) -> String,
[INFO] [stdout]     |                                                              +++
[INFO] [stdout] 
[INFO] [stdout] 
[INFO] [stderr]    Compiling rustache-lists v0.1.2 (/opt/rustwide/workdir)
[INFO] [stdout] warning: use of deprecated method `std::error::Error::cause`: replaced by Error::source, which can support downcasting
[INFO] [stdout]   --> src/errors.rs:5:1
[INFO] [stdout]    |
[INFO] [stdout] 5  | / error_chain! {
[INFO] [stdout] 6  | |
[INFO] [stdout] 7  | |     foreign_links {
[INFO] [stdout] 8  | |         json::BuilderError, Json;
[INFO] [stdout] ...  |
[INFO] [stdout] 31 | |     }
[INFO] [stdout] 32 | | }
[INFO] [stdout]    | |_^
[INFO] [stdout]    |
[INFO] [stdout]    = note: this warning originates in the macro `error_chain` (in Nightly builds, run with -Z macro-backtrace for more info)
[INFO] [stdout] 
[INFO] [stdout] 
[INFO] [stdout] warning: 11 warnings emitted
[INFO] [stdout] 
[INFO] [stdout] 
[INFO] [stdout] warning: use of deprecated macro `try`: use the `?` operator instead
[INFO] [stdout]    --> src/template.rs:220:21
[INFO] [stdout]     |
[INFO] [stdout] 220 |                     try!(self.handle_unescaped_or_value_node(node,
[INFO] [stdout]     |                     ^^^
[INFO] [stdout]     |
[INFO] [stdout]     = note: `#[warn(deprecated)]` on by default
[INFO] [stdout] 
[INFO] [stdout] 
[INFO] [stdout] warning: use of deprecated macro `try`: use the `?` operator instead
[INFO] [stdout]    --> src/template.rs:231:21
[INFO] [stdout]     |
[INFO] [stdout] 231 |                     try!(self.handle_unescaped_or_value_node(node,
[INFO] [stdout]     |                     ^^^
[INFO] [stdout] 
[INFO] [stdout] 
[INFO] [stdout] warning: use of deprecated macro `try`: use the `?` operator instead
[INFO] [stdout]    --> src/template.rs:593:13
[INFO] [stdout]     |
[INFO] [stdout] 593 |             try!(self.handle_node(node, data, writer));
[INFO] [stdout]     |             ^^^
[INFO] [stdout] 
[INFO] [stdout] 
[INFO] [stdout] warning: use of deprecated method `std::error::Error::description`: use the Display impl or to_string()
[INFO] [stdout]   --> src/errors.rs:5:1
[INFO] [stdout]    |
[INFO] [stdout] 5  | / error_chain! {
[INFO] [stdout] 6  | |
[INFO] [stdout] 7  | |     foreign_links {
[INFO] [stdout] 8  | |         json::BuilderError, Json;
[INFO] [stdout] ...  |
[INFO] [stdout] 31 | |     }
[INFO] [stdout] 32 | | }
[INFO] [stdout]    | |_^
[INFO] [stdout]    |
[INFO] [stdout]    = note: this warning originates in the macro `error_chain` (in Nightly builds, run with -Z macro-backtrace for more info)
[INFO] [stdout] 
[INFO] [stdout] 
[INFO] [stdout] warning: trait objects without an explicit `dyn` are deprecated
[INFO] [stdout]   --> src/lib.rs:40:31
[INFO] [stdout]    |
[INFO] [stdout] 40 | pub type Lambda<'a> = &'a mut FnMut(string::String) -> string::String;
[INFO] [stdout]    |                               ^^^^^^^^^^^^^^^^^^^^^^^^^^^^^^^^^^^^^^^
[INFO] [stdout]    |
[INFO] [stdout]    = warning: this is accepted in the current edition (Rust 2015) but is a hard error in Rust 2021!
[INFO] [stdout]    = note: for more information, see <https://doc.rust-lang.org/nightly/edition-guide/rust-2021/warnings-promoted-to-error.html>
[INFO] [stdout]    = note: `#[warn(bare_trait_objects)]` on by default
[INFO] [stdout] help: use `dyn`
[INFO] [stdout]    |
[INFO] [stdout] 40 | pub type Lambda<'a> = &'a mut dyn FnMut(string::String) -> string::String;
[INFO] [stdout]    |                               +++
[INFO] [stdout] 
[INFO] [stdout] 
[INFO] [stdout] warning: trait objects without an explicit `dyn` are deprecated
[INFO] [stdout]   --> src/rustache.rs:37:17
[INFO] [stdout]    |
[INFO] [stdout] 37 | impl Render for ToString {
[INFO] [stdout]    |                 ^^^^^^^^
[INFO] [stdout]    |
[INFO] [stdout]    = warning: this is accepted in the current edition (Rust 2015) but is a hard error in Rust 2021!
[INFO] [stdout]    = note: for more information, see <https://doc.rust-lang.org/nightly/edition-guide/rust-2021/warnings-promoted-to-error.html>
[INFO] [stdout] help: use `dyn`
[INFO] [stdout]    |
[INFO] [stdout] 37 | impl Render for dyn ToString {
[INFO] [stdout]    |                 +++
[INFO] [stdout] help: alternatively use a blanket implementation to implement `Render` for all types that also implement `ToString`
[INFO] [stdout]    |
[INFO] [stdout] 37 | impl<T: ToString> Render for T {
[INFO] [stdout]    |     +++++++++++++            ~
[INFO] [stdout] 
[INFO] [stdout] 
[INFO] [stdout] warning: trait objects without an explicit `dyn` are deprecated
[INFO] [stdout]   --> src/build.rs:74:50
[INFO] [stdout]    |
[INFO] [stdout] 74 | ...                   f: &'a mut FnMut(String) -> String)
[INFO] [stdout]    |                                  ^^^^^^^^^^^^^^^^^^^^^^^
[INFO] [stdout]    |
[INFO] [stdout]    = warning: this is accepted in the current edition (Rust 2015) but is a hard error in Rust 2021!
[INFO] [stdout]    = note: for more information, see <https://doc.rust-lang.org/nightly/edition-guide/rust-2021/warnings-promoted-to-error.html>
[INFO] [stdout] help: use `dyn`
[INFO] [stdout]    |
[INFO] [stdout] 74 |                                       f: &'a mut dyn FnMut(String) -> String)
[INFO] [stdout]    |                                                  +++
[INFO] [stdout] 
[INFO] [stdout] 
[INFO] [stdout] warning: trait objects without an explicit `dyn` are deprecated
[INFO] [stdout]    --> src/build.rs:155:41
[INFO] [stdout]     |
[INFO] [stdout] 155 |     pub fn push_lambda(self, f: &'a mut FnMut(String) -> String) -> VecBuilder<'a> {
[INFO] [stdout]     |                                         ^^^^^^^^^^^^^^^^^^^^^^^
[INFO] [stdout]     |
[INFO] [stdout]     = warning: this is accepted in the current edition (Rust 2015) but is a hard error in Rust 2021!
[INFO] [stdout]     = note: for more information, see <https://doc.rust-lang.org/nightly/edition-guide/rust-2021/warnings-promoted-to-error.html>
[INFO] [stdout] help: use `dyn`
[INFO] [stdout]     |
[INFO] [stdout] 155 |     pub fn push_lambda(self, f: &'a mut dyn FnMut(String) -> String) -> VecBuilder<'a> {
[INFO] [stdout]     |                                         +++
[INFO] [stdout] 
[INFO] [stdout] 
[INFO] [stdout] warning: trait objects without an explicit `dyn` are deprecated
[INFO] [stdout]    --> src/template.rs:143:64
[INFO] [stdout]     |
[INFO] [stdout] 143 | ...                   f: &mut FnMut(String) -> String,
[INFO] [stdout]     |                               ^^^^^^^^^^^^^^^^^^^^^^^
[INFO] [stdout]     |
[INFO] [stdout]     = warning: this is accepted in the current edition (Rust 2015) but is a hard error in Rust 2021!
[INFO] [stdout]     = note: for more information, see <https://doc.rust-lang.org/nightly/edition-guide/rust-2021/warnings-promoted-to-error.html>
[INFO] [stdout] help: use `dyn`
[INFO] [stdout]     |
[INFO] [stdout] 143 |                                                        f: &mut dyn FnMut(String) -> String,
[INFO] [stdout]     |                                                                +++
[INFO] [stdout] 
[INFO] [stdout] 
[INFO] [stdout] warning: trait objects without an explicit `dyn` are deprecated
[INFO] [stdout]    --> src/template.rs:156:62
[INFO] [stdout]     |
[INFO] [stdout] 156 | ...                   f: &mut FnMut(String) -> String,
[INFO] [stdout]     |                               ^^^^^^^^^^^^^^^^^^^^^^^
[INFO] [stdout]     |
[INFO] [stdout]     = warning: this is accepted in the current edition (Rust 2015) but is a hard error in Rust 2021!
[INFO] [stdout]     = note: for more information, see <https://doc.rust-lang.org/nightly/edition-guide/rust-2021/warnings-promoted-to-error.html>
[INFO] [stdout] help: use `dyn`
[INFO] [stdout]     |
[INFO] [stdout] 156 |                                                      f: &mut dyn FnMut(String) -> String,
[INFO] [stdout]     |                                                              +++
[INFO] [stdout] 
[INFO] [stdout] 
[INFO] [stdout] warning: use of deprecated method `std::error::Error::cause`: replaced by Error::source, which can support downcasting
[INFO] [stdout]   --> src/errors.rs:5:1
[INFO] [stdout]    |
[INFO] [stdout] 5  | / error_chain! {
[INFO] [stdout] 6  | |
[INFO] [stdout] 7  | |     foreign_links {
[INFO] [stdout] 8  | |         json::BuilderError, Json;
[INFO] [stdout] ...  |
[INFO] [stdout] 31 | |     }
[INFO] [stdout] 32 | | }
[INFO] [stdout]    | |_^
[INFO] [stdout]    |
[INFO] [stdout]    = note: this warning originates in the macro `error_chain` (in Nightly builds, run with -Z macro-backtrace for more info)
[INFO] [stdout] 
[INFO] [stdout] 
[INFO] [stdout] warning: 11 warnings emitted
[INFO] [stdout] 
[INFO] [stdout] 
[INFO] [stderr]     Finished test [unoptimized + debuginfo] target(s) in 1.69s
[INFO] running `Command { std: "docker" "inspect" "f6acce4d76bd29591342f3a44b93e5738f889a385df714cfbff3328aa945c085", kill_on_drop: false }`
[INFO] running `Command { std: "docker" "rm" "-f" "f6acce4d76bd29591342f3a44b93e5738f889a385df714cfbff3328aa945c085", kill_on_drop: false }`
[INFO] [stdout] f6acce4d76bd29591342f3a44b93e5738f889a385df714cfbff3328aa945c085
[INFO] running `Command { std: "docker" "create" "-v" "/var/lib/crater-agent-workspace/builds/worker-5-tc2/target:/opt/rustwide/target:rw,Z" "-v" "/var/lib/crater-agent-workspace/builds/worker-5-tc2/source:/opt/rustwide/workdir:ro,Z" "-v" "/var/lib/crater-agent-workspace/cargo-home:/opt/rustwide/cargo-home:ro,Z" "-v" "/var/lib/crater-agent-workspace/rustup-home:/opt/rustwide/rustup-home:ro,Z" "-e" "SOURCE_DIR=/opt/rustwide/workdir" "-e" "CARGO_TARGET_DIR=/opt/rustwide/target" "-e" "CARGO_INCREMENTAL=0" "-e" "RUST_BACKTRACE=full" "-e" "RUSTFLAGS=--cap-lints=warn" "-e" "RUSTDOCFLAGS=--cap-lints=warn" "-e" "CARGO_HOME=/opt/rustwide/cargo-home" "-e" "RUSTUP_HOME=/opt/rustwide/rustup-home" "-w" "/opt/rustwide/workdir" "-m" "1610612736" "--user" "0:0" "--network" "none" "ghcr.io/rust-lang/crates-build-env/linux@sha256:2788e3201cd34a07e3172128adcd8b3090168a8e3bcc40d7c032b9dda1df7d1c" "/opt/rustwide/cargo-home/bin/cargo" "+beta-2023-12-22" "test" "--frozen", kill_on_drop: false }`
[INFO] [stdout] 48932151ba4159dbe1a5287912cabdaf83b2c33f0b212f2f632c73da42adc3c6
[INFO] running `Command { std: "docker" "start" "-a" "48932151ba4159dbe1a5287912cabdaf83b2c33f0b212f2f632c73da42adc3c6", kill_on_drop: false }`
[INFO] [stderr] warning: use of deprecated macro `try`: use the `?` operator instead
[INFO] [stderr]    --> src/template.rs:220:21
[INFO] [stderr]     |
[INFO] [stderr] 220 |                     try!(self.handle_unescaped_or_value_node(node,
[INFO] [stderr]     |                     ^^^
[INFO] [stderr]     |
[INFO] [stderr]     = note: `#[warn(deprecated)]` on by default
[INFO] [stderr] 
[INFO] [stderr] warning: use of deprecated macro `try`: use the `?` operator instead
[INFO] [stderr]    --> src/template.rs:231:21
[INFO] [stderr]     |
[INFO] [stderr] 231 |                     try!(self.handle_unescaped_or_value_node(node,
[INFO] [stderr]     |                     ^^^
[INFO] [stderr] 
[INFO] [stderr] warning: use of deprecated macro `try`: use the `?` operator instead
[INFO] [stderr]    --> src/template.rs:593:13
[INFO] [stderr]     |
[INFO] [stderr] 593 |             try!(self.handle_node(node, data, writer));
[INFO] [stderr]     |             ^^^
[INFO] [stderr] 
[INFO] [stderr] warning: use of deprecated method `std::error::Error::description`: use the Display impl or to_string()
[INFO] [stderr]   --> src/errors.rs:5:1
[INFO] [stderr]    |
[INFO] [stderr] 5  | / error_chain! {
[INFO] [stderr] 6  | |
[INFO] [stderr] 7  | |     foreign_links {
[INFO] [stderr] 8  | |         json::BuilderError, Json;
[INFO] [stderr] ...  |
[INFO] [stderr] 31 | |     }
[INFO] [stderr] 32 | | }
[INFO] [stderr]    | |_^
[INFO] [stderr]    |
[INFO] [stderr]    = note: this warning originates in the macro `error_chain` (in Nightly builds, run with -Z macro-backtrace for more info)
[INFO] [stderr] 
[INFO] [stderr] warning: trait objects without an explicit `dyn` are deprecated
[INFO] [stderr]   --> src/lib.rs:40:31
[INFO] [stderr]    |
[INFO] [stderr] 40 | pub type Lambda<'a> = &'a mut FnMut(string::String) -> string::String;
[INFO] [stderr]    |                               ^^^^^^^^^^^^^^^^^^^^^^^^^^^^^^^^^^^^^^^
[INFO] [stderr]    |
[INFO] [stderr]    = warning: this is accepted in the current edition (Rust 2015) but is a hard error in Rust 2021!
[INFO] [stderr]    = note: for more information, see <https://doc.rust-lang.org/nightly/edition-guide/rust-2021/warnings-promoted-to-error.html>
[INFO] [stderr]    = note: `#[warn(bare_trait_objects)]` on by default
[INFO] [stderr] help: use `dyn`
[INFO] [stderr]    |
[INFO] [stderr] 40 | pub type Lambda<'a> = &'a mut dyn FnMut(string::String) -> string::String;
[INFO] [stderr]    |                               +++
[INFO] [stderr] 
[INFO] [stderr] warning: trait objects without an explicit `dyn` are deprecated
[INFO] [stderr]   --> src/rustache.rs:37:17
[INFO] [stderr]    |
[INFO] [stderr] 37 | impl Render for ToString {
[INFO] [stderr]    |                 ^^^^^^^^
[INFO] [stderr]    |
[INFO] [stderr]    = warning: this is accepted in the current edition (Rust 2015) but is a hard error in Rust 2021!
[INFO] [stderr]    = note: for more information, see <https://doc.rust-lang.org/nightly/edition-guide/rust-2021/warnings-promoted-to-error.html>
[INFO] [stderr] help: use `dyn`
[INFO] [stderr]    |
[INFO] [stderr] 37 | impl Render for dyn ToString {
[INFO] [stderr]    |                 +++
[INFO] [stderr] help: alternatively use a blanket implementation to implement `Render` for all types that also implement `ToString`
[INFO] [stderr]    |
[INFO] [stderr] 37 | impl<T: ToString> Render for T {
[INFO] [stderr]    |     +++++++++++++            ~
[INFO] [stderr] 
[INFO] [stderr] warning: trait objects without an explicit `dyn` are deprecated
[INFO] [stderr]   --> src/build.rs:74:50
[INFO] [stderr]    |
[INFO] [stderr] 74 | ...                   f: &'a mut FnMut(String) -> String)
[INFO] [stderr]    |                                  ^^^^^^^^^^^^^^^^^^^^^^^
[INFO] [stderr]    |
[INFO] [stderr]    = warning: this is accepted in the current edition (Rust 2015) but is a hard error in Rust 2021!
[INFO] [stderr]    = note: for more information, see <https://doc.rust-lang.org/nightly/edition-guide/rust-2021/warnings-promoted-to-error.html>
[INFO] [stderr] help: use `dyn`
[INFO] [stderr]    |
[INFO] [stderr] 74 |                                       f: &'a mut dyn FnMut(String) -> String)
[INFO] [stderr]    |                                                  +++
[INFO] [stderr] 
[INFO] [stderr] warning: trait objects without an explicit `dyn` are deprecated
[INFO] [stderr]    --> src/build.rs:155:41
[INFO] [stderr]     |
[INFO] [stderr] 155 |     pub fn push_lambda(self, f: &'a mut FnMut(String) -> String) -> VecBuilder<'a> {
[INFO] [stderr]     |                                         ^^^^^^^^^^^^^^^^^^^^^^^
[INFO] [stderr]     |
[INFO] [stderr]     = warning: this is accepted in the current edition (Rust 2015) but is a hard error in Rust 2021!
[INFO] [stderr]     = note: for more information, see <https://doc.rust-lang.org/nightly/edition-guide/rust-2021/warnings-promoted-to-error.html>
[INFO] [stderr] help: use `dyn`
[INFO] [stderr]     |
[INFO] [stderr] 155 |     pub fn push_lambda(self, f: &'a mut dyn FnMut(String) -> String) -> VecBuilder<'a> {
[INFO] [stderr]     |                                         +++
[INFO] [stderr] 
[INFO] [stderr] warning: trait objects without an explicit `dyn` are deprecated
[INFO] [stderr]    --> src/template.rs:143:64
[INFO] [stderr]     |
[INFO] [stderr] 143 | ...                   f: &mut FnMut(String) -> String,
[INFO] [stderr]     |                               ^^^^^^^^^^^^^^^^^^^^^^^
[INFO] [stderr]     |
[INFO] [stderr]     = warning: this is accepted in the current edition (Rust 2015) but is a hard error in Rust 2021!
[INFO] [stderr]     = note: for more information, see <https://doc.rust-lang.org/nightly/edition-guide/rust-2021/warnings-promoted-to-error.html>
[INFO] [stderr] help: use `dyn`
[INFO] [stderr]     |
[INFO] [stderr] 143 |                                                        f: &mut dyn FnMut(String) -> String,
[INFO] [stderr]     |                                                                +++
[INFO] [stderr] 
[INFO] [stderr] warning: trait objects without an explicit `dyn` are deprecated
[INFO] [stderr]    --> src/template.rs:156:62
[INFO] [stderr]     |
[INFO] [stderr] 156 | ...                   f: &mut FnMut(String) -> String,
[INFO] [stderr]     |                               ^^^^^^^^^^^^^^^^^^^^^^^
[INFO] [stderr]     |
[INFO] [stderr]     = warning: this is accepted in the current edition (Rust 2015) but is a hard error in Rust 2021!
[INFO] [stderr]     = note: for more information, see <https://doc.rust-lang.org/nightly/edition-guide/rust-2021/warnings-promoted-to-error.html>
[INFO] [stderr] help: use `dyn`
[INFO] [stderr]     |
[INFO] [stderr] 156 |                                                      f: &mut dyn FnMut(String) -> String,
[INFO] [stderr]     |                                                              +++
[INFO] [stderr] 
[INFO] [stderr] warning: use of deprecated method `std::error::Error::cause`: replaced by Error::source, which can support downcasting
[INFO] [stderr]   --> src/errors.rs:5:1
[INFO] [stderr]    |
[INFO] [stderr] 5  | / error_chain! {
[INFO] [stderr] 6  | |
[INFO] [stderr] 7  | |     foreign_links {
[INFO] [stderr] 8  | |         json::BuilderError, Json;
[INFO] [stderr] ...  |
[INFO] [stderr] 31 | |     }
[INFO] [stderr] 32 | | }
[INFO] [stderr]    | |_^
[INFO] [stderr]    |
[INFO] [stderr]    = note: this warning originates in the macro `error_chain` (in Nightly builds, run with -Z macro-backtrace for more info)
[INFO] [stderr] 
[INFO] [stderr] warning: `rustache-lists` (lib) generated 11 warnings (run `cargo fix --lib -p rustache-lists` to apply 6 suggestions)
[INFO] [stderr] warning: `rustache-lists` (lib test) generated 11 warnings (11 duplicates)
[INFO] [stderr]     Finished test [unoptimized + debuginfo] target(s) in 0.01s
[INFO] [stderr]      Running unittests src/lib.rs (/opt/rustwide/target/debug/deps/rustache-1514eef11af201a6)
[INFO] [stdout] 
[INFO] [stdout] running 55 tests
[INFO] [stdout] test build::tests::test_new_builders ... ok
[INFO] [stdout] test build::tests::test_set_partials_path ... ok
[INFO] [stdout] test build::tests::test_vec_lambda_builder ... ok
[INFO] [stdout] test build::tests::test_builders ... ok
[INFO] [stdout] test compiler::compiler_tests::test_bad_opens ... ok
[INFO] [stdout] test compiler::compiler_tests::test_single_brace_open ... ok
[INFO] [stdout] test compiler::compiler_tests::test_missing_close_on_comment ... ok
[INFO] [stdout] test compiler::compiler_tests::test_single_brace_close ... ok
[INFO] [stdout] test compiler::compiler_tests::test_missing_close_on_unescaped ... ok
[INFO] [stdout] test compiler::compiler_tests::test_missing_close_on_partial ... ok
[INFO] [stdout] test parser::parser_tests::parse_dot_notation_ampersand ... ok
[INFO] [stdout] test parser::parser_tests::parse_all ... ok
[INFO] [stdout] test parser::parser_tests::parse_dot_notation_simple ... ok
[INFO] [stdout] test compiler::compiler_tests::test_embedded_comment ... ok
[INFO] [stdout] test compiler::compiler_tests::test_missing_close_on_partial_plus_unescaped ... ok
[INFO] [stdout] test compiler::compiler_tests::test_all_directives ... ok
[INFO] [stdout] test parser::parser_tests::parse_dot_notation_triple_mustache ... ok
[INFO] [stdout] test parser::parser_tests::parse_nested_dot_notation_ampersand ... ok
[INFO] [stdout] test compiler::compiler_tests::test_extended_dot_notation ... ok
[INFO] [stdout] test parser::parser_tests::parse_nested_dot_notation_triple_mustache ... ok
[INFO] [stdout] test parser::parser_tests::parse_inverted ... ok
[INFO] [stdout] test compiler::compiler_tests::test_missing_close_on_value ... ok
[INFO] [stdout] test parser::parser_tests::parse_nested_dot_notation_basic ... ok
[INFO] [stdout] test parser::parser_tests::parse_partial ... ok
[INFO] [stdout] test compiler::compiler_tests::test_missing_close_on_inverted_section_close ... ok
[INFO] [stdout] test parser::parser_tests::parse_section ... ok
[INFO] [stdout] test template::template_tests::test_look_up_section_data ... ok
[INFO] [stdout] test parser::parser_tests::parse_static ... ok
[INFO] [stdout] test template::template_tests::test_look_up_section_data_also ... ok
[INFO] [stdout] test template::template_tests::test_escape_html ... ok
[INFO] [stdout] test parser::parser_tests::parse_unescaped ... ok
[INFO] [stdout] test compiler::compiler_tests::test_one_char ... ok
[INFO] [stdout] test compiler::compiler_tests::test_missing_close_on_section_close ... ok
[INFO] [stdout] test parser::parser_tests::parse_value ... ok
[INFO] [stdout] test template::template_tests::test_not_escape_html ... ok
[INFO] [stdout] test compiler::compiler_tests::test_extending_text_across_newlines ... ok
[INFO] [stdout] test template::template_tests::test_render_to_io_stream ... ok
[INFO] [stdout] test template::template_tests::test_section_value_string_data ... ok
[INFO] [stdout] test template::template_tests::test_section_multiple_value_string_data ... ok
[INFO] [stdout] test template::template_tests::test_unescaped_node_correct_bool_true_data ... ok
[INFO] [stdout] test template::template_tests::test_unescaped_node_correct_bool_false_data ... ok
[INFO] [stdout] test template::template_tests::test_value_node_correct_false_bool_data ... ok
[INFO] [stdout] test template::template_tests::test_value_node_correct_true_bool_data ... ok
[INFO] [stdout] test compiler::compiler_tests::test_working_comment ... ok
[INFO] [stdout] test compiler::compiler_tests::basic_compiler_test ... ok
[INFO] [stdout] test compiler::compiler_tests::test_working_partial ... ok
[INFO] [stdout] test template::template_tests::test_unescaped_node_lambda_data ... ok
[INFO] [stdout] test compiler::compiler_tests::test_working_section ... ok
[INFO] [stdout] test template::template_tests::test_value_node_lambda_data ... ok
[INFO] [stdout] test compiler::compiler_tests::test_working_unescape ... ok
[INFO] [stdout] test template::template_tests::test_partial_node_correct_data ... ok
[INFO] [stdout] test template::template_tests::test_partial_node_correct_data_with_extra ... ok
[INFO] [stdout] test template::template_tests::test_section_tag_iteration ... ok
[INFO] [stdout] test template::template_tests::test_spec_lambda_not_cached_on_interpolation ... ok
[INFO] [stdout] test template::template_tests::test_section_node_partial_node_correct_data ... FAILED
[INFO] [stdout] 
[INFO] [stdout] failures:
[INFO] [stdout] 
[INFO] [stdout] ---- template::template_tests::test_section_node_partial_node_correct_data stdout ----
[INFO] [stdout] thread 'template::template_tests::test_section_node_partial_node_correct_data' panicked at src/template.rs:1044:85:
[INFO] [stdout] called `Result::unwrap()` on an `Err` value: Os { code: 30, kind: ReadOnlyFilesystem, message: "Read-only file system" }
[INFO] [stdout] stack backtrace:
[INFO] [stdout]    0:     0x5650d3d42346 - std::backtrace_rs::backtrace::libunwind::trace::h261606ad26a499c1
[INFO] [stdout]                                at /rustc/0e09125c6c3c2fd70d7de961bcf0e51575235fad/library/std/src/../../backtrace/src/backtrace/libunwind.rs:104:5
[INFO] [stdout]    1:     0x5650d3d42346 - std::backtrace_rs::backtrace::trace_unsynchronized::hd183f0625477fb28
[INFO] [stdout]                                at /rustc/0e09125c6c3c2fd70d7de961bcf0e51575235fad/library/std/src/../../backtrace/src/backtrace/mod.rs:66:5
[INFO] [stdout]    2:     0x5650d3d42346 - std::sys_common::backtrace::_print_fmt::hd7f8fef21b4eda67
[INFO] [stdout]                                at /rustc/0e09125c6c3c2fd70d7de961bcf0e51575235fad/library/std/src/sys_common/backtrace.rs:68:5
[INFO] [stdout]    3:     0x5650d3d42346 - <std::sys_common::backtrace::_print::DisplayBacktrace as core::fmt::Display>::fmt::h623d9b51f2f453f1
[INFO] [stdout]                                at /rustc/0e09125c6c3c2fd70d7de961bcf0e51575235fad/library/std/src/sys_common/backtrace.rs:44:22
[INFO] [stdout]    4:     0x5650d3d6b980 - core::fmt::rt::Argument::fmt::h9f417ac76a86f368
[INFO] [stdout]                                at /rustc/0e09125c6c3c2fd70d7de961bcf0e51575235fad/library/core/src/fmt/rt.rs:142:9
[INFO] [stdout]    5:     0x5650d3d6b980 - core::fmt::write::hc9b6faf4ac2aeff7
[INFO] [stdout]                                at /rustc/0e09125c6c3c2fd70d7de961bcf0e51575235fad/library/core/src/fmt/mod.rs:1120:17
[INFO] [stdout]    6:     0x5650d3d3fc2f - std::io::Write::write_fmt::he04625a3a989fec3
[INFO] [stdout]                                at /rustc/0e09125c6c3c2fd70d7de961bcf0e51575235fad/library/std/src/io/mod.rs:1810:15
[INFO] [stdout]    7:     0x5650d3d42124 - std::sys_common::backtrace::_print::hd5d66399c7df88a2
[INFO] [stdout]                                at /rustc/0e09125c6c3c2fd70d7de961bcf0e51575235fad/library/std/src/sys_common/backtrace.rs:47:5
[INFO] [stdout]    8:     0x5650d3d42124 - std::sys_common::backtrace::print::he81ed2da642d37e5
[INFO] [stdout]                                at /rustc/0e09125c6c3c2fd70d7de961bcf0e51575235fad/library/std/src/sys_common/backtrace.rs:34:9
[INFO] [stdout]    9:     0x5650d3d43e97 - std::panicking::default_hook::{{closure}}::h85773f4fa117163d
[INFO] [stdout]   10:     0x5650d3d43b7d - std::panicking::default_hook::h6a1694a91d09b278
[INFO] [stdout]                                at /rustc/0e09125c6c3c2fd70d7de961bcf0e51575235fad/library/std/src/panicking.rs:289:9
[INFO] [stdout]   11:     0x5650d3c114e7 - <alloc::boxed::Box<F,A> as core::ops::function::Fn<Args>>::call::h616ac37fa3cd6c8f
[INFO] [stdout]                                at /rustc/0e09125c6c3c2fd70d7de961bcf0e51575235fad/library/alloc/src/boxed.rs:2029:9
[INFO] [stdout]   12:     0x5650d3c114e7 - test::test_main::{{closure}}::h00d84697cefdcbb6
[INFO] [stdout]                                at /rustc/0e09125c6c3c2fd70d7de961bcf0e51575235fad/library/test/src/lib.rs:138:21
[INFO] [stdout]   13:     0x5650d3d444b6 - <alloc::boxed::Box<F,A> as core::ops::function::Fn<Args>>::call::hcb3fe3b9bb537ba8
[INFO] [stdout]                                at /rustc/0e09125c6c3c2fd70d7de961bcf0e51575235fad/library/alloc/src/boxed.rs:2029:9
[INFO] [stdout]   14:     0x5650d3d444b6 - std::panicking::rust_panic_with_hook::h0a7ad96e90f7145b
[INFO] [stdout]                                at /rustc/0e09125c6c3c2fd70d7de961bcf0e51575235fad/library/std/src/panicking.rs:783:13
[INFO] [stdout]   15:     0x5650d3d44202 - std::panicking::begin_panic_handler::{{closure}}::h7919090525c6485e
[INFO] [stdout]                                at /rustc/0e09125c6c3c2fd70d7de961bcf0e51575235fad/library/std/src/panicking.rs:657:13
[INFO] [stdout]   16:     0x5650d3d42846 - std::sys_common::backtrace::__rust_end_short_backtrace::hf3289479464f7dfe
[INFO] [stdout]                                at /rustc/0e09125c6c3c2fd70d7de961bcf0e51575235fad/library/std/src/sys_common/backtrace.rs:171:18
[INFO] [stdout]   17:     0x5650d3d43f60 - rust_begin_unwind
[INFO] [stdout]                                at /rustc/0e09125c6c3c2fd70d7de961bcf0e51575235fad/library/std/src/panicking.rs:645:5
[INFO] [stdout]   18:     0x5650d3ba7e35 - core::panicking::panic_fmt::hcc9f77c5c132af55
[INFO] [stdout]                                at /rustc/0e09125c6c3c2fd70d7de961bcf0e51575235fad/library/core/src/panicking.rs:72:14
[INFO] [stdout]   19:     0x5650d3ba8413 - core::result::unwrap_failed::hbe14f498be1452f9
[INFO] [stdout]                                at /rustc/0e09125c6c3c2fd70d7de961bcf0e51575235fad/library/core/src/result.rs:1649:5
[INFO] [stdout]   20:     0x5650d3bcabeb - core::result::Result<T,E>::unwrap::h9a87a980ee6139f7
[INFO] [stdout]                                at /rustc/0e09125c6c3c2fd70d7de961bcf0e51575235fad/library/core/src/result.rs:1073:23
[INFO] [stdout]   21:     0x5650d3bbc687 - rustache::template::template_tests::test_section_node_partial_node_correct_data::h858caf63506a1cd3
[INFO] [stdout]                                at /opt/rustwide/workdir/src/template.rs:1044:21
[INFO] [stdout]   22:     0x5650d3bbc1c7 - rustache::template::template_tests::test_section_node_partial_node_correct_data::{{closure}}::ha25afc0bb45c3ddc
[INFO] [stdout]                                at /opt/rustwide/workdir/src/template.rs:1016:53
[INFO] [stdout]   23:     0x5650d3ba9c26 - core::ops::function::FnOnce::call_once::h18a1b0dc2579047c
[INFO] [stdout]                                at /rustc/0e09125c6c3c2fd70d7de961bcf0e51575235fad/library/core/src/ops/function.rs:250:5
[INFO] [stdout]   24:     0x5650d3c16dbf - core::ops::function::FnOnce::call_once::hd64d26f405258157
[INFO] [stdout]                                at /rustc/0e09125c6c3c2fd70d7de961bcf0e51575235fad/library/core/src/ops/function.rs:250:5
[INFO] [stdout]   25:     0x5650d3c16dbf - test::__rust_begin_short_backtrace::he21b0b7a6d731bf9
[INFO] [stdout]                                at /rustc/0e09125c6c3c2fd70d7de961bcf0e51575235fad/library/test/src/lib.rs:627:18
[INFO] [stdout]   26:     0x5650d3c15b41 - test::run_test_in_process::{{closure}}::hf5c73986d7bdfde2
[INFO] [stdout]                                at /rustc/0e09125c6c3c2fd70d7de961bcf0e51575235fad/library/test/src/lib.rs:650:60
[INFO] [stdout]   27:     0x5650d3c15b41 - <core::panic::unwind_safe::AssertUnwindSafe<F> as core::ops::function::FnOnce<()>>::call_once::h330011ad032aadc0
[INFO] [stdout]                                at /rustc/0e09125c6c3c2fd70d7de961bcf0e51575235fad/library/core/src/panic/unwind_safe.rs:272:9
[INFO] [stdout]   28:     0x5650d3c15b41 - std::panicking::try::do_call::he61b0a958b795a41
[INFO] [stdout]                                at /rustc/0e09125c6c3c2fd70d7de961bcf0e51575235fad/library/std/src/panicking.rs:552:40
[INFO] [stdout]   29:     0x5650d3c15b41 - std::panicking::try::h7309da130f906eb7
[INFO] [stdout]                                at /rustc/0e09125c6c3c2fd70d7de961bcf0e51575235fad/library/std/src/panicking.rs:516:19
[INFO] [stdout]   30:     0x5650d3c15b41 - std::panic::catch_unwind::hc5c3a06fdaf0a92a
[INFO] [stdout]                                at /rustc/0e09125c6c3c2fd70d7de961bcf0e51575235fad/library/std/src/panic.rs:142:14
[INFO] [stdout]   31:     0x5650d3c15b41 - test::run_test_in_process::h7e7b7c71c3324e0f
[INFO] [stdout]                                at /rustc/0e09125c6c3c2fd70d7de961bcf0e51575235fad/library/test/src/lib.rs:650:27
[INFO] [stdout]   32:     0x5650d3c15b41 - test::run_test::{{closure}}::h1f509f28f5cf20b1
[INFO] [stdout]                                at /rustc/0e09125c6c3c2fd70d7de961bcf0e51575235fad/library/test/src/lib.rs:573:43
[INFO] [stdout]   33:     0x5650d3bdce76 - test::run_test::{{closure}}::h1754218abf443f6d
[INFO] [stdout]                                at /rustc/0e09125c6c3c2fd70d7de961bcf0e51575235fad/library/test/src/lib.rs:601:41
[INFO] [stdout]   34:     0x5650d3bdce76 - std::sys_common::backtrace::__rust_begin_short_backtrace::h2ee174b9d5954948
[INFO] [stdout]                                at /rustc/0e09125c6c3c2fd70d7de961bcf0e51575235fad/library/std/src/sys_common/backtrace.rs:155:18
[INFO] [stdout]   35:     0x5650d3be1ed7 - std::thread::Builder::spawn_unchecked_::{{closure}}::{{closure}}::hf60bee9c1a17ef09
[INFO] [stdout]                                at /rustc/0e09125c6c3c2fd70d7de961bcf0e51575235fad/library/std/src/thread/mod.rs:529:17
[INFO] [stdout]   36:     0x5650d3be1ed7 - <core::panic::unwind_safe::AssertUnwindSafe<F> as core::ops::function::FnOnce<()>>::call_once::h33d0dddec5216160
[INFO] [stdout]                                at /rustc/0e09125c6c3c2fd70d7de961bcf0e51575235fad/library/core/src/panic/unwind_safe.rs:272:9
[INFO] [stdout]   37:     0x5650d3be1ed7 - std::panicking::try::do_call::h144b3048b546f835
[INFO] [stdout]                                at /rustc/0e09125c6c3c2fd70d7de961bcf0e51575235fad/library/std/src/panicking.rs:552:40
[INFO] [stdout]   38:     0x5650d3be1ed7 - std::panicking::try::h978244d04646189f
[INFO] [stdout]                                at /rustc/0e09125c6c3c2fd70d7de961bcf0e51575235fad/library/std/src/panicking.rs:516:19
[INFO] [stdout]   39:     0x5650d3be1ed7 - std::panic::catch_unwind::hdf436369d188fe86
[INFO] [stdout]                                at /rustc/0e09125c6c3c2fd70d7de961bcf0e51575235fad/library/std/src/panic.rs:142:14
[INFO] [stdout]   40:     0x5650d3be1ed7 - std::thread::Builder::spawn_unchecked_::{{closure}}::h87329cbdd33c79ec
[INFO] [stdout]                                at /rustc/0e09125c6c3c2fd70d7de961bcf0e51575235fad/library/std/src/thread/mod.rs:528:30
[INFO] [stdout]   41:     0x5650d3be1ed7 - core::ops::function::FnOnce::call_once{{vtable.shim}}::h401abbe67897d450
[INFO] [stdout]                                at /rustc/0e09125c6c3c2fd70d7de961bcf0e51575235fad/library/core/src/ops/function.rs:250:5
[INFO] [stdout]   42:     0x5650d3d48fe5 - <alloc::boxed::Box<F,A> as core::ops::function::FnOnce<Args>>::call_once::h5d7c8f150ab9c84c
[INFO] [stdout]                                at /rustc/0e09125c6c3c2fd70d7de961bcf0e51575235fad/library/alloc/src/boxed.rs:2015:9
[INFO] [stdout]   43:     0x5650d3d48fe5 - <alloc::boxed::Box<F,A> as core::ops::function::FnOnce<Args>>::call_once::h570d5b005c242c15
[INFO] [stdout]                                at /rustc/0e09125c6c3c2fd70d7de961bcf0e51575235fad/library/alloc/src/boxed.rs:2015:9
[INFO] [stdout]   44:     0x5650d3d48fe5 - std::sys::unix::thread::Thread::new::thread_start::h36b0a20c0b2361ad
[INFO] [stdout]                                at /rustc/0e09125c6c3c2fd70d7de961bcf0e51575235fad/library/std/src/sys/unix/thread.rs:108:17
[INFO] [stdout]   45:     0x7faa11c27ac3 - <unknown>
[INFO] [stdout]   46:     0x7faa11cb8bf4 - __clone
[INFO] [stdout]   47:                0x0 - <unknown>
[INFO] [stdout] 
[INFO] [stdout] 
[INFO] [stdout] failures:
[INFO] [stdout]     template::template_tests::test_section_node_partial_node_correct_data
[INFO] [stdout] 
[INFO] [stdout] test result: FAILED. 54 passed; 1 failed; 0 ignored; 0 measured; 0 filtered out; finished in 0.06s
[INFO] [stdout] 
[INFO] [stderr] error: test failed, to rerun pass `--lib`
[INFO] running `Command { std: "docker" "inspect" "48932151ba4159dbe1a5287912cabdaf83b2c33f0b212f2f632c73da42adc3c6", kill_on_drop: false }`
[INFO] running `Command { std: "docker" "rm" "-f" "48932151ba4159dbe1a5287912cabdaf83b2c33f0b212f2f632c73da42adc3c6", kill_on_drop: false }`
[INFO] [stdout] 48932151ba4159dbe1a5287912cabdaf83b2c33f0b212f2f632c73da42adc3c6
