[INFO] fetching crate rustables-macros 0.1.1...
[INFO] testing rustables-macros-0.1.1 against 1.75.0 for beta-1.76-1
[INFO] extracting crate rustables-macros 0.1.1 into /workspace/builds/worker-0-tc1/source
[INFO] validating manifest of crates.io crate rustables-macros 0.1.1 on toolchain 1.75.0
[INFO] running `Command { std: CARGO_HOME="/workspace/cargo-home" RUSTUP_HOME="/workspace/rustup-home" "/workspace/cargo-home/bin/cargo" "+1.75.0" "metadata" "--manifest-path" "Cargo.toml" "--no-deps", kill_on_drop: false }`
[INFO] started tweaking crates.io crate rustables-macros 0.1.1
[INFO] finished tweaking crates.io crate rustables-macros 0.1.1
[INFO] tweaked toml for crates.io crate rustables-macros 0.1.1 written to /workspace/builds/worker-0-tc1/source/Cargo.toml
[INFO] running `Command { std: CARGO_HOME="/workspace/cargo-home" RUSTUP_HOME="/workspace/rustup-home" "/workspace/cargo-home/bin/cargo" "+1.75.0" "generate-lockfile" "--manifest-path" "Cargo.toml", kill_on_drop: false }`
[INFO] [stderr]     Updating crates.io index
[INFO] running `Command { std: CARGO_HOME="/workspace/cargo-home" RUSTUP_HOME="/workspace/rustup-home" "/workspace/cargo-home/bin/cargo" "+1.75.0" "fetch" "--manifest-path" "Cargo.toml", kill_on_drop: false }`
[INFO] running `Command { std: "docker" "create" "-v" "/var/lib/crater-agent-workspace/builds/worker-0-tc1/target:/opt/rustwide/target:rw,Z" "-v" "/var/lib/crater-agent-workspace/builds/worker-0-tc1/source:/opt/rustwide/workdir:ro,Z" "-v" "/var/lib/crater-agent-workspace/cargo-home:/opt/rustwide/cargo-home:ro,Z" "-v" "/var/lib/crater-agent-workspace/rustup-home:/opt/rustwide/rustup-home:ro,Z" "-e" "SOURCE_DIR=/opt/rustwide/workdir" "-e" "CARGO_TARGET_DIR=/opt/rustwide/target" "-e" "CARGO_HOME=/opt/rustwide/cargo-home" "-e" "RUSTUP_HOME=/opt/rustwide/rustup-home" "-w" "/opt/rustwide/workdir" "-m" "1610612736" "--user" "0:0" "--network" "none" "ghcr.io/rust-lang/crates-build-env/linux@sha256:2788e3201cd34a07e3172128adcd8b3090168a8e3bcc40d7c032b9dda1df7d1c" "/opt/rustwide/cargo-home/bin/cargo" "+1.75.0" "metadata" "--no-deps" "--format-version=1", kill_on_drop: false }`
[INFO] [stdout] 218f8d7e8e838f5c7d94ead3c1a12bb9e34d30fe8c2b9b4f7dc95e0abb94708d
[INFO] running `Command { std: "docker" "start" "-a" "218f8d7e8e838f5c7d94ead3c1a12bb9e34d30fe8c2b9b4f7dc95e0abb94708d", kill_on_drop: false }`
[INFO] running `Command { std: "docker" "inspect" "218f8d7e8e838f5c7d94ead3c1a12bb9e34d30fe8c2b9b4f7dc95e0abb94708d", kill_on_drop: false }`
[INFO] running `Command { std: "docker" "rm" "-f" "218f8d7e8e838f5c7d94ead3c1a12bb9e34d30fe8c2b9b4f7dc95e0abb94708d", kill_on_drop: false }`
[INFO] [stdout] 218f8d7e8e838f5c7d94ead3c1a12bb9e34d30fe8c2b9b4f7dc95e0abb94708d
[INFO] running `Command { std: "docker" "create" "-v" "/var/lib/crater-agent-workspace/builds/worker-0-tc1/target:/opt/rustwide/target:rw,Z" "-v" "/var/lib/crater-agent-workspace/builds/worker-0-tc1/source:/opt/rustwide/workdir:ro,Z" "-v" "/var/lib/crater-agent-workspace/cargo-home:/opt/rustwide/cargo-home:ro,Z" "-v" "/var/lib/crater-agent-workspace/rustup-home:/opt/rustwide/rustup-home:ro,Z" "-e" "SOURCE_DIR=/opt/rustwide/workdir" "-e" "CARGO_TARGET_DIR=/opt/rustwide/target" "-e" "CARGO_INCREMENTAL=0" "-e" "RUST_BACKTRACE=full" "-e" "RUSTFLAGS=--cap-lints=warn" "-e" "RUSTDOCFLAGS=--cap-lints=warn" "-e" "CARGO_HOME=/opt/rustwide/cargo-home" "-e" "RUSTUP_HOME=/opt/rustwide/rustup-home" "-w" "/opt/rustwide/workdir" "-m" "1610612736" "--user" "0:0" "--network" "none" "ghcr.io/rust-lang/crates-build-env/linux@sha256:2788e3201cd34a07e3172128adcd8b3090168a8e3bcc40d7c032b9dda1df7d1c" "/opt/rustwide/cargo-home/bin/cargo" "+1.75.0" "build" "--frozen" "--message-format=json", kill_on_drop: false }`
[INFO] [stdout] 08d1de3474388ae9cf6bc57c2de5dc78126971aae2e3d63853f889dd9a8d98f2
[INFO] running `Command { std: "docker" "start" "-a" "08d1de3474388ae9cf6bc57c2de5dc78126971aae2e3d63853f889dd9a8d98f2", kill_on_drop: false }`
[INFO] [stderr]    Compiling version_check v0.9.4
[INFO] [stderr]    Compiling proc-macro2 v1.0.75
[INFO] [stderr]    Compiling unicode-ident v1.0.12
[INFO] [stderr]    Compiling syn v1.0.109
[INFO] [stderr]    Compiling once_cell v1.19.0
[INFO] [stderr]    Compiling proc-macro-error-attr v1.0.4
[INFO] [stderr]    Compiling proc-macro-error v1.0.4
[INFO] [stderr]    Compiling quote v1.0.35
[INFO] [stderr]    Compiling rustables-macros v0.1.1 (/opt/rustwide/workdir)
[INFO] [stdout] warning: variable does not need to be mutable
[INFO] [stdout]    --> src/lib.rs:588:13
[INFO] [stdout]     |
[INFO] [stdout] 588 |         let mut discriminant = inner.discriminant.as_mut().unwrap();
[INFO] [stdout]     |             ----^^^^^^^^^^^^
[INFO] [stdout]     |             |
[INFO] [stdout]     |             help: remove this `mut`
[INFO] [stdout]     |
[INFO] [stdout]     = note: `#[warn(unused_mut)]` on by default
[INFO] [stdout] 
[INFO] [stdout] 
[INFO] [stdout] warning: 1 warning emitted
[INFO] [stdout] 
[INFO] [stdout] 
[INFO] [stderr]     Finished dev [unoptimized + debuginfo] target(s) in 3.03s
[INFO] running `Command { std: "docker" "inspect" "08d1de3474388ae9cf6bc57c2de5dc78126971aae2e3d63853f889dd9a8d98f2", kill_on_drop: false }`
[INFO] running `Command { std: "docker" "rm" "-f" "08d1de3474388ae9cf6bc57c2de5dc78126971aae2e3d63853f889dd9a8d98f2", kill_on_drop: false }`
[INFO] [stdout] 08d1de3474388ae9cf6bc57c2de5dc78126971aae2e3d63853f889dd9a8d98f2
[INFO] running `Command { std: "docker" "create" "-v" "/var/lib/crater-agent-workspace/builds/worker-0-tc1/target:/opt/rustwide/target:rw,Z" "-v" "/var/lib/crater-agent-workspace/builds/worker-0-tc1/source:/opt/rustwide/workdir:ro,Z" "-v" "/var/lib/crater-agent-workspace/cargo-home:/opt/rustwide/cargo-home:ro,Z" "-v" "/var/lib/crater-agent-workspace/rustup-home:/opt/rustwide/rustup-home:ro,Z" "-e" "SOURCE_DIR=/opt/rustwide/workdir" "-e" "CARGO_TARGET_DIR=/opt/rustwide/target" "-e" "CARGO_INCREMENTAL=0" "-e" "RUST_BACKTRACE=full" "-e" "RUSTFLAGS=--cap-lints=warn" "-e" "RUSTDOCFLAGS=--cap-lints=warn" "-e" "CARGO_HOME=/opt/rustwide/cargo-home" "-e" "RUSTUP_HOME=/opt/rustwide/rustup-home" "-w" "/opt/rustwide/workdir" "-m" "1610612736" "--user" "0:0" "--network" "none" "ghcr.io/rust-lang/crates-build-env/linux@sha256:2788e3201cd34a07e3172128adcd8b3090168a8e3bcc40d7c032b9dda1df7d1c" "/opt/rustwide/cargo-home/bin/cargo" "+1.75.0" "test" "--frozen" "--no-run" "--message-format=json", kill_on_drop: false }`
[INFO] [stdout] 3b690fd1e330c3e233fc1edd5601ede6bf405026c0463a929a01500565d7da75
[INFO] running `Command { std: "docker" "start" "-a" "3b690fd1e330c3e233fc1edd5601ede6bf405026c0463a929a01500565d7da75", kill_on_drop: false }`
[INFO] [stderr]    Compiling rustables-macros v0.1.1 (/opt/rustwide/workdir)
[INFO] [stdout] warning: variable does not need to be mutable
[INFO] [stdout]    --> src/lib.rs:588:13
[INFO] [stdout]     |
[INFO] [stdout] 588 |         let mut discriminant = inner.discriminant.as_mut().unwrap();
[INFO] [stdout]     |             ----^^^^^^^^^^^^
[INFO] [stdout]     |             |
[INFO] [stdout]     |             help: remove this `mut`
[INFO] [stdout]     |
[INFO] [stdout]     = note: `#[warn(unused_mut)]` on by default
[INFO] [stdout] 
[INFO] [stdout] 
[INFO] [stdout] warning: variable does not need to be mutable
[INFO] [stdout]    --> src/lib.rs:588:13
[INFO] [stdout]     |
[INFO] [stdout] 588 |         let mut discriminant = inner.discriminant.as_mut().unwrap();
[INFO] [stdout]     |             ----^^^^^^^^^^^^
[INFO] [stdout]     |             |
[INFO] [stdout]     |             help: remove this `mut`
[INFO] [stdout]     |
[INFO] [stdout]     = note: `#[warn(unused_mut)]` on by default
[INFO] [stdout] 
[INFO] [stdout] 
[INFO] [stdout] warning: 1 warning emitted
[INFO] [stdout] 
[INFO] [stdout] 
[INFO] [stdout] warning: 1 warning emitted
[INFO] [stdout] 
[INFO] [stdout] 
[INFO] [stderr]     Finished test [unoptimized + debuginfo] target(s) in 0.55s
[INFO] running `Command { std: "docker" "inspect" "3b690fd1e330c3e233fc1edd5601ede6bf405026c0463a929a01500565d7da75", kill_on_drop: false }`
[INFO] running `Command { std: "docker" "rm" "-f" "3b690fd1e330c3e233fc1edd5601ede6bf405026c0463a929a01500565d7da75", kill_on_drop: false }`
[INFO] [stdout] 3b690fd1e330c3e233fc1edd5601ede6bf405026c0463a929a01500565d7da75
[INFO] running `Command { std: "docker" "create" "-v" "/var/lib/crater-agent-workspace/builds/worker-0-tc1/target:/opt/rustwide/target:rw,Z" "-v" "/var/lib/crater-agent-workspace/builds/worker-0-tc1/source:/opt/rustwide/workdir:ro,Z" "-v" "/var/lib/crater-agent-workspace/cargo-home:/opt/rustwide/cargo-home:ro,Z" "-v" "/var/lib/crater-agent-workspace/rustup-home:/opt/rustwide/rustup-home:ro,Z" "-e" "SOURCE_DIR=/opt/rustwide/workdir" "-e" "CARGO_TARGET_DIR=/opt/rustwide/target" "-e" "CARGO_INCREMENTAL=0" "-e" "RUST_BACKTRACE=full" "-e" "RUSTFLAGS=--cap-lints=warn" "-e" "RUSTDOCFLAGS=--cap-lints=warn" "-e" "CARGO_HOME=/opt/rustwide/cargo-home" "-e" "RUSTUP_HOME=/opt/rustwide/rustup-home" "-w" "/opt/rustwide/workdir" "-m" "1610612736" "--user" "0:0" "--network" "none" "ghcr.io/rust-lang/crates-build-env/linux@sha256:2788e3201cd34a07e3172128adcd8b3090168a8e3bcc40d7c032b9dda1df7d1c" "/opt/rustwide/cargo-home/bin/cargo" "+1.75.0" "test" "--frozen", kill_on_drop: false }`
[INFO] [stdout] d13d57fbccc8bf1da38d5c03bb7e05fc2c932a4fd6d7ddd441be5b7098dd3564
[INFO] running `Command { std: "docker" "start" "-a" "d13d57fbccc8bf1da38d5c03bb7e05fc2c932a4fd6d7ddd441be5b7098dd3564", kill_on_drop: false }`
[INFO] [stderr] warning: variable does not need to be mutable
[INFO] [stderr]    --> src/lib.rs:588:13
[INFO] [stderr]     |
[INFO] [stderr] 588 |         let mut discriminant = inner.discriminant.as_mut().unwrap();
[INFO] [stderr]     |             ----^^^^^^^^^^^^
[INFO] [stderr]     |             |
[INFO] [stderr]     |             help: remove this `mut`
[INFO] [stderr]     |
[INFO] [stderr]     = note: `#[warn(unused_mut)]` on by default
[INFO] [stderr] 
[INFO] [stderr] warning: `rustables-macros` (lib) generated 1 warning (run `cargo fix --lib -p rustables-macros` to apply 1 suggestion)
[INFO] [stderr] warning: `rustables-macros` (lib test) generated 1 warning (1 duplicate)
[INFO] [stderr]     Finished test [unoptimized + debuginfo] target(s) in 0.01s
[INFO] [stderr]      Running unittests src/lib.rs (/opt/rustwide/target/debug/deps/rustables_macros-23e25961c39d515b)
[INFO] [stdout] 
[INFO] [stdout] running 0 tests
[INFO] [stdout] 
[INFO] [stdout] test result: ok. 0 passed; 0 failed; 0 ignored; 0 measured; 0 filtered out; finished in 0.00s
[INFO] [stdout] 
[INFO] [stderr]    Doc-tests rustables-macros
[INFO] [stdout] 
[INFO] [stdout] running 1 test
[INFO] [stdout] test src/lib.rs - nfnetlink_struct (line 195) ... FAILED
[INFO] [stdout] 
[INFO] [stdout] failures:
[INFO] [stdout] 
[INFO] [stdout] ---- src/lib.rs - nfnetlink_struct (line 195) stdout ----
[INFO] [stdout] error: expected identifier, found `...`
[INFO] [stdout]   --> src/lib.rs:206:5
[INFO] [stdout]    |
[INFO] [stdout] 5  | pub struct Chain {
[INFO] [stdout]    |            ----- while parsing this struct
[INFO] [stdout] ...
[INFO] [stdout] 13 |     ...
[INFO] [stdout]    |     ^^^ expected identifier
[INFO] [stdout] 
[INFO] [stdout] error: cannot find attribute `nfnetlink_struct` in this scope
[INFO] [stdout]  --> src/lib.rs:196:3
[INFO] [stdout]   |
[INFO] [stdout] 3 | #[nfnetlink_struct(derive_deserialize = false)]
[INFO] [stdout]   |   ^^^^^^^^^^^^^^^^
[INFO] [stdout]   |
[INFO] [stdout] help: consider importing this attribute macro
[INFO] [stdout]   |
[INFO] [stdout] 2 + use rustables_macros::nfnetlink_struct;
[INFO] [stdout]   |
[INFO] [stdout] 
[INFO] [stdout] error: cannot find attribute `field` in this scope
[INFO] [stdout]  --> src/lib.rs:200:7
[INFO] [stdout]   |
[INFO] [stdout] 7 |     #[field(NFTA_CHAIN_TABLE)]
[INFO] [stdout]   |       ^^^^^
[INFO] [stdout] 
[INFO] [stdout] error: cannot find attribute `field` in this scope
[INFO] [stdout]  --> src/lib.rs:202:7
[INFO] [stdout]   |
[INFO] [stdout] 9 |     #[field(NFTA_CHAIN_TYPE, name_in_functions = "type")]
[INFO] [stdout]   |       ^^^^^
[INFO] [stdout] 
[INFO] [stdout] error: cannot find attribute `field` in this scope
[INFO] [stdout]   --> src/lib.rs:204:7
[INFO] [stdout]    |
[INFO] [stdout] 11 |     #[field(optional = true, crate::sys::NFTA_CHAIN_USERDATA)]
[INFO] [stdout]    |       ^^^^^
[INFO] [stdout] 
[INFO] [stdout] error[E0412]: cannot find type `ProtocolFamily` in this scope
[INFO] [stdout]  --> src/lib.rs:199:13
[INFO] [stdout]   |
[INFO] [stdout] 6 |     family: ProtocolFamily,
[INFO] [stdout]   |             ^^^^^^^^^^^^^^ not found in this scope
[INFO] [stdout] 
[INFO] [stdout] error[E0412]: cannot find type `ChainType` in this scope
[INFO] [stdout]   --> src/lib.rs:203:17
[INFO] [stdout]    |
[INFO] [stdout] 10 |     chain_type: ChainType,
[INFO] [stdout]    |                 ^^^^^^^^^ not found in this scope
[INFO] [stdout] 
[INFO] [stdout] error[E0412]: cannot find type `ProtocolFamily` in this scope
[INFO] [stdout]  --> src/lib.rs:199:13
[INFO] [stdout]   |
[INFO] [stdout] 6 |     family: ProtocolFamily,
[INFO] [stdout]   |             ^^^^^^^^^^^^^^ not found in this scope
[INFO] [stdout]   |
[INFO] [stdout] help: you might be missing a type parameter
[INFO] [stdout]   |
[INFO] [stdout] 5 | pub struct Chain<ProtocolFamily> {
[INFO] [stdout]   |                 ++++++++++++++++
[INFO] [stdout] 
[INFO] [stdout] error[E0412]: cannot find type `ChainType` in this scope
[INFO] [stdout]   --> src/lib.rs:203:17
[INFO] [stdout]    |
[INFO] [stdout] 10 |     chain_type: ChainType,
[INFO] [stdout]    |                 ^^^^^^^^^ not found in this scope
[INFO] [stdout]    |
[INFO] [stdout] help: you might be missing a type parameter
[INFO] [stdout]    |
[INFO] [stdout] 5  | pub struct Chain<ChainType> {
[INFO] [stdout]    |                 +++++++++++
[INFO] [stdout] 
[INFO] [stdout] error: aborting due to 9 previous errors
[INFO] [stdout] 
[INFO] [stdout] For more information about this error, try `rustc --explain E0412`.
[INFO] [stdout] Couldn't compile the test.
[INFO] [stdout] 
[INFO] [stdout] failures:
[INFO] [stdout]     src/lib.rs - nfnetlink_struct (line 195)
[INFO] [stdout] 
[INFO] [stdout] test result: FAILED. 0 passed; 1 failed; 0 ignored; 0 measured; 0 filtered out; finished in 0.08s
[INFO] [stdout] 
[INFO] [stderr] error: doctest failed, to rerun pass `--doc`
[INFO] running `Command { std: "docker" "inspect" "d13d57fbccc8bf1da38d5c03bb7e05fc2c932a4fd6d7ddd441be5b7098dd3564", kill_on_drop: false }`
[INFO] running `Command { std: "docker" "rm" "-f" "d13d57fbccc8bf1da38d5c03bb7e05fc2c932a4fd6d7ddd441be5b7098dd3564", kill_on_drop: false }`
[INFO] [stdout] d13d57fbccc8bf1da38d5c03bb7e05fc2c932a4fd6d7ddd441be5b7098dd3564
[INFO] testing rustables-macros-0.1.1 against beta-2023-12-22 for beta-1.76-1
[INFO] extracting crate rustables-macros 0.1.1 into /workspace/builds/worker-0-tc2/source
[INFO] validating manifest of crates.io crate rustables-macros 0.1.1 on toolchain beta-2023-12-22
[INFO] running `Command { std: CARGO_HOME="/workspace/cargo-home" RUSTUP_HOME="/workspace/rustup-home" "/workspace/cargo-home/bin/cargo" "+beta-2023-12-22" "metadata" "--manifest-path" "Cargo.toml" "--no-deps", kill_on_drop: false }`
[INFO] started tweaking crates.io crate rustables-macros 0.1.1
[INFO] finished tweaking crates.io crate rustables-macros 0.1.1
[INFO] tweaked toml for crates.io crate rustables-macros 0.1.1 written to /workspace/builds/worker-0-tc2/source/Cargo.toml
[INFO] running `Command { std: CARGO_HOME="/workspace/cargo-home" RUSTUP_HOME="/workspace/rustup-home" "/workspace/cargo-home/bin/cargo" "+beta-2023-12-22" "generate-lockfile" "--manifest-path" "Cargo.toml", kill_on_drop: false }`
[INFO] [stderr]     Updating crates.io index
[INFO] running `Command { std: CARGO_HOME="/workspace/cargo-home" RUSTUP_HOME="/workspace/rustup-home" "/workspace/cargo-home/bin/cargo" "+beta-2023-12-22" "fetch" "--manifest-path" "Cargo.toml", kill_on_drop: false }`
[INFO] running `Command { std: "docker" "create" "-v" "/var/lib/crater-agent-workspace/builds/worker-0-tc2/target:/opt/rustwide/target:rw,Z" "-v" "/var/lib/crater-agent-workspace/builds/worker-0-tc2/source:/opt/rustwide/workdir:ro,Z" "-v" "/var/lib/crater-agent-workspace/cargo-home:/opt/rustwide/cargo-home:ro,Z" "-v" "/var/lib/crater-agent-workspace/rustup-home:/opt/rustwide/rustup-home:ro,Z" "-e" "SOURCE_DIR=/opt/rustwide/workdir" "-e" "CARGO_TARGET_DIR=/opt/rustwide/target" "-e" "CARGO_HOME=/opt/rustwide/cargo-home" "-e" "RUSTUP_HOME=/opt/rustwide/rustup-home" "-w" "/opt/rustwide/workdir" "-m" "1610612736" "--user" "0:0" "--network" "none" "ghcr.io/rust-lang/crates-build-env/linux@sha256:2788e3201cd34a07e3172128adcd8b3090168a8e3bcc40d7c032b9dda1df7d1c" "/opt/rustwide/cargo-home/bin/cargo" "+beta-2023-12-22" "metadata" "--no-deps" "--format-version=1", kill_on_drop: false }`
[INFO] [stdout] 2c4eb5eee8c69257925ff9454c791286541fc58c71c96b9060350d6cc51e3137
[INFO] running `Command { std: "docker" "start" "-a" "2c4eb5eee8c69257925ff9454c791286541fc58c71c96b9060350d6cc51e3137", kill_on_drop: false }`
[INFO] running `Command { std: "docker" "inspect" "2c4eb5eee8c69257925ff9454c791286541fc58c71c96b9060350d6cc51e3137", kill_on_drop: false }`
[INFO] running `Command { std: "docker" "rm" "-f" "2c4eb5eee8c69257925ff9454c791286541fc58c71c96b9060350d6cc51e3137", kill_on_drop: false }`
[INFO] [stdout] 2c4eb5eee8c69257925ff9454c791286541fc58c71c96b9060350d6cc51e3137
[INFO] running `Command { std: "docker" "create" "-v" "/var/lib/crater-agent-workspace/builds/worker-0-tc2/target:/opt/rustwide/target:rw,Z" "-v" "/var/lib/crater-agent-workspace/builds/worker-0-tc2/source:/opt/rustwide/workdir:ro,Z" "-v" "/var/lib/crater-agent-workspace/cargo-home:/opt/rustwide/cargo-home:ro,Z" "-v" "/var/lib/crater-agent-workspace/rustup-home:/opt/rustwide/rustup-home:ro,Z" "-e" "SOURCE_DIR=/opt/rustwide/workdir" "-e" "CARGO_TARGET_DIR=/opt/rustwide/target" "-e" "CARGO_INCREMENTAL=0" "-e" "RUST_BACKTRACE=full" "-e" "RUSTFLAGS=--cap-lints=warn" "-e" "RUSTDOCFLAGS=--cap-lints=warn" "-e" "CARGO_HOME=/opt/rustwide/cargo-home" "-e" "RUSTUP_HOME=/opt/rustwide/rustup-home" "-w" "/opt/rustwide/workdir" "-m" "1610612736" "--user" "0:0" "--network" "none" "ghcr.io/rust-lang/crates-build-env/linux@sha256:2788e3201cd34a07e3172128adcd8b3090168a8e3bcc40d7c032b9dda1df7d1c" "/opt/rustwide/cargo-home/bin/cargo" "+beta-2023-12-22" "build" "--frozen" "--message-format=json", kill_on_drop: false }`
[INFO] [stdout] 731cf077713da99c3240ec1aae2994cc4d75524d4a617006133368bf67f11776
[INFO] running `Command { std: "docker" "start" "-a" "731cf077713da99c3240ec1aae2994cc4d75524d4a617006133368bf67f11776", kill_on_drop: false }`
[INFO] [stderr]    Compiling version_check v0.9.4
[INFO] [stderr]    Compiling proc-macro2 v1.0.75
[INFO] [stderr]    Compiling unicode-ident v1.0.12
[INFO] [stderr]    Compiling syn v1.0.109
[INFO] [stderr]    Compiling once_cell v1.19.0
[INFO] [stderr]    Compiling proc-macro-error-attr v1.0.4
[INFO] [stderr]    Compiling proc-macro-error v1.0.4
[INFO] [stderr]    Compiling quote v1.0.35
[INFO] [stderr]    Compiling rustables-macros v0.1.1 (/opt/rustwide/workdir)
[INFO] [stdout] warning: variable does not need to be mutable
[INFO] [stdout]    --> src/lib.rs:588:13
[INFO] [stdout]     |
[INFO] [stdout] 588 |         let mut discriminant = inner.discriminant.as_mut().unwrap();
[INFO] [stdout]     |             ----^^^^^^^^^^^^
[INFO] [stdout]     |             |
[INFO] [stdout]     |             help: remove this `mut`
[INFO] [stdout]     |
[INFO] [stdout]     = note: `#[warn(unused_mut)]` on by default
[INFO] [stdout] 
[INFO] [stdout] 
[INFO] [stdout] warning: 1 warning emitted
[INFO] [stdout] 
[INFO] [stdout] 
[INFO] [stderr]     Finished dev [unoptimized + debuginfo] target(s) in 2.97s
[INFO] running `Command { std: "docker" "inspect" "731cf077713da99c3240ec1aae2994cc4d75524d4a617006133368bf67f11776", kill_on_drop: false }`
[INFO] running `Command { std: "docker" "rm" "-f" "731cf077713da99c3240ec1aae2994cc4d75524d4a617006133368bf67f11776", kill_on_drop: false }`
[INFO] [stdout] 731cf077713da99c3240ec1aae2994cc4d75524d4a617006133368bf67f11776
[INFO] running `Command { std: "docker" "create" "-v" "/var/lib/crater-agent-workspace/builds/worker-0-tc2/target:/opt/rustwide/target:rw,Z" "-v" "/var/lib/crater-agent-workspace/builds/worker-0-tc2/source:/opt/rustwide/workdir:ro,Z" "-v" "/var/lib/crater-agent-workspace/cargo-home:/opt/rustwide/cargo-home:ro,Z" "-v" "/var/lib/crater-agent-workspace/rustup-home:/opt/rustwide/rustup-home:ro,Z" "-e" "SOURCE_DIR=/opt/rustwide/workdir" "-e" "CARGO_TARGET_DIR=/opt/rustwide/target" "-e" "CARGO_INCREMENTAL=0" "-e" "RUST_BACKTRACE=full" "-e" "RUSTFLAGS=--cap-lints=warn" "-e" "RUSTDOCFLAGS=--cap-lints=warn" "-e" "CARGO_HOME=/opt/rustwide/cargo-home" "-e" "RUSTUP_HOME=/opt/rustwide/rustup-home" "-w" "/opt/rustwide/workdir" "-m" "1610612736" "--user" "0:0" "--network" "none" "ghcr.io/rust-lang/crates-build-env/linux@sha256:2788e3201cd34a07e3172128adcd8b3090168a8e3bcc40d7c032b9dda1df7d1c" "/opt/rustwide/cargo-home/bin/cargo" "+beta-2023-12-22" "test" "--frozen" "--no-run" "--message-format=json", kill_on_drop: false }`
[INFO] [stdout] 100bbd7e2734804a4427bac113ce2117ddb204774850754dc1daa0449e1d6daa
[INFO] running `Command { std: "docker" "start" "-a" "100bbd7e2734804a4427bac113ce2117ddb204774850754dc1daa0449e1d6daa", kill_on_drop: false }`
[INFO] [stderr]    Compiling rustables-macros v0.1.1 (/opt/rustwide/workdir)
[INFO] [stdout] warning: variable does not need to be mutable
[INFO] [stdout]    --> src/lib.rs:588:13
[INFO] [stdout]     |
[INFO] [stdout] 588 |         let mut discriminant = inner.discriminant.as_mut().unwrap();
[INFO] [stdout]     |             ----^^^^^^^^^^^^
[INFO] [stdout]     |             |
[INFO] [stdout]     |             help: remove this `mut`
[INFO] [stdout]     |
[INFO] [stdout]     = note: `#[warn(unused_mut)]` on by default
[INFO] [stdout] 
[INFO] [stdout] 
[INFO] [stdout] warning: variable does not need to be mutable
[INFO] [stdout]    --> src/lib.rs:588:13
[INFO] [stdout]     |
[INFO] [stdout] 588 |         let mut discriminant = inner.discriminant.as_mut().unwrap();
[INFO] [stdout]     |             ----^^^^^^^^^^^^
[INFO] [stdout]     |             |
[INFO] [stdout]     |             help: remove this `mut`
[INFO] [stdout]     |
[INFO] [stdout]     = note: `#[warn(unused_mut)]` on by default
[INFO] [stdout] 
[INFO] [stdout] 
[INFO] [stdout] warning: 1 warning emitted
[INFO] [stdout] 
[INFO] [stdout] 
[INFO] [stdout] warning: 1 warning emitted
[INFO] [stdout] 
[INFO] [stdout] 
[INFO] [stderr]     Finished test [unoptimized + debuginfo] target(s) in 0.52s
[INFO] running `Command { std: "docker" "inspect" "100bbd7e2734804a4427bac113ce2117ddb204774850754dc1daa0449e1d6daa", kill_on_drop: false }`
[INFO] running `Command { std: "docker" "rm" "-f" "100bbd7e2734804a4427bac113ce2117ddb204774850754dc1daa0449e1d6daa", kill_on_drop: false }`
[INFO] [stdout] 100bbd7e2734804a4427bac113ce2117ddb204774850754dc1daa0449e1d6daa
[INFO] running `Command { std: "docker" "create" "-v" "/var/lib/crater-agent-workspace/builds/worker-0-tc2/target:/opt/rustwide/target:rw,Z" "-v" "/var/lib/crater-agent-workspace/builds/worker-0-tc2/source:/opt/rustwide/workdir:ro,Z" "-v" "/var/lib/crater-agent-workspace/cargo-home:/opt/rustwide/cargo-home:ro,Z" "-v" "/var/lib/crater-agent-workspace/rustup-home:/opt/rustwide/rustup-home:ro,Z" "-e" "SOURCE_DIR=/opt/rustwide/workdir" "-e" "CARGO_TARGET_DIR=/opt/rustwide/target" "-e" "CARGO_INCREMENTAL=0" "-e" "RUST_BACKTRACE=full" "-e" "RUSTFLAGS=--cap-lints=warn" "-e" "RUSTDOCFLAGS=--cap-lints=warn" "-e" "CARGO_HOME=/opt/rustwide/cargo-home" "-e" "RUSTUP_HOME=/opt/rustwide/rustup-home" "-w" "/opt/rustwide/workdir" "-m" "1610612736" "--user" "0:0" "--network" "none" "ghcr.io/rust-lang/crates-build-env/linux@sha256:2788e3201cd34a07e3172128adcd8b3090168a8e3bcc40d7c032b9dda1df7d1c" "/opt/rustwide/cargo-home/bin/cargo" "+beta-2023-12-22" "test" "--frozen", kill_on_drop: false }`
[INFO] [stdout] e402a387b3ee14a9d5a9497f460258812e168238e0bbe8f01a7faccc6e3e9eb5
[INFO] running `Command { std: "docker" "start" "-a" "e402a387b3ee14a9d5a9497f460258812e168238e0bbe8f01a7faccc6e3e9eb5", kill_on_drop: false }`
[INFO] [stderr] warning: variable does not need to be mutable
[INFO] [stderr]    --> src/lib.rs:588:13
[INFO] [stderr]     |
[INFO] [stderr] 588 |         let mut discriminant = inner.discriminant.as_mut().unwrap();
[INFO] [stderr]     |             ----^^^^^^^^^^^^
[INFO] [stderr]     |             |
[INFO] [stderr]     |             help: remove this `mut`
[INFO] [stderr]     |
[INFO] [stderr]     = note: `#[warn(unused_mut)]` on by default
[INFO] [stderr] 
[INFO] [stderr] warning: `rustables-macros` (lib) generated 1 warning (run `cargo fix --lib -p rustables-macros` to apply 1 suggestion)
[INFO] [stderr] warning: `rustables-macros` (lib test) generated 1 warning (1 duplicate)
[INFO] [stderr]     Finished test [unoptimized + debuginfo] target(s) in 0.01s
[INFO] [stderr]      Running unittests src/lib.rs (/opt/rustwide/target/debug/deps/rustables_macros-e337378fb8e995a8)
[INFO] [stdout] 
[INFO] [stdout] running 0 tests
[INFO] [stdout] 
[INFO] [stdout] test result: ok. 0 passed; 0 failed; 0 ignored; 0 measured; 0 filtered out; finished in 0.00s
[INFO] [stdout] 
[INFO] [stderr]    Doc-tests rustables-macros
[INFO] [stdout] 
[INFO] [stdout] running 1 test
[INFO] [stdout] test src/lib.rs - nfnetlink_struct (line 195) ... FAILED
[INFO] [stdout] 
[INFO] [stdout] failures:
[INFO] [stdout] 
[INFO] [stdout] ---- src/lib.rs - nfnetlink_struct (line 195) stdout ----
[INFO] [stdout] error: expected identifier, found `...`
[INFO] [stdout]   --> src/lib.rs:206:5
[INFO] [stdout]    |
[INFO] [stdout] 5  | pub struct Chain {
[INFO] [stdout]    |            ----- while parsing this struct
[INFO] [stdout] ...
[INFO] [stdout] 13 |     ...
[INFO] [stdout]    |     ^^^ expected identifier
[INFO] [stdout] 
[INFO] [stdout] error: cannot find attribute `nfnetlink_struct` in this scope
[INFO] [stdout]  --> src/lib.rs:196:3
[INFO] [stdout]   |
[INFO] [stdout] 3 | #[nfnetlink_struct(derive_deserialize = false)]
[INFO] [stdout]   |   ^^^^^^^^^^^^^^^^
[INFO] [stdout]   |
[INFO] [stdout] help: consider importing this attribute macro
[INFO] [stdout]   |
[INFO] [stdout] 2 + use rustables_macros::nfnetlink_struct;
[INFO] [stdout]   |
[INFO] [stdout] 
[INFO] [stdout] error: cannot find attribute `field` in this scope
[INFO] [stdout]  --> src/lib.rs:200:7
[INFO] [stdout]   |
[INFO] [stdout] 7 |     #[field(NFTA_CHAIN_TABLE)]
[INFO] [stdout]   |       ^^^^^
[INFO] [stdout] 
[INFO] [stdout] error: cannot find attribute `field` in this scope
[INFO] [stdout]  --> src/lib.rs:202:7
[INFO] [stdout]   |
[INFO] [stdout] 9 |     #[field(NFTA_CHAIN_TYPE, name_in_functions = "type")]
[INFO] [stdout]   |       ^^^^^
[INFO] [stdout] 
[INFO] [stdout] error: cannot find attribute `field` in this scope
[INFO] [stdout]   --> src/lib.rs:204:7
[INFO] [stdout]    |
[INFO] [stdout] 11 |     #[field(optional = true, crate::sys::NFTA_CHAIN_USERDATA)]
[INFO] [stdout]    |       ^^^^^
[INFO] [stdout] 
[INFO] [stdout] error[E0412]: cannot find type `ProtocolFamily` in this scope
[INFO] [stdout]  --> src/lib.rs:199:13
[INFO] [stdout]   |
[INFO] [stdout] 6 |     family: ProtocolFamily,
[INFO] [stdout]   |             ^^^^^^^^^^^^^^ not found in this scope
[INFO] [stdout] 
[INFO] [stdout] error[E0412]: cannot find type `ChainType` in this scope
[INFO] [stdout]   --> src/lib.rs:203:17
[INFO] [stdout]    |
[INFO] [stdout] 10 |     chain_type: ChainType,
[INFO] [stdout]    |                 ^^^^^^^^^ not found in this scope
[INFO] [stdout] 
[INFO] [stdout] error[E0412]: cannot find type `ProtocolFamily` in this scope
[INFO] [stdout]  --> src/lib.rs:199:13
[INFO] [stdout]   |
[INFO] [stdout] 6 |     family: ProtocolFamily,
[INFO] [stdout]   |             ^^^^^^^^^^^^^^ not found in this scope
[INFO] [stdout]   |
[INFO] [stdout] help: you might be missing a type parameter
[INFO] [stdout]   |
[INFO] [stdout] 5 | pub struct Chain<ProtocolFamily> {
[INFO] [stdout]   |                 ++++++++++++++++
[INFO] [stdout] 
[INFO] [stdout] error[E0412]: cannot find type `ChainType` in this scope
[INFO] [stdout]   --> src/lib.rs:203:17
[INFO] [stdout]    |
[INFO] [stdout] 10 |     chain_type: ChainType,
[INFO] [stdout]    |                 ^^^^^^^^^ not found in this scope
[INFO] [stdout]    |
[INFO] [stdout] help: you might be missing a type parameter
[INFO] [stdout]    |
[INFO] [stdout] 5  | pub struct Chain<ChainType> {
[INFO] [stdout]    |                 +++++++++++
[INFO] [stdout] 
[INFO] [stdout] error: aborting due to 9 previous errors
[INFO] [stdout] 
[INFO] [stdout] For more information about this error, try `rustc --explain E0412`.
[INFO] [stdout] Couldn't compile the test.
[INFO] [stdout] 
[INFO] [stdout] failures:
[INFO] [stdout]     src/lib.rs - nfnetlink_struct (line 195)
[INFO] [stdout] 
[INFO] [stdout] test result: FAILED. 0 passed; 1 failed; 0 ignored; 0 measured; 0 filtered out; finished in 0.08s
[INFO] [stdout] 
[INFO] [stderr] error: doctest failed, to rerun pass `--doc`
[INFO] running `Command { std: "docker" "inspect" "e402a387b3ee14a9d5a9497f460258812e168238e0bbe8f01a7faccc6e3e9eb5", kill_on_drop: false }`
[INFO] running `Command { std: "docker" "rm" "-f" "e402a387b3ee14a9d5a9497f460258812e168238e0bbe8f01a7faccc6e3e9eb5", kill_on_drop: false }`
[INFO] [stdout] e402a387b3ee14a9d5a9497f460258812e168238e0bbe8f01a7faccc6e3e9eb5
