[INFO] fetching crate rust_engineio 0.4.4...
[INFO] testing rust_engineio-0.4.4 against 1.75.0 for beta-1.76-1
[INFO] extracting crate rust_engineio 0.4.4 into /workspace/builds/worker-4-tc1/source
[INFO] validating manifest of crates.io crate rust_engineio 0.4.4 on toolchain 1.75.0
[INFO] running `Command { std: CARGO_HOME="/workspace/cargo-home" RUSTUP_HOME="/workspace/rustup-home" "/workspace/cargo-home/bin/cargo" "+1.75.0" "metadata" "--manifest-path" "Cargo.toml" "--no-deps", kill_on_drop: false }`
[INFO] started tweaking crates.io crate rust_engineio 0.4.4
[INFO] finished tweaking crates.io crate rust_engineio 0.4.4
[INFO] tweaked toml for crates.io crate rust_engineio 0.4.4 written to /workspace/builds/worker-4-tc1/source/Cargo.toml
[INFO] running `Command { std: CARGO_HOME="/workspace/cargo-home" RUSTUP_HOME="/workspace/rustup-home" "/workspace/cargo-home/bin/cargo" "+1.75.0" "generate-lockfile" "--manifest-path" "Cargo.toml", kill_on_drop: false }`
[INFO] [stderr]     Updating crates.io index
[INFO] running `Command { std: CARGO_HOME="/workspace/cargo-home" RUSTUP_HOME="/workspace/rustup-home" "/workspace/cargo-home/bin/cargo" "+1.75.0" "fetch" "--manifest-path" "Cargo.toml", kill_on_drop: false }`
[INFO] running `Command { std: "docker" "create" "-v" "/var/lib/crater-agent-workspace/builds/worker-4-tc1/target:/opt/rustwide/target:rw,Z" "-v" "/var/lib/crater-agent-workspace/builds/worker-4-tc1/source:/opt/rustwide/workdir:ro,Z" "-v" "/var/lib/crater-agent-workspace/cargo-home:/opt/rustwide/cargo-home:ro,Z" "-v" "/var/lib/crater-agent-workspace/rustup-home:/opt/rustwide/rustup-home:ro,Z" "-e" "SOURCE_DIR=/opt/rustwide/workdir" "-e" "CARGO_TARGET_DIR=/opt/rustwide/target" "-e" "CARGO_HOME=/opt/rustwide/cargo-home" "-e" "RUSTUP_HOME=/opt/rustwide/rustup-home" "-w" "/opt/rustwide/workdir" "-m" "1610612736" "--user" "0:0" "--network" "none" "ghcr.io/rust-lang/crates-build-env/linux@sha256:2788e3201cd34a07e3172128adcd8b3090168a8e3bcc40d7c032b9dda1df7d1c" "/opt/rustwide/cargo-home/bin/cargo" "+1.75.0" "metadata" "--no-deps" "--format-version=1", kill_on_drop: false }`
[INFO] [stdout] bb71be872ab45d2148b6ec7a421d90da60a2474cb600b02be954d638bc41b3fe
[INFO] running `Command { std: "docker" "start" "-a" "bb71be872ab45d2148b6ec7a421d90da60a2474cb600b02be954d638bc41b3fe", kill_on_drop: false }`
[INFO] running `Command { std: "docker" "inspect" "bb71be872ab45d2148b6ec7a421d90da60a2474cb600b02be954d638bc41b3fe", kill_on_drop: false }`
[INFO] running `Command { std: "docker" "rm" "-f" "bb71be872ab45d2148b6ec7a421d90da60a2474cb600b02be954d638bc41b3fe", kill_on_drop: false }`
[INFO] [stdout] bb71be872ab45d2148b6ec7a421d90da60a2474cb600b02be954d638bc41b3fe
[INFO] running `Command { std: "docker" "create" "-v" "/var/lib/crater-agent-workspace/builds/worker-4-tc1/target:/opt/rustwide/target:rw,Z" "-v" "/var/lib/crater-agent-workspace/builds/worker-4-tc1/source:/opt/rustwide/workdir:ro,Z" "-v" "/var/lib/crater-agent-workspace/cargo-home:/opt/rustwide/cargo-home:ro,Z" "-v" "/var/lib/crater-agent-workspace/rustup-home:/opt/rustwide/rustup-home:ro,Z" "-e" "SOURCE_DIR=/opt/rustwide/workdir" "-e" "CARGO_TARGET_DIR=/opt/rustwide/target" "-e" "CARGO_INCREMENTAL=0" "-e" "RUST_BACKTRACE=full" "-e" "RUSTFLAGS=--cap-lints=warn" "-e" "RUSTDOCFLAGS=--cap-lints=warn" "-e" "CARGO_HOME=/opt/rustwide/cargo-home" "-e" "RUSTUP_HOME=/opt/rustwide/rustup-home" "-w" "/opt/rustwide/workdir" "-m" "1610612736" "--user" "0:0" "--network" "none" "ghcr.io/rust-lang/crates-build-env/linux@sha256:2788e3201cd34a07e3172128adcd8b3090168a8e3bcc40d7c032b9dda1df7d1c" "/opt/rustwide/cargo-home/bin/cargo" "+1.75.0" "build" "--frozen" "--message-format=json", kill_on_drop: false }`
[INFO] [stdout] a8d825a7d74cecaf9299d46ac04280c723023debcf96c6e54eaf9d16742db06e
[INFO] running `Command { std: "docker" "start" "-a" "a8d825a7d74cecaf9299d46ac04280c723023debcf96c6e54eaf9d16742db06e", kill_on_drop: false }`
[INFO] [stderr]    Compiling pin-project-lite v0.2.13
[INFO] [stderr]    Compiling bytes v1.5.0
[INFO] [stderr]    Compiling futures-core v0.3.30
[INFO] [stderr]    Compiling typenum v1.17.0
[INFO] [stderr]    Compiling generic-array v0.14.7
[INFO] [stderr]    Compiling syn v2.0.48
[INFO] [stderr]    Compiling socket2 v0.5.5
[INFO] [stderr]    Compiling mio v0.8.10
[INFO] [stderr]    Compiling futures-sink v0.3.30
[INFO] [stderr]    Compiling tracing-core v0.1.32
[INFO] [stderr]    Compiling futures-task v0.3.30
[INFO] [stderr]    Compiling pin-utils v0.1.0
[INFO] [stderr]    Compiling http v0.2.11
[INFO] [stderr]    Compiling memchr v2.7.1
[INFO] [stderr]    Compiling futures-io v0.3.30
[INFO] [stderr]    Compiling tracing v0.1.40
[INFO] [stderr]    Compiling unicode-normalization v0.1.22
[INFO] [stderr]    Compiling getrandom v0.2.11
[INFO] [stderr]    Compiling equivalent v1.0.1
[INFO] [stderr]    Compiling hashbrown v0.14.3
[INFO] [stderr]    Compiling unicode-bidi v0.3.14
[INFO] [stderr]    Compiling serde v1.0.194
[INFO] [stderr]    Compiling idna v0.5.0
[INFO] [stderr]    Compiling rand_core v0.6.4
[INFO] [stderr]    Compiling thiserror v1.0.56
[INFO] [stderr]    Compiling ppv-lite86 v0.2.17
[INFO] [stderr]    Compiling indexmap v2.1.0
[INFO] [stderr]    Compiling want v0.3.1
[INFO] [stderr]    Compiling url v2.5.0
[INFO] [stderr]    Compiling http-body v0.4.6
[INFO] [stderr]    Compiling futures-channel v0.3.30
[INFO] [stderr]    Compiling rand_chacha v0.3.1
[INFO] [stderr]    Compiling cpufeatures v0.2.12
[INFO] [stderr]    Compiling block-buffer v0.10.4
[INFO] [stderr]    Compiling crypto-common v0.1.6
[INFO] [stderr]    Compiling httpdate v1.0.3
[INFO] [stderr]    Compiling tower-service v0.3.2
[INFO] [stderr]    Compiling digest v0.10.7
[INFO] [stderr]    Compiling rand v0.8.5
[INFO] [stderr]    Compiling utf-8 v0.7.6
[INFO] [stderr]    Compiling sha1 v0.10.6
[INFO] [stderr]    Compiling data-encoding v2.5.0
[INFO] [stderr]    Compiling async-trait v0.1.77
[INFO] [stderr]    Compiling base64 v0.21.5
[INFO] [stderr]    Compiling ipnet v2.9.0
[INFO] [stderr]    Compiling adler32 v1.2.0
[INFO] [stderr]    Compiling tokio-macros v2.2.0
[INFO] [stderr]    Compiling openssl-macros v0.1.1
[INFO] [stderr]    Compiling futures-macro v0.3.30
[INFO] [stderr]    Compiling serde_derive v1.0.194
[INFO] [stderr]    Compiling thiserror-impl v1.0.56
[INFO] [stderr]    Compiling async-stream-impl v0.3.5
[INFO] [stderr]    Compiling async-stream v0.3.5
[INFO] [stderr]    Compiling openssl v0.10.62
[INFO] [stderr]    Compiling tokio v1.35.1
[INFO] [stderr]    Compiling futures-util v0.3.30
[INFO] [stderr]    Compiling native-tls v0.2.11
[INFO] [stderr]    Compiling tungstenite v0.20.1
[INFO] [stderr]    Compiling tokio-util v0.7.10
[INFO] [stderr]    Compiling tokio-native-tls v0.3.1
[INFO] [stderr]    Compiling tokio-tungstenite v0.20.1
[INFO] [stderr]    Compiling h2 v0.3.22
[INFO] [stderr]    Compiling serde_urlencoded v0.7.1
[INFO] [stderr]    Compiling serde_json v1.0.111
[INFO] [stderr]    Compiling hyper v0.14.28
[INFO] [stderr]    Compiling hyper-tls v0.5.0
[INFO] [stderr]    Compiling reqwest v0.11.23
[INFO] [stderr]    Compiling rust_engineio v0.4.4 (/opt/rustwide/workdir)
[INFO] [stderr]     Finished dev [unoptimized + debuginfo] target(s) in 24.43s
[INFO] running `Command { std: "docker" "inspect" "a8d825a7d74cecaf9299d46ac04280c723023debcf96c6e54eaf9d16742db06e", kill_on_drop: false }`
[INFO] running `Command { std: "docker" "rm" "-f" "a8d825a7d74cecaf9299d46ac04280c723023debcf96c6e54eaf9d16742db06e", kill_on_drop: false }`
[INFO] [stdout] a8d825a7d74cecaf9299d46ac04280c723023debcf96c6e54eaf9d16742db06e
[INFO] running `Command { std: "docker" "create" "-v" "/var/lib/crater-agent-workspace/builds/worker-4-tc1/target:/opt/rustwide/target:rw,Z" "-v" "/var/lib/crater-agent-workspace/builds/worker-4-tc1/source:/opt/rustwide/workdir:ro,Z" "-v" "/var/lib/crater-agent-workspace/cargo-home:/opt/rustwide/cargo-home:ro,Z" "-v" "/var/lib/crater-agent-workspace/rustup-home:/opt/rustwide/rustup-home:ro,Z" "-e" "SOURCE_DIR=/opt/rustwide/workdir" "-e" "CARGO_TARGET_DIR=/opt/rustwide/target" "-e" "CARGO_INCREMENTAL=0" "-e" "RUST_BACKTRACE=full" "-e" "RUSTFLAGS=--cap-lints=warn" "-e" "RUSTDOCFLAGS=--cap-lints=warn" "-e" "CARGO_HOME=/opt/rustwide/cargo-home" "-e" "RUSTUP_HOME=/opt/rustwide/rustup-home" "-w" "/opt/rustwide/workdir" "-m" "1610612736" "--user" "0:0" "--network" "none" "ghcr.io/rust-lang/crates-build-env/linux@sha256:2788e3201cd34a07e3172128adcd8b3090168a8e3bcc40d7c032b9dda1df7d1c" "/opt/rustwide/cargo-home/bin/cargo" "+1.75.0" "test" "--frozen" "--no-run" "--message-format=json", kill_on_drop: false }`
[INFO] [stdout] 7aabe2b60cb64376b2ba5f66dbcc5da9e57104dd500961cc2a10ea68addc41e8
[INFO] running `Command { std: "docker" "start" "-a" "7aabe2b60cb64376b2ba5f66dbcc5da9e57104dd500961cc2a10ea68addc41e8", kill_on_drop: false }`
[INFO] [stderr]    Compiling crossbeam-utils v0.8.18
[INFO] [stderr]    Compiling num-traits v0.2.17
[INFO] [stderr]    Compiling rustix v0.38.28
[INFO] [stderr]    Compiling rayon-core v1.12.0
[INFO] [stderr]    Compiling either v1.9.0
[INFO] [stderr]    Compiling regex-syntax v0.8.2
[INFO] [stderr]    Compiling clap_lex v0.6.0
[INFO] [stderr]    Compiling anstyle v1.0.4
[INFO] [stderr]    Compiling linux-raw-sys v0.4.12
[INFO] [stderr]    Compiling ciborium-io v0.2.1
[INFO] [stderr]    Compiling half v1.8.2
[INFO] [stderr]    Compiling plotters-backend v0.3.5
[INFO] [stderr]    Compiling clap_builder v4.4.12
[INFO] [stderr]    Compiling itertools v0.10.5
[INFO] [stderr]    Compiling plotters-svg v0.3.5
[INFO] [stderr]    Compiling ciborium-ll v0.2.1
[INFO] [stderr]    Compiling crossbeam-epoch v0.9.17
[INFO] [stderr]    Compiling cast v0.3.0
[INFO] [stderr]    Compiling same-file v1.0.6
[INFO] [stderr]    Compiling crossbeam-deque v0.8.4
[INFO] [stderr]    Compiling regex-automata v0.4.3
[INFO] [stderr]    Compiling walkdir v2.4.0
[INFO] [stderr]    Compiling plotters v0.3.5
[INFO] [stderr]    Compiling ciborium v0.2.1
[INFO] [stderr]    Compiling criterion-plot v0.5.0
[INFO] [stderr]    Compiling clap v4.4.13
[INFO] [stderr]    Compiling rayon v1.8.0
[INFO] [stderr]    Compiling tinytemplate v1.2.1
[INFO] [stderr]    Compiling is-terminal v0.4.10
[INFO] [stderr]    Compiling futures v0.3.30
[INFO] [stderr]    Compiling regex v1.10.2
[INFO] [stderr]    Compiling anes v0.1.6
[INFO] [stderr]    Compiling oorandom v11.1.3
[INFO] [stderr]    Compiling criterion v0.5.1
[INFO] [stderr]    Compiling rust_engineio v0.4.4 (/opt/rustwide/workdir)
[INFO] [stderr]     Finished test [unoptimized + debuginfo] target(s) in 18.29s
[INFO] running `Command { std: "docker" "inspect" "7aabe2b60cb64376b2ba5f66dbcc5da9e57104dd500961cc2a10ea68addc41e8", kill_on_drop: false }`
[INFO] running `Command { std: "docker" "rm" "-f" "7aabe2b60cb64376b2ba5f66dbcc5da9e57104dd500961cc2a10ea68addc41e8", kill_on_drop: false }`
[INFO] [stdout] 7aabe2b60cb64376b2ba5f66dbcc5da9e57104dd500961cc2a10ea68addc41e8
[INFO] running `Command { std: "docker" "create" "-v" "/var/lib/crater-agent-workspace/builds/worker-4-tc1/target:/opt/rustwide/target:rw,Z" "-v" "/var/lib/crater-agent-workspace/builds/worker-4-tc1/source:/opt/rustwide/workdir:ro,Z" "-v" "/var/lib/crater-agent-workspace/cargo-home:/opt/rustwide/cargo-home:ro,Z" "-v" "/var/lib/crater-agent-workspace/rustup-home:/opt/rustwide/rustup-home:ro,Z" "-e" "SOURCE_DIR=/opt/rustwide/workdir" "-e" "CARGO_TARGET_DIR=/opt/rustwide/target" "-e" "CARGO_INCREMENTAL=0" "-e" "RUST_BACKTRACE=full" "-e" "RUSTFLAGS=--cap-lints=warn" "-e" "RUSTDOCFLAGS=--cap-lints=warn" "-e" "CARGO_HOME=/opt/rustwide/cargo-home" "-e" "RUSTUP_HOME=/opt/rustwide/rustup-home" "-w" "/opt/rustwide/workdir" "-m" "1610612736" "--user" "0:0" "--network" "none" "ghcr.io/rust-lang/crates-build-env/linux@sha256:2788e3201cd34a07e3172128adcd8b3090168a8e3bcc40d7c032b9dda1df7d1c" "/opt/rustwide/cargo-home/bin/cargo" "+1.75.0" "test" "--frozen", kill_on_drop: false }`
[INFO] [stdout] 9f54cbfa16011057e865a6c81574e977fcf6f0051c57cb2fbfee997c3887407f
[INFO] running `Command { std: "docker" "start" "-a" "9f54cbfa16011057e865a6c81574e977fcf6f0051c57cb2fbfee997c3887407f", kill_on_drop: false }`
[INFO] [stderr]     Finished test [unoptimized + debuginfo] target(s) in 0.14s
[INFO] [stderr]      Running unittests src/lib.rs (/opt/rustwide/target/debug/deps/rust_engineio-86a2311ec8c7ff5d)
[INFO] [stdout] 
[INFO] [stdout] running 39 tests
[INFO] [stdout] test asynchronous::async_transports::websocket_secure::test::websocket_secure_debug ... FAILED
[INFO] [stdout] test asynchronous::async_transports::websocket_secure::test::websocket_secure_transport_base_url ... FAILED
[INFO] [stdout] test asynchronous::client::async_client::test::test_connection_dynamic_secure ... FAILED
[INFO] [stdout] test asynchronous::async_transports::websocket::test::websocket_transport_base_url ... FAILED
[INFO] [stdout] test asynchronous::async_transports::websocket::test::websocket_secure_debug ... FAILED
[INFO] [stdout] test asynchronous::client::async_client::test::test_connection_dynamic ... FAILED
[INFO] [stdout] test asynchronous::client::async_client::test::test_connection_polling ... FAILED
[INFO] [stdout] test asynchronous::client::async_client::test::test_connection_wss ... FAILED
[INFO] [stdout] test asynchronous::async_transports::polling::test::polling_transport_base_url ... ok
[INFO] [stdout] test asynchronous::client::async_client::test::test_connection_long ... FAILED
[INFO] [stdout] test client::client::test::test_connection_dynamic_secure ... FAILED
[INFO] [stdout] test asynchronous::client::async_client::test::test_connection_ws ... FAILED
[INFO] [stdout] test asynchronous::client::async_client::test::test_client_cloneable ... FAILED
[INFO] [stdout] test asynchronous::client::async_client::test::test_connection_fallback ... FAILED
[INFO] [stdout] test asynchronous::client::async_client::test::test_illegal_actions ... FAILED
[INFO] [stdout] test client::client::test::test_connection_dynamic ... FAILED
[INFO] [stdout] test client::client::test::test_client_cloneable ... FAILED
[INFO] [stdout] test client::client::test::test_connection_long ... FAILED
[INFO] [stdout] test error::tests::test_error_conversion ... ok
[INFO] [stdout] test packet::tests::test_binary_packet ... ok
[INFO] [stdout] test packet::tests::test_binary_payload ... ok
[INFO] [stdout] test packet::tests::test_decode_payload ... ok
[INFO] [stdout] test packet::tests::test_handshake_packet ... ok
[INFO] [stdout] test packet::tests::test_is_reflexive ... ok
[INFO] [stdout] test packet::tests::test_packet_error ... ok
[INFO] [stdout] test packet::tests::test_packet_id_conversion_and_incompl_packet ... ok
[INFO] [stdout] test client::client::test::test_connection_polling ... FAILED
[INFO] [stdout] test client::client::test::test_connection_wss ... FAILED
[INFO] [stdout] test transports::websocket::test::websocket_secure_debug ... FAILED
[INFO] [stdout] test transports::websocket::test::websocket_transport_base_url ... FAILED
[INFO] [stdout] test transports::websocket_secure::test::websocket_secure_debug ... FAILED
[INFO] [stdout] test transports::websocket_secure::test::websocket_secure_transport_base_url ... FAILED
[INFO] [stdout] test client::client::test::test_connection_ws ... FAILED
[INFO] [stdout] test transports::polling::test::polling_transport_base_url ... ok
[INFO] [stdout] test client::client::test::test_illegal_actions ... FAILED
[INFO] [stdout] test asynchronous::client::async_client::test::test_open_invariants ... FAILED
[INFO] [stdout] test client::client::test::test_connection_fallback ... FAILED
[INFO] [stdout] test transports::polling::test::transport_debug ... ok
[INFO] [stderr] error: test failed, to rerun pass `--lib`
[INFO] [stdout] test client::client::test::test_open_invariants ... FAILED
[INFO] [stdout] 
[INFO] [stdout] failures:
[INFO] [stdout] 
[INFO] [stdout] ---- asynchronous::async_transports::websocket_secure::test::websocket_secure_debug stdout ----
[INFO] [stdout] Error: IncompleteIo(Os { code: 2, kind: NotFound, message: "No such file or directory" })
[INFO] [stdout] 
[INFO] [stdout] ---- asynchronous::async_transports::websocket_secure::test::websocket_secure_transport_base_url stdout ----
[INFO] [stdout] Error: IncompleteIo(Os { code: 2, kind: NotFound, message: "No such file or directory" })
[INFO] [stdout] 
[INFO] [stdout] ---- asynchronous::client::async_client::test::test_connection_dynamic_secure stdout ----
[INFO] [stdout] Error: IncompleteIo(Os { code: 2, kind: NotFound, message: "No such file or directory" })
[INFO] [stdout] 
[INFO] [stdout] ---- asynchronous::async_transports::websocket::test::websocket_transport_base_url stdout ----
[INFO] [stdout] Error: WebsocketError(Io(Os { code: 99, kind: AddrNotAvailable, message: "Cannot assign requested address" }))
[INFO] [stdout] 
[INFO] [stdout] ---- asynchronous::async_transports::websocket::test::websocket_secure_debug stdout ----
[INFO] [stdout] Error: WebsocketError(Io(Os { code: 99, kind: AddrNotAvailable, message: "Cannot assign requested address" }))
[INFO] [stdout] 
[INFO] [stdout] ---- asynchronous::client::async_client::test::test_connection_dynamic stdout ----
[INFO] [stdout] Error: IncompleteResponseFromReqwest(reqwest::Error { kind: Request, url: Url { scheme: "http", cannot_be_a_base: false, username: "", password: None, host: Some(Domain("localhost")), port: Some(4201), path: "/engine.io/", query: Some("EIO=4&transport=polling&t=671617138"), fragment: None }, source: hyper::Error(Connect, ConnectError("tcp connect error", Os { code: 99, kind: AddrNotAvailable, message: "Cannot assign requested address" })) })
[INFO] [stdout] 
[INFO] [stdout] ---- asynchronous::client::async_client::test::test_connection_polling stdout ----
[INFO] [stdout] Error: IncompleteResponseFromReqwest(reqwest::Error { kind: Request, url: Url { scheme: "http", cannot_be_a_base: false, username: "", password: None, host: Some(Domain("localhost")), port: Some(4201), path: "/engine.io/", query: Some("EIO=4&transport=polling&t=941166747"), fragment: None }, source: hyper::Error(Connect, ConnectError("tcp connect error", Os { code: 99, kind: AddrNotAvailable, message: "Cannot assign requested address" })) })
[INFO] [stdout] 
[INFO] [stdout] ---- asynchronous::client::async_client::test::test_connection_wss stdout ----
[INFO] [stdout] Error: IncompleteIo(Os { code: 2, kind: NotFound, message: "No such file or directory" })
[INFO] [stdout] 
[INFO] [stdout] ---- asynchronous::client::async_client::test::test_connection_long stdout ----
[INFO] [stdout] Error: IncompleteResponseFromReqwest(reqwest::Error { kind: Request, url: Url { scheme: "http", cannot_be_a_base: false, username: "", password: None, host: Some(Domain("localhost")), port: Some(4201), path: "/engine.io/", query: Some("EIO=4&transport=polling&t=947458215"), fragment: None }, source: hyper::Error(Connect, ConnectError("tcp connect error", Os { code: 99, kind: AddrNotAvailable, message: "Cannot assign requested address" })) })
[INFO] [stdout] 
[INFO] [stdout] ---- client::client::test::test_connection_dynamic_secure stdout ----
[INFO] [stdout] Error: IncompleteIo(Os { code: 2, kind: NotFound, message: "No such file or directory" })
[INFO] [stdout] 
[INFO] [stdout] ---- asynchronous::client::async_client::test::test_connection_ws stdout ----
[INFO] [stdout] Error: WebsocketError(Io(Os { code: 99, kind: AddrNotAvailable, message: "Cannot assign requested address" }))
[INFO] [stdout] 
[INFO] [stdout] ---- asynchronous::client::async_client::test::test_client_cloneable stdout ----
[INFO] [stdout] Error: IncompleteResponseFromReqwest(reqwest::Error { kind: Request, url: Url { scheme: "http", cannot_be_a_base: false, username: "", password: None, host: Some(Domain("localhost")), port: Some(4201), path: "/engine.io/", query: Some("EIO=4&transport=polling&t=941756572"), fragment: None }, source: hyper::Error(Connect, ConnectError("tcp connect error", Os { code: 99, kind: AddrNotAvailable, message: "Cannot assign requested address" })) })
[INFO] [stdout] 
[INFO] [stdout] ---- asynchronous::client::async_client::test::test_connection_fallback stdout ----
[INFO] [stdout] Error: IncompleteResponseFromReqwest(reqwest::Error { kind: Request, url: Url { scheme: "http", cannot_be_a_base: false, username: "", password: None, host: Some(Domain("localhost")), port: Some(4201), path: "/engine.io/", query: Some("EIO=4&transport=polling&t=950210729"), fragment: None }, source: hyper::Error(Connect, ConnectError("tcp connect error", Os { code: 99, kind: AddrNotAvailable, message: "Cannot assign requested address" })) })
[INFO] [stdout] 
[INFO] [stdout] ---- asynchronous::client::async_client::test::test_illegal_actions stdout ----
[INFO] [stdout] Error: IncompleteResponseFromReqwest(reqwest::Error { kind: Request, url: Url { scheme: "http", cannot_be_a_base: false, username: "", password: None, host: Some(Domain("localhost")), port: Some(4201), path: "/engine.io/", query: Some("EIO=4&transport=polling&t=954536112"), fragment: None }, source: hyper::Error(Connect, ConnectError("tcp connect error", Os { code: 99, kind: AddrNotAvailable, message: "Cannot assign requested address" })) })
[INFO] [stdout] 
[INFO] [stdout] ---- client::client::test::test_connection_dynamic stdout ----
[INFO] [stdout] Error: IncompleteResponseFromReqwest(reqwest::Error { kind: Request, url: Url { scheme: "http", cannot_be_a_base: false, username: "", password: None, host: Some(Domain("localhost")), port: Some(4201), path: "/engine.io/", query: Some("EIO=4&transport=polling&t=947261602"), fragment: None }, source: hyper::Error(Connect, ConnectError("tcp connect error", Os { code: 99, kind: AddrNotAvailable, message: "Cannot assign requested address" })) })
[INFO] [stdout] 
[INFO] [stdout] ---- client::client::test::test_client_cloneable stdout ----
[INFO] [stdout] Error: IncompleteResponseFromReqwest(reqwest::Error { kind: Request, url: Url { scheme: "http", cannot_be_a_base: false, username: "", password: None, host: Some(Domain("localhost")), port: Some(4201), path: "/engine.io/", query: Some("EIO=4&transport=polling&t=954011826"), fragment: None }, source: hyper::Error(Connect, ConnectError("tcp connect error", Os { code: 99, kind: AddrNotAvailable, message: "Cannot assign requested address" })) })
[INFO] [stdout] 
[INFO] [stdout] ---- client::client::test::test_connection_long stdout ----
[INFO] [stdout] Error: IncompleteResponseFromReqwest(reqwest::Error { kind: Request, url: Url { scheme: "http", cannot_be_a_base: false, username: "", password: None, host: Some(Domain("localhost")), port: Some(4201), path: "/engine.io/", query: Some("EIO=4&transport=polling&t=667750509"), fragment: None }, source: hyper::Error(Connect, ConnectError("tcp connect error", Os { code: 99, kind: AddrNotAvailable, message: "Cannot assign requested address" })) })
[INFO] [stdout] 
[INFO] [stdout] ---- client::client::test::test_connection_polling stdout ----
[INFO] [stdout] Error: IncompleteResponseFromReqwest(reqwest::Error { kind: Request, url: Url { scheme: "http", cannot_be_a_base: false, username: "", password: None, host: Some(Domain("localhost")), port: Some(4201), path: "/engine.io/", query: Some("EIO=4&transport=polling&t=945557658"), fragment: None }, source: hyper::Error(Connect, ConnectError("tcp connect error", Os { code: 99, kind: AddrNotAvailable, message: "Cannot assign requested address" })) })
[INFO] [stdout] 
[INFO] [stdout] ---- client::client::test::test_connection_wss stdout ----
[INFO] [stdout] Error: IncompleteIo(Os { code: 2, kind: NotFound, message: "No such file or directory" })
[INFO] [stdout] 
[INFO] [stdout] ---- transports::websocket::test::websocket_secure_debug stdout ----
[INFO] [stdout] Error: WebsocketError(Io(Os { code: 99, kind: AddrNotAvailable, message: "Cannot assign requested address" }))
[INFO] [stdout] 
[INFO] [stdout] ---- transports::websocket::test::websocket_transport_base_url stdout ----
[INFO] [stdout] Error: WebsocketError(Io(Os { code: 99, kind: AddrNotAvailable, message: "Cannot assign requested address" }))
[INFO] [stdout] 
[INFO] [stdout] ---- transports::websocket_secure::test::websocket_secure_debug stdout ----
[INFO] [stdout] Error: IncompleteIo(Os { code: 2, kind: NotFound, message: "No such file or directory" })
[INFO] [stdout] 
[INFO] [stdout] ---- transports::websocket_secure::test::websocket_secure_transport_base_url stdout ----
[INFO] [stdout] Error: IncompleteIo(Os { code: 2, kind: NotFound, message: "No such file or directory" })
[INFO] [stdout] 
[INFO] [stdout] ---- client::client::test::test_connection_ws stdout ----
[INFO] [stdout] Error: WebsocketError(Io(Os { code: 99, kind: AddrNotAvailable, message: "Cannot assign requested address" }))
[INFO] [stdout] 
[INFO] [stdout] ---- client::client::test::test_illegal_actions stdout ----
[INFO] [stdout] Error: IncompleteResponseFromReqwest(reqwest::Error { kind: Request, url: Url { scheme: "http", cannot_be_a_base: false, username: "", password: None, host: Some(Domain("localhost")), port: Some(4201), path: "/engine.io/", query: Some("EIO=4&transport=polling&t=946213025"), fragment: None }, source: hyper::Error(Connect, ConnectError("tcp connect error", Os { code: 99, kind: AddrNotAvailable, message: "Cannot assign requested address" })) })
[INFO] [stdout] 
[INFO] [stdout] ---- asynchronous::client::async_client::test::test_open_invariants stdout ----
[INFO] [stdout] Error: IncompleteResponseFromReqwest(reqwest::Error { kind: Request, url: Url { scheme: "http", cannot_be_a_base: false, username: "", password: None, host: Some(Domain("localhost")), port: Some(4201), path: "/engine.io/", query: Some("EIO=4&transport=polling&t=945688740"), fragment: None }, source: hyper::Error(Connect, ConnectError("tcp connect error", Os { code: 99, kind: AddrNotAvailable, message: "Cannot assign requested address" })) })
[INFO] [stdout] 
[INFO] [stdout] ---- client::client::test::test_connection_fallback stdout ----
[INFO] [stdout] Error: IncompleteResponseFromReqwest(reqwest::Error { kind: Request, url: Url { scheme: "http", cannot_be_a_base: false, username: "", password: None, host: Some(Domain("localhost")), port: Some(4201), path: "/engine.io/", query: Some("EIO=4&transport=polling&t=949162145"), fragment: None }, source: hyper::Error(Connect, ConnectError("tcp connect error", Os { code: 99, kind: AddrNotAvailable, message: "Cannot assign requested address" })) })
[INFO] [stdout] 
[INFO] [stdout] ---- client::client::test::test_open_invariants stdout ----
[INFO] [stdout] Error: IncompleteResponseFromReqwest(reqwest::Error { kind: Request, url: Url { scheme: "http", cannot_be_a_base: false, username: "", password: None, host: Some(Domain("localhost")), port: Some(4201), path: "/engine.io/", query: Some("EIO=4&transport=polling&t=953094315"), fragment: None }, source: hyper::Error(Connect, ConnectError("tcp connect error", Os { code: 99, kind: AddrNotAvailable, message: "Cannot assign requested address" })) })
[INFO] [stdout] 
[INFO] [stdout] 
[INFO] [stdout] failures:
[INFO] [stdout]     asynchronous::async_transports::websocket::test::websocket_secure_debug
[INFO] [stdout]     asynchronous::async_transports::websocket::test::websocket_transport_base_url
[INFO] [stdout]     asynchronous::async_transports::websocket_secure::test::websocket_secure_debug
[INFO] [stdout]     asynchronous::async_transports::websocket_secure::test::websocket_secure_transport_base_url
[INFO] [stdout]     asynchronous::client::async_client::test::test_client_cloneable
[INFO] [stdout]     asynchronous::client::async_client::test::test_connection_dynamic
[INFO] [stdout]     asynchronous::client::async_client::test::test_connection_dynamic_secure
[INFO] [stdout]     asynchronous::client::async_client::test::test_connection_fallback
[INFO] [stdout]     asynchronous::client::async_client::test::test_connection_long
[INFO] [stdout]     asynchronous::client::async_client::test::test_connection_polling
[INFO] [stdout]     asynchronous::client::async_client::test::test_connection_ws
[INFO] [stdout]     asynchronous::client::async_client::test::test_connection_wss
[INFO] [stdout]     asynchronous::client::async_client::test::test_illegal_actions
[INFO] [stdout]     asynchronous::client::async_client::test::test_open_invariants
[INFO] [stdout]     client::client::test::test_client_cloneable
[INFO] [stdout]     client::client::test::test_connection_dynamic
[INFO] [stdout]     client::client::test::test_connection_dynamic_secure
[INFO] [stdout]     client::client::test::test_connection_fallback
[INFO] [stdout]     client::client::test::test_connection_long
[INFO] [stdout]     client::client::test::test_connection_polling
[INFO] [stdout]     client::client::test::test_connection_ws
[INFO] [stdout]     client::client::test::test_connection_wss
[INFO] [stdout]     client::client::test::test_illegal_actions
[INFO] [stdout]     client::client::test::test_open_invariants
[INFO] [stdout]     transports::websocket::test::websocket_secure_debug
[INFO] [stdout]     transports::websocket::test::websocket_transport_base_url
[INFO] [stdout]     transports::websocket_secure::test::websocket_secure_debug
[INFO] [stdout]     transports::websocket_secure::test::websocket_secure_transport_base_url
[INFO] [stdout] 
[INFO] [stdout] test result: FAILED. 11 passed; 28 failed; 0 ignored; 0 measured; 0 filtered out; finished in 2.08s
[INFO] [stdout] 
[INFO] running `Command { std: "docker" "inspect" "9f54cbfa16011057e865a6c81574e977fcf6f0051c57cb2fbfee997c3887407f", kill_on_drop: false }`
[INFO] running `Command { std: "docker" "rm" "-f" "9f54cbfa16011057e865a6c81574e977fcf6f0051c57cb2fbfee997c3887407f", kill_on_drop: false }`
[INFO] [stdout] 9f54cbfa16011057e865a6c81574e977fcf6f0051c57cb2fbfee997c3887407f
