[INFO] fetching crate rust_cargo_test 0.1.1...
[INFO] testing rust_cargo_test-0.1.1 against 1.75.0 for beta-1.76-1
[INFO] extracting crate rust_cargo_test 0.1.1 into /workspace/builds/worker-5-tc1/source
[INFO] validating manifest of crates.io crate rust_cargo_test 0.1.1 on toolchain 1.75.0
[INFO] running `Command { std: CARGO_HOME="/workspace/cargo-home" RUSTUP_HOME="/workspace/rustup-home" "/workspace/cargo-home/bin/cargo" "+1.75.0" "metadata" "--manifest-path" "Cargo.toml" "--no-deps", kill_on_drop: false }`
[INFO] started tweaking crates.io crate rust_cargo_test 0.1.1
[INFO] finished tweaking crates.io crate rust_cargo_test 0.1.1
[INFO] tweaked toml for crates.io crate rust_cargo_test 0.1.1 written to /workspace/builds/worker-5-tc1/source/Cargo.toml
[INFO] crate crates.io crate rust_cargo_test 0.1.1 already has a lockfile, it will not be regenerated
[INFO] running `Command { std: CARGO_HOME="/workspace/cargo-home" RUSTUP_HOME="/workspace/rustup-home" "/workspace/cargo-home/bin/cargo" "+1.75.0" "fetch" "--manifest-path" "Cargo.toml", kill_on_drop: false }`
[INFO] running `Command { std: "docker" "create" "-v" "/var/lib/crater-agent-workspace/builds/worker-5-tc1/target:/opt/rustwide/target:rw,Z" "-v" "/var/lib/crater-agent-workspace/builds/worker-5-tc1/source:/opt/rustwide/workdir:ro,Z" "-v" "/var/lib/crater-agent-workspace/cargo-home:/opt/rustwide/cargo-home:ro,Z" "-v" "/var/lib/crater-agent-workspace/rustup-home:/opt/rustwide/rustup-home:ro,Z" "-e" "SOURCE_DIR=/opt/rustwide/workdir" "-e" "CARGO_TARGET_DIR=/opt/rustwide/target" "-e" "CARGO_HOME=/opt/rustwide/cargo-home" "-e" "RUSTUP_HOME=/opt/rustwide/rustup-home" "-w" "/opt/rustwide/workdir" "-m" "1610612736" "--user" "0:0" "--network" "none" "ghcr.io/rust-lang/crates-build-env/linux@sha256:2788e3201cd34a07e3172128adcd8b3090168a8e3bcc40d7c032b9dda1df7d1c" "/opt/rustwide/cargo-home/bin/cargo" "+1.75.0" "metadata" "--no-deps" "--format-version=1", kill_on_drop: false }`
[INFO] [stdout] b39ff763b838605350b78a4abc5a458ea51157ef8ec5c59ac83ac224a57249fd
[INFO] running `Command { std: "docker" "start" "-a" "b39ff763b838605350b78a4abc5a458ea51157ef8ec5c59ac83ac224a57249fd", kill_on_drop: false }`
[INFO] running `Command { std: "docker" "inspect" "b39ff763b838605350b78a4abc5a458ea51157ef8ec5c59ac83ac224a57249fd", kill_on_drop: false }`
[INFO] running `Command { std: "docker" "rm" "-f" "b39ff763b838605350b78a4abc5a458ea51157ef8ec5c59ac83ac224a57249fd", kill_on_drop: false }`
[INFO] [stdout] b39ff763b838605350b78a4abc5a458ea51157ef8ec5c59ac83ac224a57249fd
[INFO] running `Command { std: "docker" "create" "-v" "/var/lib/crater-agent-workspace/builds/worker-5-tc1/target:/opt/rustwide/target:rw,Z" "-v" "/var/lib/crater-agent-workspace/builds/worker-5-tc1/source:/opt/rustwide/workdir:ro,Z" "-v" "/var/lib/crater-agent-workspace/cargo-home:/opt/rustwide/cargo-home:ro,Z" "-v" "/var/lib/crater-agent-workspace/rustup-home:/opt/rustwide/rustup-home:ro,Z" "-e" "SOURCE_DIR=/opt/rustwide/workdir" "-e" "CARGO_TARGET_DIR=/opt/rustwide/target" "-e" "CARGO_INCREMENTAL=0" "-e" "RUST_BACKTRACE=full" "-e" "RUSTFLAGS=--cap-lints=warn" "-e" "RUSTDOCFLAGS=--cap-lints=warn" "-e" "CARGO_HOME=/opt/rustwide/cargo-home" "-e" "RUSTUP_HOME=/opt/rustwide/rustup-home" "-w" "/opt/rustwide/workdir" "-m" "1610612736" "--user" "0:0" "--network" "none" "ghcr.io/rust-lang/crates-build-env/linux@sha256:2788e3201cd34a07e3172128adcd8b3090168a8e3bcc40d7c032b9dda1df7d1c" "/opt/rustwide/cargo-home/bin/cargo" "+1.75.0" "build" "--frozen" "--message-format=json", kill_on_drop: false }`
[INFO] [stdout] b99da4cf8f41e172a938471322c16aaeb0c8c5ff8ce2b192948e24fcd35d587c
[INFO] running `Command { std: "docker" "start" "-a" "b99da4cf8f41e172a938471322c16aaeb0c8c5ff8ce2b192948e24fcd35d587c", kill_on_drop: false }`
[INFO] [stderr]    Compiling rust_cargo_test v0.1.1 (/opt/rustwide/workdir)
[INFO] [stderr]     Finished dev [optimized + debuginfo] target(s) in 0.19s
[INFO] running `Command { std: "docker" "inspect" "b99da4cf8f41e172a938471322c16aaeb0c8c5ff8ce2b192948e24fcd35d587c", kill_on_drop: false }`
[INFO] running `Command { std: "docker" "rm" "-f" "b99da4cf8f41e172a938471322c16aaeb0c8c5ff8ce2b192948e24fcd35d587c", kill_on_drop: false }`
[INFO] [stdout] b99da4cf8f41e172a938471322c16aaeb0c8c5ff8ce2b192948e24fcd35d587c
[INFO] running `Command { std: "docker" "create" "-v" "/var/lib/crater-agent-workspace/builds/worker-5-tc1/target:/opt/rustwide/target:rw,Z" "-v" "/var/lib/crater-agent-workspace/builds/worker-5-tc1/source:/opt/rustwide/workdir:ro,Z" "-v" "/var/lib/crater-agent-workspace/cargo-home:/opt/rustwide/cargo-home:ro,Z" "-v" "/var/lib/crater-agent-workspace/rustup-home:/opt/rustwide/rustup-home:ro,Z" "-e" "SOURCE_DIR=/opt/rustwide/workdir" "-e" "CARGO_TARGET_DIR=/opt/rustwide/target" "-e" "CARGO_INCREMENTAL=0" "-e" "RUST_BACKTRACE=full" "-e" "RUSTFLAGS=--cap-lints=warn" "-e" "RUSTDOCFLAGS=--cap-lints=warn" "-e" "CARGO_HOME=/opt/rustwide/cargo-home" "-e" "RUSTUP_HOME=/opt/rustwide/rustup-home" "-w" "/opt/rustwide/workdir" "-m" "1610612736" "--user" "0:0" "--network" "none" "ghcr.io/rust-lang/crates-build-env/linux@sha256:2788e3201cd34a07e3172128adcd8b3090168a8e3bcc40d7c032b9dda1df7d1c" "/opt/rustwide/cargo-home/bin/cargo" "+1.75.0" "test" "--frozen" "--no-run" "--message-format=json", kill_on_drop: false }`
[INFO] [stdout] 6c1ced7041516d90d35ab6cbda3b669328eaacf0b439fa224726d2d9335b6623
[INFO] running `Command { std: "docker" "start" "-a" "6c1ced7041516d90d35ab6cbda3b669328eaacf0b439fa224726d2d9335b6623", kill_on_drop: false }`
[INFO] [stderr]    Compiling rust_cargo_test v0.1.1 (/opt/rustwide/workdir)
[INFO] [stderr]     Finished test [optimized + debuginfo] target(s) in 0.16s
[INFO] running `Command { std: "docker" "inspect" "6c1ced7041516d90d35ab6cbda3b669328eaacf0b439fa224726d2d9335b6623", kill_on_drop: false }`
[INFO] running `Command { std: "docker" "rm" "-f" "6c1ced7041516d90d35ab6cbda3b669328eaacf0b439fa224726d2d9335b6623", kill_on_drop: false }`
[INFO] [stdout] 6c1ced7041516d90d35ab6cbda3b669328eaacf0b439fa224726d2d9335b6623
[INFO] running `Command { std: "docker" "create" "-v" "/var/lib/crater-agent-workspace/builds/worker-5-tc1/target:/opt/rustwide/target:rw,Z" "-v" "/var/lib/crater-agent-workspace/builds/worker-5-tc1/source:/opt/rustwide/workdir:ro,Z" "-v" "/var/lib/crater-agent-workspace/cargo-home:/opt/rustwide/cargo-home:ro,Z" "-v" "/var/lib/crater-agent-workspace/rustup-home:/opt/rustwide/rustup-home:ro,Z" "-e" "SOURCE_DIR=/opt/rustwide/workdir" "-e" "CARGO_TARGET_DIR=/opt/rustwide/target" "-e" "CARGO_INCREMENTAL=0" "-e" "RUST_BACKTRACE=full" "-e" "RUSTFLAGS=--cap-lints=warn" "-e" "RUSTDOCFLAGS=--cap-lints=warn" "-e" "CARGO_HOME=/opt/rustwide/cargo-home" "-e" "RUSTUP_HOME=/opt/rustwide/rustup-home" "-w" "/opt/rustwide/workdir" "-m" "1610612736" "--user" "0:0" "--network" "none" "ghcr.io/rust-lang/crates-build-env/linux@sha256:2788e3201cd34a07e3172128adcd8b3090168a8e3bcc40d7c032b9dda1df7d1c" "/opt/rustwide/cargo-home/bin/cargo" "+1.75.0" "test" "--frozen", kill_on_drop: false }`
[INFO] [stdout] 58b5a313f1203cdd43fc45d9408c3c7ec87986cac998bb9d68126aa5b6ab133b
[INFO] running `Command { std: "docker" "start" "-a" "58b5a313f1203cdd43fc45d9408c3c7ec87986cac998bb9d68126aa5b6ab133b", kill_on_drop: false }`
[INFO] [stderr]     Finished test [optimized + debuginfo] target(s) in 0.00s
[INFO] [stderr]      Running unittests src/lib.rs (/opt/rustwide/target/debug/deps/rust_cargo_test-cd30e0d46f78ef30)
[INFO] [stdout] 
[INFO] [stdout] running 0 tests
[INFO] [stdout] 
[INFO] [stdout] test result: ok. 0 passed; 0 failed; 0 ignored; 0 measured; 0 filtered out; finished in 0.00s
[INFO] [stdout] 
[INFO] [stderr]      Running unittests src/main.rs (/opt/rustwide/target/debug/deps/rust_cargo_test-8e616ffd050f7c2c)
[INFO] [stdout] 
[INFO] [stdout] running 0 tests
[INFO] [stdout] 
[INFO] [stdout] test result: ok. 0 passed; 0 failed; 0 ignored; 0 measured; 0 filtered out; finished in 0.00s
[INFO] [stdout] 
[INFO] [stderr]    Doc-tests rust_cargo_test
[INFO] [stdout] 
[INFO] [stdout] running 1 test
[INFO] [stdout] test src/lib.rs - add_one (line 45) ... FAILED
[INFO] [stdout] 
[INFO] [stdout] failures:
[INFO] [stdout] 
[INFO] [stdout] ---- src/lib.rs - add_one (line 45) stdout ----
[INFO] [stdout] error[E0433]: failed to resolve: use of undeclared crate or module `cargo`
[INFO] [stdout]  --> src/lib.rs:47:15
[INFO] [stdout]   |
[INFO] [stdout] 4 | assert_eq!(6, cargo::add_one(5));
[INFO] [stdout]   |               ^^^^^ use of undeclared crate or module `cargo`
[INFO] [stdout] 
[INFO] [stdout] error: aborting due to previous error
[INFO] [stdout] 
[INFO] [stdout] For more information about this error, try `rustc --explain E0433`.
[INFO] [stdout] Couldn't compile the test.
[INFO] [stdout] 
[INFO] [stdout] failures:
[INFO] [stdout]     src/lib.rs - add_one (line 45)
[INFO] [stdout] 
[INFO] [stdout] test result: FAILED. 0 passed; 1 failed; 0 ignored; 0 measured; 0 filtered out; finished in 0.03s
[INFO] [stdout] 
[INFO] [stderr] error: doctest failed, to rerun pass `--doc`
[INFO] running `Command { std: "docker" "inspect" "58b5a313f1203cdd43fc45d9408c3c7ec87986cac998bb9d68126aa5b6ab133b", kill_on_drop: false }`
[INFO] running `Command { std: "docker" "rm" "-f" "58b5a313f1203cdd43fc45d9408c3c7ec87986cac998bb9d68126aa5b6ab133b", kill_on_drop: false }`
[INFO] [stdout] 58b5a313f1203cdd43fc45d9408c3c7ec87986cac998bb9d68126aa5b6ab133b
