[INFO] fetching crate rust_bundler_cp 0.3.16...
[INFO] testing rust_bundler_cp-0.3.16 against 1.75.0 for beta-1.76-1
[INFO] extracting crate rust_bundler_cp 0.3.16 into /workspace/builds/worker-7-tc1/source
[INFO] validating manifest of crates.io crate rust_bundler_cp 0.3.16 on toolchain 1.75.0
[INFO] running `Command { std: CARGO_HOME="/workspace/cargo-home" RUSTUP_HOME="/workspace/rustup-home" "/workspace/cargo-home/bin/cargo" "+1.75.0" "metadata" "--manifest-path" "Cargo.toml" "--no-deps", kill_on_drop: false }`
[INFO] started tweaking crates.io crate rust_bundler_cp 0.3.16
[INFO] finished tweaking crates.io crate rust_bundler_cp 0.3.16
[INFO] tweaked toml for crates.io crate rust_bundler_cp 0.3.16 written to /workspace/builds/worker-7-tc1/source/Cargo.toml
[INFO] crate crates.io crate rust_bundler_cp 0.3.16 already has a lockfile, it will not be regenerated
[INFO] running `Command { std: CARGO_HOME="/workspace/cargo-home" RUSTUP_HOME="/workspace/rustup-home" "/workspace/cargo-home/bin/cargo" "+1.75.0" "fetch" "--manifest-path" "Cargo.toml", kill_on_drop: false }`
[INFO] [stderr]     Updating crates.io index
[INFO] [stderr]  Downloading crates ...
[INFO] [stderr]   Downloaded rustc-ap-rustc_ast v677.0.0
[INFO] [stderr]   Downloaded rustc-workspace-hack v1.0.0
[INFO] [stderr]   Downloaded rustc-ap-rustc_feature v677.0.0
[INFO] [stderr]   Downloaded rustc-ap-rustc_lexer v677.0.0
[INFO] [stderr]   Downloaded rustc-ap-rustc_ast_pretty v677.0.0
[INFO] [stderr]   Downloaded rustc-ap-rustc_fs_util v677.0.0
[INFO] [stderr]   Downloaded rustc-ap-rustc_attr v677.0.0
[INFO] [stderr]   Downloaded rustfmt-config_proc_macro v0.2.0
[INFO] [stderr]   Downloaded rustc-ap-rustc_index v677.0.0
[INFO] [stderr]   Downloaded md-5 v0.8.0
[INFO] [stderr]   Downloaded rustc-ap-rustc_arena v677.0.0
[INFO] [stderr]   Downloaded indexmap v1.9.0
[INFO] [stderr]   Downloaded rustc-ap-rustc_target v677.0.0
[INFO] [stderr]   Downloaded camino v1.0.9
[INFO] [stderr]   Downloaded rustc-ap-rustc_data_structures v677.0.0
[INFO] [stderr]   Downloaded rustc-ap-rustc_parse v677.0.0
[INFO] [stderr]   Downloaded tracing-core v0.1.27
[INFO] [stderr]   Downloaded rustfmt-nightly v1.4.21
[INFO] [stderr]   Downloaded simple-string-builder v0.2.0
[INFO] [stderr]   Downloaded goldenfile v1.3.0
[INFO] [stderr]   Downloaded crossbeam-epoch v0.9.9
[INFO] [stderr]   Downloaded rustc-rayon v0.3.2
[INFO] [stderr]   Downloaded rustc-rayon-core v0.3.2
[INFO] [stderr]   Downloaded rustc-ap-rustc_span v677.0.0
[INFO] [stderr]   Downloaded rustc-ap-rustc_expand v677.0.0
[INFO] [stderr]   Downloaded crossbeam-utils v0.8.9
[INFO] [stderr]   Downloaded stacker v0.1.14
[INFO] [stderr]   Downloaded rustc-ap-rustc_graphviz v677.0.0
[INFO] [stderr]   Downloaded rustc-ap-rustc_serialize v677.0.0
[INFO] [stderr]   Downloaded rustc-ap-rustc_ast_passes v677.0.0
[INFO] [stderr]   Downloaded psm v0.1.18
[INFO] [stderr]   Downloaded termize v0.1.1
[INFO] [stderr]   Downloaded measureme v0.7.1
[INFO] [stderr]   Downloaded rustc-ap-rustc_macros v677.0.0
[INFO] [stderr]   Downloaded ena v0.14.0
[INFO] [stderr]   Downloaded annotate-snippets v0.6.1
[INFO] [stderr]   Downloaded cargo_metadata v0.8.2
[INFO] [stderr]   Downloaded annotate-snippets v0.8.0
[INFO] [stderr]   Downloaded rustc-ap-rustc_errors v677.0.0
[INFO] [stderr]   Downloaded rustc-ap-rustc_session v677.0.0
[INFO] running `Command { std: "docker" "create" "-v" "/var/lib/crater-agent-workspace/builds/worker-7-tc1/target:/opt/rustwide/target:rw,Z" "-v" "/var/lib/crater-agent-workspace/builds/worker-7-tc1/source:/opt/rustwide/workdir:ro,Z" "-v" "/var/lib/crater-agent-workspace/cargo-home:/opt/rustwide/cargo-home:ro,Z" "-v" "/var/lib/crater-agent-workspace/rustup-home:/opt/rustwide/rustup-home:ro,Z" "-e" "SOURCE_DIR=/opt/rustwide/workdir" "-e" "CARGO_TARGET_DIR=/opt/rustwide/target" "-e" "CARGO_HOME=/opt/rustwide/cargo-home" "-e" "RUSTUP_HOME=/opt/rustwide/rustup-home" "-w" "/opt/rustwide/workdir" "-m" "1610612736" "--user" "0:0" "--network" "none" "ghcr.io/rust-lang/crates-build-env/linux@sha256:2788e3201cd34a07e3172128adcd8b3090168a8e3bcc40d7c032b9dda1df7d1c" "/opt/rustwide/cargo-home/bin/cargo" "+1.75.0" "metadata" "--no-deps" "--format-version=1", kill_on_drop: false }`
[INFO] [stdout] d921786becc7612b75d550d61e306959950a8c6b19e1e19d70815705011783e0
[INFO] running `Command { std: "docker" "start" "-a" "d921786becc7612b75d550d61e306959950a8c6b19e1e19d70815705011783e0", kill_on_drop: false }`
[INFO] running `Command { std: "docker" "inspect" "d921786becc7612b75d550d61e306959950a8c6b19e1e19d70815705011783e0", kill_on_drop: false }`
[INFO] running `Command { std: "docker" "rm" "-f" "d921786becc7612b75d550d61e306959950a8c6b19e1e19d70815705011783e0", kill_on_drop: false }`
[INFO] [stdout] d921786becc7612b75d550d61e306959950a8c6b19e1e19d70815705011783e0
[INFO] running `Command { std: "docker" "create" "-v" "/var/lib/crater-agent-workspace/builds/worker-7-tc1/target:/opt/rustwide/target:rw,Z" "-v" "/var/lib/crater-agent-workspace/builds/worker-7-tc1/source:/opt/rustwide/workdir:ro,Z" "-v" "/var/lib/crater-agent-workspace/cargo-home:/opt/rustwide/cargo-home:ro,Z" "-v" "/var/lib/crater-agent-workspace/rustup-home:/opt/rustwide/rustup-home:ro,Z" "-e" "SOURCE_DIR=/opt/rustwide/workdir" "-e" "CARGO_TARGET_DIR=/opt/rustwide/target" "-e" "CARGO_INCREMENTAL=0" "-e" "RUST_BACKTRACE=full" "-e" "RUSTFLAGS=--cap-lints=warn" "-e" "RUSTDOCFLAGS=--cap-lints=warn" "-e" "CARGO_HOME=/opt/rustwide/cargo-home" "-e" "RUSTUP_HOME=/opt/rustwide/rustup-home" "-w" "/opt/rustwide/workdir" "-m" "1610612736" "--user" "0:0" "--network" "none" "ghcr.io/rust-lang/crates-build-env/linux@sha256:2788e3201cd34a07e3172128adcd8b3090168a8e3bcc40d7c032b9dda1df7d1c" "/opt/rustwide/cargo-home/bin/cargo" "+1.75.0" "build" "--frozen" "--message-format=json", kill_on_drop: false }`
[INFO] [stdout] f198168232d60eaad5bd97e4ad1aef52393d8c359725bd5febe04daec5a35b68
[INFO] running `Command { std: "docker" "start" "-a" "f198168232d60eaad5bd97e4ad1aef52393d8c359725bd5febe04daec5a35b68", kill_on_drop: false }`
[INFO] [stderr]    Compiling unicode-ident v1.0.1
[INFO] [stderr]    Compiling proc-macro2 v1.0.39
[INFO] [stderr]    Compiling syn v1.0.98
[INFO] [stderr]    Compiling serde_derive v1.0.137
[INFO] [stderr]    Compiling serde v1.0.137
[INFO] [stderr]    Compiling libc v0.2.126
[INFO] [stderr]    Compiling memchr v2.5.0
[INFO] [stderr]    Compiling semver v1.0.10
[INFO] [stderr]    Compiling serde_json v1.0.81
[INFO] [stderr]    Compiling log v0.4.17
[INFO] [stderr]    Compiling camino v1.0.9
[INFO] [stderr]    Compiling regex-syntax v0.6.26
[INFO] [stderr]    Compiling itoa v1.0.2
[INFO] [stderr]    Compiling quote v1.0.19
[INFO] [stderr]    Compiling aho-corasick v0.7.18
[INFO] [stderr]    Compiling unicode-width v0.1.9
[INFO] [stderr]    Compiling ryu v1.0.10
[INFO] [stderr]    Compiling atty v0.2.14
[INFO] [stderr]    Compiling textwrap v0.11.0
[INFO] [stderr]    Compiling bitflags v1.3.2
[INFO] [stderr]    Compiling strsim v0.8.0
[INFO] [stderr]    Compiling ansi_term v0.12.1
[INFO] [stderr]    Compiling humantime v2.1.0
[INFO] [stderr]    Compiling regex v1.5.6
[INFO] [stderr]    Compiling vec_map v0.8.2
[INFO] [stderr]    Compiling termcolor v1.1.3
[INFO] [stderr]    Compiling clap v2.34.0
[INFO] [stderr]    Compiling simple-string-builder v0.2.0
[INFO] [stderr]    Compiling env_logger v0.9.0
[INFO] [stderr]    Compiling cargo-platform v0.1.2
[INFO] [stderr]    Compiling cargo_metadata v0.14.2
[INFO] [stderr]    Compiling rust_bundler_cp v0.3.16 (/opt/rustwide/workdir)
[INFO] [stderr]     Finished dev [unoptimized + debuginfo] target(s) in 14.85s
[INFO] running `Command { std: "docker" "inspect" "f198168232d60eaad5bd97e4ad1aef52393d8c359725bd5febe04daec5a35b68", kill_on_drop: false }`
[INFO] running `Command { std: "docker" "rm" "-f" "f198168232d60eaad5bd97e4ad1aef52393d8c359725bd5febe04daec5a35b68", kill_on_drop: false }`
[INFO] [stdout] f198168232d60eaad5bd97e4ad1aef52393d8c359725bd5febe04daec5a35b68
[INFO] running `Command { std: "docker" "create" "-v" "/var/lib/crater-agent-workspace/builds/worker-7-tc1/target:/opt/rustwide/target:rw,Z" "-v" "/var/lib/crater-agent-workspace/builds/worker-7-tc1/source:/opt/rustwide/workdir:ro,Z" "-v" "/var/lib/crater-agent-workspace/cargo-home:/opt/rustwide/cargo-home:ro,Z" "-v" "/var/lib/crater-agent-workspace/rustup-home:/opt/rustwide/rustup-home:ro,Z" "-e" "SOURCE_DIR=/opt/rustwide/workdir" "-e" "CARGO_TARGET_DIR=/opt/rustwide/target" "-e" "CARGO_INCREMENTAL=0" "-e" "RUST_BACKTRACE=full" "-e" "RUSTFLAGS=--cap-lints=warn" "-e" "RUSTDOCFLAGS=--cap-lints=warn" "-e" "CARGO_HOME=/opt/rustwide/cargo-home" "-e" "RUSTUP_HOME=/opt/rustwide/rustup-home" "-w" "/opt/rustwide/workdir" "-m" "1610612736" "--user" "0:0" "--network" "none" "ghcr.io/rust-lang/crates-build-env/linux@sha256:2788e3201cd34a07e3172128adcd8b3090168a8e3bcc40d7c032b9dda1df7d1c" "/opt/rustwide/cargo-home/bin/cargo" "+1.75.0" "test" "--frozen" "--no-run" "--message-format=json", kill_on_drop: false }`
[INFO] [stdout] f09354859095d90af768e0b97bd4675d6e5155abc5537176f012ebab86a5b703
[INFO] running `Command { std: "docker" "start" "-a" "f09354859095d90af768e0b97bd4675d6e5155abc5537176f012ebab86a5b703", kill_on_drop: false }`
[INFO] [stderr]    Compiling syn v1.0.98
[INFO] [stderr]    Compiling libc v0.2.126
[INFO] [stderr]    Compiling cc v1.0.73
[INFO] [stderr]    Compiling adler v1.0.2
[INFO] [stderr]    Compiling gimli v0.26.1
[INFO] [stderr]    Compiling failure_derive v0.1.8
[INFO] [stderr]    Compiling unicode-xid v0.2.3
[INFO] [stderr]    Compiling object v0.28.4
[INFO] [stderr]    Compiling miniz_oxide v0.5.3
[INFO] [stderr]    Compiling rustc-demangle v0.1.21
[INFO] [stderr]    Compiling fastrand v1.7.0
[INFO] [stderr]    Compiling remove_dir_all v0.5.3
[INFO] [stderr]    Compiling difference v2.0.0
[INFO] [stderr]    Compiling environment v0.1.1
[INFO] [stderr]    Compiling atty v0.2.14
[INFO] [stderr]    Compiling tempfile v3.3.0
[INFO] [stderr]    Compiling env_logger v0.9.0
[INFO] [stderr]    Compiling clap v2.34.0
[INFO] [stderr]    Compiling colored v1.9.3
[INFO] [stderr]    Compiling backtrace v0.3.65
[INFO] [stderr]    Compiling goldenfile v1.3.0
[INFO] [stderr]    Compiling addr2line v0.17.0
[INFO] [stderr]    Compiling synstructure v0.12.6
[INFO] [stderr]    Compiling serde_derive v1.0.137
[INFO] [stderr]    Compiling failure v0.1.8
[INFO] [stderr]    Compiling serde v1.0.137
[INFO] [stderr]    Compiling serde_json v1.0.81
[INFO] [stderr]    Compiling camino v1.0.9
[INFO] [stderr]    Compiling cargo-platform v0.1.2
[INFO] [stderr]    Compiling semver v1.0.10
[INFO] [stderr]    Compiling cargo_metadata v0.14.2
[INFO] [stderr]    Compiling assert_cli v0.6.3
[INFO] [stderr]    Compiling rust_bundler_cp v0.3.16 (/opt/rustwide/workdir)
[INFO] [stdout] warning: unused variable: `expander`
[INFO] [stdout]    --> src/lib.rs:415:17
[INFO] [stdout]     |
[INFO] [stdout] 415 |         let mut expander = create_expander();
[INFO] [stdout]     |                 ^^^^^^^^ help: if this is intentional, prefix it with an underscore: `_expander`
[INFO] [stdout]     |
[INFO] [stdout]     = note: `#[warn(unused_variables)]` on by default
[INFO] [stdout] 
[INFO] [stdout] 
[INFO] [stdout] warning: variable does not need to be mutable
[INFO] [stdout]    --> src/lib.rs:415:13
[INFO] [stdout]     |
[INFO] [stdout] 415 |         let mut expander = create_expander();
[INFO] [stdout]     |             ----^^^^^^^^
[INFO] [stdout]     |             |
[INFO] [stdout]     |             help: remove this `mut`
[INFO] [stdout]     |
[INFO] [stdout]     = note: `#[warn(unused_mut)]` on by default
[INFO] [stdout] 
[INFO] [stdout] 
[INFO] [stdout] warning: unused variable: `file`
[INFO] [stdout]    --> src/lib.rs:419:17
[INFO] [stdout]     |
[INFO] [stdout] 419 |         let mut file = read_source_code();
[INFO] [stdout]     |                 ^^^^ help: if this is intentional, prefix it with an underscore: `_file`
[INFO] [stdout] 
[INFO] [stdout] 
[INFO] [stdout] warning: variable does not need to be mutable
[INFO] [stdout]    --> src/lib.rs:419:13
[INFO] [stdout]     |
[INFO] [stdout] 419 |         let mut file = read_source_code();
[INFO] [stdout]     |             ----^^^^
[INFO] [stdout]     |             |
[INFO] [stdout]     |             help: remove this `mut`
[INFO] [stdout] 
[INFO] [stdout] 
[INFO] [stdout] warning: variable does not need to be mutable
[INFO] [stdout]    --> src/lib.rs:428:13
[INFO] [stdout]     |
[INFO] [stdout] 428 |         let mut expander = crate::Expander::new(base_path, "", crate_name);
[INFO] [stdout]     |             ----^^^^^^^^
[INFO] [stdout]     |             |
[INFO] [stdout]     |             help: remove this `mut`
[INFO] [stdout] 
[INFO] [stdout] 
[INFO] [stdout] warning: variable does not need to be mutable
[INFO] [stdout]    --> src/lib.rs:437:13
[INFO] [stdout]     |
[INFO] [stdout] 437 |         let mut file = syn::parse_file(&syntax_tree).expect("failed to parse binary target source");
[INFO] [stdout]     |             ----^^^^
[INFO] [stdout]     |             |
[INFO] [stdout]     |             help: remove this `mut`
[INFO] [stdout] 
[INFO] [stdout] 
[INFO] [stdout] warning: 6 warnings emitted
[INFO] [stdout] 
[INFO] [stdout] 
[INFO] [stderr]     Finished test [unoptimized + debuginfo] target(s) in 12.82s
[INFO] running `Command { std: "docker" "inspect" "f09354859095d90af768e0b97bd4675d6e5155abc5537176f012ebab86a5b703", kill_on_drop: false }`
[INFO] running `Command { std: "docker" "rm" "-f" "f09354859095d90af768e0b97bd4675d6e5155abc5537176f012ebab86a5b703", kill_on_drop: false }`
[INFO] [stdout] f09354859095d90af768e0b97bd4675d6e5155abc5537176f012ebab86a5b703
[INFO] running `Command { std: "docker" "create" "-v" "/var/lib/crater-agent-workspace/builds/worker-7-tc1/target:/opt/rustwide/target:rw,Z" "-v" "/var/lib/crater-agent-workspace/builds/worker-7-tc1/source:/opt/rustwide/workdir:ro,Z" "-v" "/var/lib/crater-agent-workspace/cargo-home:/opt/rustwide/cargo-home:ro,Z" "-v" "/var/lib/crater-agent-workspace/rustup-home:/opt/rustwide/rustup-home:ro,Z" "-e" "SOURCE_DIR=/opt/rustwide/workdir" "-e" "CARGO_TARGET_DIR=/opt/rustwide/target" "-e" "CARGO_INCREMENTAL=0" "-e" "RUST_BACKTRACE=full" "-e" "RUSTFLAGS=--cap-lints=warn" "-e" "RUSTDOCFLAGS=--cap-lints=warn" "-e" "CARGO_HOME=/opt/rustwide/cargo-home" "-e" "RUSTUP_HOME=/opt/rustwide/rustup-home" "-w" "/opt/rustwide/workdir" "-m" "1610612736" "--user" "0:0" "--network" "none" "ghcr.io/rust-lang/crates-build-env/linux@sha256:2788e3201cd34a07e3172128adcd8b3090168a8e3bcc40d7c032b9dda1df7d1c" "/opt/rustwide/cargo-home/bin/cargo" "+1.75.0" "test" "--frozen", kill_on_drop: false }`
[INFO] [stdout] d39125f51278b740268295c98ce90a7af18437ee57b07fe6e08714b1916aac85
[INFO] running `Command { std: "docker" "start" "-a" "d39125f51278b740268295c98ce90a7af18437ee57b07fe6e08714b1916aac85", kill_on_drop: false }`
[INFO] [stderr] warning: unused variable: `expander`
[INFO] [stderr]    --> src/lib.rs:415:17
[INFO] [stderr]     |
[INFO] [stderr] 415 |         let mut expander = create_expander();
[INFO] [stderr]     |                 ^^^^^^^^ help: if this is intentional, prefix it with an underscore: `_expander`
[INFO] [stderr]     |
[INFO] [stderr]     = note: `#[warn(unused_variables)]` on by default
[INFO] [stderr] 
[INFO] [stderr] warning: variable does not need to be mutable
[INFO] [stderr]    --> src/lib.rs:415:13
[INFO] [stderr]     |
[INFO] [stderr] 415 |         let mut expander = create_expander();
[INFO] [stderr]     |             ----^^^^^^^^
[INFO] [stderr]     |             |
[INFO] [stderr]     |             help: remove this `mut`
[INFO] [stderr]     |
[INFO] [stderr]     = note: `#[warn(unused_mut)]` on by default
[INFO] [stderr] 
[INFO] [stderr] warning: unused variable: `file`
[INFO] [stderr]    --> src/lib.rs:419:17
[INFO] [stderr]     |
[INFO] [stderr] 419 |         let mut file = read_source_code();
[INFO] [stderr]     |                 ^^^^ help: if this is intentional, prefix it with an underscore: `_file`
[INFO] [stderr] 
[INFO] [stderr] warning: variable does not need to be mutable
[INFO] [stderr]    --> src/lib.rs:419:13
[INFO] [stderr]     |
[INFO] [stderr] 419 |         let mut file = read_source_code();
[INFO] [stderr]     |             ----^^^^
[INFO] [stderr]     |             |
[INFO] [stderr]     |             help: remove this `mut`
[INFO] [stderr] 
[INFO] [stderr] warning: variable does not need to be mutable
[INFO] [stderr]    --> src/lib.rs:428:13
[INFO] [stderr]     |
[INFO] [stderr] 428 |         let mut expander = crate::Expander::new(base_path, "", crate_name);
[INFO] [stderr]     |             ----^^^^^^^^
[INFO] [stderr]     |             |
[INFO] [stderr]     |             help: remove this `mut`
[INFO] [stderr] 
[INFO] [stderr] warning: variable does not need to be mutable
[INFO] [stderr]    --> src/lib.rs:437:13
[INFO] [stderr]     |
[INFO] [stderr] 437 |         let mut file = syn::parse_file(&syntax_tree).expect("failed to parse binary target source");
[INFO] [stderr]     |             ----^^^^
[INFO] [stderr]     |             |
[INFO] [stderr]     |             help: remove this `mut`
[INFO] [stderr] 
[INFO] [stderr] warning: `rust_bundler_cp` (lib test) generated 6 warnings (run `cargo fix --lib -p rust_bundler_cp --tests` to apply 6 suggestions)
[INFO] [stderr]     Finished test [unoptimized + debuginfo] target(s) in 0.06s
[INFO] [stderr]      Running unittests src/lib.rs (/opt/rustwide/target/debug/deps/rust_bundler_cp-1130e822d15c08f5)
[INFO] [stdout] 
[INFO] [stdout] running 2 tests
[INFO] [stdout] test expander_test::test_create ... ok
[INFO] [stdout] test expander_test::test_read_source_code ... FAILED
[INFO] [stdout] 
[INFO] [stdout] failures:
[INFO] [stdout] 
[INFO] [stdout] ---- expander_test::test_read_source_code stdout ----
[INFO] [stdout] thread 'expander_test::test_read_source_code' panicked at src/lib.rs:436:51:
[INFO] [stdout] failed to read binary target source
[INFO] [stdout] stack backtrace:
[INFO] [stdout]    0:     0x561e9f755d1c - std::backtrace_rs::backtrace::libunwind::trace::ha637c64ce894333a
[INFO] [stdout]                                at /rustc/82e1608dfa6e0b5569232559e3d385fea5a93112/library/std/src/../../backtrace/src/backtrace/libunwind.rs:104:5
[INFO] [stdout]    1:     0x561e9f755d1c - std::backtrace_rs::backtrace::trace_unsynchronized::h47f62dea28e0c88d
[INFO] [stdout]                                at /rustc/82e1608dfa6e0b5569232559e3d385fea5a93112/library/std/src/../../backtrace/src/backtrace/mod.rs:66:5
[INFO] [stdout]    2:     0x561e9f755d1c - std::sys_common::backtrace::_print_fmt::h9eef0abe20ede486
[INFO] [stdout]                                at /rustc/82e1608dfa6e0b5569232559e3d385fea5a93112/library/std/src/sys_common/backtrace.rs:67:5
[INFO] [stdout]    3:     0x561e9f755d1c - <std::sys_common::backtrace::_print::DisplayBacktrace as core::fmt::Display>::fmt::hed7f999df88cc644
[INFO] [stdout]                                at /rustc/82e1608dfa6e0b5569232559e3d385fea5a93112/library/std/src/sys_common/backtrace.rs:44:22
[INFO] [stdout]    4:     0x561e9f77fa20 - core::fmt::rt::Argument::fmt::h1539a9308b8d058d
[INFO] [stdout]                                at /rustc/82e1608dfa6e0b5569232559e3d385fea5a93112/library/core/src/fmt/rt.rs:142:9
[INFO] [stdout]    5:     0x561e9f77fa20 - core::fmt::write::h3a39390d8560d9c9
[INFO] [stdout]                                at /rustc/82e1608dfa6e0b5569232559e3d385fea5a93112/library/core/src/fmt/mod.rs:1120:17
[INFO] [stdout]    6:     0x561e9f75363f - std::io::Write::write_fmt::h040b369f3a0f9cbc
[INFO] [stdout]                                at /rustc/82e1608dfa6e0b5569232559e3d385fea5a93112/library/std/src/io/mod.rs:1762:15
[INFO] [stdout]    7:     0x561e9f755b04 - std::sys_common::backtrace::_print::h894006fb5c6f3d45
[INFO] [stdout]                                at /rustc/82e1608dfa6e0b5569232559e3d385fea5a93112/library/std/src/sys_common/backtrace.rs:47:5
[INFO] [stdout]    8:     0x561e9f755b04 - std::sys_common::backtrace::print::h23a2d212c6fff936
[INFO] [stdout]                                at /rustc/82e1608dfa6e0b5569232559e3d385fea5a93112/library/std/src/sys_common/backtrace.rs:34:9
[INFO] [stdout]    9:     0x561e9f7577c7 - std::panicking::default_hook::{{closure}}::h8a1d2ee00185001a
[INFO] [stdout]   10:     0x561e9f7574b3 - std::panicking::default_hook::h6038f2eba384e475
[INFO] [stdout]                                at /rustc/82e1608dfa6e0b5569232559e3d385fea5a93112/library/std/src/panicking.rs:289:9
[INFO] [stdout]   11:     0x561e9f5faa67 - <alloc::boxed::Box<F,A> as core::ops::function::Fn<Args>>::call::h0ad024c9bdc6d768
[INFO] [stdout]                                at /rustc/82e1608dfa6e0b5569232559e3d385fea5a93112/library/alloc/src/boxed.rs:2021:9
[INFO] [stdout]   12:     0x561e9f5faa67 - test::test_main::{{closure}}::h7500b54257359db6
[INFO] [stdout]                                at /rustc/82e1608dfa6e0b5569232559e3d385fea5a93112/library/test/src/lib.rs:138:21
[INFO] [stdout]   13:     0x561e9f757dd8 - <alloc::boxed::Box<F,A> as core::ops::function::Fn<Args>>::call::h1f8f335eaa9cfaee
[INFO] [stdout]                                at /rustc/82e1608dfa6e0b5569232559e3d385fea5a93112/library/alloc/src/boxed.rs:2021:9
[INFO] [stdout]   14:     0x561e9f757dd8 - std::panicking::rust_panic_with_hook::h2b5517d590cab22e
[INFO] [stdout]                                at /rustc/82e1608dfa6e0b5569232559e3d385fea5a93112/library/std/src/panicking.rs:783:13
[INFO] [stdout]   15:     0x561e9f757b2e - std::panicking::begin_panic_handler::{{closure}}::h233112c06e0ef43e
[INFO] [stdout]                                at /rustc/82e1608dfa6e0b5569232559e3d385fea5a93112/library/std/src/panicking.rs:657:13
[INFO] [stdout]   16:     0x561e9f7561e6 - std::sys_common::backtrace::__rust_end_short_backtrace::h6e893f24d7ebbff8
[INFO] [stdout]                                at /rustc/82e1608dfa6e0b5569232559e3d385fea5a93112/library/std/src/sys_common/backtrace.rs:170:18
[INFO] [stdout]   17:     0x561e9f757892 - rust_begin_unwind
[INFO] [stdout]                                at /rustc/82e1608dfa6e0b5569232559e3d385fea5a93112/library/std/src/panicking.rs:645:5
[INFO] [stdout]   18:     0x561e9f5c1925 - core::panicking::panic_fmt::hbf0e066aabfa482c
[INFO] [stdout]                                at /rustc/82e1608dfa6e0b5569232559e3d385fea5a93112/library/core/src/panicking.rs:72:14
[INFO] [stdout]   19:     0x561e9f5c18e3 - core::panicking::panic_display::h68e6012a1c287ca5
[INFO] [stdout]                                at /rustc/82e1608dfa6e0b5569232559e3d385fea5a93112/library/core/src/panicking.rs:178:5
[INFO] [stdout]   20:     0x561e9f5c18e3 - core::panicking::panic_str::h1ca8e3b0d2d70f80
[INFO] [stdout]                                at /rustc/82e1608dfa6e0b5569232559e3d385fea5a93112/library/core/src/panicking.rs:152:5
[INFO] [stdout]   21:     0x561e9f5c18e3 - core::option::expect_failed::h1ae4bac6b7606972
[INFO] [stdout]                                at /rustc/82e1608dfa6e0b5569232559e3d385fea5a93112/library/core/src/option.rs:1985:5
[INFO] [stdout]   22:     0x561e9f5c291c - core::option::Option<T>::expect::hd78c19b9985e36a4
[INFO] [stdout]                                at /rustc/82e1608dfa6e0b5569232559e3d385fea5a93112/library/core/src/option.rs:894:21
[INFO] [stdout]   23:     0x561e9f5c3b6c - rust_bundler_cp::expander_test::read_source_code::h6ea244c19d01da2b
[INFO] [stdout]                                at /opt/rustwide/workdir/src/lib.rs:436:13
[INFO] [stdout]   24:     0x561e9f5c3cac - rust_bundler_cp::expander_test::test_read_source_code::h9ece36cf480c3227
[INFO] [stdout]                                at /opt/rustwide/workdir/src/lib.rs:419:24
[INFO] [stdout]   25:     0x561e9f5c3c87 - rust_bundler_cp::expander_test::test_read_source_code::{{closure}}::hb19164bde6a72a2d
[INFO] [stdout]                                at /opt/rustwide/workdir/src/lib.rs:418:31
[INFO] [stdout]   26:     0x561e9f5c26d6 - core::ops::function::FnOnce::call_once::hca09081844c7d609
[INFO] [stdout]                                at /rustc/82e1608dfa6e0b5569232559e3d385fea5a93112/library/core/src/ops/function.rs:250:5
[INFO] [stdout]   27:     0x561e9f6000bf - core::ops::function::FnOnce::call_once::h2b5d431d5046312d
[INFO] [stdout]                                at /rustc/82e1608dfa6e0b5569232559e3d385fea5a93112/library/core/src/ops/function.rs:250:5
[INFO] [stdout]   28:     0x561e9f6000bf - test::__rust_begin_short_backtrace::h7714669af176e207
[INFO] [stdout]                                at /rustc/82e1608dfa6e0b5569232559e3d385fea5a93112/library/test/src/lib.rs:628:18
[INFO] [stdout]   29:     0x561e9f5ff0d5 - test::run_test_in_process::{{closure}}::h85218797dcbcec12
[INFO] [stdout]                                at /rustc/82e1608dfa6e0b5569232559e3d385fea5a93112/library/test/src/lib.rs:651:60
[INFO] [stdout]   30:     0x561e9f5ff0d5 - <core::panic::unwind_safe::AssertUnwindSafe<F> as core::ops::function::FnOnce<()>>::call_once::h76c106ea31c14d7b
[INFO] [stdout]                                at /rustc/82e1608dfa6e0b5569232559e3d385fea5a93112/library/core/src/panic/unwind_safe.rs:272:9
[INFO] [stdout]   31:     0x561e9f5ff0d5 - std::panicking::try::do_call::h3bd5d0f6620ee946
[INFO] [stdout]                                at /rustc/82e1608dfa6e0b5569232559e3d385fea5a93112/library/std/src/panicking.rs:552:40
[INFO] [stdout]   32:     0x561e9f5ff0d5 - std::panicking::try::h232e535e4744fe31
[INFO] [stdout]                                at /rustc/82e1608dfa6e0b5569232559e3d385fea5a93112/library/std/src/panicking.rs:516:19
[INFO] [stdout]   33:     0x561e9f5ff0d5 - std::panic::catch_unwind::h3ce3bd6ca8dbac68
[INFO] [stdout]                                at /rustc/82e1608dfa6e0b5569232559e3d385fea5a93112/library/std/src/panic.rs:142:14
[INFO] [stdout]   34:     0x561e9f5ff0d5 - test::run_test_in_process::hc97b257c9621286a
[INFO] [stdout]                                at /rustc/82e1608dfa6e0b5569232559e3d385fea5a93112/library/test/src/lib.rs:651:27
[INFO] [stdout]   35:     0x561e9f5ff0d5 - test::run_test::{{closure}}::h2aa798823a438d38
[INFO] [stdout]                                at /rustc/82e1608dfa6e0b5569232559e3d385fea5a93112/library/test/src/lib.rs:574:43
[INFO] [stdout]   36:     0x561e9f5c7396 - test::run_test::{{closure}}::h87d231c78fb59832
[INFO] [stdout]                                at /rustc/82e1608dfa6e0b5569232559e3d385fea5a93112/library/test/src/lib.rs:602:41
[INFO] [stdout]   37:     0x561e9f5c7396 - std::sys_common::backtrace::__rust_begin_short_backtrace::he6df152596625789
[INFO] [stdout]                                at /rustc/82e1608dfa6e0b5569232559e3d385fea5a93112/library/std/src/sys_common/backtrace.rs:154:18
[INFO] [stdout]   38:     0x561e9f5cc447 - std::thread::Builder::spawn_unchecked_::{{closure}}::{{closure}}::ha94be15d1e0acf36
[INFO] [stdout]                                at /rustc/82e1608dfa6e0b5569232559e3d385fea5a93112/library/std/src/thread/mod.rs:529:17
[INFO] [stdout]   39:     0x561e9f5cc447 - <core::panic::unwind_safe::AssertUnwindSafe<F> as core::ops::function::FnOnce<()>>::call_once::h9dc6bd6372f16606
[INFO] [stdout]                                at /rustc/82e1608dfa6e0b5569232559e3d385fea5a93112/library/core/src/panic/unwind_safe.rs:272:9
[INFO] [stdout]   40:     0x561e9f5cc447 - std::panicking::try::do_call::h9057517f80303cd4
[INFO] [stdout]                                at /rustc/82e1608dfa6e0b5569232559e3d385fea5a93112/library/std/src/panicking.rs:552:40
[INFO] [stdout]   41:     0x561e9f5cc447 - std::panicking::try::he3a30b11ee45340c
[INFO] [stdout]                                at /rustc/82e1608dfa6e0b5569232559e3d385fea5a93112/library/std/src/panicking.rs:516:19
[INFO] [stdout]   42:     0x561e9f5cc447 - std::panic::catch_unwind::h410458cfd3528b8b
[INFO] [stdout]                                at /rustc/82e1608dfa6e0b5569232559e3d385fea5a93112/library/std/src/panic.rs:142:14
[INFO] [stdout]   43:     0x561e9f5cc447 - std::thread::Builder::spawn_unchecked_::{{closure}}::h72ac3bdb567b737b
[INFO] [stdout]                                at /rustc/82e1608dfa6e0b5569232559e3d385fea5a93112/library/std/src/thread/mod.rs:528:30
[INFO] [stdout]   44:     0x561e9f5cc447 - core::ops::function::FnOnce::call_once{{vtable.shim}}::h38f34da3654a8344
[INFO] [stdout]                                at /rustc/82e1608dfa6e0b5569232559e3d385fea5a93112/library/core/src/ops/function.rs:250:5
[INFO] [stdout]   45:     0x561e9f75c945 - <alloc::boxed::Box<F,A> as core::ops::function::FnOnce<Args>>::call_once::hc7eafaff61e32df9
[INFO] [stdout]                                at /rustc/82e1608dfa6e0b5569232559e3d385fea5a93112/library/alloc/src/boxed.rs:2007:9
[INFO] [stdout]   46:     0x561e9f75c945 - <alloc::boxed::Box<F,A> as core::ops::function::FnOnce<Args>>::call_once::h6ba4a5de48dd2304
[INFO] [stdout]                                at /rustc/82e1608dfa6e0b5569232559e3d385fea5a93112/library/alloc/src/boxed.rs:2007:9
[INFO] [stdout]   47:     0x561e9f75c945 - std::sys::unix::thread::Thread::new::thread_start::he469335aef763e45
[INFO] [stdout]                                at /rustc/82e1608dfa6e0b5569232559e3d385fea5a93112/library/std/src/sys/unix/thread.rs:108:17
[INFO] [stdout]   48:     0x7ff918537ac3 - <unknown>
[INFO] [stdout]   49:     0x7ff9185c8bf4 - __clone
[INFO] [stdout]   50:                0x0 - <unknown>
[INFO] [stdout] 
[INFO] [stdout] 
[INFO] [stdout] failures:
[INFO] [stdout]     expander_test::test_read_source_code
[INFO] [stdout] 
[INFO] [stdout] test result: FAILED. 1 passed; 1 failed; 0 ignored; 0 measured; 0 filtered out; finished in 0.02s
[INFO] [stdout] 
[INFO] [stderr] error: test failed, to rerun pass `--lib`
[INFO] running `Command { std: "docker" "inspect" "d39125f51278b740268295c98ce90a7af18437ee57b07fe6e08714b1916aac85", kill_on_drop: false }`
[INFO] running `Command { std: "docker" "rm" "-f" "d39125f51278b740268295c98ce90a7af18437ee57b07fe6e08714b1916aac85", kill_on_drop: false }`
[INFO] [stdout] d39125f51278b740268295c98ce90a7af18437ee57b07fe6e08714b1916aac85
[INFO] testing rust_bundler_cp-0.3.16 against beta-2023-12-22 for beta-1.76-1
[INFO] extracting crate rust_bundler_cp 0.3.16 into /workspace/builds/worker-7-tc2/source
[INFO] validating manifest of crates.io crate rust_bundler_cp 0.3.16 on toolchain beta-2023-12-22
[INFO] running `Command { std: CARGO_HOME="/workspace/cargo-home" RUSTUP_HOME="/workspace/rustup-home" "/workspace/cargo-home/bin/cargo" "+beta-2023-12-22" "metadata" "--manifest-path" "Cargo.toml" "--no-deps", kill_on_drop: false }`
[INFO] started tweaking crates.io crate rust_bundler_cp 0.3.16
[INFO] finished tweaking crates.io crate rust_bundler_cp 0.3.16
[INFO] tweaked toml for crates.io crate rust_bundler_cp 0.3.16 written to /workspace/builds/worker-7-tc2/source/Cargo.toml
[INFO] crate crates.io crate rust_bundler_cp 0.3.16 already has a lockfile, it will not be regenerated
[INFO] running `Command { std: CARGO_HOME="/workspace/cargo-home" RUSTUP_HOME="/workspace/rustup-home" "/workspace/cargo-home/bin/cargo" "+beta-2023-12-22" "fetch" "--manifest-path" "Cargo.toml", kill_on_drop: false }`
[INFO] running `Command { std: "docker" "create" "-v" "/var/lib/crater-agent-workspace/builds/worker-7-tc2/target:/opt/rustwide/target:rw,Z" "-v" "/var/lib/crater-agent-workspace/builds/worker-7-tc2/source:/opt/rustwide/workdir:ro,Z" "-v" "/var/lib/crater-agent-workspace/cargo-home:/opt/rustwide/cargo-home:ro,Z" "-v" "/var/lib/crater-agent-workspace/rustup-home:/opt/rustwide/rustup-home:ro,Z" "-e" "SOURCE_DIR=/opt/rustwide/workdir" "-e" "CARGO_TARGET_DIR=/opt/rustwide/target" "-e" "CARGO_HOME=/opt/rustwide/cargo-home" "-e" "RUSTUP_HOME=/opt/rustwide/rustup-home" "-w" "/opt/rustwide/workdir" "-m" "1610612736" "--user" "0:0" "--network" "none" "ghcr.io/rust-lang/crates-build-env/linux@sha256:2788e3201cd34a07e3172128adcd8b3090168a8e3bcc40d7c032b9dda1df7d1c" "/opt/rustwide/cargo-home/bin/cargo" "+beta-2023-12-22" "metadata" "--no-deps" "--format-version=1", kill_on_drop: false }`
[INFO] [stdout] cacc8fcd88ddcf761ff0a3bcef3745feb1dbb616caa30f5e993e41ca3d00c694
[INFO] running `Command { std: "docker" "start" "-a" "cacc8fcd88ddcf761ff0a3bcef3745feb1dbb616caa30f5e993e41ca3d00c694", kill_on_drop: false }`
[INFO] running `Command { std: "docker" "inspect" "cacc8fcd88ddcf761ff0a3bcef3745feb1dbb616caa30f5e993e41ca3d00c694", kill_on_drop: false }`
[INFO] running `Command { std: "docker" "rm" "-f" "cacc8fcd88ddcf761ff0a3bcef3745feb1dbb616caa30f5e993e41ca3d00c694", kill_on_drop: false }`
[INFO] [stdout] cacc8fcd88ddcf761ff0a3bcef3745feb1dbb616caa30f5e993e41ca3d00c694
[INFO] running `Command { std: "docker" "create" "-v" "/var/lib/crater-agent-workspace/builds/worker-7-tc2/target:/opt/rustwide/target:rw,Z" "-v" "/var/lib/crater-agent-workspace/builds/worker-7-tc2/source:/opt/rustwide/workdir:ro,Z" "-v" "/var/lib/crater-agent-workspace/cargo-home:/opt/rustwide/cargo-home:ro,Z" "-v" "/var/lib/crater-agent-workspace/rustup-home:/opt/rustwide/rustup-home:ro,Z" "-e" "SOURCE_DIR=/opt/rustwide/workdir" "-e" "CARGO_TARGET_DIR=/opt/rustwide/target" "-e" "CARGO_INCREMENTAL=0" "-e" "RUST_BACKTRACE=full" "-e" "RUSTFLAGS=--cap-lints=warn" "-e" "RUSTDOCFLAGS=--cap-lints=warn" "-e" "CARGO_HOME=/opt/rustwide/cargo-home" "-e" "RUSTUP_HOME=/opt/rustwide/rustup-home" "-w" "/opt/rustwide/workdir" "-m" "1610612736" "--user" "0:0" "--network" "none" "ghcr.io/rust-lang/crates-build-env/linux@sha256:2788e3201cd34a07e3172128adcd8b3090168a8e3bcc40d7c032b9dda1df7d1c" "/opt/rustwide/cargo-home/bin/cargo" "+beta-2023-12-22" "build" "--frozen" "--message-format=json", kill_on_drop: false }`
[INFO] [stdout] 4d4641773281d27f9a34bbde63228e735bd03937c5cd4e5065b86174f9b6aa33
[INFO] running `Command { std: "docker" "start" "-a" "4d4641773281d27f9a34bbde63228e735bd03937c5cd4e5065b86174f9b6aa33", kill_on_drop: false }`
[INFO] [stderr]    Compiling unicode-ident v1.0.1
[INFO] [stderr]    Compiling proc-macro2 v1.0.39
[INFO] [stderr]    Compiling syn v1.0.98
[INFO] [stderr]    Compiling serde_derive v1.0.137
[INFO] [stderr]    Compiling serde v1.0.137
[INFO] [stderr]    Compiling memchr v2.5.0
[INFO] [stderr]    Compiling libc v0.2.126
[INFO] [stderr]    Compiling semver v1.0.10
[INFO] [stderr]    Compiling log v0.4.17
[INFO] [stderr]    Compiling camino v1.0.9
[INFO] [stderr]    Compiling serde_json v1.0.81
[INFO] [stderr]    Compiling unicode-width v0.1.9
[INFO] [stderr]    Compiling ryu v1.0.10
[INFO] [stderr]    Compiling itoa v1.0.2
[INFO] [stderr]    Compiling regex-syntax v0.6.26
[INFO] [stderr]    Compiling quote v1.0.19
[INFO] [stderr]    Compiling aho-corasick v0.7.18
[INFO] [stderr]    Compiling atty v0.2.14
[INFO] [stderr]    Compiling textwrap v0.11.0
[INFO] [stderr]    Compiling ansi_term v0.12.1
[INFO] [stderr]    Compiling bitflags v1.3.2
[INFO] [stderr]    Compiling termcolor v1.1.3
[INFO] [stderr]    Compiling strsim v0.8.0
[INFO] [stderr]    Compiling vec_map v0.8.2
[INFO] [stderr]    Compiling humantime v2.1.0
[INFO] [stderr]    Compiling clap v2.34.0
[INFO] [stderr]    Compiling simple-string-builder v0.2.0
[INFO] [stderr]    Compiling regex v1.5.6
[INFO] [stderr]    Compiling env_logger v0.9.0
[INFO] [stderr]    Compiling cargo-platform v0.1.2
[INFO] [stderr]    Compiling cargo_metadata v0.14.2
[INFO] [stderr]    Compiling rust_bundler_cp v0.3.16 (/opt/rustwide/workdir)
[INFO] [stderr]     Finished dev [unoptimized + debuginfo] target(s) in 11.09s
[INFO] running `Command { std: "docker" "inspect" "4d4641773281d27f9a34bbde63228e735bd03937c5cd4e5065b86174f9b6aa33", kill_on_drop: false }`
[INFO] running `Command { std: "docker" "rm" "-f" "4d4641773281d27f9a34bbde63228e735bd03937c5cd4e5065b86174f9b6aa33", kill_on_drop: false }`
[INFO] [stdout] 4d4641773281d27f9a34bbde63228e735bd03937c5cd4e5065b86174f9b6aa33
[INFO] running `Command { std: "docker" "create" "-v" "/var/lib/crater-agent-workspace/builds/worker-7-tc2/target:/opt/rustwide/target:rw,Z" "-v" "/var/lib/crater-agent-workspace/builds/worker-7-tc2/source:/opt/rustwide/workdir:ro,Z" "-v" "/var/lib/crater-agent-workspace/cargo-home:/opt/rustwide/cargo-home:ro,Z" "-v" "/var/lib/crater-agent-workspace/rustup-home:/opt/rustwide/rustup-home:ro,Z" "-e" "SOURCE_DIR=/opt/rustwide/workdir" "-e" "CARGO_TARGET_DIR=/opt/rustwide/target" "-e" "CARGO_INCREMENTAL=0" "-e" "RUST_BACKTRACE=full" "-e" "RUSTFLAGS=--cap-lints=warn" "-e" "RUSTDOCFLAGS=--cap-lints=warn" "-e" "CARGO_HOME=/opt/rustwide/cargo-home" "-e" "RUSTUP_HOME=/opt/rustwide/rustup-home" "-w" "/opt/rustwide/workdir" "-m" "1610612736" "--user" "0:0" "--network" "none" "ghcr.io/rust-lang/crates-build-env/linux@sha256:2788e3201cd34a07e3172128adcd8b3090168a8e3bcc40d7c032b9dda1df7d1c" "/opt/rustwide/cargo-home/bin/cargo" "+beta-2023-12-22" "test" "--frozen" "--no-run" "--message-format=json", kill_on_drop: false }`
[INFO] [stdout] aed3c69377b818eba6c4b1010e6b1a438b2e61f270c6c7e7144ea1484e3c88f8
[INFO] running `Command { std: "docker" "start" "-a" "aed3c69377b818eba6c4b1010e6b1a438b2e61f270c6c7e7144ea1484e3c88f8", kill_on_drop: false }`
[INFO] [stderr]    Compiling syn v1.0.98
[INFO] [stderr]    Compiling libc v0.2.126
[INFO] [stderr]    Compiling cc v1.0.73
[INFO] [stderr]    Compiling unicode-xid v0.2.3
[INFO] [stderr]    Compiling failure_derive v0.1.8
[INFO] [stderr]    Compiling gimli v0.26.1
[INFO] [stderr]    Compiling adler v1.0.2
[INFO] [stderr]    Compiling object v0.28.4
[INFO] [stderr]    Compiling miniz_oxide v0.5.3
[INFO] [stderr]    Compiling rustc-demangle v0.1.21
[INFO] [stderr]    Compiling difference v2.0.0
[INFO] [stderr]    Compiling fastrand v1.7.0
[INFO] [stderr]    Compiling remove_dir_all v0.5.3
[INFO] [stderr]    Compiling environment v0.1.1
[INFO] [stderr]    Compiling atty v0.2.14
[INFO] [stderr]    Compiling tempfile v3.3.0
[INFO] [stderr]    Compiling clap v2.34.0
[INFO] [stderr]    Compiling env_logger v0.9.0
[INFO] [stderr]    Compiling colored v1.9.3
[INFO] [stderr]    Compiling backtrace v0.3.65
[INFO] [stderr]    Compiling goldenfile v1.3.0
[INFO] [stderr]    Compiling addr2line v0.17.0
[INFO] [stderr]    Compiling synstructure v0.12.6
[INFO] [stderr]    Compiling serde_derive v1.0.137
[INFO] [stderr]    Compiling failure v0.1.8
[INFO] [stderr]    Compiling serde v1.0.137
[INFO] [stderr]    Compiling serde_json v1.0.81
[INFO] [stderr]    Compiling camino v1.0.9
[INFO] [stderr]    Compiling cargo-platform v0.1.2
[INFO] [stderr]    Compiling semver v1.0.10
[INFO] [stderr]    Compiling cargo_metadata v0.14.2
[INFO] [stderr]    Compiling assert_cli v0.6.3
[INFO] [stderr]    Compiling rust_bundler_cp v0.3.16 (/opt/rustwide/workdir)
[INFO] [stdout] warning: unused variable: `expander`
[INFO] [stdout]    --> src/lib.rs:415:17
[INFO] [stdout]     |
[INFO] [stdout] 415 |         let mut expander = create_expander();
[INFO] [stdout]     |                 ^^^^^^^^ help: if this is intentional, prefix it with an underscore: `_expander`
[INFO] [stdout]     |
[INFO] [stdout]     = note: `#[warn(unused_variables)]` on by default
[INFO] [stdout] 
[INFO] [stdout] 
[INFO] [stdout] warning: variable does not need to be mutable
[INFO] [stdout]    --> src/lib.rs:415:13
[INFO] [stdout]     |
[INFO] [stdout] 415 |         let mut expander = create_expander();
[INFO] [stdout]     |             ----^^^^^^^^
[INFO] [stdout]     |             |
[INFO] [stdout]     |             help: remove this `mut`
[INFO] [stdout]     |
[INFO] [stdout]     = note: `#[warn(unused_mut)]` on by default
[INFO] [stdout] 
[INFO] [stdout] 
[INFO] [stdout] warning: unused variable: `file`
[INFO] [stdout]    --> src/lib.rs:419:17
[INFO] [stdout]     |
[INFO] [stdout] 419 |         let mut file = read_source_code();
[INFO] [stdout]     |                 ^^^^ help: if this is intentional, prefix it with an underscore: `_file`
[INFO] [stdout] 
[INFO] [stdout] 
[INFO] [stdout] warning: variable does not need to be mutable
[INFO] [stdout]    --> src/lib.rs:419:13
[INFO] [stdout]     |
[INFO] [stdout] 419 |         let mut file = read_source_code();
[INFO] [stdout]     |             ----^^^^
[INFO] [stdout]     |             |
[INFO] [stdout]     |             help: remove this `mut`
[INFO] [stdout] 
[INFO] [stdout] 
[INFO] [stdout] warning: variable does not need to be mutable
[INFO] [stdout]    --> src/lib.rs:428:13
[INFO] [stdout]     |
[INFO] [stdout] 428 |         let mut expander = crate::Expander::new(base_path, "", crate_name);
[INFO] [stdout]     |             ----^^^^^^^^
[INFO] [stdout]     |             |
[INFO] [stdout]     |             help: remove this `mut`
[INFO] [stdout] 
[INFO] [stdout] 
[INFO] [stdout] warning: variable does not need to be mutable
[INFO] [stdout]    --> src/lib.rs:437:13
[INFO] [stdout]     |
[INFO] [stdout] 437 |         let mut file = syn::parse_file(&syntax_tree).expect("failed to parse binary target source");
[INFO] [stdout]     |             ----^^^^
[INFO] [stdout]     |             |
[INFO] [stdout]     |             help: remove this `mut`
[INFO] [stdout] 
[INFO] [stdout] 
[INFO] [stdout] warning: 6 warnings emitted
[INFO] [stdout] 
[INFO] [stdout] 
[INFO] [stderr]     Finished test [unoptimized + debuginfo] target(s) in 8.64s
[INFO] running `Command { std: "docker" "inspect" "aed3c69377b818eba6c4b1010e6b1a438b2e61f270c6c7e7144ea1484e3c88f8", kill_on_drop: false }`
[INFO] running `Command { std: "docker" "rm" "-f" "aed3c69377b818eba6c4b1010e6b1a438b2e61f270c6c7e7144ea1484e3c88f8", kill_on_drop: false }`
[INFO] [stdout] aed3c69377b818eba6c4b1010e6b1a438b2e61f270c6c7e7144ea1484e3c88f8
[INFO] running `Command { std: "docker" "create" "-v" "/var/lib/crater-agent-workspace/builds/worker-7-tc2/target:/opt/rustwide/target:rw,Z" "-v" "/var/lib/crater-agent-workspace/builds/worker-7-tc2/source:/opt/rustwide/workdir:ro,Z" "-v" "/var/lib/crater-agent-workspace/cargo-home:/opt/rustwide/cargo-home:ro,Z" "-v" "/var/lib/crater-agent-workspace/rustup-home:/opt/rustwide/rustup-home:ro,Z" "-e" "SOURCE_DIR=/opt/rustwide/workdir" "-e" "CARGO_TARGET_DIR=/opt/rustwide/target" "-e" "CARGO_INCREMENTAL=0" "-e" "RUST_BACKTRACE=full" "-e" "RUSTFLAGS=--cap-lints=warn" "-e" "RUSTDOCFLAGS=--cap-lints=warn" "-e" "CARGO_HOME=/opt/rustwide/cargo-home" "-e" "RUSTUP_HOME=/opt/rustwide/rustup-home" "-w" "/opt/rustwide/workdir" "-m" "1610612736" "--user" "0:0" "--network" "none" "ghcr.io/rust-lang/crates-build-env/linux@sha256:2788e3201cd34a07e3172128adcd8b3090168a8e3bcc40d7c032b9dda1df7d1c" "/opt/rustwide/cargo-home/bin/cargo" "+beta-2023-12-22" "test" "--frozen", kill_on_drop: false }`
[INFO] [stdout] 31a72a5568e6d90e26d74e62f3604c322166f1364f380e070103cd6be472b180
[INFO] running `Command { std: "docker" "start" "-a" "31a72a5568e6d90e26d74e62f3604c322166f1364f380e070103cd6be472b180", kill_on_drop: false }`
[INFO] [stderr] warning: unused variable: `expander`
[INFO] [stderr]    --> src/lib.rs:415:17
[INFO] [stderr]     |
[INFO] [stderr] 415 |         let mut expander = create_expander();
[INFO] [stderr]     |                 ^^^^^^^^ help: if this is intentional, prefix it with an underscore: `_expander`
[INFO] [stderr]     |
[INFO] [stderr]     = note: `#[warn(unused_variables)]` on by default
[INFO] [stderr] 
[INFO] [stderr] warning: variable does not need to be mutable
[INFO] [stderr]    --> src/lib.rs:415:13
[INFO] [stderr]     |
[INFO] [stderr] 415 |         let mut expander = create_expander();
[INFO] [stderr]     |             ----^^^^^^^^
[INFO] [stderr]     |             |
[INFO] [stderr]     |             help: remove this `mut`
[INFO] [stderr]     |
[INFO] [stderr]     = note: `#[warn(unused_mut)]` on by default
[INFO] [stderr] 
[INFO] [stderr] warning: unused variable: `file`
[INFO] [stderr]    --> src/lib.rs:419:17
[INFO] [stderr]     |
[INFO] [stderr] 419 |         let mut file = read_source_code();
[INFO] [stderr]     |                 ^^^^ help: if this is intentional, prefix it with an underscore: `_file`
[INFO] [stderr] 
[INFO] [stderr] warning: variable does not need to be mutable
[INFO] [stderr]    --> src/lib.rs:419:13
[INFO] [stderr]     |
[INFO] [stderr] 419 |         let mut file = read_source_code();
[INFO] [stderr]     |             ----^^^^
[INFO] [stderr]     |             |
[INFO] [stderr]     |             help: remove this `mut`
[INFO] [stderr] 
[INFO] [stderr] warning: variable does not need to be mutable
[INFO] [stderr]    --> src/lib.rs:428:13
[INFO] [stderr]     |
[INFO] [stderr] 428 |         let mut expander = crate::Expander::new(base_path, "", crate_name);
[INFO] [stderr]     |             ----^^^^^^^^
[INFO] [stderr]     |             |
[INFO] [stderr]     |             help: remove this `mut`
[INFO] [stderr] 
[INFO] [stderr] warning: variable does not need to be mutable
[INFO] [stderr]    --> src/lib.rs:437:13
[INFO] [stderr]     |
[INFO] [stderr] 437 |         let mut file = syn::parse_file(&syntax_tree).expect("failed to parse binary target source");
[INFO] [stderr]     |             ----^^^^
[INFO] [stderr]     |             |
[INFO] [stderr]     |             help: remove this `mut`
[INFO] [stderr] 
[INFO] [stderr] warning: `rust_bundler_cp` (lib test) generated 6 warnings (run `cargo fix --lib -p rust_bundler_cp --tests` to apply 6 suggestions)
[INFO] [stderr]     Finished test [unoptimized + debuginfo] target(s) in 0.06s
[INFO] [stderr]      Running unittests src/lib.rs (/opt/rustwide/target/debug/deps/rust_bundler_cp-0362bbc30cb4f7ed)
[INFO] [stdout] 
[INFO] [stdout] running 2 tests
[INFO] [stdout] test expander_test::test_create ... ok
[INFO] [stdout] test expander_test::test_read_source_code ... FAILED
[INFO] [stdout] 
[INFO] [stdout] failures:
[INFO] [stdout] 
[INFO] [stdout] ---- expander_test::test_read_source_code stdout ----
[INFO] [stdout] thread 'expander_test::test_read_source_code' panicked at src/lib.rs:436:51:
[INFO] [stdout] failed to read binary target source
[INFO] [stdout] stack backtrace:
[INFO] [stdout]    0:     0x55e3b9899856 - std::backtrace_rs::backtrace::libunwind::trace::h261606ad26a499c1
[INFO] [stdout]                                at /rustc/0e09125c6c3c2fd70d7de961bcf0e51575235fad/library/std/src/../../backtrace/src/backtrace/libunwind.rs:104:5
[INFO] [stdout]    1:     0x55e3b9899856 - std::backtrace_rs::backtrace::trace_unsynchronized::hd183f0625477fb28
[INFO] [stdout]                                at /rustc/0e09125c6c3c2fd70d7de961bcf0e51575235fad/library/std/src/../../backtrace/src/backtrace/mod.rs:66:5
[INFO] [stdout]    2:     0x55e3b9899856 - std::sys_common::backtrace::_print_fmt::hd7f8fef21b4eda67
[INFO] [stdout]                                at /rustc/0e09125c6c3c2fd70d7de961bcf0e51575235fad/library/std/src/sys_common/backtrace.rs:68:5
[INFO] [stdout]    3:     0x55e3b9899856 - <std::sys_common::backtrace::_print::DisplayBacktrace as core::fmt::Display>::fmt::h623d9b51f2f453f1
[INFO] [stdout]                                at /rustc/0e09125c6c3c2fd70d7de961bcf0e51575235fad/library/std/src/sys_common/backtrace.rs:44:22
[INFO] [stdout]    4:     0x55e3b98c2860 - core::fmt::rt::Argument::fmt::h9f417ac76a86f368
[INFO] [stdout]                                at /rustc/0e09125c6c3c2fd70d7de961bcf0e51575235fad/library/core/src/fmt/rt.rs:142:9
[INFO] [stdout]    5:     0x55e3b98c2860 - core::fmt::write::hc9b6faf4ac2aeff7
[INFO] [stdout]                                at /rustc/0e09125c6c3c2fd70d7de961bcf0e51575235fad/library/core/src/fmt/mod.rs:1120:17
[INFO] [stdout]    6:     0x55e3b989722f - std::io::Write::write_fmt::he04625a3a989fec3
[INFO] [stdout]                                at /rustc/0e09125c6c3c2fd70d7de961bcf0e51575235fad/library/std/src/io/mod.rs:1810:15
[INFO] [stdout]    7:     0x55e3b9899634 - std::sys_common::backtrace::_print::hd5d66399c7df88a2
[INFO] [stdout]                                at /rustc/0e09125c6c3c2fd70d7de961bcf0e51575235fad/library/std/src/sys_common/backtrace.rs:47:5
[INFO] [stdout]    8:     0x55e3b9899634 - std::sys_common::backtrace::print::he81ed2da642d37e5
[INFO] [stdout]                                at /rustc/0e09125c6c3c2fd70d7de961bcf0e51575235fad/library/std/src/sys_common/backtrace.rs:34:9
[INFO] [stdout]    9:     0x55e3b989b3a7 - std::panicking::default_hook::{{closure}}::h85773f4fa117163d
[INFO] [stdout]   10:     0x55e3b989b08d - std::panicking::default_hook::h6a1694a91d09b278
[INFO] [stdout]                                at /rustc/0e09125c6c3c2fd70d7de961bcf0e51575235fad/library/std/src/panicking.rs:289:9
[INFO] [stdout]   11:     0x55e3b973a107 - <alloc::boxed::Box<F,A> as core::ops::function::Fn<Args>>::call::h616ac37fa3cd6c8f
[INFO] [stdout]                                at /rustc/0e09125c6c3c2fd70d7de961bcf0e51575235fad/library/alloc/src/boxed.rs:2029:9
[INFO] [stdout]   12:     0x55e3b973a107 - test::test_main::{{closure}}::h00d84697cefdcbb6
[INFO] [stdout]                                at /rustc/0e09125c6c3c2fd70d7de961bcf0e51575235fad/library/test/src/lib.rs:138:21
[INFO] [stdout]   13:     0x55e3b989b9c6 - <alloc::boxed::Box<F,A> as core::ops::function::Fn<Args>>::call::hcb3fe3b9bb537ba8
[INFO] [stdout]                                at /rustc/0e09125c6c3c2fd70d7de961bcf0e51575235fad/library/alloc/src/boxed.rs:2029:9
[INFO] [stdout]   14:     0x55e3b989b9c6 - std::panicking::rust_panic_with_hook::h0a7ad96e90f7145b
[INFO] [stdout]                                at /rustc/0e09125c6c3c2fd70d7de961bcf0e51575235fad/library/std/src/panicking.rs:783:13
[INFO] [stdout]   15:     0x55e3b989b712 - std::panicking::begin_panic_handler::{{closure}}::h7919090525c6485e
[INFO] [stdout]                                at /rustc/0e09125c6c3c2fd70d7de961bcf0e51575235fad/library/std/src/panicking.rs:657:13
[INFO] [stdout]   16:     0x55e3b9899d56 - std::sys_common::backtrace::__rust_end_short_backtrace::hf3289479464f7dfe
[INFO] [stdout]                                at /rustc/0e09125c6c3c2fd70d7de961bcf0e51575235fad/library/std/src/sys_common/backtrace.rs:171:18
[INFO] [stdout]   17:     0x55e3b989b470 - rust_begin_unwind
[INFO] [stdout]                                at /rustc/0e09125c6c3c2fd70d7de961bcf0e51575235fad/library/std/src/panicking.rs:645:5
[INFO] [stdout]   18:     0x55e3b96ff8f5 - core::panicking::panic_fmt::hcc9f77c5c132af55
[INFO] [stdout]                                at /rustc/0e09125c6c3c2fd70d7de961bcf0e51575235fad/library/core/src/panicking.rs:72:14
[INFO] [stdout]   19:     0x55e3b96ff8b3 - core::panicking::panic_display::h0204da5f51c86759
[INFO] [stdout]                                at /rustc/0e09125c6c3c2fd70d7de961bcf0e51575235fad/library/core/src/panicking.rs:196:5
[INFO] [stdout]   20:     0x55e3b96ff8b3 - core::panicking::panic_str::h384c8d5de2012701
[INFO] [stdout]                                at /rustc/0e09125c6c3c2fd70d7de961bcf0e51575235fad/library/core/src/panicking.rs:171:5
[INFO] [stdout]   21:     0x55e3b96ff8b3 - core::option::expect_failed::h6b23844cf3a4e381
[INFO] [stdout]                                at /rustc/0e09125c6c3c2fd70d7de961bcf0e51575235fad/library/core/src/option.rs:1980:5
[INFO] [stdout]   22:     0x55e3b9700862 - core::option::Option<T>::expect::h14f024643d3c1e93
[INFO] [stdout]                                at /rustc/0e09125c6c3c2fd70d7de961bcf0e51575235fad/library/core/src/option.rs:894:21
[INFO] [stdout]   23:     0x55e3b9701b2c - rust_bundler_cp::expander_test::read_source_code::h3b5ac1b986ab1b70
[INFO] [stdout]                                at /opt/rustwide/workdir/src/lib.rs:436:13
[INFO] [stdout]   24:     0x55e3b9701c6c - rust_bundler_cp::expander_test::test_read_source_code::h17a432a00a81ce3e
[INFO] [stdout]                                at /opt/rustwide/workdir/src/lib.rs:419:24
[INFO] [stdout]   25:     0x55e3b9701c47 - rust_bundler_cp::expander_test::test_read_source_code::{{closure}}::ha6973073c8ca4138
[INFO] [stdout]                                at /opt/rustwide/workdir/src/lib.rs:418:31
[INFO] [stdout]   26:     0x55e3b9700646 - core::ops::function::FnOnce::call_once::h2b0e0d07208b0594
[INFO] [stdout]                                at /rustc/0e09125c6c3c2fd70d7de961bcf0e51575235fad/library/core/src/ops/function.rs:250:5
[INFO] [stdout]   27:     0x55e3b973f9df - core::ops::function::FnOnce::call_once::hd64d26f405258157
[INFO] [stdout]                                at /rustc/0e09125c6c3c2fd70d7de961bcf0e51575235fad/library/core/src/ops/function.rs:250:5
[INFO] [stdout]   28:     0x55e3b973f9df - test::__rust_begin_short_backtrace::he21b0b7a6d731bf9
[INFO] [stdout]                                at /rustc/0e09125c6c3c2fd70d7de961bcf0e51575235fad/library/test/src/lib.rs:627:18
[INFO] [stdout]   29:     0x55e3b973e761 - test::run_test_in_process::{{closure}}::hf5c73986d7bdfde2
[INFO] [stdout]                                at /rustc/0e09125c6c3c2fd70d7de961bcf0e51575235fad/library/test/src/lib.rs:650:60
[INFO] [stdout]   30:     0x55e3b973e761 - <core::panic::unwind_safe::AssertUnwindSafe<F> as core::ops::function::FnOnce<()>>::call_once::h330011ad032aadc0
[INFO] [stdout]                                at /rustc/0e09125c6c3c2fd70d7de961bcf0e51575235fad/library/core/src/panic/unwind_safe.rs:272:9
[INFO] [stdout]   31:     0x55e3b973e761 - std::panicking::try::do_call::he61b0a958b795a41
[INFO] [stdout]                                at /rustc/0e09125c6c3c2fd70d7de961bcf0e51575235fad/library/std/src/panicking.rs:552:40
[INFO] [stdout]   32:     0x55e3b973e761 - std::panicking::try::h7309da130f906eb7
[INFO] [stdout]                                at /rustc/0e09125c6c3c2fd70d7de961bcf0e51575235fad/library/std/src/panicking.rs:516:19
[INFO] [stdout]   33:     0x55e3b973e761 - std::panic::catch_unwind::hc5c3a06fdaf0a92a
[INFO] [stdout]                                at /rustc/0e09125c6c3c2fd70d7de961bcf0e51575235fad/library/std/src/panic.rs:142:14
[INFO] [stdout]   34:     0x55e3b973e761 - test::run_test_in_process::h7e7b7c71c3324e0f
[INFO] [stdout]                                at /rustc/0e09125c6c3c2fd70d7de961bcf0e51575235fad/library/test/src/lib.rs:650:27
[INFO] [stdout]   35:     0x55e3b973e761 - test::run_test::{{closure}}::h1f509f28f5cf20b1
[INFO] [stdout]                                at /rustc/0e09125c6c3c2fd70d7de961bcf0e51575235fad/library/test/src/lib.rs:573:43
[INFO] [stdout]   36:     0x55e3b9705a96 - test::run_test::{{closure}}::h1754218abf443f6d
[INFO] [stdout]                                at /rustc/0e09125c6c3c2fd70d7de961bcf0e51575235fad/library/test/src/lib.rs:601:41
[INFO] [stdout]   37:     0x55e3b9705a96 - std::sys_common::backtrace::__rust_begin_short_backtrace::h2ee174b9d5954948
[INFO] [stdout]                                at /rustc/0e09125c6c3c2fd70d7de961bcf0e51575235fad/library/std/src/sys_common/backtrace.rs:155:18
[INFO] [stdout]   38:     0x55e3b970aaf7 - std::thread::Builder::spawn_unchecked_::{{closure}}::{{closure}}::hf60bee9c1a17ef09
[INFO] [stdout]                                at /rustc/0e09125c6c3c2fd70d7de961bcf0e51575235fad/library/std/src/thread/mod.rs:529:17
[INFO] [stdout]   39:     0x55e3b970aaf7 - <core::panic::unwind_safe::AssertUnwindSafe<F> as core::ops::function::FnOnce<()>>::call_once::h33d0dddec5216160
[INFO] [stdout]                                at /rustc/0e09125c6c3c2fd70d7de961bcf0e51575235fad/library/core/src/panic/unwind_safe.rs:272:9
[INFO] [stdout]   40:     0x55e3b970aaf7 - std::panicking::try::do_call::h144b3048b546f835
[INFO] [stdout]                                at /rustc/0e09125c6c3c2fd70d7de961bcf0e51575235fad/library/std/src/panicking.rs:552:40
[INFO] [stdout]   41:     0x55e3b970aaf7 - std::panicking::try::h978244d04646189f
[INFO] [stdout]                                at /rustc/0e09125c6c3c2fd70d7de961bcf0e51575235fad/library/std/src/panicking.rs:516:19
[INFO] [stdout]   42:     0x55e3b970aaf7 - std::panic::catch_unwind::hdf436369d188fe86
[INFO] [stdout]                                at /rustc/0e09125c6c3c2fd70d7de961bcf0e51575235fad/library/std/src/panic.rs:142:14
[INFO] [stdout]   43:     0x55e3b970aaf7 - std::thread::Builder::spawn_unchecked_::{{closure}}::h87329cbdd33c79ec
[INFO] [stdout]                                at /rustc/0e09125c6c3c2fd70d7de961bcf0e51575235fad/library/std/src/thread/mod.rs:528:30
[INFO] [stdout]   44:     0x55e3b970aaf7 - core::ops::function::FnOnce::call_once{{vtable.shim}}::h401abbe67897d450
[INFO] [stdout]                                at /rustc/0e09125c6c3c2fd70d7de961bcf0e51575235fad/library/core/src/ops/function.rs:250:5
[INFO] [stdout]   45:     0x55e3b98a0555 - <alloc::boxed::Box<F,A> as core::ops::function::FnOnce<Args>>::call_once::h5d7c8f150ab9c84c
[INFO] [stdout]                                at /rustc/0e09125c6c3c2fd70d7de961bcf0e51575235fad/library/alloc/src/boxed.rs:2015:9
[INFO] [stdout]   46:     0x55e3b98a0555 - <alloc::boxed::Box<F,A> as core::ops::function::FnOnce<Args>>::call_once::h570d5b005c242c15
[INFO] [stdout]                                at /rustc/0e09125c6c3c2fd70d7de961bcf0e51575235fad/library/alloc/src/boxed.rs:2015:9
[INFO] [stdout]   47:     0x55e3b98a0555 - std::sys::unix::thread::Thread::new::thread_start::h36b0a20c0b2361ad
[INFO] [stdout]                                at /rustc/0e09125c6c3c2fd70d7de961bcf0e51575235fad/library/std/src/sys/unix/thread.rs:108:17
[INFO] [stdout]   48:     0x7fedb0782ac3 - <unknown>
[INFO] [stdout]   49:     0x7fedb0813bf4 - __clone
[INFO] [stdout]   50:                0x0 - <unknown>
[INFO] [stdout] 
[INFO] [stdout] 
[INFO] [stdout] failures:
[INFO] [stdout]     expander_test::test_read_source_code
[INFO] [stdout] 
[INFO] [stdout] test result: FAILED. 1 passed; 1 failed; 0 ignored; 0 measured; 0 filtered out; finished in 0.02s
[INFO] [stdout] 
[INFO] [stderr] error: test failed, to rerun pass `--lib`
[INFO] running `Command { std: "docker" "inspect" "31a72a5568e6d90e26d74e62f3604c322166f1364f380e070103cd6be472b180", kill_on_drop: false }`
[INFO] running `Command { std: "docker" "rm" "-f" "31a72a5568e6d90e26d74e62f3604c322166f1364f380e070103cd6be472b180", kill_on_drop: false }`
[INFO] [stdout] 31a72a5568e6d90e26d74e62f3604c322166f1364f380e070103cd6be472b180
