[INFO] fetching crate rust-xfinal 0.8.35...
[INFO] testing rust-xfinal-0.8.35 against 1.75.0 for beta-1.76-1
[INFO] extracting crate rust-xfinal 0.8.35 into /workspace/builds/worker-3-tc1/source
[INFO] validating manifest of crates.io crate rust-xfinal 0.8.35 on toolchain 1.75.0
[INFO] running `Command { std: CARGO_HOME="/workspace/cargo-home" RUSTUP_HOME="/workspace/rustup-home" "/workspace/cargo-home/bin/cargo" "+1.75.0" "metadata" "--manifest-path" "Cargo.toml" "--no-deps", kill_on_drop: false }`
[INFO] started tweaking crates.io crate rust-xfinal 0.8.35
[INFO] finished tweaking crates.io crate rust-xfinal 0.8.35
[INFO] tweaked toml for crates.io crate rust-xfinal 0.8.35 written to /workspace/builds/worker-3-tc1/source/Cargo.toml
[INFO] running `Command { std: CARGO_HOME="/workspace/cargo-home" RUSTUP_HOME="/workspace/rustup-home" "/workspace/cargo-home/bin/cargo" "+1.75.0" "generate-lockfile" "--manifest-path" "Cargo.toml", kill_on_drop: false }`
[INFO] [stderr]     Updating crates.io index
[INFO] running `Command { std: CARGO_HOME="/workspace/cargo-home" RUSTUP_HOME="/workspace/rustup-home" "/workspace/cargo-home/bin/cargo" "+1.75.0" "fetch" "--manifest-path" "Cargo.toml", kill_on_drop: false }`
[INFO] [stderr]  Downloading crates ...
[INFO] [stderr]   Downloaded jwt v0.16.0
[INFO] [stderr]   Downloaded expedite v0.1.0
[INFO] [stderr]   Downloaded xfinal-macro v0.1.2
[INFO] running `Command { std: "docker" "create" "-v" "/var/lib/crater-agent-workspace/builds/worker-3-tc1/target:/opt/rustwide/target:rw,Z" "-v" "/var/lib/crater-agent-workspace/builds/worker-3-tc1/source:/opt/rustwide/workdir:ro,Z" "-v" "/var/lib/crater-agent-workspace/cargo-home:/opt/rustwide/cargo-home:ro,Z" "-v" "/var/lib/crater-agent-workspace/rustup-home:/opt/rustwide/rustup-home:ro,Z" "-e" "SOURCE_DIR=/opt/rustwide/workdir" "-e" "CARGO_TARGET_DIR=/opt/rustwide/target" "-e" "CARGO_HOME=/opt/rustwide/cargo-home" "-e" "RUSTUP_HOME=/opt/rustwide/rustup-home" "-w" "/opt/rustwide/workdir" "-m" "1610612736" "--user" "0:0" "--network" "none" "ghcr.io/rust-lang/crates-build-env/linux@sha256:2788e3201cd34a07e3172128adcd8b3090168a8e3bcc40d7c032b9dda1df7d1c" "/opt/rustwide/cargo-home/bin/cargo" "+1.75.0" "metadata" "--no-deps" "--format-version=1", kill_on_drop: false }`
[INFO] [stdout] f68ebd454227402e674e8a636bb5689d01b305a571ea50b4cc69c06c546140dd
[INFO] running `Command { std: "docker" "start" "-a" "f68ebd454227402e674e8a636bb5689d01b305a571ea50b4cc69c06c546140dd", kill_on_drop: false }`
[INFO] running `Command { std: "docker" "inspect" "f68ebd454227402e674e8a636bb5689d01b305a571ea50b4cc69c06c546140dd", kill_on_drop: false }`
[INFO] running `Command { std: "docker" "rm" "-f" "f68ebd454227402e674e8a636bb5689d01b305a571ea50b4cc69c06c546140dd", kill_on_drop: false }`
[INFO] [stdout] f68ebd454227402e674e8a636bb5689d01b305a571ea50b4cc69c06c546140dd
[INFO] running `Command { std: "docker" "create" "-v" "/var/lib/crater-agent-workspace/builds/worker-3-tc1/target:/opt/rustwide/target:rw,Z" "-v" "/var/lib/crater-agent-workspace/builds/worker-3-tc1/source:/opt/rustwide/workdir:ro,Z" "-v" "/var/lib/crater-agent-workspace/cargo-home:/opt/rustwide/cargo-home:ro,Z" "-v" "/var/lib/crater-agent-workspace/rustup-home:/opt/rustwide/rustup-home:ro,Z" "-e" "SOURCE_DIR=/opt/rustwide/workdir" "-e" "CARGO_TARGET_DIR=/opt/rustwide/target" "-e" "CARGO_INCREMENTAL=0" "-e" "RUST_BACKTRACE=full" "-e" "RUSTFLAGS=--cap-lints=warn" "-e" "RUSTDOCFLAGS=--cap-lints=warn" "-e" "CARGO_HOME=/opt/rustwide/cargo-home" "-e" "RUSTUP_HOME=/opt/rustwide/rustup-home" "-w" "/opt/rustwide/workdir" "-m" "1610612736" "--user" "0:0" "--network" "none" "ghcr.io/rust-lang/crates-build-env/linux@sha256:2788e3201cd34a07e3172128adcd8b3090168a8e3bcc40d7c032b9dda1df7d1c" "/opt/rustwide/cargo-home/bin/cargo" "+1.75.0" "build" "--frozen" "--message-format=json", kill_on_drop: false }`
[INFO] [stdout] d5137f133aac1410893b173f3552d25bc1508474b1f247f188cacbfc30a00563
[INFO] running `Command { std: "docker" "start" "-a" "d5137f133aac1410893b173f3552d25bc1508474b1f247f188cacbfc30a00563", kill_on_drop: false }`
[INFO] [stderr]    Compiling memchr v2.7.1
[INFO] [stderr]    Compiling proc-macro2 v1.0.75
[INFO] [stderr]    Compiling unicode-ident v1.0.12
[INFO] [stderr]    Compiling uncased v0.9.9
[INFO] [stderr]    Compiling regex-syntax v0.8.2
[INFO] [stderr]    Compiling ppv-lite86 v0.2.17
[INFO] [stderr]    Compiling siphasher v0.3.11
[INFO] [stderr]    Compiling autocfg v1.1.0
[INFO] [stderr]    Compiling thiserror v1.0.56
[INFO] [stderr]    Compiling crossbeam-utils v0.8.18
[INFO] [stderr]    Compiling serde v1.0.194
[INFO] [stderr]    Compiling subtle v2.5.0
[INFO] [stderr]    Compiling ucd-trie v0.1.6
[INFO] [stderr]    Compiling getrandom v0.2.11
[INFO] [stderr]    Compiling unic-char-range v0.9.0
[INFO] [stderr]    Compiling once_cell v1.19.0
[INFO] [stderr]    Compiling libm v0.2.8
[INFO] [stderr]    Compiling digest v0.10.7
[INFO] [stderr]    Compiling rand_core v0.6.4
[INFO] [stderr]    Compiling iana-time-zone v0.1.59
[INFO] [stderr]    Compiling unic-common v0.9.0
[INFO] [stderr]    Compiling serde_json v1.0.111
[INFO] [stderr]    Compiling unic-ucd-version v0.9.0
[INFO] [stderr]    Compiling unic-char-property v0.9.0
[INFO] [stderr]    Compiling itoa v1.0.10
[INFO] [stderr]    Compiling ryu v1.0.16
[INFO] [stderr]    Compiling rand_chacha v0.3.1
[INFO] [stderr]    Compiling phf_shared v0.11.2
[INFO] [stderr]    Compiling num-traits v0.2.17
[INFO] [stderr]    Compiling deunicode v1.4.2
[INFO] [stderr]    Compiling unic-ucd-segment v0.9.0
[INFO] [stderr]    Compiling bitflags v1.3.2
[INFO] [stderr]    Compiling sha2 v0.10.8
[INFO] [stderr]    Compiling hmac v0.12.1
[INFO] [stderr]    Compiling time v0.1.45
[INFO] [stderr]    Compiling base64 v0.13.1
[INFO] [stderr]    Compiling phf v0.11.2
[INFO] [stderr]    Compiling lazy_static v1.4.0
[INFO] [stderr]    Compiling aho-corasick v1.1.2
[INFO] [stderr]    Compiling bstr v1.9.0
[INFO] [stderr]    Compiling rand v0.8.5
[INFO] [stderr]    Compiling slug v0.1.5
[INFO] [stderr]    Compiling percent-encoding v2.3.1
[INFO] [stderr]    Compiling unic-segment v0.9.0
[INFO] [stderr]    Compiling expedite v0.1.0
[INFO] [stderr]    Compiling crossbeam-epoch v0.9.17
[INFO] [stderr]    Compiling quote v1.0.35
[INFO] [stderr]    Compiling sha1 v0.10.6
[INFO] [stderr]    Compiling xfinal-macro v0.1.2
[INFO] [stderr]    Compiling hex-literal v0.3.4
[INFO] [stderr]    Compiling humansize v2.1.3
[INFO] [stderr]    Compiling syn v2.0.48
[INFO] [stderr]    Compiling crossbeam-deque v0.8.4
[INFO] [stderr]    Compiling phf_generator v0.11.2
[INFO] [stderr]    Compiling phf_codegen v0.11.2
[INFO] [stderr]    Compiling chrono v0.4.31
[INFO] [stderr]    Compiling regex-automata v0.4.3
[INFO] [stderr]    Compiling regex v1.10.2
[INFO] [stderr]    Compiling globset v0.4.14
[INFO] [stderr]    Compiling thiserror-impl v1.0.56
[INFO] [stderr]    Compiling serde_derive v1.0.194
[INFO] [stderr]    Compiling uuid-macro-internal v1.6.1
[INFO] [stderr]    Compiling parse-zoneinfo v0.3.0
[INFO] [stderr]    Compiling ignore v0.4.21
[INFO] [stderr]    Compiling uuid v1.6.1
[INFO] [stderr]    Compiling chrono-tz-build v0.2.1
[INFO] [stderr]    Compiling chrono-tz-build v0.0.3
[INFO] [stderr]    Compiling globwalk v0.8.1
[INFO] [stderr]    Compiling chrono-tz v0.8.5
[INFO] [stderr]    Compiling chrono-tz v0.6.3
[INFO] [stderr]    Compiling pest v2.7.6
[INFO] [stderr]    Compiling pest_meta v2.7.6
[INFO] [stderr]    Compiling pest_generator v2.7.6
[INFO] [stderr]    Compiling pest_derive v2.7.6
[INFO] [stderr]    Compiling multimap v0.8.3
[INFO] [stderr]    Compiling tera v1.19.1
[INFO] [stderr]    Compiling jwt v0.16.0
[INFO] [stderr]    Compiling rust-xfinal v0.8.35 (/opt/rustwide/workdir)
[INFO] [stdout] warning: use of deprecated method `chrono::TimeZone::ymd`: use `with_ymd_and_hms()` instead
[INFO] [stdout]    --> src/cookie.rs:160:18
[INFO] [stdout]     |
[INFO] [stdout] 160 |                 .ymd(t.date.year as i32, t.date.month, t.date.day)
[INFO] [stdout]     |                  ^^^
[INFO] [stdout]     |
[INFO] [stdout]     = note: `#[warn(deprecated)]` on by default
[INFO] [stdout] 
[INFO] [stdout] 
[INFO] [stdout] warning: use of deprecated method `chrono::Date::<Tz>::and_hms`: Use and_hms_opt() instead
[INFO] [stdout]    --> src/cookie.rs:161:18
[INFO] [stdout]     |
[INFO] [stdout] 161 |                 .and_hms(t.hours, t.minutes, t.seconds);
[INFO] [stdout]     |                  ^^^^^^^
[INFO] [stdout] 
[INFO] [stdout] 
[INFO] [stdout] warning: 2 warnings emitted
[INFO] [stdout] 
[INFO] [stdout] 
[INFO] [stderr]     Finished dev [unoptimized + debuginfo] target(s) in 10.73s
[INFO] running `Command { std: "docker" "inspect" "d5137f133aac1410893b173f3552d25bc1508474b1f247f188cacbfc30a00563", kill_on_drop: false }`
[INFO] running `Command { std: "docker" "rm" "-f" "d5137f133aac1410893b173f3552d25bc1508474b1f247f188cacbfc30a00563", kill_on_drop: false }`
[INFO] [stdout] d5137f133aac1410893b173f3552d25bc1508474b1f247f188cacbfc30a00563
[INFO] running `Command { std: "docker" "create" "-v" "/var/lib/crater-agent-workspace/builds/worker-3-tc1/target:/opt/rustwide/target:rw,Z" "-v" "/var/lib/crater-agent-workspace/builds/worker-3-tc1/source:/opt/rustwide/workdir:ro,Z" "-v" "/var/lib/crater-agent-workspace/cargo-home:/opt/rustwide/cargo-home:ro,Z" "-v" "/var/lib/crater-agent-workspace/rustup-home:/opt/rustwide/rustup-home:ro,Z" "-e" "SOURCE_DIR=/opt/rustwide/workdir" "-e" "CARGO_TARGET_DIR=/opt/rustwide/target" "-e" "CARGO_INCREMENTAL=0" "-e" "RUST_BACKTRACE=full" "-e" "RUSTFLAGS=--cap-lints=warn" "-e" "RUSTDOCFLAGS=--cap-lints=warn" "-e" "CARGO_HOME=/opt/rustwide/cargo-home" "-e" "RUSTUP_HOME=/opt/rustwide/rustup-home" "-w" "/opt/rustwide/workdir" "-m" "1610612736" "--user" "0:0" "--network" "none" "ghcr.io/rust-lang/crates-build-env/linux@sha256:2788e3201cd34a07e3172128adcd8b3090168a8e3bcc40d7c032b9dda1df7d1c" "/opt/rustwide/cargo-home/bin/cargo" "+1.75.0" "test" "--frozen" "--no-run" "--message-format=json", kill_on_drop: false }`
[INFO] [stdout] a0767dc7b0c77c3d584e6a9da934a6630ca39897182330ad678cb4af368fedca
[INFO] running `Command { std: "docker" "start" "-a" "a0767dc7b0c77c3d584e6a9da934a6630ca39897182330ad678cb4af368fedca", kill_on_drop: false }`
[INFO] [stdout] warning: use of deprecated method `chrono::TimeZone::ymd`: use `with_ymd_and_hms()` instead
[INFO] [stdout]    --> src/cookie.rs:160:18
[INFO] [stdout]     |
[INFO] [stdout] 160 |                 .ymd(t.date.year as i32, t.date.month, t.date.day)
[INFO] [stdout]     |                  ^^^
[INFO] [stdout]     |
[INFO] [stdout]     = note: `#[warn(deprecated)]` on by default
[INFO] [stdout] 
[INFO] [stdout] 
[INFO] [stdout] warning: use of deprecated method `chrono::Date::<Tz>::and_hms`: Use and_hms_opt() instead
[INFO] [stdout]    --> src/cookie.rs:161:18
[INFO] [stdout]     |
[INFO] [stdout] 161 |                 .and_hms(t.hours, t.minutes, t.seconds);
[INFO] [stdout]     |                  ^^^^^^^
[INFO] [stdout] 
[INFO] [stdout] 
[INFO] [stdout] warning: 2 warnings emitted
[INFO] [stdout] 
[INFO] [stdout] 
[INFO] [stderr]    Compiling rust-xfinal v0.8.35 (/opt/rustwide/workdir)
[INFO] [stdout] warning: use of deprecated method `chrono::TimeZone::ymd`: use `with_ymd_and_hms()` instead
[INFO] [stdout]    --> src/cookie.rs:160:18
[INFO] [stdout]     |
[INFO] [stdout] 160 |                 .ymd(t.date.year as i32, t.date.month, t.date.day)
[INFO] [stdout]     |                  ^^^
[INFO] [stdout]     |
[INFO] [stdout]     = note: `#[warn(deprecated)]` on by default
[INFO] [stdout] 
[INFO] [stdout] 
[INFO] [stdout] warning: use of deprecated method `chrono::Date::<Tz>::and_hms`: Use and_hms_opt() instead
[INFO] [stdout]    --> src/cookie.rs:161:18
[INFO] [stdout]     |
[INFO] [stdout] 161 |                 .and_hms(t.hours, t.minutes, t.seconds);
[INFO] [stdout]     |                  ^^^^^^^
[INFO] [stdout] 
[INFO] [stdout] 
[INFO] [stdout] warning: 2 warnings emitted
[INFO] [stdout] 
[INFO] [stdout] 
[INFO] [stderr]     Finished test [unoptimized + debuginfo] target(s) in 0.87s
[INFO] running `Command { std: "docker" "inspect" "a0767dc7b0c77c3d584e6a9da934a6630ca39897182330ad678cb4af368fedca", kill_on_drop: false }`
[INFO] running `Command { std: "docker" "rm" "-f" "a0767dc7b0c77c3d584e6a9da934a6630ca39897182330ad678cb4af368fedca", kill_on_drop: false }`
[INFO] [stdout] a0767dc7b0c77c3d584e6a9da934a6630ca39897182330ad678cb4af368fedca
[INFO] running `Command { std: "docker" "create" "-v" "/var/lib/crater-agent-workspace/builds/worker-3-tc1/target:/opt/rustwide/target:rw,Z" "-v" "/var/lib/crater-agent-workspace/builds/worker-3-tc1/source:/opt/rustwide/workdir:ro,Z" "-v" "/var/lib/crater-agent-workspace/cargo-home:/opt/rustwide/cargo-home:ro,Z" "-v" "/var/lib/crater-agent-workspace/rustup-home:/opt/rustwide/rustup-home:ro,Z" "-e" "SOURCE_DIR=/opt/rustwide/workdir" "-e" "CARGO_TARGET_DIR=/opt/rustwide/target" "-e" "CARGO_INCREMENTAL=0" "-e" "RUST_BACKTRACE=full" "-e" "RUSTFLAGS=--cap-lints=warn" "-e" "RUSTDOCFLAGS=--cap-lints=warn" "-e" "CARGO_HOME=/opt/rustwide/cargo-home" "-e" "RUSTUP_HOME=/opt/rustwide/rustup-home" "-w" "/opt/rustwide/workdir" "-m" "1610612736" "--user" "0:0" "--network" "none" "ghcr.io/rust-lang/crates-build-env/linux@sha256:2788e3201cd34a07e3172128adcd8b3090168a8e3bcc40d7c032b9dda1df7d1c" "/opt/rustwide/cargo-home/bin/cargo" "+1.75.0" "test" "--frozen", kill_on_drop: false }`
[INFO] [stdout] 5d0576be7fa732f50569a1b6dbf68175834b3118d3cb88710468caf42853df66
[INFO] running `Command { std: "docker" "start" "-a" "5d0576be7fa732f50569a1b6dbf68175834b3118d3cb88710468caf42853df66", kill_on_drop: false }`
[INFO] [stderr] warning: use of deprecated method `chrono::TimeZone::ymd`: use `with_ymd_and_hms()` instead
[INFO] [stderr]    --> src/cookie.rs:160:18
[INFO] [stderr]     |
[INFO] [stderr] 160 |                 .ymd(t.date.year as i32, t.date.month, t.date.day)
[INFO] [stderr]     |                  ^^^
[INFO] [stderr]     |
[INFO] [stderr]     = note: `#[warn(deprecated)]` on by default
[INFO] [stderr] 
[INFO] [stderr] warning: use of deprecated method `chrono::Date::<Tz>::and_hms`: Use and_hms_opt() instead
[INFO] [stderr]    --> src/cookie.rs:161:18
[INFO] [stderr]     |
[INFO] [stderr] 161 |                 .and_hms(t.hours, t.minutes, t.seconds);
[INFO] [stderr]     |                  ^^^^^^^
[INFO] [stderr] 
[INFO] [stderr] warning: `rust-xfinal` (lib) generated 2 warnings
[INFO] [stderr] warning: `rust-xfinal` (lib test) generated 2 warnings (2 duplicates)
[INFO] [stderr]     Finished test [unoptimized + debuginfo] target(s) in 0.08s
[INFO] [stderr]      Running unittests src/lib.rs (/opt/rustwide/target/debug/deps/rust_xfinal-b759cd765f071829)
[INFO] [stdout] 
[INFO] [stdout] running 0 tests
[INFO] [stderr]    Doc-tests rust-xfinal
[INFO] [stdout] 
[INFO] [stdout] test result: ok. 0 passed; 0 failed; 0 ignored; 0 measured; 0 filtered out; finished in 0.00s
[INFO] [stdout] 
[INFO] [stdout] 
[INFO] [stdout] running 4 tests
[INFO] [stdout] test src/http_parser/connection.rs - http_parser::connection::Request<'a>::get_file (line 243) ... FAILED
[INFO] [stdout] test src/http_parser/connection.rs - http_parser::connection::Response<'a>::add_header (line 677) ... FAILED
[INFO] [stdout] test src/http_parser/connection.rs - http_parser::connection::Response<'a>::remove_header (line 650) ... FAILED
[INFO] [stdout] test src/http_parser/connection.rs - http_parser::connection::Response<'a>::remove_header (line 654) ... FAILED
[INFO] [stdout] 
[INFO] [stdout] failures:
[INFO] [stdout] 
[INFO] [stdout] ---- src/http_parser/connection.rs - http_parser::connection::Request<'a>::get_file (line 243) stdout ----
[INFO] [stdout] error: expected `::`, found `<`
[INFO] [stdout]  --> src/http_parser/connection.rs:245:4
[INFO] [stdout]   |
[INFO] [stdout] 3 | <form>
[INFO] [stdout]   |       - expected `::`
[INFO] [stdout] 4 |    <input type="file" name="file1" />
[INFO] [stdout]   |    ^ unexpected token
[INFO] [stdout] 
[INFO] [stdout] error: aborting due to previous error
[INFO] [stdout] 
[INFO] [stdout] Couldn't compile the test.
[INFO] [stdout] ---- src/http_parser/connection.rs - http_parser::connection::Response<'a>::add_header (line 677) stdout ----
[INFO] [stdout] error[E0425]: cannot find function `add_header` in this scope
[INFO] [stdout]  --> src/http_parser/connection.rs:678:1
[INFO] [stdout]   |
[INFO] [stdout] 3 | add_header(String::from("a"),String::from("b"))
[INFO] [stdout]   | ^^^^^^^^^^ not found in this scope
[INFO] [stdout] 
[INFO] [stdout] error: aborting due to previous error
[INFO] [stdout] 
[INFO] [stdout] For more information about this error, try `rustc --explain E0425`.
[INFO] [stdout] Couldn't compile the test.
[INFO] [stdout] ---- src/http_parser/connection.rs - http_parser::connection::Response<'a>::remove_header (line 650) stdout ----
[INFO] [stdout] error[E0425]: cannot find function `add_header` in this scope
[INFO] [stdout]  --> src/http_parser/connection.rs:651:1
[INFO] [stdout]   |
[INFO] [stdout] 3 | add_header(String::from("a"),String::from("b"))
[INFO] [stdout]   | ^^^^^^^^^^ not found in this scope
[INFO] [stdout] 
[INFO] [stdout] error: aborting due to previous error
[INFO] [stdout] 
[INFO] [stdout] For more information about this error, try `rustc --explain E0425`.
[INFO] [stdout] Couldn't compile the test.
[INFO] [stdout] ---- src/http_parser/connection.rs - http_parser::connection::Response<'a>::remove_header (line 654) stdout ----
[INFO] [stdout] error[E0425]: cannot find function `remove_header` in this scope
[INFO] [stdout]  --> src/http_parser/connection.rs:655:1
[INFO] [stdout]   |
[INFO] [stdout] 3 | remove_header(String::from("a"))
[INFO] [stdout]   | ^^^^^^^^^^^^^ not found in this scope
[INFO] [stdout] 
[INFO] [stdout] error: aborting due to previous error
[INFO] [stdout] 
[INFO] [stdout] For more information about this error, try `rustc --explain E0425`.
[INFO] [stdout] Couldn't compile the test.
[INFO] [stdout] 
[INFO] [stdout] failures:
[INFO] [stdout]     src/http_parser/connection.rs - http_parser::connection::Request<'a>::get_file (line 243)
[INFO] [stdout]     src/http_parser/connection.rs - http_parser::connection::Response<'a>::add_header (line 677)
[INFO] [stdout]     src/http_parser/connection.rs - http_parser::connection::Response<'a>::remove_header (line 650)
[INFO] [stdout]     src/http_parser/connection.rs - http_parser::connection::Response<'a>::remove_header (line 654)
[INFO] [stdout] 
[INFO] [stdout] test result: FAILED. 0 passed; 4 failed; 0 ignored; 0 measured; 0 filtered out; finished in 0.09s
[INFO] [stdout] 
[INFO] [stderr] error: doctest failed, to rerun pass `--doc`
[INFO] running `Command { std: "docker" "inspect" "5d0576be7fa732f50569a1b6dbf68175834b3118d3cb88710468caf42853df66", kill_on_drop: false }`
[INFO] running `Command { std: "docker" "rm" "-f" "5d0576be7fa732f50569a1b6dbf68175834b3118d3cb88710468caf42853df66", kill_on_drop: false }`
[INFO] [stdout] 5d0576be7fa732f50569a1b6dbf68175834b3118d3cb88710468caf42853df66
[INFO] testing rust-xfinal-0.8.35 against beta-2023-12-22 for beta-1.76-1
[INFO] extracting crate rust-xfinal 0.8.35 into /workspace/builds/worker-3-tc2/source
[INFO] validating manifest of crates.io crate rust-xfinal 0.8.35 on toolchain beta-2023-12-22
[INFO] running `Command { std: CARGO_HOME="/workspace/cargo-home" RUSTUP_HOME="/workspace/rustup-home" "/workspace/cargo-home/bin/cargo" "+beta-2023-12-22" "metadata" "--manifest-path" "Cargo.toml" "--no-deps", kill_on_drop: false }`
[INFO] started tweaking crates.io crate rust-xfinal 0.8.35
[INFO] finished tweaking crates.io crate rust-xfinal 0.8.35
[INFO] tweaked toml for crates.io crate rust-xfinal 0.8.35 written to /workspace/builds/worker-3-tc2/source/Cargo.toml
[INFO] running `Command { std: CARGO_HOME="/workspace/cargo-home" RUSTUP_HOME="/workspace/rustup-home" "/workspace/cargo-home/bin/cargo" "+beta-2023-12-22" "generate-lockfile" "--manifest-path" "Cargo.toml", kill_on_drop: false }`
[INFO] [stderr]     Updating crates.io index
[INFO] running `Command { std: CARGO_HOME="/workspace/cargo-home" RUSTUP_HOME="/workspace/rustup-home" "/workspace/cargo-home/bin/cargo" "+beta-2023-12-22" "fetch" "--manifest-path" "Cargo.toml", kill_on_drop: false }`
[INFO] running `Command { std: "docker" "create" "-v" "/var/lib/crater-agent-workspace/builds/worker-3-tc2/target:/opt/rustwide/target:rw,Z" "-v" "/var/lib/crater-agent-workspace/builds/worker-3-tc2/source:/opt/rustwide/workdir:ro,Z" "-v" "/var/lib/crater-agent-workspace/cargo-home:/opt/rustwide/cargo-home:ro,Z" "-v" "/var/lib/crater-agent-workspace/rustup-home:/opt/rustwide/rustup-home:ro,Z" "-e" "SOURCE_DIR=/opt/rustwide/workdir" "-e" "CARGO_TARGET_DIR=/opt/rustwide/target" "-e" "CARGO_HOME=/opt/rustwide/cargo-home" "-e" "RUSTUP_HOME=/opt/rustwide/rustup-home" "-w" "/opt/rustwide/workdir" "-m" "1610612736" "--user" "0:0" "--network" "none" "ghcr.io/rust-lang/crates-build-env/linux@sha256:2788e3201cd34a07e3172128adcd8b3090168a8e3bcc40d7c032b9dda1df7d1c" "/opt/rustwide/cargo-home/bin/cargo" "+beta-2023-12-22" "metadata" "--no-deps" "--format-version=1", kill_on_drop: false }`
[INFO] [stdout] 263c1550655187de5727fdb792cca6d4f779001a54e00e7a6477a175ea353517
[INFO] running `Command { std: "docker" "start" "-a" "263c1550655187de5727fdb792cca6d4f779001a54e00e7a6477a175ea353517", kill_on_drop: false }`
[INFO] running `Command { std: "docker" "inspect" "263c1550655187de5727fdb792cca6d4f779001a54e00e7a6477a175ea353517", kill_on_drop: false }`
[INFO] running `Command { std: "docker" "rm" "-f" "263c1550655187de5727fdb792cca6d4f779001a54e00e7a6477a175ea353517", kill_on_drop: false }`
[INFO] [stdout] 263c1550655187de5727fdb792cca6d4f779001a54e00e7a6477a175ea353517
[INFO] running `Command { std: "docker" "create" "-v" "/var/lib/crater-agent-workspace/builds/worker-3-tc2/target:/opt/rustwide/target:rw,Z" "-v" "/var/lib/crater-agent-workspace/builds/worker-3-tc2/source:/opt/rustwide/workdir:ro,Z" "-v" "/var/lib/crater-agent-workspace/cargo-home:/opt/rustwide/cargo-home:ro,Z" "-v" "/var/lib/crater-agent-workspace/rustup-home:/opt/rustwide/rustup-home:ro,Z" "-e" "SOURCE_DIR=/opt/rustwide/workdir" "-e" "CARGO_TARGET_DIR=/opt/rustwide/target" "-e" "CARGO_INCREMENTAL=0" "-e" "RUST_BACKTRACE=full" "-e" "RUSTFLAGS=--cap-lints=warn" "-e" "RUSTDOCFLAGS=--cap-lints=warn" "-e" "CARGO_HOME=/opt/rustwide/cargo-home" "-e" "RUSTUP_HOME=/opt/rustwide/rustup-home" "-w" "/opt/rustwide/workdir" "-m" "1610612736" "--user" "0:0" "--network" "none" "ghcr.io/rust-lang/crates-build-env/linux@sha256:2788e3201cd34a07e3172128adcd8b3090168a8e3bcc40d7c032b9dda1df7d1c" "/opt/rustwide/cargo-home/bin/cargo" "+beta-2023-12-22" "build" "--frozen" "--message-format=json", kill_on_drop: false }`
[INFO] [stdout] effdf69f3c6153fe3c21cd8cf4cb7dcda5eaa35119bb3114730df1be084321ad
[INFO] running `Command { std: "docker" "start" "-a" "effdf69f3c6153fe3c21cd8cf4cb7dcda5eaa35119bb3114730df1be084321ad", kill_on_drop: false }`
[INFO] [stderr]    Compiling memchr v2.7.1
[INFO] [stderr]    Compiling proc-macro2 v1.0.75
[INFO] [stderr]    Compiling unicode-ident v1.0.12
[INFO] [stderr]    Compiling uncased v0.9.9
[INFO] [stderr]    Compiling regex-syntax v0.8.2
[INFO] [stderr]    Compiling ppv-lite86 v0.2.17
[INFO] [stderr]    Compiling siphasher v0.3.11
[INFO] [stderr]    Compiling autocfg v1.1.0
[INFO] [stderr]    Compiling crossbeam-utils v0.8.18
[INFO] [stderr]    Compiling thiserror v1.0.56
[INFO] [stderr]    Compiling serde v1.0.194
[INFO] [stderr]    Compiling subtle v2.5.0
[INFO] [stderr]    Compiling ucd-trie v0.1.6
[INFO] [stderr]    Compiling serde_json v1.0.111
[INFO] [stderr]    Compiling getrandom v0.2.11
[INFO] [stderr]    Compiling iana-time-zone v0.1.59
[INFO] [stderr]    Compiling unic-common v0.9.0
[INFO] [stderr]    Compiling digest v0.10.7
[INFO] [stderr]    Compiling once_cell v1.19.0
[INFO] [stderr]    Compiling rand_core v0.6.4
[INFO] [stderr]    Compiling libm v0.2.8
[INFO] [stderr]    Compiling unic-char-range v0.9.0
[INFO] [stderr]    Compiling unic-ucd-version v0.9.0
[INFO] [stderr]    Compiling itoa v1.0.10
[INFO] [stderr]    Compiling ryu v1.0.16
[INFO] [stderr]    Compiling num-traits v0.2.17
[INFO] [stderr]    Compiling unic-char-property v0.9.0
[INFO] [stderr]    Compiling rand_chacha v0.3.1
[INFO] [stderr]    Compiling deunicode v1.4.2
[INFO] [stderr]    Compiling bitflags v1.3.2
[INFO] [stderr]    Compiling phf_shared v0.11.2
[INFO] [stderr]    Compiling unic-ucd-segment v0.9.0
[INFO] [stderr]    Compiling sha2 v0.10.8
[INFO] [stderr]    Compiling hmac v0.12.1
[INFO] [stderr]    Compiling time v0.1.45
[INFO] [stderr]    Compiling base64 v0.13.1
[INFO] [stderr]    Compiling lazy_static v1.4.0
[INFO] [stderr]    Compiling aho-corasick v1.1.2
[INFO] [stderr]    Compiling phf v0.11.2
[INFO] [stderr]    Compiling rand v0.8.5
[INFO] [stderr]    Compiling bstr v1.9.0
[INFO] [stderr]    Compiling slug v0.1.5
[INFO] [stderr]    Compiling percent-encoding v2.3.1
[INFO] [stderr]    Compiling unic-segment v0.9.0
[INFO] [stderr]    Compiling crossbeam-epoch v0.9.17
[INFO] [stderr]    Compiling quote v1.0.35
[INFO] [stderr]    Compiling expedite v0.1.0
[INFO] [stderr]    Compiling humansize v2.1.3
[INFO] [stderr]    Compiling sha1 v0.10.6
[INFO] [stderr]    Compiling xfinal-macro v0.1.2
[INFO] [stderr]    Compiling syn v2.0.48
[INFO] [stderr]    Compiling hex-literal v0.3.4
[INFO] [stderr]    Compiling crossbeam-deque v0.8.4
[INFO] [stderr]    Compiling phf_generator v0.11.2
[INFO] [stderr]    Compiling phf_codegen v0.11.2
[INFO] [stderr]    Compiling chrono v0.4.31
[INFO] [stderr]    Compiling regex-automata v0.4.3
[INFO] [stderr]    Compiling regex v1.10.2
[INFO] [stderr]    Compiling globset v0.4.14
[INFO] [stderr]    Compiling thiserror-impl v1.0.56
[INFO] [stderr]    Compiling serde_derive v1.0.194
[INFO] [stderr]    Compiling uuid-macro-internal v1.6.1
[INFO] [stderr]    Compiling ignore v0.4.21
[INFO] [stderr]    Compiling parse-zoneinfo v0.3.0
[INFO] [stderr]    Compiling uuid v1.6.1
[INFO] [stderr]    Compiling chrono-tz-build v0.2.1
[INFO] [stderr]    Compiling chrono-tz-build v0.0.3
[INFO] [stderr]    Compiling globwalk v0.8.1
[INFO] [stderr]    Compiling chrono-tz v0.8.5
[INFO] [stderr]    Compiling chrono-tz v0.6.3
[INFO] [stderr]    Compiling pest v2.7.6
[INFO] [stderr]    Compiling pest_meta v2.7.6
[INFO] [stderr]    Compiling pest_generator v2.7.6
[INFO] [stderr]    Compiling pest_derive v2.7.6
[INFO] [stderr]    Compiling multimap v0.8.3
[INFO] [stderr]    Compiling jwt v0.16.0
[INFO] [stderr]    Compiling tera v1.19.1
[INFO] [stderr]    Compiling rust-xfinal v0.8.35 (/opt/rustwide/workdir)
[INFO] [stdout] warning: use of deprecated method `chrono::TimeZone::ymd`: use `with_ymd_and_hms()` instead
[INFO] [stdout]    --> src/cookie.rs:160:18
[INFO] [stdout]     |
[INFO] [stdout] 160 |                 .ymd(t.date.year as i32, t.date.month, t.date.day)
[INFO] [stdout]     |                  ^^^
[INFO] [stdout]     |
[INFO] [stdout]     = note: `#[warn(deprecated)]` on by default
[INFO] [stdout] 
[INFO] [stdout] 
[INFO] [stdout] warning: use of deprecated method `chrono::Date::<Tz>::and_hms`: Use and_hms_opt() instead
[INFO] [stdout]    --> src/cookie.rs:161:18
[INFO] [stdout]     |
[INFO] [stdout] 161 |                 .and_hms(t.hours, t.minutes, t.seconds);
[INFO] [stdout]     |                  ^^^^^^^
[INFO] [stdout] 
[INFO] [stdout] 
[INFO] [stdout] warning: 2 warnings emitted
[INFO] [stdout] 
[INFO] [stdout] 
[INFO] [stderr]     Finished dev [unoptimized + debuginfo] target(s) in 12.42s
[INFO] running `Command { std: "docker" "inspect" "effdf69f3c6153fe3c21cd8cf4cb7dcda5eaa35119bb3114730df1be084321ad", kill_on_drop: false }`
[INFO] running `Command { std: "docker" "rm" "-f" "effdf69f3c6153fe3c21cd8cf4cb7dcda5eaa35119bb3114730df1be084321ad", kill_on_drop: false }`
[INFO] [stdout] effdf69f3c6153fe3c21cd8cf4cb7dcda5eaa35119bb3114730df1be084321ad
[INFO] running `Command { std: "docker" "create" "-v" "/var/lib/crater-agent-workspace/builds/worker-3-tc2/target:/opt/rustwide/target:rw,Z" "-v" "/var/lib/crater-agent-workspace/builds/worker-3-tc2/source:/opt/rustwide/workdir:ro,Z" "-v" "/var/lib/crater-agent-workspace/cargo-home:/opt/rustwide/cargo-home:ro,Z" "-v" "/var/lib/crater-agent-workspace/rustup-home:/opt/rustwide/rustup-home:ro,Z" "-e" "SOURCE_DIR=/opt/rustwide/workdir" "-e" "CARGO_TARGET_DIR=/opt/rustwide/target" "-e" "CARGO_INCREMENTAL=0" "-e" "RUST_BACKTRACE=full" "-e" "RUSTFLAGS=--cap-lints=warn" "-e" "RUSTDOCFLAGS=--cap-lints=warn" "-e" "CARGO_HOME=/opt/rustwide/cargo-home" "-e" "RUSTUP_HOME=/opt/rustwide/rustup-home" "-w" "/opt/rustwide/workdir" "-m" "1610612736" "--user" "0:0" "--network" "none" "ghcr.io/rust-lang/crates-build-env/linux@sha256:2788e3201cd34a07e3172128adcd8b3090168a8e3bcc40d7c032b9dda1df7d1c" "/opt/rustwide/cargo-home/bin/cargo" "+beta-2023-12-22" "test" "--frozen" "--no-run" "--message-format=json", kill_on_drop: false }`
[INFO] [stdout] a178309da9c079dc3c50fe96fc7c4ac456163895a43ceeca6a8c4565130004d2
[INFO] running `Command { std: "docker" "start" "-a" "a178309da9c079dc3c50fe96fc7c4ac456163895a43ceeca6a8c4565130004d2", kill_on_drop: false }`
[INFO] [stderr]    Compiling rust-xfinal v0.8.35 (/opt/rustwide/workdir)
[INFO] [stdout] warning: use of deprecated method `chrono::TimeZone::ymd`: use `with_ymd_and_hms()` instead
[INFO] [stdout]    --> src/cookie.rs:160:18
[INFO] [stdout]     |
[INFO] [stdout] 160 |                 .ymd(t.date.year as i32, t.date.month, t.date.day)
[INFO] [stdout]     |                  ^^^
[INFO] [stdout]     |
[INFO] [stdout]     = note: `#[warn(deprecated)]` on by default
[INFO] [stdout] 
[INFO] [stdout] 
[INFO] [stdout] warning: use of deprecated method `chrono::Date::<Tz>::and_hms`: Use and_hms_opt() instead
[INFO] [stdout]    --> src/cookie.rs:161:18
[INFO] [stdout]     |
[INFO] [stdout] 161 |                 .and_hms(t.hours, t.minutes, t.seconds);
[INFO] [stdout]     |                  ^^^^^^^
[INFO] [stdout] 
[INFO] [stdout] 
[INFO] [stdout] warning: 2 warnings emitted
[INFO] [stdout] 
[INFO] [stdout] 
[INFO] [stdout] warning: use of deprecated method `chrono::TimeZone::ymd`: use `with_ymd_and_hms()` instead
[INFO] [stdout]    --> src/cookie.rs:160:18
[INFO] [stdout]     |
[INFO] [stdout] 160 |                 .ymd(t.date.year as i32, t.date.month, t.date.day)
[INFO] [stdout]     |                  ^^^
[INFO] [stdout]     |
[INFO] [stdout]     = note: `#[warn(deprecated)]` on by default
[INFO] [stdout] 
[INFO] [stdout] 
[INFO] [stdout] warning: use of deprecated method `chrono::Date::<Tz>::and_hms`: Use and_hms_opt() instead
[INFO] [stdout]    --> src/cookie.rs:161:18
[INFO] [stdout]     |
[INFO] [stdout] 161 |                 .and_hms(t.hours, t.minutes, t.seconds);
[INFO] [stdout]     |                  ^^^^^^^
[INFO] [stdout] 
[INFO] [stdout] 
[INFO] [stdout] warning: 2 warnings emitted
[INFO] [stdout] 
[INFO] [stdout] 
[INFO] [stderr]     Finished test [unoptimized + debuginfo] target(s) in 0.58s
[INFO] running `Command { std: "docker" "inspect" "a178309da9c079dc3c50fe96fc7c4ac456163895a43ceeca6a8c4565130004d2", kill_on_drop: false }`
[INFO] running `Command { std: "docker" "rm" "-f" "a178309da9c079dc3c50fe96fc7c4ac456163895a43ceeca6a8c4565130004d2", kill_on_drop: false }`
[INFO] [stdout] a178309da9c079dc3c50fe96fc7c4ac456163895a43ceeca6a8c4565130004d2
[INFO] running `Command { std: "docker" "create" "-v" "/var/lib/crater-agent-workspace/builds/worker-3-tc2/target:/opt/rustwide/target:rw,Z" "-v" "/var/lib/crater-agent-workspace/builds/worker-3-tc2/source:/opt/rustwide/workdir:ro,Z" "-v" "/var/lib/crater-agent-workspace/cargo-home:/opt/rustwide/cargo-home:ro,Z" "-v" "/var/lib/crater-agent-workspace/rustup-home:/opt/rustwide/rustup-home:ro,Z" "-e" "SOURCE_DIR=/opt/rustwide/workdir" "-e" "CARGO_TARGET_DIR=/opt/rustwide/target" "-e" "CARGO_INCREMENTAL=0" "-e" "RUST_BACKTRACE=full" "-e" "RUSTFLAGS=--cap-lints=warn" "-e" "RUSTDOCFLAGS=--cap-lints=warn" "-e" "CARGO_HOME=/opt/rustwide/cargo-home" "-e" "RUSTUP_HOME=/opt/rustwide/rustup-home" "-w" "/opt/rustwide/workdir" "-m" "1610612736" "--user" "0:0" "--network" "none" "ghcr.io/rust-lang/crates-build-env/linux@sha256:2788e3201cd34a07e3172128adcd8b3090168a8e3bcc40d7c032b9dda1df7d1c" "/opt/rustwide/cargo-home/bin/cargo" "+beta-2023-12-22" "test" "--frozen", kill_on_drop: false }`
[INFO] [stdout] baef748e2b6489ff615be9186b383f0b97ef28c16f9354d2395e7ed8fcf2bff6
[INFO] running `Command { std: "docker" "start" "-a" "baef748e2b6489ff615be9186b383f0b97ef28c16f9354d2395e7ed8fcf2bff6", kill_on_drop: false }`
[INFO] [stderr] warning: use of deprecated method `chrono::TimeZone::ymd`: use `with_ymd_and_hms()` instead
[INFO] [stderr]    --> src/cookie.rs:160:18
[INFO] [stderr]     |
[INFO] [stderr] 160 |                 .ymd(t.date.year as i32, t.date.month, t.date.day)
[INFO] [stderr]     |                  ^^^
[INFO] [stderr]     |
[INFO] [stderr]     = note: `#[warn(deprecated)]` on by default
[INFO] [stderr] 
[INFO] [stderr] warning: use of deprecated method `chrono::Date::<Tz>::and_hms`: Use and_hms_opt() instead
[INFO] [stderr]    --> src/cookie.rs:161:18
[INFO] [stderr]     |
[INFO] [stderr] 161 |                 .and_hms(t.hours, t.minutes, t.seconds);
[INFO] [stderr]     |                  ^^^^^^^
[INFO] [stderr] 
[INFO] [stderr] warning: `rust-xfinal` (lib) generated 2 warnings
[INFO] [stderr] warning: `rust-xfinal` (lib test) generated 2 warnings (2 duplicates)
[INFO] [stderr]     Finished test [unoptimized + debuginfo] target(s) in 0.05s
[INFO] [stderr]      Running unittests src/lib.rs (/opt/rustwide/target/debug/deps/rust_xfinal-f49130f9e10aeff4)
[INFO] [stdout] 
[INFO] [stdout] running 0 tests
[INFO] [stdout] 
[INFO] [stdout] test result: ok. 0 passed; 0 failed; 0 ignored; 0 measured; 0 filtered out; finished in 0.00s
[INFO] [stdout] 
[INFO] [stderr]    Doc-tests rust-xfinal
[INFO] [stdout] 
[INFO] [stdout] running 4 tests
[INFO] [stdout] test src/http_parser/connection.rs - http_parser::connection::Request<'a>::get_file (line 243) ... FAILED
[INFO] [stdout] test src/http_parser/connection.rs - http_parser::connection::Response<'a>::remove_header (line 654) ... FAILED
[INFO] [stdout] test src/http_parser/connection.rs - http_parser::connection::Response<'a>::add_header (line 677) ... FAILED
[INFO] [stdout] test src/http_parser/connection.rs - http_parser::connection::Response<'a>::remove_header (line 650) ... FAILED
[INFO] [stdout] 
[INFO] [stdout] failures:
[INFO] [stdout] 
[INFO] [stdout] ---- src/http_parser/connection.rs - http_parser::connection::Request<'a>::get_file (line 243) stdout ----
[INFO] [stdout] error: expected `::`, found `<`
[INFO] [stdout]  --> src/http_parser/connection.rs:245:4
[INFO] [stdout]   |
[INFO] [stdout] 3 | <form>
[INFO] [stdout]   |       - expected `::`
[INFO] [stdout] 4 |    <input type="file" name="file1" />
[INFO] [stdout]   |    ^ unexpected token
[INFO] [stdout] 
[INFO] [stdout] error: aborting due to 1 previous error
[INFO] [stdout] 
[INFO] [stdout] Couldn't compile the test.
[INFO] [stdout] ---- src/http_parser/connection.rs - http_parser::connection::Response<'a>::remove_header (line 654) stdout ----
[INFO] [stdout] error[E0425]: cannot find function `remove_header` in this scope
[INFO] [stdout]  --> src/http_parser/connection.rs:655:1
[INFO] [stdout]   |
[INFO] [stdout] 3 | remove_header(String::from("a"))
[INFO] [stdout]   | ^^^^^^^^^^^^^ not found in this scope
[INFO] [stdout] 
[INFO] [stdout] error: aborting due to 1 previous error
[INFO] [stdout] 
[INFO] [stdout] For more information about this error, try `rustc --explain E0425`.
[INFO] [stdout] Couldn't compile the test.
[INFO] [stdout] ---- src/http_parser/connection.rs - http_parser::connection::Response<'a>::add_header (line 677) stdout ----
[INFO] [stdout] error[E0425]: cannot find function `add_header` in this scope
[INFO] [stdout]  --> src/http_parser/connection.rs:678:1
[INFO] [stdout]   |
[INFO] [stdout] 3 | add_header(String::from("a"),String::from("b"))
[INFO] [stdout]   | ^^^^^^^^^^ not found in this scope
[INFO] [stdout] 
[INFO] [stdout] error: aborting due to 1 previous error
[INFO] [stdout] 
[INFO] [stdout] For more information about this error, try `rustc --explain E0425`.
[INFO] [stdout] Couldn't compile the test.
[INFO] [stdout] ---- src/http_parser/connection.rs - http_parser::connection::Response<'a>::remove_header (line 650) stdout ----
[INFO] [stdout] error[E0425]: cannot find function `add_header` in this scope
[INFO] [stdout]  --> src/http_parser/connection.rs:651:1
[INFO] [stdout]   |
[INFO] [stdout] 3 | add_header(String::from("a"),String::from("b"))
[INFO] [stdout]   | ^^^^^^^^^^ not found in this scope
[INFO] [stdout] 
[INFO] [stdout] error: aborting due to 1 previous error
[INFO] [stdout] 
[INFO] [stdout] For more information about this error, try `rustc --explain E0425`.
[INFO] [stdout] Couldn't compile the test.
[INFO] [stdout] 
[INFO] [stdout] failures:
[INFO] [stdout]     src/http_parser/connection.rs - http_parser::connection::Request<'a>::get_file (line 243)
[INFO] [stdout]     src/http_parser/connection.rs - http_parser::connection::Response<'a>::add_header (line 677)
[INFO] [stdout]     src/http_parser/connection.rs - http_parser::connection::Response<'a>::remove_header (line 650)
[INFO] [stdout]     src/http_parser/connection.rs - http_parser::connection::Response<'a>::remove_header (line 654)
[INFO] [stdout] 
[INFO] [stdout] test result: FAILED. 0 passed; 4 failed; 0 ignored; 0 measured; 0 filtered out; finished in 0.05s
[INFO] [stdout] 
[INFO] [stderr] error: doctest failed, to rerun pass `--doc`
[INFO] running `Command { std: "docker" "inspect" "baef748e2b6489ff615be9186b383f0b97ef28c16f9354d2395e7ed8fcf2bff6", kill_on_drop: false }`
[INFO] running `Command { std: "docker" "rm" "-f" "baef748e2b6489ff615be9186b383f0b97ef28c16f9354d2395e7ed8fcf2bff6", kill_on_drop: false }`
[INFO] [stdout] baef748e2b6489ff615be9186b383f0b97ef28c16f9354d2395e7ed8fcf2bff6
