[INFO] fetching crate rust-tracer 0.5.0...
[INFO] testing rust-tracer-0.5.0 against 1.75.0 for beta-1.76-1
[INFO] extracting crate rust-tracer 0.5.0 into /workspace/builds/worker-4-tc1/source
[INFO] validating manifest of crates.io crate rust-tracer 0.5.0 on toolchain 1.75.0
[INFO] running `Command { std: CARGO_HOME="/workspace/cargo-home" RUSTUP_HOME="/workspace/rustup-home" "/workspace/cargo-home/bin/cargo" "+1.75.0" "metadata" "--manifest-path" "Cargo.toml" "--no-deps", kill_on_drop: false }`
[INFO] started tweaking crates.io crate rust-tracer 0.5.0
[INFO] finished tweaking crates.io crate rust-tracer 0.5.0
[INFO] tweaked toml for crates.io crate rust-tracer 0.5.0 written to /workspace/builds/worker-4-tc1/source/Cargo.toml
[INFO] crate crates.io crate rust-tracer 0.5.0 already has a lockfile, it will not be regenerated
[INFO] running `Command { std: CARGO_HOME="/workspace/cargo-home" RUSTUP_HOME="/workspace/rustup-home" "/workspace/cargo-home/bin/cargo" "+1.75.0" "fetch" "--manifest-path" "Cargo.toml", kill_on_drop: false }`
[INFO] running `Command { std: "docker" "create" "-v" "/var/lib/crater-agent-workspace/builds/worker-4-tc1/target:/opt/rustwide/target:rw,Z" "-v" "/var/lib/crater-agent-workspace/builds/worker-4-tc1/source:/opt/rustwide/workdir:ro,Z" "-v" "/var/lib/crater-agent-workspace/cargo-home:/opt/rustwide/cargo-home:ro,Z" "-v" "/var/lib/crater-agent-workspace/rustup-home:/opt/rustwide/rustup-home:ro,Z" "-e" "SOURCE_DIR=/opt/rustwide/workdir" "-e" "CARGO_TARGET_DIR=/opt/rustwide/target" "-e" "CARGO_HOME=/opt/rustwide/cargo-home" "-e" "RUSTUP_HOME=/opt/rustwide/rustup-home" "-w" "/opt/rustwide/workdir" "-m" "1610612736" "--user" "0:0" "--network" "none" "ghcr.io/rust-lang/crates-build-env/linux@sha256:2788e3201cd34a07e3172128adcd8b3090168a8e3bcc40d7c032b9dda1df7d1c" "/opt/rustwide/cargo-home/bin/cargo" "+1.75.0" "metadata" "--no-deps" "--format-version=1", kill_on_drop: false }`
[INFO] [stdout] e49eec9b621715357c65af9bcad1fd19583dcfa378c2e80cac9f5ad8968e7ec8
[INFO] running `Command { std: "docker" "start" "-a" "e49eec9b621715357c65af9bcad1fd19583dcfa378c2e80cac9f5ad8968e7ec8", kill_on_drop: false }`
[INFO] running `Command { std: "docker" "inspect" "e49eec9b621715357c65af9bcad1fd19583dcfa378c2e80cac9f5ad8968e7ec8", kill_on_drop: false }`
[INFO] running `Command { std: "docker" "rm" "-f" "e49eec9b621715357c65af9bcad1fd19583dcfa378c2e80cac9f5ad8968e7ec8", kill_on_drop: false }`
[INFO] [stdout] e49eec9b621715357c65af9bcad1fd19583dcfa378c2e80cac9f5ad8968e7ec8
[INFO] running `Command { std: "docker" "create" "-v" "/var/lib/crater-agent-workspace/builds/worker-4-tc1/target:/opt/rustwide/target:rw,Z" "-v" "/var/lib/crater-agent-workspace/builds/worker-4-tc1/source:/opt/rustwide/workdir:ro,Z" "-v" "/var/lib/crater-agent-workspace/cargo-home:/opt/rustwide/cargo-home:ro,Z" "-v" "/var/lib/crater-agent-workspace/rustup-home:/opt/rustwide/rustup-home:ro,Z" "-e" "SOURCE_DIR=/opt/rustwide/workdir" "-e" "CARGO_TARGET_DIR=/opt/rustwide/target" "-e" "CARGO_INCREMENTAL=0" "-e" "RUST_BACKTRACE=full" "-e" "RUSTFLAGS=--cap-lints=warn" "-e" "RUSTDOCFLAGS=--cap-lints=warn" "-e" "CARGO_HOME=/opt/rustwide/cargo-home" "-e" "RUSTUP_HOME=/opt/rustwide/rustup-home" "-w" "/opt/rustwide/workdir" "-m" "1610612736" "--user" "0:0" "--network" "none" "ghcr.io/rust-lang/crates-build-env/linux@sha256:2788e3201cd34a07e3172128adcd8b3090168a8e3bcc40d7c032b9dda1df7d1c" "/opt/rustwide/cargo-home/bin/cargo" "+1.75.0" "build" "--frozen" "--message-format=json", kill_on_drop: false }`
[INFO] [stdout] ab2a3122e010f78c080acebac8af9d934dd49c25fc7ab8975db028813587c92f
[INFO] running `Command { std: "docker" "start" "-a" "ab2a3122e010f78c080acebac8af9d934dd49c25fc7ab8975db028813587c92f", kill_on_drop: false }`
[INFO] [stderr]    Compiling libc v0.2.139
[INFO] [stderr]    Compiling getrandom v0.2.8
[INFO] [stderr]    Compiling rand_core v0.6.4
[INFO] [stderr]    Compiling rand_chacha v0.3.1
[INFO] [stderr]    Compiling rand v0.8.5
[INFO] [stderr]    Compiling rust-tracer v0.5.0 (/opt/rustwide/workdir)
[INFO] [stderr]     Finished dev [unoptimized + debuginfo] target(s) in 1.52s
[INFO] running `Command { std: "docker" "inspect" "ab2a3122e010f78c080acebac8af9d934dd49c25fc7ab8975db028813587c92f", kill_on_drop: false }`
[INFO] running `Command { std: "docker" "rm" "-f" "ab2a3122e010f78c080acebac8af9d934dd49c25fc7ab8975db028813587c92f", kill_on_drop: false }`
[INFO] [stdout] ab2a3122e010f78c080acebac8af9d934dd49c25fc7ab8975db028813587c92f
[INFO] running `Command { std: "docker" "create" "-v" "/var/lib/crater-agent-workspace/builds/worker-4-tc1/target:/opt/rustwide/target:rw,Z" "-v" "/var/lib/crater-agent-workspace/builds/worker-4-tc1/source:/opt/rustwide/workdir:ro,Z" "-v" "/var/lib/crater-agent-workspace/cargo-home:/opt/rustwide/cargo-home:ro,Z" "-v" "/var/lib/crater-agent-workspace/rustup-home:/opt/rustwide/rustup-home:ro,Z" "-e" "SOURCE_DIR=/opt/rustwide/workdir" "-e" "CARGO_TARGET_DIR=/opt/rustwide/target" "-e" "CARGO_INCREMENTAL=0" "-e" "RUST_BACKTRACE=full" "-e" "RUSTFLAGS=--cap-lints=warn" "-e" "RUSTDOCFLAGS=--cap-lints=warn" "-e" "CARGO_HOME=/opt/rustwide/cargo-home" "-e" "RUSTUP_HOME=/opt/rustwide/rustup-home" "-w" "/opt/rustwide/workdir" "-m" "1610612736" "--user" "0:0" "--network" "none" "ghcr.io/rust-lang/crates-build-env/linux@sha256:2788e3201cd34a07e3172128adcd8b3090168a8e3bcc40d7c032b9dda1df7d1c" "/opt/rustwide/cargo-home/bin/cargo" "+1.75.0" "test" "--frozen" "--no-run" "--message-format=json", kill_on_drop: false }`
[INFO] [stdout] 1fb2df8679f0e4e7d0b57d616de750f4140ad2330642e617423ea9640a94c268
[INFO] running `Command { std: "docker" "start" "-a" "1fb2df8679f0e4e7d0b57d616de750f4140ad2330642e617423ea9640a94c268", kill_on_drop: false }`
[INFO] [stderr]    Compiling rust-tracer v0.5.0 (/opt/rustwide/workdir)
[INFO] [stderr]     Finished test [unoptimized + debuginfo] target(s) in 0.25s
[INFO] running `Command { std: "docker" "inspect" "1fb2df8679f0e4e7d0b57d616de750f4140ad2330642e617423ea9640a94c268", kill_on_drop: false }`
[INFO] running `Command { std: "docker" "rm" "-f" "1fb2df8679f0e4e7d0b57d616de750f4140ad2330642e617423ea9640a94c268", kill_on_drop: false }`
[INFO] [stdout] 1fb2df8679f0e4e7d0b57d616de750f4140ad2330642e617423ea9640a94c268
[INFO] running `Command { std: "docker" "create" "-v" "/var/lib/crater-agent-workspace/builds/worker-4-tc1/target:/opt/rustwide/target:rw,Z" "-v" "/var/lib/crater-agent-workspace/builds/worker-4-tc1/source:/opt/rustwide/workdir:ro,Z" "-v" "/var/lib/crater-agent-workspace/cargo-home:/opt/rustwide/cargo-home:ro,Z" "-v" "/var/lib/crater-agent-workspace/rustup-home:/opt/rustwide/rustup-home:ro,Z" "-e" "SOURCE_DIR=/opt/rustwide/workdir" "-e" "CARGO_TARGET_DIR=/opt/rustwide/target" "-e" "CARGO_INCREMENTAL=0" "-e" "RUST_BACKTRACE=full" "-e" "RUSTFLAGS=--cap-lints=warn" "-e" "RUSTDOCFLAGS=--cap-lints=warn" "-e" "CARGO_HOME=/opt/rustwide/cargo-home" "-e" "RUSTUP_HOME=/opt/rustwide/rustup-home" "-w" "/opt/rustwide/workdir" "-m" "1610612736" "--user" "0:0" "--network" "none" "ghcr.io/rust-lang/crates-build-env/linux@sha256:2788e3201cd34a07e3172128adcd8b3090168a8e3bcc40d7c032b9dda1df7d1c" "/opt/rustwide/cargo-home/bin/cargo" "+1.75.0" "test" "--frozen", kill_on_drop: false }`
[INFO] [stdout] 344cbedcdcdf43f425bdc6417973d06e496fc6adbca6a4e4a96ad26435b972fa
[INFO] running `Command { std: "docker" "start" "-a" "344cbedcdcdf43f425bdc6417973d06e496fc6adbca6a4e4a96ad26435b972fa", kill_on_drop: false }`
[INFO] [stderr]     Finished test [unoptimized + debuginfo] target(s) in 0.00s
[INFO] [stderr]      Running unittests src/lib.rs (/opt/rustwide/target/debug/deps/rust_tracer-746017b2df42f2fb)
[INFO] [stdout] 
[INFO] [stdout] running 10 tests
[INFO] [stdout] test math::tests::vector_add ... ok
[INFO] [stdout] test math::tests::vector_add_assign ... ok
[INFO] [stdout] test math::tests::vector_div ... ok
[INFO] [stdout] test math::tests::vector_div_assign ... ok
[INFO] [stdout] test math::tests::vector_eq ... ok
[INFO] [stdout] test math::tests::vector_mul ... ok
[INFO] [stdout] test math::tests::vector_mul_assign ... ok
[INFO] [stdout] test math::tests::vector_neg ... ok
[INFO] [stdout] test math::tests::vector_sub ... ok
[INFO] [stdout] test math::tests::vector_sub_assign ... ok
[INFO] [stdout] 
[INFO] [stdout] test result: ok. 10 passed; 0 failed; 0 ignored; 0 measured; 0 filtered out; finished in 0.00s
[INFO] [stdout] 
[INFO] [stderr]      Running unittests src/main.rs (/opt/rustwide/target/debug/deps/rust_tracer-e3125b94b4625070)
[INFO] [stdout] 
[INFO] [stdout] running 0 tests
[INFO] [stdout] 
[INFO] [stdout] test result: ok. 0 passed; 0 failed; 0 ignored; 0 measured; 0 filtered out; finished in 0.00s
[INFO] [stdout] 
[INFO] [stderr]    Doc-tests rust-tracer
[INFO] [stdout] 
[INFO] [stdout] running 1 test
[INFO] [stdout] test src/lib.rs - render (line 37) ... FAILED
[INFO] [stdout] 
[INFO] [stdout] failures:
[INFO] [stdout] 
[INFO] [stdout] ---- src/lib.rs - render (line 37) stdout ----
[INFO] [stdout] error[E0061]: this function takes 7 arguments but 5 arguments were supplied
[INFO] [stdout]   --> src/lib.rs:81:14
[INFO] [stdout]    |
[INFO] [stdout] 47 |   let camera = Camera::new(
[INFO] [stdout]    |  ______________^^^^^^^^^^^-
[INFO] [stdout] 48 | |     Point3::new(-2.0, 2.0, 1.0),
[INFO] [stdout] 49 | |     Point3::new(0.0, 0.0, -1.0),
[INFO] [stdout] 50 | |     Vector3(0.0, 1.0, 0.0),
[INFO] [stdout] 51 | |     20.0,
[INFO] [stdout] 52 | |     16.0 / 9.0,
[INFO] [stdout] 53 | | );
[INFO] [stdout]    | |_- two arguments of type `f64` and `f64` are missing
[INFO] [stdout]    |
[INFO] [stdout] note: associated function defined here
[INFO] [stdout]   --> /opt/rustwide/workdir/src/camera.rs:20:12
[INFO] [stdout]    |
[INFO] [stdout] 20 |     pub fn new(
[INFO] [stdout]    |            ^^^
[INFO] [stdout] help: provide the arguments
[INFO] [stdout]    |
[INFO] [stdout] 47 | let camera = Camera::new(Point3::new(-2.0, 2.0, 1.0), Point3::new(0.0, 0.0, -1.0), Vector3(0.0, 1.0, 0.0), 20.0, 16.0 / 9.0, /* f64 */, /* f64 */);
[INFO] [stdout]    |                         ~~~~~~~~~~~~~~~~~~~~~~~~~~~~~~~~~~~~~~~~~~~~~~~~~~~~~~~~~~~~~~~~~~~~~~~~~~~~~~~~~~~~~~~~~~~~~~~~~~~~~~~~~~~~~~~~~~~~~~~~~~
[INFO] [stdout] 
[INFO] [stdout] error: aborting due to previous error
[INFO] [stdout] 
[INFO] [stdout] For more information about this error, try `rustc --explain E0061`.
[INFO] [stdout] Couldn't compile the test.
[INFO] [stdout] 
[INFO] [stdout] failures:
[INFO] [stdout]     src/lib.rs - render (line 37)
[INFO] [stdout] 
[INFO] [stdout] test result: FAILED. 0 passed; 1 failed; 0 ignored; 0 measured; 0 filtered out; finished in 0.03s
[INFO] [stdout] 
[INFO] [stderr] error: doctest failed, to rerun pass `--doc`
[INFO] running `Command { std: "docker" "inspect" "344cbedcdcdf43f425bdc6417973d06e496fc6adbca6a4e4a96ad26435b972fa", kill_on_drop: false }`
[INFO] running `Command { std: "docker" "rm" "-f" "344cbedcdcdf43f425bdc6417973d06e496fc6adbca6a4e4a96ad26435b972fa", kill_on_drop: false }`
[INFO] [stdout] 344cbedcdcdf43f425bdc6417973d06e496fc6adbca6a4e4a96ad26435b972fa
