[INFO] fetching crate rust-texas 0.2.7...
[INFO] testing rust-texas-0.2.7 against 1.75.0 for beta-1.76-1
[INFO] extracting crate rust-texas 0.2.7 into /workspace/builds/worker-2-tc1/source
[INFO] validating manifest of crates.io crate rust-texas 0.2.7 on toolchain 1.75.0
[INFO] running `Command { std: CARGO_HOME="/workspace/cargo-home" RUSTUP_HOME="/workspace/rustup-home" "/workspace/cargo-home/bin/cargo" "+1.75.0" "metadata" "--manifest-path" "Cargo.toml" "--no-deps", kill_on_drop: false }`
[INFO] started tweaking crates.io crate rust-texas 0.2.7
[INFO] finished tweaking crates.io crate rust-texas 0.2.7
[INFO] tweaked toml for crates.io crate rust-texas 0.2.7 written to /workspace/builds/worker-2-tc1/source/Cargo.toml
[INFO] crate crates.io crate rust-texas 0.2.7 already has a lockfile, it will not be regenerated
[INFO] running `Command { std: CARGO_HOME="/workspace/cargo-home" RUSTUP_HOME="/workspace/rustup-home" "/workspace/cargo-home/bin/cargo" "+1.75.0" "fetch" "--manifest-path" "Cargo.toml", kill_on_drop: false }`
[INFO] running `Command { std: "docker" "create" "-v" "/var/lib/crater-agent-workspace/builds/worker-2-tc1/target:/opt/rustwide/target:rw,Z" "-v" "/var/lib/crater-agent-workspace/builds/worker-2-tc1/source:/opt/rustwide/workdir:ro,Z" "-v" "/var/lib/crater-agent-workspace/cargo-home:/opt/rustwide/cargo-home:ro,Z" "-v" "/var/lib/crater-agent-workspace/rustup-home:/opt/rustwide/rustup-home:ro,Z" "-e" "SOURCE_DIR=/opt/rustwide/workdir" "-e" "CARGO_TARGET_DIR=/opt/rustwide/target" "-e" "CARGO_HOME=/opt/rustwide/cargo-home" "-e" "RUSTUP_HOME=/opt/rustwide/rustup-home" "-w" "/opt/rustwide/workdir" "-m" "1610612736" "--user" "0:0" "--network" "none" "ghcr.io/rust-lang/crates-build-env/linux@sha256:2788e3201cd34a07e3172128adcd8b3090168a8e3bcc40d7c032b9dda1df7d1c" "/opt/rustwide/cargo-home/bin/cargo" "+1.75.0" "metadata" "--no-deps" "--format-version=1", kill_on_drop: false }`
[INFO] [stdout] 11634faaf935dc283a80906977ca3d45245c9d56d604bc10a9dad1d30651d169
[INFO] running `Command { std: "docker" "start" "-a" "11634faaf935dc283a80906977ca3d45245c9d56d604bc10a9dad1d30651d169", kill_on_drop: false }`
[INFO] running `Command { std: "docker" "inspect" "11634faaf935dc283a80906977ca3d45245c9d56d604bc10a9dad1d30651d169", kill_on_drop: false }`
[INFO] running `Command { std: "docker" "rm" "-f" "11634faaf935dc283a80906977ca3d45245c9d56d604bc10a9dad1d30651d169", kill_on_drop: false }`
[INFO] [stdout] 11634faaf935dc283a80906977ca3d45245c9d56d604bc10a9dad1d30651d169
[INFO] running `Command { std: "docker" "create" "-v" "/var/lib/crater-agent-workspace/builds/worker-2-tc1/target:/opt/rustwide/target:rw,Z" "-v" "/var/lib/crater-agent-workspace/builds/worker-2-tc1/source:/opt/rustwide/workdir:ro,Z" "-v" "/var/lib/crater-agent-workspace/cargo-home:/opt/rustwide/cargo-home:ro,Z" "-v" "/var/lib/crater-agent-workspace/rustup-home:/opt/rustwide/rustup-home:ro,Z" "-e" "SOURCE_DIR=/opt/rustwide/workdir" "-e" "CARGO_TARGET_DIR=/opt/rustwide/target" "-e" "CARGO_INCREMENTAL=0" "-e" "RUST_BACKTRACE=full" "-e" "RUSTFLAGS=--cap-lints=warn" "-e" "RUSTDOCFLAGS=--cap-lints=warn" "-e" "CARGO_HOME=/opt/rustwide/cargo-home" "-e" "RUSTUP_HOME=/opt/rustwide/rustup-home" "-w" "/opt/rustwide/workdir" "-m" "1610612736" "--user" "0:0" "--network" "none" "ghcr.io/rust-lang/crates-build-env/linux@sha256:2788e3201cd34a07e3172128adcd8b3090168a8e3bcc40d7c032b9dda1df7d1c" "/opt/rustwide/cargo-home/bin/cargo" "+1.75.0" "build" "--frozen" "--message-format=json", kill_on_drop: false }`
[INFO] [stdout] ff577b2b2923f9fa48e83ce776a3da32240551b893a677927b785944683556f9
[INFO] running `Command { std: "docker" "start" "-a" "ff577b2b2923f9fa48e83ce776a3da32240551b893a677927b785944683556f9", kill_on_drop: false }`
[INFO] [stderr]    Compiling rust-texas v0.2.7 (/opt/rustwide/workdir)
[INFO] [stdout] warning: variable does not need to be mutable
[INFO] [stdout]    --> src/macros.rs:69:13
[INFO] [stdout]     |
[INFO] [stdout] 69  |         let mut package = Package::new($pkg); // You might get a warning here, please ignore.
[INFO] [stdout]     |             ----^^^^^^^
[INFO] [stdout]     |             |
[INFO] [stdout]     |             help: remove this `mut`
[INFO] [stdout]     |
[INFO] [stdout]    ::: src/document.rs:233:26
[INFO] [stdout]     |
[INFO] [stdout] 233 |         self.new_package(package!("graphicx"));
[INFO] [stdout]     |                          -------------------- in this macro invocation
[INFO] [stdout]     |
[INFO] [stdout]     = note: `#[warn(unused_mut)]` on by default
[INFO] [stdout]     = note: this warning originates in the macro `package` (in Nightly builds, run with -Z macro-backtrace for more info)
[INFO] [stdout] 
[INFO] [stdout] 
[INFO] [stdout] warning: type alias `Null` is never used
[INFO] [stdout]   --> src/lib.rs:47:6
[INFO] [stdout]    |
[INFO] [stdout] 47 | type Null = Res<()>;
[INFO] [stdout]    |      ^^^^
[INFO] [stdout]    |
[INFO] [stdout]    = note: `#[warn(dead_code)]` on by default
[INFO] [stdout] 
[INFO] [stdout] 
[INFO] [stdout] warning: 2 warnings emitted
[INFO] [stdout] 
[INFO] [stdout] 
[INFO] [stderr]     Finished dev [unoptimized + debuginfo] target(s) in 0.38s
[INFO] running `Command { std: "docker" "inspect" "ff577b2b2923f9fa48e83ce776a3da32240551b893a677927b785944683556f9", kill_on_drop: false }`
[INFO] running `Command { std: "docker" "rm" "-f" "ff577b2b2923f9fa48e83ce776a3da32240551b893a677927b785944683556f9", kill_on_drop: false }`
[INFO] [stdout] ff577b2b2923f9fa48e83ce776a3da32240551b893a677927b785944683556f9
[INFO] running `Command { std: "docker" "create" "-v" "/var/lib/crater-agent-workspace/builds/worker-2-tc1/target:/opt/rustwide/target:rw,Z" "-v" "/var/lib/crater-agent-workspace/builds/worker-2-tc1/source:/opt/rustwide/workdir:ro,Z" "-v" "/var/lib/crater-agent-workspace/cargo-home:/opt/rustwide/cargo-home:ro,Z" "-v" "/var/lib/crater-agent-workspace/rustup-home:/opt/rustwide/rustup-home:ro,Z" "-e" "SOURCE_DIR=/opt/rustwide/workdir" "-e" "CARGO_TARGET_DIR=/opt/rustwide/target" "-e" "CARGO_INCREMENTAL=0" "-e" "RUST_BACKTRACE=full" "-e" "RUSTFLAGS=--cap-lints=warn" "-e" "RUSTDOCFLAGS=--cap-lints=warn" "-e" "CARGO_HOME=/opt/rustwide/cargo-home" "-e" "RUSTUP_HOME=/opt/rustwide/rustup-home" "-w" "/opt/rustwide/workdir" "-m" "1610612736" "--user" "0:0" "--network" "none" "ghcr.io/rust-lang/crates-build-env/linux@sha256:2788e3201cd34a07e3172128adcd8b3090168a8e3bcc40d7c032b9dda1df7d1c" "/opt/rustwide/cargo-home/bin/cargo" "+1.75.0" "test" "--frozen" "--no-run" "--message-format=json", kill_on_drop: false }`
[INFO] [stdout] 1b366092d98a02f6cb03f095f7cb828414c1a23950dc555c4038a4d6161b8358
[INFO] running `Command { std: "docker" "start" "-a" "1b366092d98a02f6cb03f095f7cb828414c1a23950dc555c4038a4d6161b8358", kill_on_drop: false }`
[INFO] [stdout] warning: variable does not need to be mutable
[INFO] [stdout]    --> src/macros.rs:69:13
[INFO] [stdout]     |
[INFO] [stdout] 69  |         let mut package = Package::new($pkg); // You might get a warning here, please ignore.
[INFO] [stdout]     |             ----^^^^^^^
[INFO] [stdout]     |             |
[INFO] [stdout]     |             help: remove this `mut`
[INFO] [stdout]     |
[INFO] [stdout]    ::: src/document.rs:233:26
[INFO] [stdout]     |
[INFO] [stdout] 233 |         self.new_package(package!("graphicx"));
[INFO] [stdout]     |                          -------------------- in this macro invocation
[INFO] [stdout]     |
[INFO] [stdout]     = note: `#[warn(unused_mut)]` on by default
[INFO] [stdout]     = note: this warning originates in the macro `package` (in Nightly builds, run with -Z macro-backtrace for more info)
[INFO] [stdout] 
[INFO] [stdout] 
[INFO] [stderr]    Compiling rust-texas v0.2.7 (/opt/rustwide/workdir)
[INFO] [stdout] warning: type alias `Null` is never used
[INFO] [stdout]   --> src/lib.rs:47:6
[INFO] [stdout]    |
[INFO] [stdout] 47 | type Null = Res<()>;
[INFO] [stdout]    |      ^^^^
[INFO] [stdout]    |
[INFO] [stdout]    = note: `#[warn(dead_code)]` on by default
[INFO] [stdout] 
[INFO] [stdout] 
[INFO] [stdout] warning: 2 warnings emitted
[INFO] [stdout] 
[INFO] [stdout] 
[INFO] [stdout] warning: variable does not need to be mutable
[INFO] [stdout]    --> src/macros.rs:69:13
[INFO] [stdout]     |
[INFO] [stdout] 69  |         let mut package = Package::new($pkg); // You might get a warning here, please ignore.
[INFO] [stdout]     |             ----^^^^^^^
[INFO] [stdout]     |             |
[INFO] [stdout]     |             help: remove this `mut`
[INFO] [stdout]     |
[INFO] [stdout]    ::: src/document.rs:233:26
[INFO] [stdout]     |
[INFO] [stdout] 233 |         self.new_package(package!("graphicx"));
[INFO] [stdout]     |                          -------------------- in this macro invocation
[INFO] [stdout]     |
[INFO] [stdout]     = note: `#[warn(unused_mut)]` on by default
[INFO] [stdout]     = note: this warning originates in the macro `package` (in Nightly builds, run with -Z macro-backtrace for more info)
[INFO] [stdout] 
[INFO] [stdout] 
[INFO] [stdout] warning: 1 warning emitted
[INFO] [stdout] 
[INFO] [stdout] 
[INFO] [stderr]     Finished test [unoptimized + debuginfo] target(s) in 0.45s
[INFO] running `Command { std: "docker" "inspect" "1b366092d98a02f6cb03f095f7cb828414c1a23950dc555c4038a4d6161b8358", kill_on_drop: false }`
[INFO] running `Command { std: "docker" "rm" "-f" "1b366092d98a02f6cb03f095f7cb828414c1a23950dc555c4038a4d6161b8358", kill_on_drop: false }`
[INFO] [stdout] 1b366092d98a02f6cb03f095f7cb828414c1a23950dc555c4038a4d6161b8358
[INFO] running `Command { std: "docker" "create" "-v" "/var/lib/crater-agent-workspace/builds/worker-2-tc1/target:/opt/rustwide/target:rw,Z" "-v" "/var/lib/crater-agent-workspace/builds/worker-2-tc1/source:/opt/rustwide/workdir:ro,Z" "-v" "/var/lib/crater-agent-workspace/cargo-home:/opt/rustwide/cargo-home:ro,Z" "-v" "/var/lib/crater-agent-workspace/rustup-home:/opt/rustwide/rustup-home:ro,Z" "-e" "SOURCE_DIR=/opt/rustwide/workdir" "-e" "CARGO_TARGET_DIR=/opt/rustwide/target" "-e" "CARGO_INCREMENTAL=0" "-e" "RUST_BACKTRACE=full" "-e" "RUSTFLAGS=--cap-lints=warn" "-e" "RUSTDOCFLAGS=--cap-lints=warn" "-e" "CARGO_HOME=/opt/rustwide/cargo-home" "-e" "RUSTUP_HOME=/opt/rustwide/rustup-home" "-w" "/opt/rustwide/workdir" "-m" "1610612736" "--user" "0:0" "--network" "none" "ghcr.io/rust-lang/crates-build-env/linux@sha256:2788e3201cd34a07e3172128adcd8b3090168a8e3bcc40d7c032b9dda1df7d1c" "/opt/rustwide/cargo-home/bin/cargo" "+1.75.0" "test" "--frozen", kill_on_drop: false }`
[INFO] [stdout] 7eb1db9ebf73e594f22a4f7da4d09bedb420add643f36b37a435aaf1e15b4d83
[INFO] running `Command { std: "docker" "start" "-a" "7eb1db9ebf73e594f22a4f7da4d09bedb420add643f36b37a435aaf1e15b4d83", kill_on_drop: false }`
[INFO] [stderr] warning: variable does not need to be mutable
[INFO] [stderr]    --> src/macros.rs:69:13
[INFO] [stderr]     |
[INFO] [stderr] 69  |         let mut package = Package::new($pkg); // You might get a warning here, please ignore.
[INFO] [stderr]     |             ----^^^^^^^
[INFO] [stderr]     |             |
[INFO] [stderr]     |             help: remove this `mut`
[INFO] [stderr]     |
[INFO] [stderr]    ::: src/document.rs:233:26
[INFO] [stderr]     |
[INFO] [stderr] 233 |         self.new_package(package!("graphicx"));
[INFO] [stderr]     |                          -------------------- in this macro invocation
[INFO] [stderr]     |
[INFO] [stderr]     = note: `#[warn(unused_mut)]` on by default
[INFO] [stderr]     = note: this warning originates in the macro `package` (in Nightly builds, run with -Z macro-backtrace for more info)
[INFO] [stderr] 
[INFO] [stderr] warning: type alias `Null` is never used
[INFO] [stderr]   --> src/lib.rs:47:6
[INFO] [stderr]    |
[INFO] [stderr] 47 | type Null = Res<()>;
[INFO] [stderr]    |      ^^^^
[INFO] [stderr]    |
[INFO] [stderr]    = note: `#[warn(dead_code)]` on by default
[INFO] [stderr] 
[INFO] [stderr] warning: `rust-texas` (lib) generated 2 warnings (run `cargo fix --lib -p rust-texas` to apply 1 suggestion)
[INFO] [stderr] warning: `rust-texas` (lib test) generated 1 warning (1 duplicate)
[INFO] [stderr]     Finished test [unoptimized + debuginfo] target(s) in 0.00s
[INFO] [stderr]      Running unittests src/lib.rs (/opt/rustwide/target/debug/deps/rust_texas-1be743d68abe9334)
[INFO] [stdout] 
[INFO] [stdout] running 7 tests
[INFO] [stdout] test tests::fifth ... FAILED
[INFO] [stdout] test tests::primary ... FAILED
[INFO] [stdout] test tests::quaternary ... FAILED
[INFO] [stdout] test tests::secondary ... FAILED
[INFO] [stdout] test tests::seventh ... FAILED
[INFO] [stdout] test tests::sixth ... FAILED
[INFO] [stdout] test tests::tertiary ... FAILED
[INFO] [stdout] 
[INFO] [stdout] failures:
[INFO] [stdout] 
[INFO] [stdout] ---- tests::fifth stdout ----
[INFO] [stdout] Error: Os { code: 2, kind: NotFound, message: "No such file or directory" }
[INFO] [stdout] 
[INFO] [stdout] ---- tests::primary stdout ----
[INFO] [stdout] Error: Os { code: 2, kind: NotFound, message: "No such file or directory" }
[INFO] [stdout] 
[INFO] [stdout] ---- tests::quaternary stdout ----
[INFO] [stdout] Error: Os { code: 2, kind: NotFound, message: "No such file or directory" }
[INFO] [stdout] 
[INFO] [stdout] ---- tests::secondary stdout ----
[INFO] [stdout] Error: Os { code: 2, kind: NotFound, message: "No such file or directory" }
[INFO] [stdout] 
[INFO] [stdout] ---- tests::seventh stdout ----
[INFO] [stdout] Error: Os { code: 2, kind: NotFound, message: "No such file or directory" }
[INFO] [stdout] 
[INFO] [stdout] ---- tests::sixth stdout ----
[INFO] [stdout] Error: Os { code: 2, kind: NotFound, message: "No such file or directory" }
[INFO] [stdout] 
[INFO] [stdout] ---- tests::tertiary stdout ----
[INFO] [stdout] Error: Os { code: 2, kind: NotFound, message: "No such file or directory" }
[INFO] [stdout] 
[INFO] [stdout] 
[INFO] [stdout] failures:
[INFO] [stdout]     tests::fifth
[INFO] [stdout]     tests::primary
[INFO] [stdout]     tests::quaternary
[INFO] [stdout]     tests::secondary
[INFO] [stdout]     tests::seventh
[INFO] [stdout]     tests::sixth
[INFO] [stdout]     tests::tertiary
[INFO] [stdout] 
[INFO] [stdout] test result: FAILED. 0 passed; 7 failed; 0 ignored; 0 measured; 0 filtered out; finished in 0.00s
[INFO] [stdout] 
[INFO] [stderr] error: test failed, to rerun pass `--lib`
[INFO] running `Command { std: "docker" "inspect" "7eb1db9ebf73e594f22a4f7da4d09bedb420add643f36b37a435aaf1e15b4d83", kill_on_drop: false }`
[INFO] running `Command { std: "docker" "rm" "-f" "7eb1db9ebf73e594f22a4f7da4d09bedb420add643f36b37a435aaf1e15b4d83", kill_on_drop: false }`
[INFO] [stdout] 7eb1db9ebf73e594f22a4f7da4d09bedb420add643f36b37a435aaf1e15b4d83
[INFO] testing rust-texas-0.2.7 against beta-2023-12-22 for beta-1.76-1
[INFO] extracting crate rust-texas 0.2.7 into /workspace/builds/worker-2-tc2/source
[INFO] validating manifest of crates.io crate rust-texas 0.2.7 on toolchain beta-2023-12-22
[INFO] running `Command { std: CARGO_HOME="/workspace/cargo-home" RUSTUP_HOME="/workspace/rustup-home" "/workspace/cargo-home/bin/cargo" "+beta-2023-12-22" "metadata" "--manifest-path" "Cargo.toml" "--no-deps", kill_on_drop: false }`
[INFO] started tweaking crates.io crate rust-texas 0.2.7
[INFO] finished tweaking crates.io crate rust-texas 0.2.7
[INFO] tweaked toml for crates.io crate rust-texas 0.2.7 written to /workspace/builds/worker-2-tc2/source/Cargo.toml
[INFO] crate crates.io crate rust-texas 0.2.7 already has a lockfile, it will not be regenerated
[INFO] running `Command { std: CARGO_HOME="/workspace/cargo-home" RUSTUP_HOME="/workspace/rustup-home" "/workspace/cargo-home/bin/cargo" "+beta-2023-12-22" "fetch" "--manifest-path" "Cargo.toml", kill_on_drop: false }`
[INFO] running `Command { std: "docker" "create" "-v" "/var/lib/crater-agent-workspace/builds/worker-2-tc2/target:/opt/rustwide/target:rw,Z" "-v" "/var/lib/crater-agent-workspace/builds/worker-2-tc2/source:/opt/rustwide/workdir:ro,Z" "-v" "/var/lib/crater-agent-workspace/cargo-home:/opt/rustwide/cargo-home:ro,Z" "-v" "/var/lib/crater-agent-workspace/rustup-home:/opt/rustwide/rustup-home:ro,Z" "-e" "SOURCE_DIR=/opt/rustwide/workdir" "-e" "CARGO_TARGET_DIR=/opt/rustwide/target" "-e" "CARGO_HOME=/opt/rustwide/cargo-home" "-e" "RUSTUP_HOME=/opt/rustwide/rustup-home" "-w" "/opt/rustwide/workdir" "-m" "1610612736" "--user" "0:0" "--network" "none" "ghcr.io/rust-lang/crates-build-env/linux@sha256:2788e3201cd34a07e3172128adcd8b3090168a8e3bcc40d7c032b9dda1df7d1c" "/opt/rustwide/cargo-home/bin/cargo" "+beta-2023-12-22" "metadata" "--no-deps" "--format-version=1", kill_on_drop: false }`
[INFO] [stdout] d780a2e8fde2777b0dc638d2519c20df4c459e5c5c07f0d81c603977b2464337
[INFO] running `Command { std: "docker" "start" "-a" "d780a2e8fde2777b0dc638d2519c20df4c459e5c5c07f0d81c603977b2464337", kill_on_drop: false }`
[INFO] running `Command { std: "docker" "inspect" "d780a2e8fde2777b0dc638d2519c20df4c459e5c5c07f0d81c603977b2464337", kill_on_drop: false }`
[INFO] running `Command { std: "docker" "rm" "-f" "d780a2e8fde2777b0dc638d2519c20df4c459e5c5c07f0d81c603977b2464337", kill_on_drop: false }`
[INFO] [stdout] d780a2e8fde2777b0dc638d2519c20df4c459e5c5c07f0d81c603977b2464337
[INFO] running `Command { std: "docker" "create" "-v" "/var/lib/crater-agent-workspace/builds/worker-2-tc2/target:/opt/rustwide/target:rw,Z" "-v" "/var/lib/crater-agent-workspace/builds/worker-2-tc2/source:/opt/rustwide/workdir:ro,Z" "-v" "/var/lib/crater-agent-workspace/cargo-home:/opt/rustwide/cargo-home:ro,Z" "-v" "/var/lib/crater-agent-workspace/rustup-home:/opt/rustwide/rustup-home:ro,Z" "-e" "SOURCE_DIR=/opt/rustwide/workdir" "-e" "CARGO_TARGET_DIR=/opt/rustwide/target" "-e" "CARGO_INCREMENTAL=0" "-e" "RUST_BACKTRACE=full" "-e" "RUSTFLAGS=--cap-lints=warn" "-e" "RUSTDOCFLAGS=--cap-lints=warn" "-e" "CARGO_HOME=/opt/rustwide/cargo-home" "-e" "RUSTUP_HOME=/opt/rustwide/rustup-home" "-w" "/opt/rustwide/workdir" "-m" "1610612736" "--user" "0:0" "--network" "none" "ghcr.io/rust-lang/crates-build-env/linux@sha256:2788e3201cd34a07e3172128adcd8b3090168a8e3bcc40d7c032b9dda1df7d1c" "/opt/rustwide/cargo-home/bin/cargo" "+beta-2023-12-22" "build" "--frozen" "--message-format=json", kill_on_drop: false }`
[INFO] [stdout] 0af4368eb4599217167aa350c546b4fad6533d6a1e023ae7833178994ee66949
[INFO] running `Command { std: "docker" "start" "-a" "0af4368eb4599217167aa350c546b4fad6533d6a1e023ae7833178994ee66949", kill_on_drop: false }`
[INFO] [stderr]    Compiling rust-texas v0.2.7 (/opt/rustwide/workdir)
[INFO] [stdout] warning: variable does not need to be mutable
[INFO] [stdout]    --> src/macros.rs:69:13
[INFO] [stdout]     |
[INFO] [stdout] 69  |         let mut package = Package::new($pkg); // You might get a warning here, please ignore.
[INFO] [stdout]     |             ----^^^^^^^
[INFO] [stdout]     |             |
[INFO] [stdout]     |             help: remove this `mut`
[INFO] [stdout]     |
[INFO] [stdout]    ::: src/document.rs:233:26
[INFO] [stdout]     |
[INFO] [stdout] 233 |         self.new_package(package!("graphicx"));
[INFO] [stdout]     |                          -------------------- in this macro invocation
[INFO] [stdout]     |
[INFO] [stdout]     = note: `#[warn(unused_mut)]` on by default
[INFO] [stdout]     = note: this warning originates in the macro `package` (in Nightly builds, run with -Z macro-backtrace for more info)
[INFO] [stdout] 
[INFO] [stdout] 
[INFO] [stdout] warning: type alias `Null` is never used
[INFO] [stdout]   --> src/lib.rs:47:6
[INFO] [stdout]    |
[INFO] [stdout] 47 | type Null = Res<()>;
[INFO] [stdout]    |      ^^^^
[INFO] [stdout]    |
[INFO] [stdout]    = note: `#[warn(dead_code)]` on by default
[INFO] [stdout] 
[INFO] [stdout] 
[INFO] [stdout] warning: 2 warnings emitted
[INFO] [stdout] 
[INFO] [stdout] 
[INFO] [stderr]     Finished dev [unoptimized + debuginfo] target(s) in 0.38s
[INFO] running `Command { std: "docker" "inspect" "0af4368eb4599217167aa350c546b4fad6533d6a1e023ae7833178994ee66949", kill_on_drop: false }`
[INFO] running `Command { std: "docker" "rm" "-f" "0af4368eb4599217167aa350c546b4fad6533d6a1e023ae7833178994ee66949", kill_on_drop: false }`
[INFO] [stdout] 0af4368eb4599217167aa350c546b4fad6533d6a1e023ae7833178994ee66949
[INFO] running `Command { std: "docker" "create" "-v" "/var/lib/crater-agent-workspace/builds/worker-2-tc2/target:/opt/rustwide/target:rw,Z" "-v" "/var/lib/crater-agent-workspace/builds/worker-2-tc2/source:/opt/rustwide/workdir:ro,Z" "-v" "/var/lib/crater-agent-workspace/cargo-home:/opt/rustwide/cargo-home:ro,Z" "-v" "/var/lib/crater-agent-workspace/rustup-home:/opt/rustwide/rustup-home:ro,Z" "-e" "SOURCE_DIR=/opt/rustwide/workdir" "-e" "CARGO_TARGET_DIR=/opt/rustwide/target" "-e" "CARGO_INCREMENTAL=0" "-e" "RUST_BACKTRACE=full" "-e" "RUSTFLAGS=--cap-lints=warn" "-e" "RUSTDOCFLAGS=--cap-lints=warn" "-e" "CARGO_HOME=/opt/rustwide/cargo-home" "-e" "RUSTUP_HOME=/opt/rustwide/rustup-home" "-w" "/opt/rustwide/workdir" "-m" "1610612736" "--user" "0:0" "--network" "none" "ghcr.io/rust-lang/crates-build-env/linux@sha256:2788e3201cd34a07e3172128adcd8b3090168a8e3bcc40d7c032b9dda1df7d1c" "/opt/rustwide/cargo-home/bin/cargo" "+beta-2023-12-22" "test" "--frozen" "--no-run" "--message-format=json", kill_on_drop: false }`
[INFO] [stdout] 5506b93c077b8224275d865a25aad0002593b8071658670c7df8df330fa27209
[INFO] running `Command { std: "docker" "start" "-a" "5506b93c077b8224275d865a25aad0002593b8071658670c7df8df330fa27209", kill_on_drop: false }`
[INFO] [stdout] warning: variable does not need to be mutable
[INFO] [stdout]    --> src/macros.rs:69:13
[INFO] [stdout]     |
[INFO] [stdout] 69  |         let mut package = Package::new($pkg); // You might get a warning here, please ignore.
[INFO] [stdout]     |             ----^^^^^^^
[INFO] [stdout]     |             |
[INFO] [stdout]     |             help: remove this `mut`
[INFO] [stdout]     |
[INFO] [stdout]    ::: src/document.rs:233:26
[INFO] [stdout]     |
[INFO] [stdout] 233 |         self.new_package(package!("graphicx"));
[INFO] [stdout]     |                          -------------------- in this macro invocation
[INFO] [stdout]     |
[INFO] [stdout]     = note: `#[warn(unused_mut)]` on by default
[INFO] [stdout]     = note: this warning originates in the macro `package` (in Nightly builds, run with -Z macro-backtrace for more info)
[INFO] [stdout] 
[INFO] [stdout] 
[INFO] [stderr]    Compiling rust-texas v0.2.7 (/opt/rustwide/workdir)
[INFO] [stdout] warning: type alias `Null` is never used
[INFO] [stdout]   --> src/lib.rs:47:6
[INFO] [stdout]    |
[INFO] [stdout] 47 | type Null = Res<()>;
[INFO] [stdout]    |      ^^^^
[INFO] [stdout]    |
[INFO] [stdout]    = note: `#[warn(dead_code)]` on by default
[INFO] [stdout] 
[INFO] [stdout] 
[INFO] [stdout] warning: 2 warnings emitted
[INFO] [stdout] 
[INFO] [stdout] 
[INFO] [stdout] warning: variable does not need to be mutable
[INFO] [stdout]    --> src/macros.rs:69:13
[INFO] [stdout]     |
[INFO] [stdout] 69  |         let mut package = Package::new($pkg); // You might get a warning here, please ignore.
[INFO] [stdout]     |             ----^^^^^^^
[INFO] [stdout]     |             |
[INFO] [stdout]     |             help: remove this `mut`
[INFO] [stdout]     |
[INFO] [stdout]    ::: src/document.rs:233:26
[INFO] [stdout]     |
[INFO] [stdout] 233 |         self.new_package(package!("graphicx"));
[INFO] [stdout]     |                          -------------------- in this macro invocation
[INFO] [stdout]     |
[INFO] [stdout]     = note: `#[warn(unused_mut)]` on by default
[INFO] [stdout]     = note: this warning originates in the macro `package` (in Nightly builds, run with -Z macro-backtrace for more info)
[INFO] [stdout] 
[INFO] [stdout] 
[INFO] [stdout] warning: 1 warning emitted
[INFO] [stdout] 
[INFO] [stdout] 
[INFO] [stderr]     Finished test [unoptimized + debuginfo] target(s) in 0.46s
[INFO] running `Command { std: "docker" "inspect" "5506b93c077b8224275d865a25aad0002593b8071658670c7df8df330fa27209", kill_on_drop: false }`
[INFO] running `Command { std: "docker" "rm" "-f" "5506b93c077b8224275d865a25aad0002593b8071658670c7df8df330fa27209", kill_on_drop: false }`
[INFO] [stdout] 5506b93c077b8224275d865a25aad0002593b8071658670c7df8df330fa27209
[INFO] running `Command { std: "docker" "create" "-v" "/var/lib/crater-agent-workspace/builds/worker-2-tc2/target:/opt/rustwide/target:rw,Z" "-v" "/var/lib/crater-agent-workspace/builds/worker-2-tc2/source:/opt/rustwide/workdir:ro,Z" "-v" "/var/lib/crater-agent-workspace/cargo-home:/opt/rustwide/cargo-home:ro,Z" "-v" "/var/lib/crater-agent-workspace/rustup-home:/opt/rustwide/rustup-home:ro,Z" "-e" "SOURCE_DIR=/opt/rustwide/workdir" "-e" "CARGO_TARGET_DIR=/opt/rustwide/target" "-e" "CARGO_INCREMENTAL=0" "-e" "RUST_BACKTRACE=full" "-e" "RUSTFLAGS=--cap-lints=warn" "-e" "RUSTDOCFLAGS=--cap-lints=warn" "-e" "CARGO_HOME=/opt/rustwide/cargo-home" "-e" "RUSTUP_HOME=/opt/rustwide/rustup-home" "-w" "/opt/rustwide/workdir" "-m" "1610612736" "--user" "0:0" "--network" "none" "ghcr.io/rust-lang/crates-build-env/linux@sha256:2788e3201cd34a07e3172128adcd8b3090168a8e3bcc40d7c032b9dda1df7d1c" "/opt/rustwide/cargo-home/bin/cargo" "+beta-2023-12-22" "test" "--frozen", kill_on_drop: false }`
[INFO] [stdout] 1d2ae2c4a91232e921c6e3fcbd46802a7c183b34a81a4a77da4e8623608f1ce5
[INFO] running `Command { std: "docker" "start" "-a" "1d2ae2c4a91232e921c6e3fcbd46802a7c183b34a81a4a77da4e8623608f1ce5", kill_on_drop: false }`
[INFO] [stderr] warning: variable does not need to be mutable
[INFO] [stderr]    --> src/macros.rs:69:13
[INFO] [stderr]     |
[INFO] [stderr] 69  |         let mut package = Package::new($pkg); // You might get a warning here, please ignore.
[INFO] [stderr]     |             ----^^^^^^^
[INFO] [stderr]     |             |
[INFO] [stderr]     |             help: remove this `mut`
[INFO] [stderr]     |
[INFO] [stderr]    ::: src/document.rs:233:26
[INFO] [stderr]     |
[INFO] [stderr] 233 |         self.new_package(package!("graphicx"));
[INFO] [stderr]     |                          -------------------- in this macro invocation
[INFO] [stderr]     |
[INFO] [stderr]     = note: `#[warn(unused_mut)]` on by default
[INFO] [stderr]     = note: this warning originates in the macro `package` (in Nightly builds, run with -Z macro-backtrace for more info)
[INFO] [stderr] 
[INFO] [stderr] warning: type alias `Null` is never used
[INFO] [stderr]   --> src/lib.rs:47:6
[INFO] [stderr]    |
[INFO] [stderr] 47 | type Null = Res<()>;
[INFO] [stderr]    |      ^^^^
[INFO] [stderr]    |
[INFO] [stderr]    = note: `#[warn(dead_code)]` on by default
[INFO] [stderr] 
[INFO] [stderr] warning: `rust-texas` (lib) generated 2 warnings (run `cargo fix --lib -p rust-texas` to apply 1 suggestion)
[INFO] [stderr] warning: `rust-texas` (lib test) generated 1 warning (1 duplicate)
[INFO] [stderr]     Finished test [unoptimized + debuginfo] target(s) in 0.00s
[INFO] [stderr]      Running unittests src/lib.rs (/opt/rustwide/target/debug/deps/rust_texas-0a10a8f4e02f731d)
[INFO] [stdout] 
[INFO] [stdout] running 7 tests
[INFO] [stdout] test tests::quaternary ... FAILED
[INFO] [stdout] test tests::fifth ... FAILED
[INFO] [stdout] test tests::primary ... FAILED
[INFO] [stdout] test tests::secondary ... FAILED
[INFO] [stdout] test tests::sixth ... FAILED
[INFO] [stdout] test tests::seventh ... FAILED
[INFO] [stdout] test tests::tertiary ... FAILED
[INFO] [stdout] 
[INFO] [stdout] failures:
[INFO] [stdout] 
[INFO] [stdout] ---- tests::quaternary stdout ----
[INFO] [stdout] Error: Os { code: 2, kind: NotFound, message: "No such file or directory" }
[INFO] [stdout] 
[INFO] [stdout] ---- tests::fifth stdout ----
[INFO] [stdout] Error: Os { code: 2, kind: NotFound, message: "No such file or directory" }
[INFO] [stdout] 
[INFO] [stdout] ---- tests::primary stdout ----
[INFO] [stdout] Error: Os { code: 2, kind: NotFound, message: "No such file or directory" }
[INFO] [stdout] 
[INFO] [stdout] ---- tests::secondary stdout ----
[INFO] [stdout] Error: Os { code: 2, kind: NotFound, message: "No such file or directory" }
[INFO] [stdout] 
[INFO] [stdout] ---- tests::sixth stdout ----
[INFO] [stdout] Error: Os { code: 2, kind: NotFound, message: "No such file or directory" }
[INFO] [stdout] 
[INFO] [stdout] ---- tests::seventh stdout ----
[INFO] [stdout] Error: Os { code: 2, kind: NotFound, message: "No such file or directory" }
[INFO] [stdout] 
[INFO] [stdout] ---- tests::tertiary stdout ----
[INFO] [stdout] Error: Os { code: 2, kind: NotFound, message: "No such file or directory" }
[INFO] [stdout] 
[INFO] [stdout] 
[INFO] [stdout] failures:
[INFO] [stdout]     tests::fifth
[INFO] [stdout]     tests::primary
[INFO] [stdout]     tests::quaternary
[INFO] [stdout]     tests::secondary
[INFO] [stdout]     tests::seventh
[INFO] [stdout]     tests::sixth
[INFO] [stdout]     tests::tertiary
[INFO] [stdout] 
[INFO] [stdout] test result: FAILED. 0 passed; 7 failed; 0 ignored; 0 measured; 0 filtered out; finished in 0.00s
[INFO] [stdout] 
[INFO] [stderr] error: test failed, to rerun pass `--lib`
[INFO] running `Command { std: "docker" "inspect" "1d2ae2c4a91232e921c6e3fcbd46802a7c183b34a81a4a77da4e8623608f1ce5", kill_on_drop: false }`
[INFO] running `Command { std: "docker" "rm" "-f" "1d2ae2c4a91232e921c6e3fcbd46802a7c183b34a81a4a77da4e8623608f1ce5", kill_on_drop: false }`
[INFO] [stdout] 1d2ae2c4a91232e921c6e3fcbd46802a7c183b34a81a4a77da4e8623608f1ce5
