[INFO] fetching crate rust-jni 0.1.0...
[INFO] testing rust-jni-0.1.0 against 1.75.0 for beta-1.76-1
[INFO] extracting crate rust-jni 0.1.0 into /workspace/builds/worker-6-tc1/source
[INFO] validating manifest of crates.io crate rust-jni 0.1.0 on toolchain 1.75.0
[INFO] running `Command { std: CARGO_HOME="/workspace/cargo-home" RUSTUP_HOME="/workspace/rustup-home" "/workspace/cargo-home/bin/cargo" "+1.75.0" "metadata" "--manifest-path" "Cargo.toml" "--no-deps", kill_on_drop: false }`
[INFO] started tweaking crates.io crate rust-jni 0.1.0
[INFO] finished tweaking crates.io crate rust-jni 0.1.0
[INFO] tweaked toml for crates.io crate rust-jni 0.1.0 written to /workspace/builds/worker-6-tc1/source/Cargo.toml
[INFO] running `Command { std: CARGO_HOME="/workspace/cargo-home" RUSTUP_HOME="/workspace/rustup-home" "/workspace/cargo-home/bin/cargo" "+1.75.0" "generate-lockfile" "--manifest-path" "Cargo.toml", kill_on_drop: false }`
[INFO] [stderr]     Updating crates.io index
[INFO] running `Command { std: CARGO_HOME="/workspace/cargo-home" RUSTUP_HOME="/workspace/rustup-home" "/workspace/cargo-home/bin/cargo" "+1.75.0" "fetch" "--manifest-path" "Cargo.toml", kill_on_drop: false }`
[INFO] running `Command { std: "docker" "create" "-v" "/var/lib/crater-agent-workspace/builds/worker-6-tc1/target:/opt/rustwide/target:rw,Z" "-v" "/var/lib/crater-agent-workspace/builds/worker-6-tc1/source:/opt/rustwide/workdir:ro,Z" "-v" "/var/lib/crater-agent-workspace/cargo-home:/opt/rustwide/cargo-home:ro,Z" "-v" "/var/lib/crater-agent-workspace/rustup-home:/opt/rustwide/rustup-home:ro,Z" "-e" "SOURCE_DIR=/opt/rustwide/workdir" "-e" "CARGO_TARGET_DIR=/opt/rustwide/target" "-e" "CARGO_HOME=/opt/rustwide/cargo-home" "-e" "RUSTUP_HOME=/opt/rustwide/rustup-home" "-w" "/opt/rustwide/workdir" "-m" "1610612736" "--user" "0:0" "--network" "none" "ghcr.io/rust-lang/crates-build-env/linux@sha256:2788e3201cd34a07e3172128adcd8b3090168a8e3bcc40d7c032b9dda1df7d1c" "/opt/rustwide/cargo-home/bin/cargo" "+1.75.0" "metadata" "--no-deps" "--format-version=1", kill_on_drop: false }`
[INFO] [stdout] 7fae512becda3b6ddfa05996cfcddcbe806af2c35dbdfda788cfe38865ca6397
[INFO] running `Command { std: "docker" "start" "-a" "7fae512becda3b6ddfa05996cfcddcbe806af2c35dbdfda788cfe38865ca6397", kill_on_drop: false }`
[INFO] running `Command { std: "docker" "inspect" "7fae512becda3b6ddfa05996cfcddcbe806af2c35dbdfda788cfe38865ca6397", kill_on_drop: false }`
[INFO] running `Command { std: "docker" "rm" "-f" "7fae512becda3b6ddfa05996cfcddcbe806af2c35dbdfda788cfe38865ca6397", kill_on_drop: false }`
[INFO] [stdout] 7fae512becda3b6ddfa05996cfcddcbe806af2c35dbdfda788cfe38865ca6397
[INFO] running `Command { std: "docker" "create" "-v" "/var/lib/crater-agent-workspace/builds/worker-6-tc1/target:/opt/rustwide/target:rw,Z" "-v" "/var/lib/crater-agent-workspace/builds/worker-6-tc1/source:/opt/rustwide/workdir:ro,Z" "-v" "/var/lib/crater-agent-workspace/cargo-home:/opt/rustwide/cargo-home:ro,Z" "-v" "/var/lib/crater-agent-workspace/rustup-home:/opt/rustwide/rustup-home:ro,Z" "-e" "SOURCE_DIR=/opt/rustwide/workdir" "-e" "CARGO_TARGET_DIR=/opt/rustwide/target" "-e" "CARGO_INCREMENTAL=0" "-e" "RUST_BACKTRACE=full" "-e" "RUSTFLAGS=--cap-lints=warn" "-e" "RUSTDOCFLAGS=--cap-lints=warn" "-e" "CARGO_HOME=/opt/rustwide/cargo-home" "-e" "RUSTUP_HOME=/opt/rustwide/rustup-home" "-w" "/opt/rustwide/workdir" "-m" "1610612736" "--user" "0:0" "--network" "none" "ghcr.io/rust-lang/crates-build-env/linux@sha256:2788e3201cd34a07e3172128adcd8b3090168a8e3bcc40d7c032b9dda1df7d1c" "/opt/rustwide/cargo-home/bin/cargo" "+1.75.0" "build" "--frozen" "--message-format=json", kill_on_drop: false }`
[INFO] [stdout] 0da195f77e106e7899b3ae5ded75dda86dca5146bf047ad47a6463c5af55ddee
[INFO] running `Command { std: "docker" "start" "-a" "0da195f77e106e7899b3ae5ded75dda86dca5146bf047ad47a6463c5af55ddee", kill_on_drop: false }`
[INFO] [stderr]    Compiling same-file v1.0.6
[INFO] [stderr]    Compiling cesu8 v1.1.0
[INFO] [stderr]    Compiling jni-sys v0.3.0
[INFO] [stderr]    Compiling walkdir v2.4.0
[INFO] [stderr]    Compiling rust-jni v0.1.0 (/opt/rustwide/workdir)
[INFO] [stdout] warning: panic message is not a string literal
[INFO] [stdout]   --> src/jni/native_method.rs:50:20
[INFO] [stdout]    |
[INFO] [stdout] 50 |             panic!(format!("Could not get Java VM. Status: {:?}", status));
[INFO] [stdout]    |                    ^^^^^^^^^^^^^^^^^^^^^^^^^^^^^^^^^^^^^^^^^^^^^^^^^^^^^^
[INFO] [stdout]    |
[INFO] [stdout]    = note: this usage of `panic!()` is deprecated; it will be a hard error in Rust 2021
[INFO] [stdout]    = note: for more information, see <https://doc.rust-lang.org/nightly/edition-guide/rust-2021/panic-macro-consistency.html>
[INFO] [stdout]    = note: the `panic!()` macro supports formatting, so there's no need for the `format!()` macro here
[INFO] [stdout]    = note: `#[warn(non_fmt_panics)]` on by default
[INFO] [stdout] help: remove the `format!(..)` macro call
[INFO] [stdout]    |
[INFO] [stdout] 50 -             panic!(format!("Could not get Java VM. Status: {:?}", status));
[INFO] [stdout] 50 +             panic!("Could not get Java VM. Status: {:?}", status);
[INFO] [stdout]    |
[INFO] [stdout] 
[INFO] [stdout] 
[INFO] [stdout] warning: 1 warning emitted
[INFO] [stdout] 
[INFO] [stdout] 
[INFO] [stderr]     Finished dev [unoptimized + debuginfo] target(s) in 1.71s
[INFO] running `Command { std: "docker" "inspect" "0da195f77e106e7899b3ae5ded75dda86dca5146bf047ad47a6463c5af55ddee", kill_on_drop: false }`
[INFO] running `Command { std: "docker" "rm" "-f" "0da195f77e106e7899b3ae5ded75dda86dca5146bf047ad47a6463c5af55ddee", kill_on_drop: false }`
[INFO] [stdout] 0da195f77e106e7899b3ae5ded75dda86dca5146bf047ad47a6463c5af55ddee
[INFO] running `Command { std: "docker" "create" "-v" "/var/lib/crater-agent-workspace/builds/worker-6-tc1/target:/opt/rustwide/target:rw,Z" "-v" "/var/lib/crater-agent-workspace/builds/worker-6-tc1/source:/opt/rustwide/workdir:ro,Z" "-v" "/var/lib/crater-agent-workspace/cargo-home:/opt/rustwide/cargo-home:ro,Z" "-v" "/var/lib/crater-agent-workspace/rustup-home:/opt/rustwide/rustup-home:ro,Z" "-e" "SOURCE_DIR=/opt/rustwide/workdir" "-e" "CARGO_TARGET_DIR=/opt/rustwide/target" "-e" "CARGO_INCREMENTAL=0" "-e" "RUST_BACKTRACE=full" "-e" "RUSTFLAGS=--cap-lints=warn" "-e" "RUSTDOCFLAGS=--cap-lints=warn" "-e" "CARGO_HOME=/opt/rustwide/cargo-home" "-e" "RUSTUP_HOME=/opt/rustwide/rustup-home" "-w" "/opt/rustwide/workdir" "-m" "1610612736" "--user" "0:0" "--network" "none" "ghcr.io/rust-lang/crates-build-env/linux@sha256:2788e3201cd34a07e3172128adcd8b3090168a8e3bcc40d7c032b9dda1df7d1c" "/opt/rustwide/cargo-home/bin/cargo" "+1.75.0" "test" "--frozen" "--no-run" "--message-format=json", kill_on_drop: false }`
[INFO] [stdout] abecabfed4106891fe61bd8cdd744c25aea5ea064ecd49ad31e35f5deccd05bf
[INFO] running `Command { std: "docker" "start" "-a" "abecabfed4106891fe61bd8cdd744c25aea5ea064ecd49ad31e35f5deccd05bf", kill_on_drop: false }`
[INFO] [stderr]    Compiling rust-jni v0.1.0 (/opt/rustwide/workdir)
[INFO] [stdout] warning: panic message is not a string literal
[INFO] [stdout]   --> src/jni/native_method.rs:50:20
[INFO] [stdout]    |
[INFO] [stdout] 50 |             panic!(format!("Could not get Java VM. Status: {:?}", status));
[INFO] [stdout]    |                    ^^^^^^^^^^^^^^^^^^^^^^^^^^^^^^^^^^^^^^^^^^^^^^^^^^^^^^
[INFO] [stdout]    |
[INFO] [stdout]    = note: this usage of `panic!()` is deprecated; it will be a hard error in Rust 2021
[INFO] [stdout]    = note: for more information, see <https://doc.rust-lang.org/nightly/edition-guide/rust-2021/panic-macro-consistency.html>
[INFO] [stdout]    = note: the `panic!()` macro supports formatting, so there's no need for the `format!()` macro here
[INFO] [stdout]    = note: `#[warn(non_fmt_panics)]` on by default
[INFO] [stdout] help: remove the `format!(..)` macro call
[INFO] [stdout]    |
[INFO] [stdout] 50 -             panic!(format!("Could not get Java VM. Status: {:?}", status));
[INFO] [stdout] 50 +             panic!("Could not get Java VM. Status: {:?}", status);
[INFO] [stdout]    |
[INFO] [stdout] 
[INFO] [stdout] 
[INFO] [stdout] warning: 1 warning emitted
[INFO] [stdout] 
[INFO] [stdout] 
[INFO] [stdout] warning: panic message is not a string literal
[INFO] [stdout]   --> tests/native_method_env.rs:68:28
[INFO] [stdout]    |
[INFO] [stdout] 68 |                     panic!(message);
[INFO] [stdout]    |                            ^^^^^^^
[INFO] [stdout]    |
[INFO] [stdout]    = note: this usage of `panic!()` is deprecated; it will be a hard error in Rust 2021
[INFO] [stdout]    = note: for more information, see <https://doc.rust-lang.org/nightly/edition-guide/rust-2021/panic-macro-consistency.html>
[INFO] [stdout]    = note: `#[warn(non_fmt_panics)]` on by default
[INFO] [stdout] help: add a "{}" format string to `Display` the message
[INFO] [stdout]    |
[INFO] [stdout] 68 |                     panic!("{}", message);
[INFO] [stdout]    |                            +++++
[INFO] [stdout] 
[INFO] [stdout] 
[INFO] [stdout] warning: 1 warning emitted
[INFO] [stdout] 
[INFO] [stdout] 
[INFO] [stdout] warning: trait objects without an explicit `dyn` are deprecated
[INFO] [stdout]    --> src/jni/generate_class.rs:923:25
[INFO] [stdout]     |
[INFO] [stdout] 923 |             &object as &Deref<Target = Object>;
[INFO] [stdout]     |                         ^^^^^^^^^^^^^^^^^^^^^^
[INFO] [stdout]     |
[INFO] [stdout]    ::: src/jni/class.rs:138:5
[INFO] [stdout]     |
[INFO] [stdout] 138 |     generate_tests!(Class, "Ljava/lang/Class;");
[INFO] [stdout]     |     ------------------------------------------- in this macro invocation
[INFO] [stdout]     |
[INFO] [stdout]     = warning: this is accepted in the current edition (Rust 2015) but is a hard error in Rust 2021!
[INFO] [stdout]     = note: for more information, see <https://doc.rust-lang.org/nightly/edition-guide/rust-2021/warnings-promoted-to-error.html>
[INFO] [stdout]     = note: `#[warn(bare_trait_objects)]` on by default
[INFO] [stdout]     = note: this warning originates in the macro `generate_tests` (in Nightly builds, run with -Z macro-backtrace for more info)
[INFO] [stdout] help: use `dyn`
[INFO] [stdout]     |
[INFO] [stdout] 923 |             &object as &dyn Deref<Target = Object>;
[INFO] [stdout]     |                         +++
[INFO] [stdout] 
[INFO] [stdout] 
[INFO] [stdout] warning: trait objects without an explicit `dyn` are deprecated
[INFO] [stdout]    --> src/jni/generate_class.rs:923:25
[INFO] [stdout]     |
[INFO] [stdout] 923 |             &object as &Deref<Target = Object>;
[INFO] [stdout]     |                         ^^^^^^^^^^^^^^^^^^^^^^
[INFO] [stdout]     |
[INFO] [stdout]    ::: src/jni/string.rs:151:5
[INFO] [stdout]     |
[INFO] [stdout] 151 |     generate_tests!(String, "Ljava/lang/String;");
[INFO] [stdout]     |     --------------------------------------------- in this macro invocation
[INFO] [stdout]     |
[INFO] [stdout]     = warning: this is accepted in the current edition (Rust 2015) but is a hard error in Rust 2021!
[INFO] [stdout]     = note: for more information, see <https://doc.rust-lang.org/nightly/edition-guide/rust-2021/warnings-promoted-to-error.html>
[INFO] [stdout]     = note: this warning originates in the macro `generate_tests` (in Nightly builds, run with -Z macro-backtrace for more info)
[INFO] [stdout] help: use `dyn`
[INFO] [stdout]     |
[INFO] [stdout] 923 |             &object as &dyn Deref<Target = Object>;
[INFO] [stdout]     |                         +++
[INFO] [stdout] 
[INFO] [stdout] 
[INFO] [stdout] warning: trait objects without an explicit `dyn` are deprecated
[INFO] [stdout]    --> src/jni/generate_class.rs:923:25
[INFO] [stdout]     |
[INFO] [stdout] 923 |             &object as &Deref<Target = Object>;
[INFO] [stdout]     |                         ^^^^^^^^^^^^^^^^^^^^^^
[INFO] [stdout]     |
[INFO] [stdout]    ::: src/jni/throwable.rs:78:5
[INFO] [stdout]     |
[INFO] [stdout] 78  |     generate_tests!(Throwable, "Ljava/lang/Throwable;");
[INFO] [stdout]     |     --------------------------------------------------- in this macro invocation
[INFO] [stdout]     |
[INFO] [stdout]     = warning: this is accepted in the current edition (Rust 2015) but is a hard error in Rust 2021!
[INFO] [stdout]     = note: for more information, see <https://doc.rust-lang.org/nightly/edition-guide/rust-2021/warnings-promoted-to-error.html>
[INFO] [stdout]     = note: this warning originates in the macro `generate_tests` (in Nightly builds, run with -Z macro-backtrace for more info)
[INFO] [stdout] help: use `dyn`
[INFO] [stdout]     |
[INFO] [stdout] 923 |             &object as &dyn Deref<Target = Object>;
[INFO] [stdout]     |                         +++
[INFO] [stdout] 
[INFO] [stdout] 
[INFO] [stdout] warning: panic message is not a string literal
[INFO] [stdout]   --> src/jni/native_method.rs:50:20
[INFO] [stdout]    |
[INFO] [stdout] 50 |             panic!(format!("Could not get Java VM. Status: {:?}", status));
[INFO] [stdout]    |                    ^^^^^^^^^^^^^^^^^^^^^^^^^^^^^^^^^^^^^^^^^^^^^^^^^^^^^^
[INFO] [stdout]    |
[INFO] [stdout]    = note: this usage of `panic!()` is deprecated; it will be a hard error in Rust 2021
[INFO] [stdout]    = note: for more information, see <https://doc.rust-lang.org/nightly/edition-guide/rust-2021/panic-macro-consistency.html>
[INFO] [stdout]    = note: the `panic!()` macro supports formatting, so there's no need for the `format!()` macro here
[INFO] [stdout]    = note: `#[warn(non_fmt_panics)]` on by default
[INFO] [stdout] help: remove the `format!(..)` macro call
[INFO] [stdout]    |
[INFO] [stdout] 50 -             panic!(format!("Could not get Java VM. Status: {:?}", status));
[INFO] [stdout] 50 +             panic!("Could not get Java VM. Status: {:?}", status);
[INFO] [stdout]    |
[INFO] [stdout] 
[INFO] [stdout] 
[INFO] [stdout] warning: panic message is not a string literal
[INFO] [stdout]    --> src/jni/native_method.rs:223:24
[INFO] [stdout]     |
[INFO] [stdout] 223 |                 panic!("ERROR".to_owned());
[INFO] [stdout]     |                        ^^^^^^^^^^^^^^^^^^
[INFO] [stdout]     |
[INFO] [stdout]     = note: this usage of `panic!()` is deprecated; it will be a hard error in Rust 2021
[INFO] [stdout]     = note: for more information, see <https://doc.rust-lang.org/nightly/edition-guide/rust-2021/panic-macro-consistency.html>
[INFO] [stdout] help: add a "{}" format string to `Display` the message
[INFO] [stdout]     |
[INFO] [stdout] 223 |                 panic!("{}", "ERROR".to_owned());
[INFO] [stdout]     |                        +++++
[INFO] [stdout] 
[INFO] [stdout] 
[INFO] [stdout] warning: panic message is not a string literal
[INFO] [stdout]    --> src/jni/native_method.rs:256:24
[INFO] [stdout]     |
[INFO] [stdout] 256 |                 panic!(123);
[INFO] [stdout]     |                        ^^^
[INFO] [stdout]     |
[INFO] [stdout]     = note: this usage of `panic!()` is deprecated; it will be a hard error in Rust 2021
[INFO] [stdout]     = note: for more information, see <https://doc.rust-lang.org/nightly/edition-guide/rust-2021/panic-macro-consistency.html>
[INFO] [stdout] help: add a "{}" format string to `Display` the message
[INFO] [stdout]     |
[INFO] [stdout] 256 |                 panic!("{}", 123);
[INFO] [stdout]     |                        +++++
[INFO] [stdout] help: or use std::panic::panic_any instead
[INFO] [stdout]     |
[INFO] [stdout] 256 |                 std::panic::panic_any(123);
[INFO] [stdout]     |                 ~~~~~~~~~~~~~~~~~~~~~
[INFO] [stdout] 
[INFO] [stdout] 
[INFO] [stdout] warning: 6 warnings emitted
[INFO] [stdout] 
[INFO] [stdout] 
[INFO] [stderr]     Finished test [unoptimized + debuginfo] target(s) in 6.51s
[INFO] running `Command { std: "docker" "inspect" "abecabfed4106891fe61bd8cdd744c25aea5ea064ecd49ad31e35f5deccd05bf", kill_on_drop: false }`
[INFO] running `Command { std: "docker" "rm" "-f" "abecabfed4106891fe61bd8cdd744c25aea5ea064ecd49ad31e35f5deccd05bf", kill_on_drop: false }`
[INFO] [stdout] abecabfed4106891fe61bd8cdd744c25aea5ea064ecd49ad31e35f5deccd05bf
[INFO] running `Command { std: "docker" "create" "-v" "/var/lib/crater-agent-workspace/builds/worker-6-tc1/target:/opt/rustwide/target:rw,Z" "-v" "/var/lib/crater-agent-workspace/builds/worker-6-tc1/source:/opt/rustwide/workdir:ro,Z" "-v" "/var/lib/crater-agent-workspace/cargo-home:/opt/rustwide/cargo-home:ro,Z" "-v" "/var/lib/crater-agent-workspace/rustup-home:/opt/rustwide/rustup-home:ro,Z" "-e" "SOURCE_DIR=/opt/rustwide/workdir" "-e" "CARGO_TARGET_DIR=/opt/rustwide/target" "-e" "CARGO_INCREMENTAL=0" "-e" "RUST_BACKTRACE=full" "-e" "RUSTFLAGS=--cap-lints=warn" "-e" "RUSTDOCFLAGS=--cap-lints=warn" "-e" "CARGO_HOME=/opt/rustwide/cargo-home" "-e" "RUSTUP_HOME=/opt/rustwide/rustup-home" "-w" "/opt/rustwide/workdir" "-m" "1610612736" "--user" "0:0" "--network" "none" "ghcr.io/rust-lang/crates-build-env/linux@sha256:2788e3201cd34a07e3172128adcd8b3090168a8e3bcc40d7c032b9dda1df7d1c" "/opt/rustwide/cargo-home/bin/cargo" "+1.75.0" "test" "--frozen", kill_on_drop: false }`
[INFO] [stdout] 6172f125cd6d5efda2fad61881f89dfc4a2ed7e56df454f207cd5f599dd0c752
[INFO] running `Command { std: "docker" "start" "-a" "6172f125cd6d5efda2fad61881f89dfc4a2ed7e56df454f207cd5f599dd0c752", kill_on_drop: false }`
[INFO] [stderr] warning: panic message is not a string literal
[INFO] [stderr]   --> src/jni/native_method.rs:50:20
[INFO] [stderr]    |
[INFO] [stderr] 50 |             panic!(format!("Could not get Java VM. Status: {:?}", status));
[INFO] [stderr]    |                    ^^^^^^^^^^^^^^^^^^^^^^^^^^^^^^^^^^^^^^^^^^^^^^^^^^^^^^
[INFO] [stderr]    |
[INFO] [stderr]    = note: this usage of `panic!()` is deprecated; it will be a hard error in Rust 2021
[INFO] [stderr]    = note: for more information, see <https://doc.rust-lang.org/nightly/edition-guide/rust-2021/panic-macro-consistency.html>
[INFO] [stderr]    = note: the `panic!()` macro supports formatting, so there's no need for the `format!()` macro here
[INFO] [stderr]    = note: `#[warn(non_fmt_panics)]` on by default
[INFO] [stderr] help: remove the `format!(..)` macro call
[INFO] [stderr]    |
[INFO] [stderr] 50 -             panic!(format!("Could not get Java VM. Status: {:?}", status));
[INFO] [stderr] 50 +             panic!("Could not get Java VM. Status: {:?}", status);
[INFO] [stderr]    |
[INFO] [stderr] 
[INFO] [stderr] warning: `rust-jni` (lib) generated 1 warning (run `cargo fix --lib -p rust-jni` to apply 1 suggestion)
[INFO] [stderr] warning: panic message is not a string literal
[INFO] [stderr]   --> tests/native_method_env.rs:68:28
[INFO] [stderr]    |
[INFO] [stderr] 68 |                     panic!(message);
[INFO] [stderr]    |                            ^^^^^^^
[INFO] [stderr]    |
[INFO] [stderr]    = note: this usage of `panic!()` is deprecated; it will be a hard error in Rust 2021
[INFO] [stderr]    = note: for more information, see <https://doc.rust-lang.org/nightly/edition-guide/rust-2021/panic-macro-consistency.html>
[INFO] [stderr]    = note: `#[warn(non_fmt_panics)]` on by default
[INFO] [stderr] help: add a "{}" format string to `Display` the message
[INFO] [stderr]    |
[INFO] [stderr] 68 |                     panic!("{}", message);
[INFO] [stderr]    |                            +++++
[INFO] [stderr] 
[INFO] [stderr] warning: `rust-jni` (test "native_method_env") generated 1 warning (run `cargo fix --test "native_method_env"` to apply 1 suggestion)
[INFO] [stderr] warning: trait objects without an explicit `dyn` are deprecated
[INFO] [stderr]    --> src/jni/generate_class.rs:923:25
[INFO] [stderr]     |
[INFO] [stderr] 923 |             &object as &Deref<Target = Object>;
[INFO] [stderr]     |                         ^^^^^^^^^^^^^^^^^^^^^^
[INFO] [stderr]     |
[INFO] [stderr]    ::: src/jni/class.rs:138:5
[INFO] [stderr]     |
[INFO] [stderr] 138 |     generate_tests!(Class, "Ljava/lang/Class;");
[INFO] [stderr]     |     ------------------------------------------- in this macro invocation
[INFO] [stderr]     |
[INFO] [stderr]     = warning: this is accepted in the current edition (Rust 2015) but is a hard error in Rust 2021!
[INFO] [stderr]     = note: for more information, see <https://doc.rust-lang.org/nightly/edition-guide/rust-2021/warnings-promoted-to-error.html>
[INFO] [stderr]     = note: `#[warn(bare_trait_objects)]` on by default
[INFO] [stderr]     = note: this warning originates in the macro `generate_tests` (in Nightly builds, run with -Z macro-backtrace for more info)
[INFO] [stderr] help: use `dyn`
[INFO] [stderr]     |
[INFO] [stderr] 923 |             &object as &dyn Deref<Target = Object>;
[INFO] [stderr]     |                         +++
[INFO] [stderr] 
[INFO] [stderr] warning: trait objects without an explicit `dyn` are deprecated
[INFO] [stderr]    --> src/jni/generate_class.rs:923:25
[INFO] [stderr]     |
[INFO] [stderr] 923 |             &object as &Deref<Target = Object>;
[INFO] [stderr]     |                         ^^^^^^^^^^^^^^^^^^^^^^
[INFO] [stderr]     |
[INFO] [stderr]    ::: src/jni/string.rs:151:5
[INFO] [stderr]     |
[INFO] [stderr] 151 |     generate_tests!(String, "Ljava/lang/String;");
[INFO] [stderr]     |     --------------------------------------------- in this macro invocation
[INFO] [stderr]     |
[INFO] [stderr]     = warning: this is accepted in the current edition (Rust 2015) but is a hard error in Rust 2021!
[INFO] [stderr]     = note: for more information, see <https://doc.rust-lang.org/nightly/edition-guide/rust-2021/warnings-promoted-to-error.html>
[INFO] [stderr]     = note: this warning originates in the macro `generate_tests` (in Nightly builds, run with -Z macro-backtrace for more info)
[INFO] [stderr] help: use `dyn`
[INFO] [stderr]     |
[INFO] [stderr] 923 |             &object as &dyn Deref<Target = Object>;
[INFO] [stderr]     |                         +++
[INFO] [stderr] 
[INFO] [stderr] warning: trait objects without an explicit `dyn` are deprecated
[INFO] [stderr]    --> src/jni/generate_class.rs:923:25
[INFO] [stderr]     |
[INFO] [stderr] 923 |             &object as &Deref<Target = Object>;
[INFO] [stderr]     |                         ^^^^^^^^^^^^^^^^^^^^^^
[INFO] [stderr]     |
[INFO] [stderr]    ::: src/jni/throwable.rs:78:5
[INFO] [stderr]     |
[INFO] [stderr] 78  |     generate_tests!(Throwable, "Ljava/lang/Throwable;");
[INFO] [stderr]     |     --------------------------------------------------- in this macro invocation
[INFO] [stderr]     |
[INFO] [stderr]     = warning: this is accepted in the current edition (Rust 2015) but is a hard error in Rust 2021!
[INFO] [stderr]     = note: for more information, see <https://doc.rust-lang.org/nightly/edition-guide/rust-2021/warnings-promoted-to-error.html>
[INFO] [stderr]     = note: this warning originates in the macro `generate_tests` (in Nightly builds, run with -Z macro-backtrace for more info)
[INFO] [stderr] help: use `dyn`
[INFO] [stderr]     |
[INFO] [stderr] 923 |             &object as &dyn Deref<Target = Object>;
[INFO] [stderr]     |                         +++
[INFO] [stderr] 
[INFO] [stderr] warning: panic message is not a string literal
[INFO] [stderr]    --> src/jni/native_method.rs:223:24
[INFO] [stderr]     |
[INFO] [stderr] 223 |                 panic!("ERROR".to_owned());
[INFO] [stderr]     |                        ^^^^^^^^^^^^^^^^^^
[INFO] [stderr]     |
[INFO] [stderr]     = note: this usage of `panic!()` is deprecated; it will be a hard error in Rust 2021
[INFO] [stderr]     = note: for more information, see <https://doc.rust-lang.org/nightly/edition-guide/rust-2021/panic-macro-consistency.html>
[INFO] [stderr] help: add a "{}" format string to `Display` the message
[INFO] [stderr]     |
[INFO] [stderr] 223 |                 panic!("{}", "ERROR".to_owned());
[INFO] [stderr]     |                        +++++
[INFO] [stderr] 
[INFO] [stderr] warning: panic message is not a string literal
[INFO] [stderr]    --> src/jni/native_method.rs:256:24
[INFO] [stderr]     |
[INFO] [stderr] 256 |                 panic!(123);
[INFO] [stderr]     |                        ^^^
[INFO] [stderr]     |
[INFO] [stderr]     = note: this usage of `panic!()` is deprecated; it will be a hard error in Rust 2021
[INFO] [stderr]     = note: for more information, see <https://doc.rust-lang.org/nightly/edition-guide/rust-2021/panic-macro-consistency.html>
[INFO] [stderr] help: add a "{}" format string to `Display` the message
[INFO] [stderr]     |
[INFO] [stderr] 256 |                 panic!("{}", 123);
[INFO] [stderr]     |                        +++++
[INFO] [stderr] help: or use std::panic::panic_any instead
[INFO] [stderr]     |
[INFO] [stderr] 256 |                 std::panic::panic_any(123);
[INFO] [stderr]     |                 ~~~~~~~~~~~~~~~~~~~~~
[INFO] [stderr] 
[INFO] [stderr] warning: `rust-jni` (lib test) generated 6 warnings (1 duplicate) (run `cargo fix --lib -p rust-jni --tests` to apply 5 suggestions)
[INFO] [stderr]     Finished test [unoptimized + debuginfo] target(s) in 0.05s
[INFO] [stderr]      Running unittests src/lib.rs (/opt/rustwide/target/debug/deps/rust_jni-959ef4ba76525b84)
[INFO] [stdout] 
[INFO] [stdout] running 298 tests
[INFO] [stdout] test attach_arguments::tests::named ... ok
[INFO] [stdout] test attach_arguments::tests::new ... ok
[INFO] [stdout] test attach_arguments::to_raw_tests::to_raw ... ok
[INFO] [stdout] test attach_arguments::to_raw_tests::to_raw_named ... ok
[INFO] [stdout] test init_arguments::jvm_option_tests::from_raw_checked_jni ... ok
[INFO] [stdout] test init_arguments::jvm_option_tests::from_raw_system_property ... ok
[INFO] [stdout] test init_arguments::jvm_option_tests::from_raw_unknown ... ok
[INFO] [stdout] test init_arguments::tests::fail_on_unrecognized_options ... ok
[INFO] [stdout] test attach_arguments::tests::version ... ok
[INFO] [stdout] test init_arguments::jvm_option_tests::to_string ... ok
[INFO] [stdout] test init_arguments::option_to_string_tests::test ... ok
[INFO] [stdout] test init_arguments::tests::get_default_supported ... ok
[INFO] [stdout] test init_arguments::jvm_option_tests::from_raw_verbose ... ok
[INFO] [stdout] test init_arguments::tests::get_default_or_closest_supported ... ok
[INFO] [stdout] test init_arguments::tests::get_default_unsupported ... ok
[INFO] [stdout] test init_arguments::tests::checked ... ok
[INFO] [stdout] test init_arguments::tests::to_raw_test ... ok
[INFO] [stdout] test init_arguments::tests::unchecked ... ok
[INFO] [stdout] test init_arguments::tests::with_option ... ok
[INFO] [stdout] test init_arguments::tests::with_options ... ok
[INFO] [stdout] test init_arguments::verbose_option_to_string_tests::test ... ok
[INFO] [stdout] test init_arguments::tests::ignore_unrecognized_options ... ok
[INFO] [stdout] test init_arguments::tests::get_latest_default ... ok
[INFO] [stdout] test java_string::from_java_string_tests::back_and_forth ... ok
[INFO] [stdout] test java_string::from_java_string_tests::forth_and_back ... ok
[INFO] [stdout] test java_string::from_java_string_tests::from ... ok
[INFO] [stdout] test java_string::to_java_string_tests::to ... ok
[INFO] [stdout] test jni::class::class_tests::cast ... ok
[INFO] [stdout] test jni::class::class_tests::clone ... ok
[INFO] [stdout] test jni::class::class_tests::clone_null ... ok
[INFO] [stdout] test jni::class::class_tests::define ... ok
[INFO] [stdout] test jni::class::class_tests::define_not_found ... ok
[INFO] [stdout] test jni::class::class_tests::deref_super ... ok
[INFO] [stdout] test jni::class::class_tests::display ... ok
[INFO] [stdout] test init_arguments::tests::version ... ok
[INFO] [stdout] test jni::class::class_tests::display_exception_thrown ... ok
[INFO] [stdout] test jni::class::class_tests::display_exception_thrown_twice ... ok
[INFO] [stdout] test jni::class::class_tests::drop ... ok
[INFO] [stdout] test jni::class::class_tests::eq ... ok
[INFO] [stdout] test jni::class::class_tests::eq_not_same ... ok
[INFO] [stdout] test jni::class::class_tests::from_jni ... ok
[INFO] [stdout] test jni::class::class_tests::get_class_not_found ... ok
[INFO] [stdout] test jni::class::class_tests::from_and_to ... ok
[INFO] [stdout] test jni::class::class_tests::find_not_found ... ok
[INFO] [stdout] test jni::class::class_tests::find ... ok
[INFO] [stdout] test jni::class::class_tests::get_class ... ok
[INFO] [stdout] test jni::class::class_tests::is_subtype_of ... ok
[INFO] [stdout] test jni::class::class_tests::is_not_subtype_of ... ok
[INFO] [stdout] test jni::class::class_tests::no_parent ... ok
[INFO] [stdout] test jni::class::class_tests::to_string_exception ... ok
[INFO] [stdout] test jni::class::class_tests::to_string ... ok
[INFO] [stdout] test jni::class::class_tests::to_and_from ... ok
[INFO] [stdout] test jni::class::class_tests::parent ... ok
[INFO] [stdout] test jni::get_and_clear_exception_tests::exception ... ok
[INFO] [stdout] test jni::class::class_tests::to_jni ... ok
[INFO] [stdout] test jni::java_vm_tests::attach_attach_error ... ok
[INFO] [stdout] test jni::class::class_tests::signature ... ok
[INFO] [stderr] thread 'jni::java_vm_tests::attach' panicked at library/core/src/panicking.rs:144:5:
[INFO] [stderr] panic in a destructor during cleanup
[INFO] [stdout] thread 'jni::java_vm_tests::attach' panicked at src/jni/mod.rs:877:19:
[INFO] [stderr] thread caused non-unwinding panic. aborting.
[INFO] [stdout] called `Result::unwrap()` on an `Err` value: Cesu8DecodingError
[INFO] [stdout] stack backtrace:
[INFO] [stdout]    0:     0x55dc6b4eb72c - std::backtrace_rs::backtrace::libunwind::trace::ha637c64ce894333a
[INFO] [stdout]                                at /rustc/82e1608dfa6e0b5569232559e3d385fea5a93112/library/std/src/../../backtrace/src/backtrace/libunwind.rs:104:5
[INFO] [stdout]    1:     0x55dc6b4eb72c - std::backtrace_rs::backtrace::trace_unsynchronized::h47f62dea28e0c88d
[INFO] [stdout]                                at /rustc/82e1608dfa6e0b5569232559e3d385fea5a93112/library/std/src/../../backtrace/src/backtrace/mod.rs:66:5
[INFO] [stdout]    2:     0x55dc6b4eb72c - std::sys_common::backtrace::_print_fmt::h9eef0abe20ede486
[INFO] [stdout]                                at /rustc/82e1608dfa6e0b5569232559e3d385fea5a93112/library/std/src/sys_common/backtrace.rs:67:5
[INFO] [stdout]    3:     0x55dc6b4eb72c - <std::sys_common::backtrace::_print::DisplayBacktrace as core::fmt::Display>::fmt::hed7f999df88cc644
[INFO] [stdout]                                at /rustc/82e1608dfa6e0b5569232559e3d385fea5a93112/library/std/src/sys_common/backtrace.rs:44:22
[INFO] [stdout]    4:     0x55dc6b515f90 - core::fmt::rt::Argument::fmt::h1539a9308b8d058d
[INFO] [stdout]                                at /rustc/82e1608dfa6e0b5569232559e3d385fea5a93112/library/core/src/fmt/rt.rs:142:9
[INFO] [stdout]    5:     0x55dc6b515f90 - core::fmt::write::h3a39390d8560d9c9
[INFO] [stdout]                                at /rustc/82e1608dfa6e0b5569232559e3d385fea5a93112/library/core/src/fmt/mod.rs:1120:17
[INFO] [stdout]    6:     0x55dc6b4e90df - std::io::Write::write_fmt::h040b369f3a0f9cbc
[INFO] [stdout]                                at /rustc/82e1608dfa6e0b5569232559e3d385fea5a93112/library/std/src/io/mod.rs:1762:15
[INFO] [stdout]    7:     0x55dc6b4eb514 - std::sys_common::backtrace::_print::h894006fb5c6f3d45
[INFO] [stdout]                                at /rustc/82e1608dfa6e0b5569232559e3d385fea5a93112/library/std/src/sys_common/backtrace.rs:47:5
[INFO] [stdout]    8:     0x55dc6b4eb514 - std::sys_common::backtrace::print::h23a2d212c6fff936
[INFO] [stdout]                                at /rustc/82e1608dfa6e0b5569232559e3d385fea5a93112/library/std/src/sys_common/backtrace.rs:34:9
[INFO] [stdout]    9:     0x55dc6b4ed1d7 - std::panicking::default_hook::{{closure}}::h8a1d2ee00185001a
[INFO] [stdout]   10:     0x55dc6b4ecec3 - std::panicking::default_hook::h6038f2eba384e475
[INFO] [stdout]                                at /rustc/82e1608dfa6e0b5569232559e3d385fea5a93112/library/std/src/panicking.rs:289:9
[INFO] [stdout]   11:     0x55dc6b4b4d77 - <alloc::boxed::Box<F,A> as core::ops::function::Fn<Args>>::call::h0ad024c9bdc6d768
[INFO] [stdout]                                at /rustc/82e1608dfa6e0b5569232559e3d385fea5a93112/library/alloc/src/boxed.rs:2021:9
[INFO] [stdout]   12:     0x55dc6b4b4d77 - test::test_main::{{closure}}::h7500b54257359db6
[INFO] [stdout]                                at /rustc/82e1608dfa6e0b5569232559e3d385fea5a93112/library/test/src/lib.rs:138:21
[INFO] [stdout]   13:     0x55dc6b4ed7e8 - <alloc::boxed::Box<F,A> as core::ops::function::Fn<Args>>::call::h1f8f335eaa9cfaee
[INFO] [stdout]                                at /rustc/82e1608dfa6e0b5569232559e3d385fea5a93112/library/alloc/src/boxed.rs:2021:9
[INFO] [stdout]   14:     0x55dc6b4ed7e8 - std::panicking::rust_panic_with_hook::h2b5517d590cab22e
[INFO] [stdout]                                at /rustc/82e1608dfa6e0b5569232559e3d385fea5a93112/library/std/src/panicking.rs:783:13
[INFO] [stdout]   15:     0x55dc6b4ed53e - std::panicking::begin_panic_handler::{{closure}}::h233112c06e0ef43e
[INFO] [stdout]                                at /rustc/82e1608dfa6e0b5569232559e3d385fea5a93112/library/std/src/panicking.rs:657:13
[INFO] [stdout]   16:     0x55dc6b4ebbf6 - std::sys_common::backtrace::__rust_end_short_backtrace::h6e893f24d7ebbff8
[INFO] [stdout]                                at /rustc/82e1608dfa6e0b5569232559e3d385fea5a93112/library/std/src/sys_common/backtrace.rs:170:18
[INFO] [stdout]   17:     0x55dc6b4ed2a2 - rust_begin_unwind
[INFO] [stdout]                                at /rustc/82e1608dfa6e0b5569232559e3d385fea5a93112/library/std/src/panicking.rs:645:5
[INFO] [stdout]   18:     0x55dc6b2ced55 - core::panicking::panic_fmt::hbf0e066aabfa482c
[INFO] [stdout]                                at /rustc/82e1608dfa6e0b5569232559e3d385fea5a93112/library/core/src/panicking.rs:72:14
[INFO] [stdout]   19:     0x55dc6b2cf2e3 - core::result::unwrap_failed::hddb4fea594200c52
[INFO] [stdout]                                at /rustc/82e1608dfa6e0b5569232559e3d385fea5a93112/library/core/src/result.rs:1653:5
[INFO] [stdout]   20:     0x55dc6b39f4cd - core::result::Result<T,E>::unwrap::h80e1d3789002f3cd
[INFO] [stdout]                                at /rustc/82e1608dfa6e0b5569232559e3d385fea5a93112/library/core/src/result.rs:1077:23
[INFO] [stdout]   21:     0x55dc6b3d4784 - rust_jni::jni::java_vm_tests::attach::h42f65ad3c77c57d8
[INFO] [stdout]                                at /opt/rustwide/workdir/src/jni/mod.rs:874:17
[INFO] [stdout]   22:     0x55dc6b3d3107 - rust_jni::jni::java_vm_tests::attach::{{closure}}::ha313f4340aa5dd44
[INFO] [stdout]                                at /opt/rustwide/workdir/src/jni/mod.rs:822:16
[INFO] [stdout]   23:     0x55dc6b429ca6 - core::ops::function::FnOnce::call_once::hff34d834e9715feb
[INFO] [stdout]                                at /rustc/82e1608dfa6e0b5569232559e3d385fea5a93112/library/core/src/ops/function.rs:250:5
[INFO] [stdout]   24:     0x55dc6b4ba3cf - core::ops::function::FnOnce::call_once::h2b5d431d5046312d
[INFO] [stdout]                                at /rustc/82e1608dfa6e0b5569232559e3d385fea5a93112/library/core/src/ops/function.rs:250:5
[INFO] [stdout]   25:     0x55dc6b4ba3cf - test::__rust_begin_short_backtrace::h7714669af176e207
[INFO] [stdout]                                at /rustc/82e1608dfa6e0b5569232559e3d385fea5a93112/library/test/src/lib.rs:628:18
[INFO] [stdout]   26:     0x55dc6b4b93e5 - test::run_test_in_process::{{closure}}::h85218797dcbcec12
[INFO] [stdout]                                at /rustc/82e1608dfa6e0b5569232559e3d385fea5a93112/library/test/src/lib.rs:651:60
[INFO] [stdout]   27:     0x55dc6b4b93e5 - <core::panic::unwind_safe::AssertUnwindSafe<F> as core::ops::function::FnOnce<()>>::call_once::h76c106ea31c14d7b
[INFO] [stdout]                                at /rustc/82e1608dfa6e0b5569232559e3d385fea5a93112/library/core/src/panic/unwind_safe.rs:272:9
[INFO] [stdout]   28:     0x55dc6b4b93e5 - std::panicking::try::do_call::h3bd5d0f6620ee946
[INFO] [stdout]                                at /rustc/82e1608dfa6e0b5569232559e3d385fea5a93112/library/std/src/panicking.rs:552:40
[INFO] [stdout]   29:     0x55dc6b4b93e5 - std::panicking::try::h232e535e4744fe31
[INFO] [stdout]                                at /rustc/82e1608dfa6e0b5569232559e3d385fea5a93112/library/std/src/panicking.rs:516:19
[INFO] [stdout]   30:     0x55dc6b4b93e5 - std::panic::catch_unwind::h3ce3bd6ca8dbac68
[INFO] [stdout]                                at /rustc/82e1608dfa6e0b5569232559e3d385fea5a93112/library/std/src/panic.rs:142:14
[INFO] [stdout]   31:     0x55dc6b4b93e5 - test::run_test_in_process::hc97b257c9621286a
[INFO] [stdout]                                at /rustc/82e1608dfa6e0b5569232559e3d385fea5a93112/library/test/src/lib.rs:651:27
[INFO] [stdout]   32:     0x55dc6b4b93e5 - test::run_test::{{closure}}::h2aa798823a438d38
[INFO] [stdout]                                at /rustc/82e1608dfa6e0b5569232559e3d385fea5a93112/library/test/src/lib.rs:574:43
[INFO] [stdout]   33:     0x55dc6b4816a6 - test::run_test::{{closure}}::h87d231c78fb59832
[INFO] [stdout]                                at /rustc/82e1608dfa6e0b5569232559e3d385fea5a93112/library/test/src/lib.rs:602:41
[INFO] [stdout]   34:     0x55dc6b4816a6 - std::sys_common::backtrace::__rust_begin_short_backtrace::he6df152596625789
[INFO] [stdout]                                at /rustc/82e1608dfa6e0b5569232559e3d385fea5a93112/library/std/src/sys_common/backtrace.rs:154:18
[INFO] [stdout]   35:     0x55dc6b486757 - std::thread::Builder::spawn_unchecked_::{{closure}}::{{closure}}::ha94be15d1e0acf36
[INFO] [stdout]                                at /rustc/82e1608dfa6e0b5569232559e3d385fea5a93112/library/std/src/thread/mod.rs:529:17
[INFO] [stdout]   36:     0x55dc6b486757 - <core::panic::unwind_safe::AssertUnwindSafe<F> as core::ops::function::FnOnce<()>>::call_once::h9dc6bd6372f16606
[INFO] [stdout]                                at /rustc/82e1608dfa6e0b5569232559e3d385fea5a93112/library/core/src/panic/unwind_safe.rs:272:9
[INFO] [stdout]   37:     0x55dc6b486757 - std::panicking::try::do_call::h9057517f80303cd4
[INFO] [stdout]                                at /rustc/82e1608dfa6e0b5569232559e3d385fea5a93112/library/std/src/panicking.rs:552:40
[INFO] [stdout]   38:     0x55dc6b486757 - std::panicking::try::he3a30b11ee45340c
[INFO] [stdout]                                at /rustc/82e1608dfa6e0b5569232559e3d385fea5a93112/library/std/src/panicking.rs:516:19
[INFO] [stdout]   39:     0x55dc6b486757 - std::panic::catch_unwind::h410458cfd3528b8b
[INFO] [stdout]                                at /rustc/82e1608dfa6e0b5569232559e3d385fea5a93112/library/std/src/panic.rs:142:14
[INFO] [stdout]   40:     0x55dc6b486757 - std::thread::Builder::spawn_unchecked_::{{closure}}::h72ac3bdb567b737b
[INFO] [stdout]                                at /rustc/82e1608dfa6e0b5569232559e3d385fea5a93112/library/std/src/thread/mod.rs:528:30
[INFO] [stdout]   41:     0x55dc6b486757 - core::ops::function::FnOnce::call_once{{vtable.shim}}::h38f34da3654a8344
[INFO] [stdout]                                at /rustc/82e1608dfa6e0b5569232559e3d385fea5a93112/library/core/src/ops/function.rs:250:5
[INFO] [stdout]   42:     0x55dc6b4f2275 - <alloc::boxed::Box<F,A> as core::ops::function::FnOnce<Args>>::call_once::hc7eafaff61e32df9
[INFO] [stdout]                                at /rustc/82e1608dfa6e0b5569232559e3d385fea5a93112/library/alloc/src/boxed.rs:2007:9
[INFO] [stdout]   43:     0x55dc6b4f2275 - <alloc::boxed::Box<F,A> as core::ops::function::FnOnce<Args>>::call_once::h6ba4a5de48dd2304
[INFO] [stdout]                                at /rustc/82e1608dfa6e0b5569232559e3d385fea5a93112/library/alloc/src/boxed.rs:2007:9
[INFO] [stdout]   44:     0x55dc6b4f2275 - std::sys::unix::thread::Thread::new::thread_start::he469335aef763e45
[INFO] [stdout]                                at /rustc/82e1608dfa6e0b5569232559e3d385fea5a93112/library/std/src/sys/unix/thread.rs:108:17
[INFO] [stdout]   45:     0x7f60029cdac3 - <unknown>
[INFO] [stdout]   46:     0x7f6002a5ebf4 - __clone
[INFO] [stdout]   47:                0x0 - <unknown>
[INFO] [stdout] thread 'jni::java_vm_tests::attach' panicked at src/jni/testing.rs:560:13:
[INFO] [stdout] Unexpected ExceptionCheck method call.
[INFO] [stdout] stack backtrace:
[INFO] [stdout]    0:     0x55dc6b4eb72c - std::backtrace_rs::backtrace::libunwind::trace::ha637c64ce894333a
[INFO] [stdout]                                at /rustc/82e1608dfa6e0b5569232559e3d385fea5a93112/library/std/src/../../backtrace/src/backtrace/libunwind.rs:104:5
[INFO] [stdout]    1:     0x55dc6b4eb72c - std::backtrace_rs::backtrace::trace_unsynchronized::h47f62dea28e0c88d
[INFO] [stdout]                                at /rustc/82e1608dfa6e0b5569232559e3d385fea5a93112/library/std/src/../../backtrace/src/backtrace/mod.rs:66:5
[INFO] [stdout]    2:     0x55dc6b4eb72c - std::sys_common::backtrace::_print_fmt::h9eef0abe20ede486
[INFO] [stdout]                                at /rustc/82e1608dfa6e0b5569232559e3d385fea5a93112/library/std/src/sys_common/backtrace.rs:67:5
[INFO] [stdout]    3:     0x55dc6b4eb72c - <std::sys_common::backtrace::_print::DisplayBacktrace as core::fmt::Display>::fmt::hed7f999df88cc644
[INFO] [stdout]                                at /rustc/82e1608dfa6e0b5569232559e3d385fea5a93112/library/std/src/sys_common/backtrace.rs:44:22
[INFO] [stdout]    4:     0x55dc6b515f90 - core::fmt::rt::Argument::fmt::h1539a9308b8d058d
[INFO] [stdout]                                at /rustc/82e1608dfa6e0b5569232559e3d385fea5a93112/library/core/src/fmt/rt.rs:142:9
[INFO] [stdout]    5:     0x55dc6b515f90 - core::fmt::write::h3a39390d8560d9c9
[INFO] [stdout]                                at /rustc/82e1608dfa6e0b5569232559e3d385fea5a93112/library/core/src/fmt/mod.rs:1120:17
[INFO] [stdout]    6:     0x55dc6b4e90df - std::io::Write::write_fmt::h040b369f3a0f9cbc
[INFO] [stdout]                                at /rustc/82e1608dfa6e0b5569232559e3d385fea5a93112/library/std/src/io/mod.rs:1762:15
[INFO] [stdout]    7:     0x55dc6b4eb514 - std::sys_common::backtrace::_print::h894006fb5c6f3d45
[INFO] [stdout]                                at /rustc/82e1608dfa6e0b5569232559e3d385fea5a93112/library/std/src/sys_common/backtrace.rs:47:5
[INFO] [stdout]    8:     0x55dc6b4eb514 - std::sys_common::backtrace::print::h23a2d212c6fff936
[INFO] [stdout]                                at /rustc/82e1608dfa6e0b5569232559e3d385fea5a93112/library/std/src/sys_common/backtrace.rs:34:9
[INFO] [stdout]    9:     0x55dc6b4ed1d7 - std::panicking::default_hook::{{closure}}::h8a1d2ee00185001a
[INFO] [stdout]   10:     0x55dc6b4ecec3 - std::panicking::default_hook::h6038f2eba384e475
[INFO] [stdout]                                at /rustc/82e1608dfa6e0b5569232559e3d385fea5a93112/library/std/src/panicking.rs:289:9
[INFO] [stdout]   11:     0x55dc6b4b4d77 - <alloc::boxed::Box<F,A> as core::ops::function::Fn<Args>>::call::h0ad024c9bdc6d768
[INFO] [stdout]                                at /rustc/82e1608dfa6e0b5569232559e3d385fea5a93112/library/alloc/src/boxed.rs:2021:9
[INFO] [stdout]   12:     0x55dc6b4b4d77 - test::test_main::{{closure}}::h7500b54257359db6
[INFO] [stdout]                                at /rustc/82e1608dfa6e0b5569232559e3d385fea5a93112/library/test/src/lib.rs:138:21
[INFO] [stdout]   13:     0x55dc6b4ed7e8 - <alloc::boxed::Box<F,A> as core::ops::function::Fn<Args>>::call::h1f8f335eaa9cfaee
[INFO] [stdout]                                at /rustc/82e1608dfa6e0b5569232559e3d385fea5a93112/library/alloc/src/boxed.rs:2021:9
[INFO] [stdout]   14:     0x55dc6b4ed7e8 - std::panicking::rust_panic_with_hook::h2b5517d590cab22e
[INFO] [stdout]                                at /rustc/82e1608dfa6e0b5569232559e3d385fea5a93112/library/std/src/panicking.rs:783:13
[INFO] [stdout]   15:     0x55dc6b4ed53e - std::panicking::begin_panic_handler::{{closure}}::h233112c06e0ef43e
[INFO] [stdout]                                at /rustc/82e1608dfa6e0b5569232559e3d385fea5a93112/library/std/src/panicking.rs:657:13
[INFO] [stdout]   16:     0x55dc6b4ebbf6 - std::sys_common::backtrace::__rust_end_short_backtrace::h6e893f24d7ebbff8
[INFO] [stdout]                                at /rustc/82e1608dfa6e0b5569232559e3d385fea5a93112/library/std/src/sys_common/backtrace.rs:170:18
[INFO] [stdout]   17:     0x55dc6b4ed2a2 - rust_begin_unwind
[INFO] [stdout]                                at /rustc/82e1608dfa6e0b5569232559e3d385fea5a93112/library/std/src/panicking.rs:645:5
[INFO] [stdout]   18:     0x55dc6b2ced55 - core::panicking::panic_fmt::hbf0e066aabfa482c
[INFO] [stdout]                                at /rustc/82e1608dfa6e0b5569232559e3d385fea5a93112/library/core/src/panicking.rs:72:14
[INFO] [stdout]   19:     0x55dc6b389b99 - rust_jni::jni::testing::JniCalls::__check_method_call::h59841341013ebac9
[INFO] [stdout]                                at /opt/rustwide/workdir/src/jni/testing.rs:560:13
[INFO] [stdout]   20:     0x55dc6b38de42 - rust_jni::jni::testing::ExceptionCheck::__check_call::hc30b5813d4308058
[INFO] [stdout]                                at /opt/rustwide/workdir/src/jni/testing.rs:32:23
[INFO] [stdout]   21:     0x55dc6b3d4e6f - rust_jni::jni::java_vm_tests::attach::exception_check::ha605046f48994127
[INFO] [stdout]                                at /opt/rustwide/workdir/src/jni/testing.rs:616:13
[INFO] [stdout]   22:     0x55dc6b3a77a9 - rust_jni::jni::JniEnv::has_exception::hac4f2c38b39f5337
[INFO] [stdout]                                at /opt/rustwide/workdir/src/jni/mod.rs:1273:30
[INFO] [stdout]   23:     0x55dc6b3a77fe - <rust_jni::jni::JniEnv as core::ops::drop::Drop>::drop::h164e3374b163d7cd
[INFO] [stdout]                                at /opt/rustwide/workdir/src/jni/mod.rs:1294:12
[INFO] [stdout]   24:     0x55dc6b42a03a - core::ptr::drop_in_place<rust_jni::jni::JniEnv>::ha4574d6207823077
[INFO] [stdout]                                at /rustc/82e1608dfa6e0b5569232559e3d385fea5a93112/library/core/src/ptr/mod.rs:498:1
[INFO] [stdout]   25:     0x55dc6b3d4bb8 - rust_jni::jni::java_vm_tests::attach::h42f65ad3c77c57d8
[INFO] [stdout]                                at /opt/rustwide/workdir/src/jni/mod.rs:887:5
[INFO] [stdout]   26:     0x55dc6b3d3107 - rust_jni::jni::java_vm_tests::attach::{{closure}}::ha313f4340aa5dd44
[INFO] [stdout]                                at /opt/rustwide/workdir/src/jni/mod.rs:822:16
[INFO] [stdout]   27:     0x55dc6b429ca6 - core::ops::function::FnOnce::call_once::hff34d834e9715feb
[INFO] [stdout]                                at /rustc/82e1608dfa6e0b5569232559e3d385fea5a93112/library/core/src/ops/function.rs:250:5
[INFO] [stdout]   28:     0x55dc6b4ba3cf - core::ops::function::FnOnce::call_once::h2b5d431d5046312d
[INFO] [stdout]                                at /rustc/82e1608dfa6e0b5569232559e3d385fea5a93112/library/core/src/ops/function.rs:250:5
[INFO] [stdout]   29:     0x55dc6b4ba3cf - test::__rust_begin_short_backtrace::h7714669af176e207
[INFO] [stdout]                                at /rustc/82e1608dfa6e0b5569232559e3d385fea5a93112/library/test/src/lib.rs:628:18
[INFO] [stdout]   30:     0x55dc6b4b93e5 - test::run_test_in_process::{{closure}}::h85218797dcbcec12
[INFO] [stdout]                                at /rustc/82e1608dfa6e0b5569232559e3d385fea5a93112/library/test/src/lib.rs:651:60
[INFO] [stdout]   31:     0x55dc6b4b93e5 - <core::panic::unwind_safe::AssertUnwindSafe<F> as core::ops::function::FnOnce<()>>::call_once::h76c106ea31c14d7b
[INFO] [stdout]                                at /rustc/82e1608dfa6e0b5569232559e3d385fea5a93112/library/core/src/panic/unwind_safe.rs:272:9
[INFO] [stdout]   32:     0x55dc6b4b93e5 - std::panicking::try::do_call::h3bd5d0f6620ee946
[INFO] [stdout]                                at /rustc/82e1608dfa6e0b5569232559e3d385fea5a93112/library/std/src/panicking.rs:552:40
[INFO] [stdout]   33:     0x55dc6b4b93e5 - std::panicking::try::h232e535e4744fe31
[INFO] [stdout]                                at /rustc/82e1608dfa6e0b5569232559e3d385fea5a93112/library/std/src/panicking.rs:516:19
[INFO] [stdout]   34:     0x55dc6b4b93e5 - std::panic::catch_unwind::h3ce3bd6ca8dbac68
[INFO] [stdout]                                at /rustc/82e1608dfa6e0b5569232559e3d385fea5a93112/library/std/src/panic.rs:142:14
[INFO] [stdout]   35:     0x55dc6b4b93e5 - test::run_test_in_process::hc97b257c9621286a
[INFO] [stdout]                                at /rustc/82e1608dfa6e0b5569232559e3d385fea5a93112/library/test/src/lib.rs:651:27
[INFO] [stdout]   36:     0x55dc6b4b93e5 - test::run_test::{{closure}}::h2aa798823a438d38
[INFO] [stdout]                                at /rustc/82e1608dfa6e0b5569232559e3d385fea5a93112/library/test/src/lib.rs:574:43
[INFO] [stdout]   37:     0x55dc6b4816a6 - test::run_test::{{closure}}::h87d231c78fb59832
[INFO] [stdout]                                at /rustc/82e1608dfa6e0b5569232559e3d385fea5a93112/library/test/src/lib.rs:602:41
[INFO] [stdout]   38:     0x55dc6b4816a6 - std::sys_common::backtrace::__rust_begin_short_backtrace::he6df152596625789
[INFO] [stdout]                                at /rustc/82e1608dfa6e0b5569232559e3d385fea5a93112/library/std/src/sys_common/backtrace.rs:154:18
[INFO] [stdout]   39:     0x55dc6b486757 - std::thread::Builder::spawn_unchecked_::{{closure}}::{{closure}}::ha94be15d1e0acf36
[INFO] [stdout]                                at /rustc/82e1608dfa6e0b5569232559e3d385fea5a93112/library/std/src/thread/mod.rs:529:17
[INFO] [stdout]   40:     0x55dc6b486757 - <core::panic::unwind_safe::AssertUnwindSafe<F> as core::ops::function::FnOnce<()>>::call_once::h9dc6bd6372f16606
[INFO] [stdout]                                at /rustc/82e1608dfa6e0b5569232559e3d385fea5a93112/library/core/src/panic/unwind_safe.rs:272:9
[INFO] [stdout]   41:     0x55dc6b486757 - std::panicking::try::do_call::h9057517f80303cd4
[INFO] [stdout]                                at /rustc/82e1608dfa6e0b5569232559e3d385fea5a93112/library/std/src/panicking.rs:552:40
[INFO] [stdout]   42:     0x55dc6b486757 - std::panicking::try::he3a30b11ee45340c
[INFO] [stdout]                                at /rustc/82e1608dfa6e0b5569232559e3d385fea5a93112/library/std/src/panicking.rs:516:19
[INFO] [stdout]   43:     0x55dc6b486757 - std::panic::catch_unwind::h410458cfd3528b8b
[INFO] [stdout]                                at /rustc/82e1608dfa6e0b5569232559e3d385fea5a93112/library/std/src/panic.rs:142:14
[INFO] [stdout]   44:     0x55dc6b486757 - std::thread::Builder::spawn_unchecked_::{{closure}}::h72ac3bdb567b737b
[INFO] [stdout]                                at /rustc/82e1608dfa6e0b5569232559e3d385fea5a93112/library/std/src/thread/mod.rs:528:30
[INFO] [stdout]   45:     0x55dc6b486757 - core::ops::function::FnOnce::call_once{{vtable.shim}}::h38f34da3654a8344
[INFO] [stdout]                                at /rustc/82e1608dfa6e0b5569232559e3d385fea5a93112/library/core/src/ops/function.rs:250:5
[INFO] [stdout]   46:     0x55dc6b4f2275 - <alloc::boxed::Box<F,A> as core::ops::function::FnOnce<Args>>::call_once::hc7eafaff61e32df9
[INFO] [stdout]                                at /rustc/82e1608dfa6e0b5569232559e3d385fea5a93112/library/alloc/src/boxed.rs:2007:9
[INFO] [stdout]   47:     0x55dc6b4f2275 - <alloc::boxed::Box<F,A> as core::ops::function::FnOnce<Args>>::call_once::h6ba4a5de48dd2304
[INFO] [stdout]                                at /rustc/82e1608dfa6e0b5569232559e3d385fea5a93112/library/alloc/src/boxed.rs:2007:9
[INFO] [stdout]   48:     0x55dc6b4f2275 - std::sys::unix::thread::Thread::new::thread_start::he469335aef763e45
[INFO] [stdout]                                at /rustc/82e1608dfa6e0b5569232559e3d385fea5a93112/library/std/src/sys/unix/thread.rs:108:17
[INFO] [stdout]   49:     0x7f60029cdac3 - <unknown>
[INFO] [stdout]   50:     0x7f6002a5ebf4 - __clone
[INFO] [stdout]   51:                0x0 - <unknown>
[INFO] [stderr] error: test failed, to rerun pass `--lib`
[INFO] [stderr] 
[INFO] [stderr] Caused by:
[INFO] [stderr]   process didn't exit successfully: `/opt/rustwide/target/debug/deps/rust_jni-959ef4ba76525b84` (signal: 6, SIGABRT: process abort signal)
[INFO] running `Command { std: "docker" "inspect" "6172f125cd6d5efda2fad61881f89dfc4a2ed7e56df454f207cd5f599dd0c752", kill_on_drop: false }`
[INFO] running `Command { std: "docker" "rm" "-f" "6172f125cd6d5efda2fad61881f89dfc4a2ed7e56df454f207cd5f599dd0c752", kill_on_drop: false }`
[INFO] [stdout] 6172f125cd6d5efda2fad61881f89dfc4a2ed7e56df454f207cd5f599dd0c752
