[INFO] fetching crate rust-assembler 0.1.13...
[INFO] testing rust-assembler-0.1.13 against 1.75.0 for beta-1.76-1
[INFO] extracting crate rust-assembler 0.1.13 into /workspace/builds/worker-7-tc1/source
[INFO] validating manifest of crates.io crate rust-assembler 0.1.13 on toolchain 1.75.0
[INFO] running `Command { std: CARGO_HOME="/workspace/cargo-home" RUSTUP_HOME="/workspace/rustup-home" "/workspace/cargo-home/bin/cargo" "+1.75.0" "metadata" "--manifest-path" "Cargo.toml" "--no-deps", kill_on_drop: false }`
[INFO] started tweaking crates.io crate rust-assembler 0.1.13
[INFO] finished tweaking crates.io crate rust-assembler 0.1.13
[INFO] tweaked toml for crates.io crate rust-assembler 0.1.13 written to /workspace/builds/worker-7-tc1/source/Cargo.toml
[INFO] running `Command { std: CARGO_HOME="/workspace/cargo-home" RUSTUP_HOME="/workspace/rustup-home" "/workspace/cargo-home/bin/cargo" "+1.75.0" "generate-lockfile" "--manifest-path" "Cargo.toml", kill_on_drop: false }`
[INFO] running `Command { std: CARGO_HOME="/workspace/cargo-home" RUSTUP_HOME="/workspace/rustup-home" "/workspace/cargo-home/bin/cargo" "+1.75.0" "fetch" "--manifest-path" "Cargo.toml", kill_on_drop: false }`
[INFO] running `Command { std: "docker" "create" "-v" "/var/lib/crater-agent-workspace/builds/worker-7-tc1/target:/opt/rustwide/target:rw,Z" "-v" "/var/lib/crater-agent-workspace/builds/worker-7-tc1/source:/opt/rustwide/workdir:ro,Z" "-v" "/var/lib/crater-agent-workspace/cargo-home:/opt/rustwide/cargo-home:ro,Z" "-v" "/var/lib/crater-agent-workspace/rustup-home:/opt/rustwide/rustup-home:ro,Z" "-e" "SOURCE_DIR=/opt/rustwide/workdir" "-e" "CARGO_TARGET_DIR=/opt/rustwide/target" "-e" "CARGO_HOME=/opt/rustwide/cargo-home" "-e" "RUSTUP_HOME=/opt/rustwide/rustup-home" "-w" "/opt/rustwide/workdir" "-m" "1610612736" "--user" "0:0" "--network" "none" "ghcr.io/rust-lang/crates-build-env/linux@sha256:2788e3201cd34a07e3172128adcd8b3090168a8e3bcc40d7c032b9dda1df7d1c" "/opt/rustwide/cargo-home/bin/cargo" "+1.75.0" "metadata" "--no-deps" "--format-version=1", kill_on_drop: false }`
[INFO] [stdout] 36417b49f1808f886cce70edab7503d47517751cb21be7d6d5a45dd83ff5c8c1
[INFO] running `Command { std: "docker" "start" "-a" "36417b49f1808f886cce70edab7503d47517751cb21be7d6d5a45dd83ff5c8c1", kill_on_drop: false }`
[INFO] running `Command { std: "docker" "inspect" "36417b49f1808f886cce70edab7503d47517751cb21be7d6d5a45dd83ff5c8c1", kill_on_drop: false }`
[INFO] running `Command { std: "docker" "rm" "-f" "36417b49f1808f886cce70edab7503d47517751cb21be7d6d5a45dd83ff5c8c1", kill_on_drop: false }`
[INFO] [stdout] 36417b49f1808f886cce70edab7503d47517751cb21be7d6d5a45dd83ff5c8c1
[INFO] running `Command { std: "docker" "create" "-v" "/var/lib/crater-agent-workspace/builds/worker-7-tc1/target:/opt/rustwide/target:rw,Z" "-v" "/var/lib/crater-agent-workspace/builds/worker-7-tc1/source:/opt/rustwide/workdir:ro,Z" "-v" "/var/lib/crater-agent-workspace/cargo-home:/opt/rustwide/cargo-home:ro,Z" "-v" "/var/lib/crater-agent-workspace/rustup-home:/opt/rustwide/rustup-home:ro,Z" "-e" "SOURCE_DIR=/opt/rustwide/workdir" "-e" "CARGO_TARGET_DIR=/opt/rustwide/target" "-e" "CARGO_INCREMENTAL=0" "-e" "RUST_BACKTRACE=full" "-e" "RUSTFLAGS=--cap-lints=warn" "-e" "RUSTDOCFLAGS=--cap-lints=warn" "-e" "CARGO_HOME=/opt/rustwide/cargo-home" "-e" "RUSTUP_HOME=/opt/rustwide/rustup-home" "-w" "/opt/rustwide/workdir" "-m" "1610612736" "--user" "0:0" "--network" "none" "ghcr.io/rust-lang/crates-build-env/linux@sha256:2788e3201cd34a07e3172128adcd8b3090168a8e3bcc40d7c032b9dda1df7d1c" "/opt/rustwide/cargo-home/bin/cargo" "+1.75.0" "build" "--frozen" "--message-format=json", kill_on_drop: false }`
[INFO] [stdout] 5f6a693aea591dbc536872aaa1ab285c97f7c29733515936488209b998624d6e
[INFO] running `Command { std: "docker" "start" "-a" "5f6a693aea591dbc536872aaa1ab285c97f7c29733515936488209b998624d6e", kill_on_drop: false }`
[INFO] [stderr]    Compiling rust-assembler v0.1.13 (/opt/rustwide/workdir)
[INFO] [stdout] warning: unused imports: `RangeInclusive`, `RangeToInclusive`
[INFO] [stdout]  --> src/stack_str.rs:2:67
[INFO] [stdout]   |
[INFO] [stdout] 2 |     ops::{ Index, IndexMut, Range, RangeFrom, RangeTo, RangeFull, RangeInclusive, RangeToInclusive },
[INFO] [stdout]   |                                                                   ^^^^^^^^^^^^^^  ^^^^^^^^^^^^^^^^
[INFO] [stdout]   |
[INFO] [stdout]   = note: `#[warn(unused_imports)]` on by default
[INFO] [stdout] 
[INFO] [stdout] 
[INFO] [stdout] warning: 1 warning emitted
[INFO] [stdout] 
[INFO] [stdout] 
[INFO] [stderr]     Finished dev [unoptimized + debuginfo] target(s) in 0.09s
[INFO] running `Command { std: "docker" "inspect" "5f6a693aea591dbc536872aaa1ab285c97f7c29733515936488209b998624d6e", kill_on_drop: false }`
[INFO] running `Command { std: "docker" "rm" "-f" "5f6a693aea591dbc536872aaa1ab285c97f7c29733515936488209b998624d6e", kill_on_drop: false }`
[INFO] [stdout] 5f6a693aea591dbc536872aaa1ab285c97f7c29733515936488209b998624d6e
[INFO] running `Command { std: "docker" "create" "-v" "/var/lib/crater-agent-workspace/builds/worker-7-tc1/target:/opt/rustwide/target:rw,Z" "-v" "/var/lib/crater-agent-workspace/builds/worker-7-tc1/source:/opt/rustwide/workdir:ro,Z" "-v" "/var/lib/crater-agent-workspace/cargo-home:/opt/rustwide/cargo-home:ro,Z" "-v" "/var/lib/crater-agent-workspace/rustup-home:/opt/rustwide/rustup-home:ro,Z" "-e" "SOURCE_DIR=/opt/rustwide/workdir" "-e" "CARGO_TARGET_DIR=/opt/rustwide/target" "-e" "CARGO_INCREMENTAL=0" "-e" "RUST_BACKTRACE=full" "-e" "RUSTFLAGS=--cap-lints=warn" "-e" "RUSTDOCFLAGS=--cap-lints=warn" "-e" "CARGO_HOME=/opt/rustwide/cargo-home" "-e" "RUSTUP_HOME=/opt/rustwide/rustup-home" "-w" "/opt/rustwide/workdir" "-m" "1610612736" "--user" "0:0" "--network" "none" "ghcr.io/rust-lang/crates-build-env/linux@sha256:2788e3201cd34a07e3172128adcd8b3090168a8e3bcc40d7c032b9dda1df7d1c" "/opt/rustwide/cargo-home/bin/cargo" "+1.75.0" "test" "--frozen" "--no-run" "--message-format=json", kill_on_drop: false }`
[INFO] [stdout] 97c79971b78dbd9cd572fad0a9394008d9c5b61923e5488cf7cb73053467d308
[INFO] running `Command { std: "docker" "start" "-a" "97c79971b78dbd9cd572fad0a9394008d9c5b61923e5488cf7cb73053467d308", kill_on_drop: false }`
[INFO] [stderr]    Compiling rust-assembler v0.1.13 (/opt/rustwide/workdir)
[INFO] [stdout] warning: unused imports: `RangeInclusive`, `RangeToInclusive`
[INFO] [stdout]  --> src/stack_str.rs:2:67
[INFO] [stdout]   |
[INFO] [stdout] 2 |     ops::{ Index, IndexMut, Range, RangeFrom, RangeTo, RangeFull, RangeInclusive, RangeToInclusive },
[INFO] [stdout]   |                                                                   ^^^^^^^^^^^^^^  ^^^^^^^^^^^^^^^^
[INFO] [stdout]   |
[INFO] [stdout]   = note: `#[warn(unused_imports)]` on by default
[INFO] [stdout] 
[INFO] [stdout] 
[INFO] [stdout] warning: 1 warning emitted
[INFO] [stdout] 
[INFO] [stdout] 
[INFO] [stdout] warning: unused imports: `RangeInclusive`, `RangeToInclusive`
[INFO] [stdout]  --> src/stack_str.rs:2:67
[INFO] [stdout]   |
[INFO] [stdout] 2 |     ops::{ Index, IndexMut, Range, RangeFrom, RangeTo, RangeFull, RangeInclusive, RangeToInclusive },
[INFO] [stdout]   |                                                                   ^^^^^^^^^^^^^^  ^^^^^^^^^^^^^^^^
[INFO] [stdout]   |
[INFO] [stdout]   = note: `#[warn(unused_imports)]` on by default
[INFO] [stdout] 
[INFO] [stdout] 
[INFO] [stdout] warning: 1 warning emitted
[INFO] [stdout] 
[INFO] [stdout] 
[INFO] [stderr]     Finished test [unoptimized + debuginfo] target(s) in 0.25s
[INFO] running `Command { std: "docker" "inspect" "97c79971b78dbd9cd572fad0a9394008d9c5b61923e5488cf7cb73053467d308", kill_on_drop: false }`
[INFO] running `Command { std: "docker" "rm" "-f" "97c79971b78dbd9cd572fad0a9394008d9c5b61923e5488cf7cb73053467d308", kill_on_drop: false }`
[INFO] [stdout] 97c79971b78dbd9cd572fad0a9394008d9c5b61923e5488cf7cb73053467d308
[INFO] running `Command { std: "docker" "create" "-v" "/var/lib/crater-agent-workspace/builds/worker-7-tc1/target:/opt/rustwide/target:rw,Z" "-v" "/var/lib/crater-agent-workspace/builds/worker-7-tc1/source:/opt/rustwide/workdir:ro,Z" "-v" "/var/lib/crater-agent-workspace/cargo-home:/opt/rustwide/cargo-home:ro,Z" "-v" "/var/lib/crater-agent-workspace/rustup-home:/opt/rustwide/rustup-home:ro,Z" "-e" "SOURCE_DIR=/opt/rustwide/workdir" "-e" "CARGO_TARGET_DIR=/opt/rustwide/target" "-e" "CARGO_INCREMENTAL=0" "-e" "RUST_BACKTRACE=full" "-e" "RUSTFLAGS=--cap-lints=warn" "-e" "RUSTDOCFLAGS=--cap-lints=warn" "-e" "CARGO_HOME=/opt/rustwide/cargo-home" "-e" "RUSTUP_HOME=/opt/rustwide/rustup-home" "-w" "/opt/rustwide/workdir" "-m" "1610612736" "--user" "0:0" "--network" "none" "ghcr.io/rust-lang/crates-build-env/linux@sha256:2788e3201cd34a07e3172128adcd8b3090168a8e3bcc40d7c032b9dda1df7d1c" "/opt/rustwide/cargo-home/bin/cargo" "+1.75.0" "test" "--frozen", kill_on_drop: false }`
[INFO] [stdout] d880ff0cb23548d9965f5f6b0a4cb10e8fec5502c3c17eef7d0cb60f34332a81
[INFO] running `Command { std: "docker" "start" "-a" "d880ff0cb23548d9965f5f6b0a4cb10e8fec5502c3c17eef7d0cb60f34332a81", kill_on_drop: false }`
[INFO] [stderr] warning: unused imports: `RangeInclusive`, `RangeToInclusive`
[INFO] [stderr]  --> src/stack_str.rs:2:67
[INFO] [stderr]   |
[INFO] [stderr] 2 |     ops::{ Index, IndexMut, Range, RangeFrom, RangeTo, RangeFull, RangeInclusive, RangeToInclusive },
[INFO] [stderr]   |                                                                   ^^^^^^^^^^^^^^  ^^^^^^^^^^^^^^^^
[INFO] [stderr]   |
[INFO] [stderr]   = note: `#[warn(unused_imports)]` on by default
[INFO] [stderr] 
[INFO] [stderr] warning: `rust-assembler` (lib) generated 1 warning (run `cargo fix --lib -p rust-assembler` to apply 1 suggestion)
[INFO] [stderr] warning: `rust-assembler` (lib test) generated 1 warning (1 duplicate)
[INFO] [stderr]     Finished test [unoptimized + debuginfo] target(s) in 0.00s
[INFO] [stderr]      Running unittests src/lib.rs (/opt/rustwide/target/debug/deps/rust_assembler-740198b95ade86d1)
[INFO] [stdout] 
[INFO] [stdout] running 0 tests
[INFO] [stdout] 
[INFO] [stdout] test result: ok. 0 passed; 0 failed; 0 ignored; 0 measured; 0 filtered out; finished in 0.00s
[INFO] [stdout] 
[INFO] [stderr]    Doc-tests rust-assembler
[INFO] [stdout] 
[INFO] [stdout] running 8 tests
[INFO] [stdout] test src/str/contains_str.rs - str::contains_str::contains_str (line 5) ... FAILED
[INFO] [stdout] test src/str/replace_str.rs - str::replace_str::replace_str (line 6) ... FAILED
[INFO] [stdout] test src/str/remove_matches.rs - str::remove_matches::remove_matches (line 6) ... FAILED
[INFO] [stdout] test src/str/find_str.rs - str::find_str::find_str (line 5) ... FAILED
[INFO] [stdout] test src/bytes/find_bytes.rs - bytes::find_bytes::find_bytes (line 5) ... FAILED
[INFO] [stdout] test src/bytes/contains_bytes.rs - bytes::contains_bytes::contains_bytes (line 5) ... FAILED
[INFO] [stdout] test src/stack_str/usize_to_stack_str.rs - stack_str::usize_to_stack_str::usize_to_stack_str (line 5) ... FAILED
[INFO] [stdout] test src/stack_str/usize_to_stack_str.rs - stack_str::usize_to_stack_str::usize_to_stack_str (line 14) ... FAILED
[INFO] [stdout] 
[INFO] [stdout] failures:
[INFO] [stdout] 
[INFO] [stdout] ---- src/str/contains_str.rs - str::contains_str::contains_str (line 5) stdout ----
[INFO] [stdout] error: cannot find macro `contains` in this scope
[INFO] [stdout]  --> src/str/contains_str.rs:8:12
[INFO] [stdout]   |
[INFO] [stdout] 5 | assert_eq!(contains!(s; ["me", "v", "a, a"]), true);
[INFO] [stdout]   |            ^^^^^^^^
[INFO] [stdout] 
[INFO] [stdout] error: aborting due to previous error
[INFO] [stdout] 
[INFO] [stdout] Couldn't compile the test.
[INFO] [stdout] ---- src/str/replace_str.rs - str::replace_str::replace_str (line 6) stdout ----
[INFO] [stdout] error: cannot find macro `replace_str` in this scope
[INFO] [stdout]  --> src/str/replace_str.rs:10:18
[INFO] [stdout]   |
[INFO] [stdout] 6 | let s_replaced = replace_str!( s;
[INFO] [stdout]   |                  ^^^^^^^^^^^
[INFO] [stdout]   |
[INFO] [stdout] help: consider importing this macro
[INFO] [stdout]   |
[INFO] [stdout] 3 + use rust_assembler::replace_str;
[INFO] [stdout]   |
[INFO] [stdout] 
[INFO] [stdout] error: aborting due to previous error
[INFO] [stdout] 
[INFO] [stdout] Couldn't compile the test.
[INFO] [stdout] ---- src/str/remove_matches.rs - str::remove_matches::remove_matches (line 6) stdout ----
[INFO] [stdout] error: cannot find macro `remove_matches` in this scope
[INFO] [stdout]  --> src/str/remove_matches.rs:10:17
[INFO] [stdout]   |
[INFO] [stdout] 6 | let s_removed = remove_matches!( s; "ia", "b" );
[INFO] [stdout]   |                 ^^^^^^^^^^^^^^
[INFO] [stdout]   |
[INFO] [stdout] help: consider importing this macro
[INFO] [stdout]   |
[INFO] [stdout] 3 + use rust_assembler::remove_matches;
[INFO] [stdout]   |
[INFO] [stdout] 
[INFO] [stdout] error: aborting due to previous error
[INFO] [stdout] 
[INFO] [stdout] Couldn't compile the test.
[INFO] [stdout] ---- src/str/find_str.rs - str::find_str::find_str (line 5) stdout ----
[INFO] [stdout] error: cannot find macro `contains` in this scope
[INFO] [stdout]  --> src/str/find_str.rs:8:12
[INFO] [stdout]   |
[INFO] [stdout] 5 | assert_eq!(contains!(s; ["me", "v", "a, a"]), true);
[INFO] [stdout]   |            ^^^^^^^^
[INFO] [stdout] 
[INFO] [stdout] error: aborting due to previous error
[INFO] [stdout] 
[INFO] [stdout] Couldn't compile the test.
[INFO] [stdout] ---- src/bytes/find_bytes.rs - bytes::find_bytes::find_bytes (line 5) stdout ----
[INFO] [stdout] error: cannot find macro `find_bytes` in this scope
[INFO] [stdout]  --> src/bytes/find_bytes.rs:10:21
[INFO] [stdout]   |
[INFO] [stdout] 7 | assert_eq!(Some(2), find_bytes!(bytes; [a, b]));
[INFO] [stdout]   |                     ^^^^^^^^^^
[INFO] [stdout]   |
[INFO] [stdout] help: consider importing this macro
[INFO] [stdout]   |
[INFO] [stdout] 3 + use rust_assembler::find_bytes;
[INFO] [stdout]   |
[INFO] [stdout] 
[INFO] [stdout] error: aborting due to previous error
[INFO] [stdout] 
[INFO] [stdout] Couldn't compile the test.
[INFO] [stdout] ---- src/bytes/contains_bytes.rs - bytes::contains_bytes::contains_bytes (line 5) stdout ----
[INFO] [stdout] error: cannot find macro `contains` in this scope
[INFO] [stdout]  --> src/bytes/contains_bytes.rs:8:12
[INFO] [stdout]   |
[INFO] [stdout] 5 | assert_eq!(contains!(s; ["me", "v", "a, a"]), true);
[INFO] [stdout]   |            ^^^^^^^^
[INFO] [stdout] 
[INFO] [stdout] error: aborting due to previous error
[INFO] [stdout] 
[INFO] [stdout] Couldn't compile the test.
[INFO] [stdout] ---- src/stack_str/usize_to_stack_str.rs - stack_str::usize_to_stack_str::usize_to_stack_str (line 5) stdout ----
[INFO] [stdout] error: cannot find macro `usize_to_str` in this scope
[INFO] [stdout]  --> src/stack_str/usize_to_stack_str.rs:8:20
[INFO] [stdout]   |
[INFO] [stdout] 5 | assert_eq!("0291", usize_to_str!(291; 4).str());
[INFO] [stdout]   |                    ^^^^^^^^^^^^
[INFO] [stdout] 
[INFO] [stdout] error: cannot find macro `usize_to_str` in this scope
[INFO] [stdout]  --> src/stack_str/usize_to_stack_str.rs:7:19
[INFO] [stdout]   |
[INFO] [stdout] 4 | assert_eq!("291", usize_to_str!(291; 3).str());
[INFO] [stdout]   |                   ^^^^^^^^^^^^
[INFO] [stdout] 
[INFO] [stdout] error: aborting due to 2 previous errors
[INFO] [stdout] 
[INFO] [stdout] Couldn't compile the test.
[INFO] [stdout] ---- src/stack_str/usize_to_stack_str.rs - stack_str::usize_to_stack_str::usize_to_stack_str (line 14) stdout ----
[INFO] [stdout] error: cannot find macro `usize_to_str` in this scope
[INFO] [stdout]  --> src/stack_str/usize_to_stack_str.rs:16:48
[INFO] [stdout]   |
[INFO] [stdout] 4 | assert_eq!("00000123714384710312239874874388", usize_to_str!(123714384710312239874874388; 32, u128).str());
[INFO] [stdout]   |                                                ^^^^^^^^^^^^
[INFO] [stdout] 
[INFO] [stdout] error: aborting due to previous error
[INFO] [stdout] 
[INFO] [stdout] Couldn't compile the test.
[INFO] [stdout] 
[INFO] [stdout] failures:
[INFO] [stdout]     src/bytes/contains_bytes.rs - bytes::contains_bytes::contains_bytes (line 5)
[INFO] [stdout]     src/bytes/find_bytes.rs - bytes::find_bytes::find_bytes (line 5)
[INFO] [stdout]     src/stack_str/usize_to_stack_str.rs - stack_str::usize_to_stack_str::usize_to_stack_str (line 14)
[INFO] [stdout]     src/stack_str/usize_to_stack_str.rs - stack_str::usize_to_stack_str::usize_to_stack_str (line 5)
[INFO] [stdout]     src/str/contains_str.rs - str::contains_str::contains_str (line 5)
[INFO] [stdout]     src/str/find_str.rs - str::find_str::find_str (line 5)
[INFO] [stdout]     src/str/remove_matches.rs - str::remove_matches::remove_matches (line 6)
[INFO] [stdout]     src/str/replace_str.rs - str::replace_str::replace_str (line 6)
[INFO] [stdout] 
[INFO] [stdout] test result: FAILED. 0 passed; 8 failed; 0 ignored; 0 measured; 0 filtered out; finished in 0.09s
[INFO] [stdout] 
[INFO] [stderr] error: doctest failed, to rerun pass `--doc`
[INFO] running `Command { std: "docker" "inspect" "d880ff0cb23548d9965f5f6b0a4cb10e8fec5502c3c17eef7d0cb60f34332a81", kill_on_drop: false }`
[INFO] running `Command { std: "docker" "rm" "-f" "d880ff0cb23548d9965f5f6b0a4cb10e8fec5502c3c17eef7d0cb60f34332a81", kill_on_drop: false }`
[INFO] [stdout] d880ff0cb23548d9965f5f6b0a4cb10e8fec5502c3c17eef7d0cb60f34332a81
[INFO] testing rust-assembler-0.1.13 against beta-2023-12-22 for beta-1.76-1
[INFO] extracting crate rust-assembler 0.1.13 into /workspace/builds/worker-7-tc2/source
[INFO] validating manifest of crates.io crate rust-assembler 0.1.13 on toolchain beta-2023-12-22
[INFO] running `Command { std: CARGO_HOME="/workspace/cargo-home" RUSTUP_HOME="/workspace/rustup-home" "/workspace/cargo-home/bin/cargo" "+beta-2023-12-22" "metadata" "--manifest-path" "Cargo.toml" "--no-deps", kill_on_drop: false }`
[INFO] started tweaking crates.io crate rust-assembler 0.1.13
[INFO] finished tweaking crates.io crate rust-assembler 0.1.13
[INFO] tweaked toml for crates.io crate rust-assembler 0.1.13 written to /workspace/builds/worker-7-tc2/source/Cargo.toml
[INFO] running `Command { std: CARGO_HOME="/workspace/cargo-home" RUSTUP_HOME="/workspace/rustup-home" "/workspace/cargo-home/bin/cargo" "+beta-2023-12-22" "generate-lockfile" "--manifest-path" "Cargo.toml", kill_on_drop: false }`
[INFO] running `Command { std: CARGO_HOME="/workspace/cargo-home" RUSTUP_HOME="/workspace/rustup-home" "/workspace/cargo-home/bin/cargo" "+beta-2023-12-22" "fetch" "--manifest-path" "Cargo.toml", kill_on_drop: false }`
[INFO] running `Command { std: "docker" "create" "-v" "/var/lib/crater-agent-workspace/builds/worker-7-tc2/target:/opt/rustwide/target:rw,Z" "-v" "/var/lib/crater-agent-workspace/builds/worker-7-tc2/source:/opt/rustwide/workdir:ro,Z" "-v" "/var/lib/crater-agent-workspace/cargo-home:/opt/rustwide/cargo-home:ro,Z" "-v" "/var/lib/crater-agent-workspace/rustup-home:/opt/rustwide/rustup-home:ro,Z" "-e" "SOURCE_DIR=/opt/rustwide/workdir" "-e" "CARGO_TARGET_DIR=/opt/rustwide/target" "-e" "CARGO_HOME=/opt/rustwide/cargo-home" "-e" "RUSTUP_HOME=/opt/rustwide/rustup-home" "-w" "/opt/rustwide/workdir" "-m" "1610612736" "--user" "0:0" "--network" "none" "ghcr.io/rust-lang/crates-build-env/linux@sha256:2788e3201cd34a07e3172128adcd8b3090168a8e3bcc40d7c032b9dda1df7d1c" "/opt/rustwide/cargo-home/bin/cargo" "+beta-2023-12-22" "metadata" "--no-deps" "--format-version=1", kill_on_drop: false }`
[INFO] [stdout] 9bf1c14a1fe9cd26dfc80b046e5dd82d4095c5b5b428f97def057eadf441b7d6
[INFO] running `Command { std: "docker" "start" "-a" "9bf1c14a1fe9cd26dfc80b046e5dd82d4095c5b5b428f97def057eadf441b7d6", kill_on_drop: false }`
[INFO] running `Command { std: "docker" "inspect" "9bf1c14a1fe9cd26dfc80b046e5dd82d4095c5b5b428f97def057eadf441b7d6", kill_on_drop: false }`
[INFO] running `Command { std: "docker" "rm" "-f" "9bf1c14a1fe9cd26dfc80b046e5dd82d4095c5b5b428f97def057eadf441b7d6", kill_on_drop: false }`
[INFO] [stdout] 9bf1c14a1fe9cd26dfc80b046e5dd82d4095c5b5b428f97def057eadf441b7d6
[INFO] running `Command { std: "docker" "create" "-v" "/var/lib/crater-agent-workspace/builds/worker-7-tc2/target:/opt/rustwide/target:rw,Z" "-v" "/var/lib/crater-agent-workspace/builds/worker-7-tc2/source:/opt/rustwide/workdir:ro,Z" "-v" "/var/lib/crater-agent-workspace/cargo-home:/opt/rustwide/cargo-home:ro,Z" "-v" "/var/lib/crater-agent-workspace/rustup-home:/opt/rustwide/rustup-home:ro,Z" "-e" "SOURCE_DIR=/opt/rustwide/workdir" "-e" "CARGO_TARGET_DIR=/opt/rustwide/target" "-e" "CARGO_INCREMENTAL=0" "-e" "RUST_BACKTRACE=full" "-e" "RUSTFLAGS=--cap-lints=warn" "-e" "RUSTDOCFLAGS=--cap-lints=warn" "-e" "CARGO_HOME=/opt/rustwide/cargo-home" "-e" "RUSTUP_HOME=/opt/rustwide/rustup-home" "-w" "/opt/rustwide/workdir" "-m" "1610612736" "--user" "0:0" "--network" "none" "ghcr.io/rust-lang/crates-build-env/linux@sha256:2788e3201cd34a07e3172128adcd8b3090168a8e3bcc40d7c032b9dda1df7d1c" "/opt/rustwide/cargo-home/bin/cargo" "+beta-2023-12-22" "build" "--frozen" "--message-format=json", kill_on_drop: false }`
[INFO] [stdout] be2764fda990822bb9956bf16afa862601fb98e4060a842b28c46b6d4c5ade32
[INFO] running `Command { std: "docker" "start" "-a" "be2764fda990822bb9956bf16afa862601fb98e4060a842b28c46b6d4c5ade32", kill_on_drop: false }`
[INFO] [stderr]    Compiling rust-assembler v0.1.13 (/opt/rustwide/workdir)
[INFO] [stdout] warning: unused imports: `RangeInclusive`, `RangeToInclusive`
[INFO] [stdout]  --> src/stack_str.rs:2:67
[INFO] [stdout]   |
[INFO] [stdout] 2 |     ops::{ Index, IndexMut, Range, RangeFrom, RangeTo, RangeFull, RangeInclusive, RangeToInclusive },
[INFO] [stdout]   |                                                                   ^^^^^^^^^^^^^^  ^^^^^^^^^^^^^^^^
[INFO] [stdout]   |
[INFO] [stdout]   = note: `#[warn(unused_imports)]` on by default
[INFO] [stdout] 
[INFO] [stdout] 
[INFO] [stdout] warning: 1 warning emitted
[INFO] [stdout] 
[INFO] [stdout] 
[INFO] [stderr]     Finished dev [unoptimized + debuginfo] target(s) in 0.09s
[INFO] running `Command { std: "docker" "inspect" "be2764fda990822bb9956bf16afa862601fb98e4060a842b28c46b6d4c5ade32", kill_on_drop: false }`
[INFO] running `Command { std: "docker" "rm" "-f" "be2764fda990822bb9956bf16afa862601fb98e4060a842b28c46b6d4c5ade32", kill_on_drop: false }`
[INFO] [stdout] be2764fda990822bb9956bf16afa862601fb98e4060a842b28c46b6d4c5ade32
[INFO] running `Command { std: "docker" "create" "-v" "/var/lib/crater-agent-workspace/builds/worker-7-tc2/target:/opt/rustwide/target:rw,Z" "-v" "/var/lib/crater-agent-workspace/builds/worker-7-tc2/source:/opt/rustwide/workdir:ro,Z" "-v" "/var/lib/crater-agent-workspace/cargo-home:/opt/rustwide/cargo-home:ro,Z" "-v" "/var/lib/crater-agent-workspace/rustup-home:/opt/rustwide/rustup-home:ro,Z" "-e" "SOURCE_DIR=/opt/rustwide/workdir" "-e" "CARGO_TARGET_DIR=/opt/rustwide/target" "-e" "CARGO_INCREMENTAL=0" "-e" "RUST_BACKTRACE=full" "-e" "RUSTFLAGS=--cap-lints=warn" "-e" "RUSTDOCFLAGS=--cap-lints=warn" "-e" "CARGO_HOME=/opt/rustwide/cargo-home" "-e" "RUSTUP_HOME=/opt/rustwide/rustup-home" "-w" "/opt/rustwide/workdir" "-m" "1610612736" "--user" "0:0" "--network" "none" "ghcr.io/rust-lang/crates-build-env/linux@sha256:2788e3201cd34a07e3172128adcd8b3090168a8e3bcc40d7c032b9dda1df7d1c" "/opt/rustwide/cargo-home/bin/cargo" "+beta-2023-12-22" "test" "--frozen" "--no-run" "--message-format=json", kill_on_drop: false }`
[INFO] [stdout] b5b8c81b5ed5904e7afd01436d90748bb41680a38ed4981ffafa20df8de375dc
[INFO] running `Command { std: "docker" "start" "-a" "b5b8c81b5ed5904e7afd01436d90748bb41680a38ed4981ffafa20df8de375dc", kill_on_drop: false }`
[INFO] [stderr]    Compiling rust-assembler v0.1.13 (/opt/rustwide/workdir)
[INFO] [stdout] warning: unused imports: `RangeInclusive`, `RangeToInclusive`
[INFO] [stdout]  --> src/stack_str.rs:2:67
[INFO] [stdout]   |
[INFO] [stdout] 2 |     ops::{ Index, IndexMut, Range, RangeFrom, RangeTo, RangeFull, RangeInclusive, RangeToInclusive },
[INFO] [stdout]   |                                                                   ^^^^^^^^^^^^^^  ^^^^^^^^^^^^^^^^
[INFO] [stdout]   |
[INFO] [stdout]   = note: `#[warn(unused_imports)]` on by default
[INFO] [stdout] 
[INFO] [stdout] 
[INFO] [stdout] warning: 1 warning emitted
[INFO] [stdout] 
[INFO] [stdout] 
[INFO] [stdout] warning: unused imports: `RangeInclusive`, `RangeToInclusive`
[INFO] [stdout]  --> src/stack_str.rs:2:67
[INFO] [stdout]   |
[INFO] [stdout] 2 |     ops::{ Index, IndexMut, Range, RangeFrom, RangeTo, RangeFull, RangeInclusive, RangeToInclusive },
[INFO] [stdout]   |                                                                   ^^^^^^^^^^^^^^  ^^^^^^^^^^^^^^^^
[INFO] [stdout]   |
[INFO] [stdout]   = note: `#[warn(unused_imports)]` on by default
[INFO] [stdout] 
[INFO] [stdout] 
[INFO] [stdout] warning: 1 warning emitted
[INFO] [stdout] 
[INFO] [stdout] 
[INFO] [stderr]     Finished test [unoptimized + debuginfo] target(s) in 0.20s
[INFO] running `Command { std: "docker" "inspect" "b5b8c81b5ed5904e7afd01436d90748bb41680a38ed4981ffafa20df8de375dc", kill_on_drop: false }`
[INFO] running `Command { std: "docker" "rm" "-f" "b5b8c81b5ed5904e7afd01436d90748bb41680a38ed4981ffafa20df8de375dc", kill_on_drop: false }`
[INFO] [stdout] b5b8c81b5ed5904e7afd01436d90748bb41680a38ed4981ffafa20df8de375dc
[INFO] running `Command { std: "docker" "create" "-v" "/var/lib/crater-agent-workspace/builds/worker-7-tc2/target:/opt/rustwide/target:rw,Z" "-v" "/var/lib/crater-agent-workspace/builds/worker-7-tc2/source:/opt/rustwide/workdir:ro,Z" "-v" "/var/lib/crater-agent-workspace/cargo-home:/opt/rustwide/cargo-home:ro,Z" "-v" "/var/lib/crater-agent-workspace/rustup-home:/opt/rustwide/rustup-home:ro,Z" "-e" "SOURCE_DIR=/opt/rustwide/workdir" "-e" "CARGO_TARGET_DIR=/opt/rustwide/target" "-e" "CARGO_INCREMENTAL=0" "-e" "RUST_BACKTRACE=full" "-e" "RUSTFLAGS=--cap-lints=warn" "-e" "RUSTDOCFLAGS=--cap-lints=warn" "-e" "CARGO_HOME=/opt/rustwide/cargo-home" "-e" "RUSTUP_HOME=/opt/rustwide/rustup-home" "-w" "/opt/rustwide/workdir" "-m" "1610612736" "--user" "0:0" "--network" "none" "ghcr.io/rust-lang/crates-build-env/linux@sha256:2788e3201cd34a07e3172128adcd8b3090168a8e3bcc40d7c032b9dda1df7d1c" "/opt/rustwide/cargo-home/bin/cargo" "+beta-2023-12-22" "test" "--frozen", kill_on_drop: false }`
[INFO] [stdout] 968a7065431a8e57c719908926990d3bf63918843a3bd3db0ad1333b42b44470
[INFO] running `Command { std: "docker" "start" "-a" "968a7065431a8e57c719908926990d3bf63918843a3bd3db0ad1333b42b44470", kill_on_drop: false }`
[INFO] [stderr] warning: unused imports: `RangeInclusive`, `RangeToInclusive`
[INFO] [stderr]  --> src/stack_str.rs:2:67
[INFO] [stderr]   |
[INFO] [stderr] 2 |     ops::{ Index, IndexMut, Range, RangeFrom, RangeTo, RangeFull, RangeInclusive, RangeToInclusive },
[INFO] [stderr]   |                                                                   ^^^^^^^^^^^^^^  ^^^^^^^^^^^^^^^^
[INFO] [stderr]   |
[INFO] [stderr]   = note: `#[warn(unused_imports)]` on by default
[INFO] [stderr] 
[INFO] [stderr] warning: `rust-assembler` (lib) generated 1 warning (run `cargo fix --lib -p rust-assembler` to apply 1 suggestion)
[INFO] [stderr] warning: `rust-assembler` (lib test) generated 1 warning (1 duplicate)
[INFO] [stderr]     Finished test [unoptimized + debuginfo] target(s) in 0.00s
[INFO] [stderr]      Running unittests src/lib.rs (/opt/rustwide/target/debug/deps/rust_assembler-78932b694044b415)
[INFO] [stdout] 
[INFO] [stdout] running 0 tests
[INFO] [stdout] 
[INFO] [stdout] test result: ok. 0 passed; 0 failed; 0 ignored; 0 measured; 0 filtered out; finished in 0.00s
[INFO] [stdout] 
[INFO] [stderr]    Doc-tests rust-assembler
[INFO] [stdout] 
[INFO] [stdout] running 8 tests
[INFO] [stdout] test src/stack_str/usize_to_stack_str.rs - stack_str::usize_to_stack_str::usize_to_stack_str (line 5) ... FAILED
[INFO] [stdout] test src/str/find_str.rs - str::find_str::find_str (line 5) ... FAILED
[INFO] [stdout] test src/str/remove_matches.rs - str::remove_matches::remove_matches (line 6) ... FAILED
[INFO] [stdout] test src/str/replace_str.rs - str::replace_str::replace_str (line 6) ... FAILED
[INFO] [stdout] test src/str/contains_str.rs - str::contains_str::contains_str (line 5) ... FAILED
[INFO] [stdout] test src/bytes/find_bytes.rs - bytes::find_bytes::find_bytes (line 5) ... FAILED
[INFO] [stdout] test src/bytes/contains_bytes.rs - bytes::contains_bytes::contains_bytes (line 5) ... FAILED
[INFO] [stdout] test src/stack_str/usize_to_stack_str.rs - stack_str::usize_to_stack_str::usize_to_stack_str (line 14) ... FAILED
[INFO] [stdout] 
[INFO] [stdout] failures:
[INFO] [stdout] 
[INFO] [stdout] ---- src/stack_str/usize_to_stack_str.rs - stack_str::usize_to_stack_str::usize_to_stack_str (line 5) stdout ----
[INFO] [stdout] error: cannot find macro `usize_to_str` in this scope
[INFO] [stdout]  --> src/stack_str/usize_to_stack_str.rs:8:20
[INFO] [stdout]   |
[INFO] [stdout] 5 | assert_eq!("0291", usize_to_str!(291; 4).str());
[INFO] [stdout]   |                    ^^^^^^^^^^^^
[INFO] [stdout] 
[INFO] [stdout] error: cannot find macro `usize_to_str` in this scope
[INFO] [stdout]  --> src/stack_str/usize_to_stack_str.rs:7:19
[INFO] [stdout]   |
[INFO] [stdout] 4 | assert_eq!("291", usize_to_str!(291; 3).str());
[INFO] [stdout]   |                   ^^^^^^^^^^^^
[INFO] [stdout] 
[INFO] [stdout] error: aborting due to 2 previous errors
[INFO] [stdout] 
[INFO] [stdout] Couldn't compile the test.
[INFO] [stdout] ---- src/str/find_str.rs - str::find_str::find_str (line 5) stdout ----
[INFO] [stdout] error: cannot find macro `contains` in this scope
[INFO] [stdout]  --> src/str/find_str.rs:8:12
[INFO] [stdout]   |
[INFO] [stdout] 5 | assert_eq!(contains!(s; ["me", "v", "a, a"]), true);
[INFO] [stdout]   |            ^^^^^^^^
[INFO] [stdout] 
[INFO] [stdout] error: aborting due to 1 previous error
[INFO] [stdout] 
[INFO] [stdout] Couldn't compile the test.
[INFO] [stdout] ---- src/str/remove_matches.rs - str::remove_matches::remove_matches (line 6) stdout ----
[INFO] [stdout] error: cannot find macro `remove_matches` in this scope
[INFO] [stdout]  --> src/str/remove_matches.rs:10:17
[INFO] [stdout]   |
[INFO] [stdout] 6 | let s_removed = remove_matches!( s; "ia", "b" );
[INFO] [stdout]   |                 ^^^^^^^^^^^^^^
[INFO] [stdout]   |
[INFO] [stdout] help: consider importing this macro
[INFO] [stdout]   |
[INFO] [stdout] 3 + use rust_assembler::remove_matches;
[INFO] [stdout]   |
[INFO] [stdout] 
[INFO] [stdout] error: aborting due to 1 previous error
[INFO] [stdout] 
[INFO] [stdout] Couldn't compile the test.
[INFO] [stdout] ---- src/str/replace_str.rs - str::replace_str::replace_str (line 6) stdout ----
[INFO] [stdout] error: cannot find macro `replace_str` in this scope
[INFO] [stdout]  --> src/str/replace_str.rs:10:18
[INFO] [stdout]   |
[INFO] [stdout] 6 | let s_replaced = replace_str!( s;
[INFO] [stdout]   |                  ^^^^^^^^^^^
[INFO] [stdout]   |
[INFO] [stdout] help: consider importing this macro
[INFO] [stdout]   |
[INFO] [stdout] 3 + use rust_assembler::replace_str;
[INFO] [stdout]   |
[INFO] [stdout] 
[INFO] [stdout] error: aborting due to 1 previous error
[INFO] [stdout] 
[INFO] [stdout] Couldn't compile the test.
[INFO] [stdout] ---- src/str/contains_str.rs - str::contains_str::contains_str (line 5) stdout ----
[INFO] [stdout] error: cannot find macro `contains` in this scope
[INFO] [stdout]  --> src/str/contains_str.rs:8:12
[INFO] [stdout]   |
[INFO] [stdout] 5 | assert_eq!(contains!(s; ["me", "v", "a, a"]), true);
[INFO] [stdout]   |            ^^^^^^^^
[INFO] [stdout] 
[INFO] [stdout] error: aborting due to 1 previous error
[INFO] [stdout] 
[INFO] [stdout] Couldn't compile the test.
[INFO] [stdout] ---- src/bytes/find_bytes.rs - bytes::find_bytes::find_bytes (line 5) stdout ----
[INFO] [stdout] error: cannot find macro `find_bytes` in this scope
[INFO] [stdout]  --> src/bytes/find_bytes.rs:10:21
[INFO] [stdout]   |
[INFO] [stdout] 7 | assert_eq!(Some(2), find_bytes!(bytes; [a, b]));
[INFO] [stdout]   |                     ^^^^^^^^^^
[INFO] [stdout]   |
[INFO] [stdout] help: consider importing this macro
[INFO] [stdout]   |
[INFO] [stdout] 3 + use rust_assembler::find_bytes;
[INFO] [stdout]   |
[INFO] [stdout] 
[INFO] [stdout] error: aborting due to 1 previous error
[INFO] [stdout] 
[INFO] [stdout] Couldn't compile the test.
[INFO] [stdout] ---- src/bytes/contains_bytes.rs - bytes::contains_bytes::contains_bytes (line 5) stdout ----
[INFO] [stdout] error: cannot find macro `contains` in this scope
[INFO] [stdout]  --> src/bytes/contains_bytes.rs:8:12
[INFO] [stdout]   |
[INFO] [stdout] 5 | assert_eq!(contains!(s; ["me", "v", "a, a"]), true);
[INFO] [stdout]   |            ^^^^^^^^
[INFO] [stdout] 
[INFO] [stdout] error: aborting due to 1 previous error
[INFO] [stdout] 
[INFO] [stdout] Couldn't compile the test.
[INFO] [stdout] ---- src/stack_str/usize_to_stack_str.rs - stack_str::usize_to_stack_str::usize_to_stack_str (line 14) stdout ----
[INFO] [stdout] error: cannot find macro `usize_to_str` in this scope
[INFO] [stdout]  --> src/stack_str/usize_to_stack_str.rs:16:48
[INFO] [stdout]   |
[INFO] [stdout] 4 | assert_eq!("00000123714384710312239874874388", usize_to_str!(123714384710312239874874388; 32, u128).str());
[INFO] [stdout]   |                                                ^^^^^^^^^^^^
[INFO] [stdout] 
[INFO] [stdout] error: aborting due to 1 previous error
[INFO] [stdout] 
[INFO] [stdout] Couldn't compile the test.
[INFO] [stdout] 
[INFO] [stdout] failures:
[INFO] [stdout]     src/bytes/contains_bytes.rs - bytes::contains_bytes::contains_bytes (line 5)
[INFO] [stdout]     src/bytes/find_bytes.rs - bytes::find_bytes::find_bytes (line 5)
[INFO] [stdout]     src/stack_str/usize_to_stack_str.rs - stack_str::usize_to_stack_str::usize_to_stack_str (line 14)
[INFO] [stdout]     src/stack_str/usize_to_stack_str.rs - stack_str::usize_to_stack_str::usize_to_stack_str (line 5)
[INFO] [stdout]     src/str/contains_str.rs - str::contains_str::contains_str (line 5)
[INFO] [stdout]     src/str/find_str.rs - str::find_str::find_str (line 5)
[INFO] [stdout]     src/str/remove_matches.rs - str::remove_matches::remove_matches (line 6)
[INFO] [stdout]     src/str/replace_str.rs - str::replace_str::replace_str (line 6)
[INFO] [stdout] 
[INFO] [stdout] test result: FAILED. 0 passed; 8 failed; 0 ignored; 0 measured; 0 filtered out; finished in 0.07s
[INFO] [stdout] 
[INFO] [stderr] error: doctest failed, to rerun pass `--doc`
[INFO] running `Command { std: "docker" "inspect" "968a7065431a8e57c719908926990d3bf63918843a3bd3db0ad1333b42b44470", kill_on_drop: false }`
[INFO] running `Command { std: "docker" "rm" "-f" "968a7065431a8e57c719908926990d3bf63918843a3bd3db0ad1333b42b44470", kill_on_drop: false }`
[INFO] [stdout] 968a7065431a8e57c719908926990d3bf63918843a3bd3db0ad1333b42b44470
