[INFO] fetching crate rust-argon2 2.0.0...
[INFO] testing rust-argon2-2.0.0 against 1.75.0 for beta-1.76-1
[INFO] extracting crate rust-argon2 2.0.0 into /workspace/builds/worker-3-tc1/source
[INFO] validating manifest of crates.io crate rust-argon2 2.0.0 on toolchain 1.75.0
[INFO] running `Command { std: CARGO_HOME="/workspace/cargo-home" RUSTUP_HOME="/workspace/rustup-home" "/workspace/cargo-home/bin/cargo" "+1.75.0" "metadata" "--manifest-path" "Cargo.toml" "--no-deps", kill_on_drop: false }`
[INFO] started tweaking crates.io crate rust-argon2 2.0.0
[INFO] finished tweaking crates.io crate rust-argon2 2.0.0
[INFO] tweaked toml for crates.io crate rust-argon2 2.0.0 written to /workspace/builds/worker-3-tc1/source/Cargo.toml
[INFO] running `Command { std: CARGO_HOME="/workspace/cargo-home" RUSTUP_HOME="/workspace/rustup-home" "/workspace/cargo-home/bin/cargo" "+1.75.0" "generate-lockfile" "--manifest-path" "Cargo.toml", kill_on_drop: false }`
[INFO] [stderr]     Updating crates.io index
[INFO] running `Command { std: CARGO_HOME="/workspace/cargo-home" RUSTUP_HOME="/workspace/rustup-home" "/workspace/cargo-home/bin/cargo" "+1.75.0" "fetch" "--manifest-path" "Cargo.toml", kill_on_drop: false }`
[INFO] running `Command { std: "docker" "create" "-v" "/var/lib/crater-agent-workspace/builds/worker-3-tc1/target:/opt/rustwide/target:rw,Z" "-v" "/var/lib/crater-agent-workspace/builds/worker-3-tc1/source:/opt/rustwide/workdir:ro,Z" "-v" "/var/lib/crater-agent-workspace/cargo-home:/opt/rustwide/cargo-home:ro,Z" "-v" "/var/lib/crater-agent-workspace/rustup-home:/opt/rustwide/rustup-home:ro,Z" "-e" "SOURCE_DIR=/opt/rustwide/workdir" "-e" "CARGO_TARGET_DIR=/opt/rustwide/target" "-e" "CARGO_HOME=/opt/rustwide/cargo-home" "-e" "RUSTUP_HOME=/opt/rustwide/rustup-home" "-w" "/opt/rustwide/workdir" "-m" "1610612736" "--user" "0:0" "--network" "none" "ghcr.io/rust-lang/crates-build-env/linux@sha256:2788e3201cd34a07e3172128adcd8b3090168a8e3bcc40d7c032b9dda1df7d1c" "/opt/rustwide/cargo-home/bin/cargo" "+1.75.0" "metadata" "--no-deps" "--format-version=1", kill_on_drop: false }`
[INFO] [stdout] b9f771221c7ab338112d986965517d482b936d0fddbc96b6dd2a48c86c97064b
[INFO] running `Command { std: "docker" "start" "-a" "b9f771221c7ab338112d986965517d482b936d0fddbc96b6dd2a48c86c97064b", kill_on_drop: false }`
[INFO] running `Command { std: "docker" "inspect" "b9f771221c7ab338112d986965517d482b936d0fddbc96b6dd2a48c86c97064b", kill_on_drop: false }`
[INFO] running `Command { std: "docker" "rm" "-f" "b9f771221c7ab338112d986965517d482b936d0fddbc96b6dd2a48c86c97064b", kill_on_drop: false }`
[INFO] [stdout] b9f771221c7ab338112d986965517d482b936d0fddbc96b6dd2a48c86c97064b
[INFO] running `Command { std: "docker" "create" "-v" "/var/lib/crater-agent-workspace/builds/worker-3-tc1/target:/opt/rustwide/target:rw,Z" "-v" "/var/lib/crater-agent-workspace/builds/worker-3-tc1/source:/opt/rustwide/workdir:ro,Z" "-v" "/var/lib/crater-agent-workspace/cargo-home:/opt/rustwide/cargo-home:ro,Z" "-v" "/var/lib/crater-agent-workspace/rustup-home:/opt/rustwide/rustup-home:ro,Z" "-e" "SOURCE_DIR=/opt/rustwide/workdir" "-e" "CARGO_TARGET_DIR=/opt/rustwide/target" "-e" "CARGO_INCREMENTAL=0" "-e" "RUST_BACKTRACE=full" "-e" "RUSTFLAGS=--cap-lints=warn" "-e" "RUSTDOCFLAGS=--cap-lints=warn" "-e" "CARGO_HOME=/opt/rustwide/cargo-home" "-e" "RUSTUP_HOME=/opt/rustwide/rustup-home" "-w" "/opt/rustwide/workdir" "-m" "1610612736" "--user" "0:0" "--network" "none" "ghcr.io/rust-lang/crates-build-env/linux@sha256:2788e3201cd34a07e3172128adcd8b3090168a8e3bcc40d7c032b9dda1df7d1c" "/opt/rustwide/cargo-home/bin/cargo" "+1.75.0" "build" "--frozen" "--message-format=json", kill_on_drop: false }`
[INFO] [stdout] 31939c4c3cbad6f4b91fba4f95db42d2849ce6613b9b9ebee2e8504962ac2886
[INFO] running `Command { std: "docker" "start" "-a" "31939c4c3cbad6f4b91fba4f95db42d2849ce6613b9b9ebee2e8504962ac2886", kill_on_drop: false }`
[INFO] [stderr]    Compiling arrayref v0.3.7
[INFO] [stderr]    Compiling arrayvec v0.7.4
[INFO] [stderr]    Compiling constant_time_eq v0.3.0
[INFO] [stderr]    Compiling base64 v0.21.5
[INFO] [stderr]    Compiling blake2b_simd v1.0.2
[INFO] [stderr]    Compiling rust-argon2 v2.0.0 (/opt/rustwide/workdir)
[INFO] [stderr]     Finished dev [unoptimized + debuginfo] target(s) in 1.21s
[INFO] running `Command { std: "docker" "inspect" "31939c4c3cbad6f4b91fba4f95db42d2849ce6613b9b9ebee2e8504962ac2886", kill_on_drop: false }`
[INFO] running `Command { std: "docker" "rm" "-f" "31939c4c3cbad6f4b91fba4f95db42d2849ce6613b9b9ebee2e8504962ac2886", kill_on_drop: false }`
[INFO] [stdout] 31939c4c3cbad6f4b91fba4f95db42d2849ce6613b9b9ebee2e8504962ac2886
[INFO] running `Command { std: "docker" "create" "-v" "/var/lib/crater-agent-workspace/builds/worker-3-tc1/target:/opt/rustwide/target:rw,Z" "-v" "/var/lib/crater-agent-workspace/builds/worker-3-tc1/source:/opt/rustwide/workdir:ro,Z" "-v" "/var/lib/crater-agent-workspace/cargo-home:/opt/rustwide/cargo-home:ro,Z" "-v" "/var/lib/crater-agent-workspace/rustup-home:/opt/rustwide/rustup-home:ro,Z" "-e" "SOURCE_DIR=/opt/rustwide/workdir" "-e" "CARGO_TARGET_DIR=/opt/rustwide/target" "-e" "CARGO_INCREMENTAL=0" "-e" "RUST_BACKTRACE=full" "-e" "RUSTFLAGS=--cap-lints=warn" "-e" "RUSTDOCFLAGS=--cap-lints=warn" "-e" "CARGO_HOME=/opt/rustwide/cargo-home" "-e" "RUSTUP_HOME=/opt/rustwide/rustup-home" "-w" "/opt/rustwide/workdir" "-m" "1610612736" "--user" "0:0" "--network" "none" "ghcr.io/rust-lang/crates-build-env/linux@sha256:2788e3201cd34a07e3172128adcd8b3090168a8e3bcc40d7c032b9dda1df7d1c" "/opt/rustwide/cargo-home/bin/cargo" "+1.75.0" "test" "--frozen" "--no-run" "--message-format=json", kill_on_drop: false }`
[INFO] [stdout] 35bdf860b56bedb8a40df8d2e28ae034edffd3260335a84497891164796f702d
[INFO] running `Command { std: "docker" "start" "-a" "35bdf860b56bedb8a40df8d2e28ae034edffd3260335a84497891164796f702d", kill_on_drop: false }`
[INFO] [stderr]    Compiling rust-argon2 v2.0.0 (/opt/rustwide/workdir)
[INFO] [stderr]     Finished test [unoptimized + debuginfo] target(s) in 0.69s
[INFO] running `Command { std: "docker" "inspect" "35bdf860b56bedb8a40df8d2e28ae034edffd3260335a84497891164796f702d", kill_on_drop: false }`
[INFO] running `Command { std: "docker" "rm" "-f" "35bdf860b56bedb8a40df8d2e28ae034edffd3260335a84497891164796f702d", kill_on_drop: false }`
[INFO] [stdout] 35bdf860b56bedb8a40df8d2e28ae034edffd3260335a84497891164796f702d
[INFO] running `Command { std: "docker" "create" "-v" "/var/lib/crater-agent-workspace/builds/worker-3-tc1/target:/opt/rustwide/target:rw,Z" "-v" "/var/lib/crater-agent-workspace/builds/worker-3-tc1/source:/opt/rustwide/workdir:ro,Z" "-v" "/var/lib/crater-agent-workspace/cargo-home:/opt/rustwide/cargo-home:ro,Z" "-v" "/var/lib/crater-agent-workspace/rustup-home:/opt/rustwide/rustup-home:ro,Z" "-e" "SOURCE_DIR=/opt/rustwide/workdir" "-e" "CARGO_TARGET_DIR=/opt/rustwide/target" "-e" "CARGO_INCREMENTAL=0" "-e" "RUST_BACKTRACE=full" "-e" "RUSTFLAGS=--cap-lints=warn" "-e" "RUSTDOCFLAGS=--cap-lints=warn" "-e" "CARGO_HOME=/opt/rustwide/cargo-home" "-e" "RUSTUP_HOME=/opt/rustwide/rustup-home" "-w" "/opt/rustwide/workdir" "-m" "1610612736" "--user" "0:0" "--network" "none" "ghcr.io/rust-lang/crates-build-env/linux@sha256:2788e3201cd34a07e3172128adcd8b3090168a8e3bcc40d7c032b9dda1df7d1c" "/opt/rustwide/cargo-home/bin/cargo" "+1.75.0" "test" "--frozen", kill_on_drop: false }`
[INFO] [stdout] 8238749c6021c277b98209b5f039f35ac5647a7ccd8da1360629fa82fe753870
[INFO] running `Command { std: "docker" "start" "-a" "8238749c6021c277b98209b5f039f35ac5647a7ccd8da1360629fa82fe753870", kill_on_drop: false }`
[INFO] [stderr]     Finished test [unoptimized + debuginfo] target(s) in 0.00s
[INFO] [stderr]      Running unittests src/lib.rs (/opt/rustwide/target/debug/deps/argon2-839e37346db4ec25)
[INFO] [stdout] 
[INFO] [stdout] running 54 tests
[INFO] [stdout] test block::tests::as_u8_mut_returns_correct_slice ... ok
[INFO] [stdout] test block::tests::as_u8_returns_correct_slice ... ok
[INFO] [stdout] test block::tests::bitxor_assign_updates_lhs ... ok
[INFO] [stdout] test block::tests::copy_to_copies_block ... ok
[INFO] [stdout] test block::tests::clone_clones_block ... ok
[INFO] [stdout] test block::tests::zero_creates_block_will_all_zeros ... ok
[INFO] [stdout] test config::tests::default_returns_correct_instance ... ok
[INFO] [stdout] test config::tests::original_returns_correct_instance ... ok
[INFO] [stdout] test config::tests::rfc9106_returns_correct_instance ... ok
[INFO] [stdout] test context::tests::new_with_too_few_lanes_returns_correct_error ... ok
[INFO] [stdout] test context::tests::new_returns_correct_instance ... ok
[INFO] [stdout] test config::tests::rfc9106_low_mem_returns_correct_instance ... ok
[INFO] [stdout] test context::tests::new_with_too_little_mem_cost_returns_correct_error ... ok
[INFO] [stdout] test context::tests::new_with_too_many_lanes_returns_correct_error ... ok
[INFO] [stdout] test context::tests::new_with_too_short_salt_returns_correct_error ... ok
[INFO] [stdout] test encoding::tests::base64_len_returns_correct_length ... ok
[INFO] [stdout] test encoding::tests::decode_string_with_empty_mem_cost_returns_error_result ... ok
[INFO] [stdout] test context::tests::new_with_less_than_8_x_lanes_mem_cost_returns_correct_error ... ok
[INFO] [stdout] test encoding::tests::decode_string_with_empty_hash_returns_error_result ... ok
[INFO] [stdout] test context::tests::new_with_too_short_hash_length_returns_correct_error ... ok
[INFO] [stdout] test encoding::tests::decode_string_with_empty_time_cost_returns_error_result ... ok
[INFO] [stdout] test context::tests::new_with_too_small_time_cost_returns_correct_error ... ok
[INFO] [stdout] test encoding::tests::decode_string_with_empty_parallelism_returns_error_result ... ok
[INFO] [stdout] test encoding::tests::decode_string_with_empty_variant_returns_error_result ... ok
[INFO] [stdout] test encoding::tests::decode_string_with_non_numeric_mem_cost_returns_error_result ... ok
[INFO] [stdout] test encoding::tests::decode_string_with_non_numeric_parallelism_returns_error_result ... ok
[INFO] [stdout] test encoding::tests::decode_string_with_invalid_variant_returns_error_result ... ok
[INFO] [stdout] test encoding::tests::decode_string_with_non_numeric_time_cost_returns_error_result ... ok
[INFO] [stdout] test encoding::tests::decode_string_without_hash_returns_error_result ... ok
[INFO] [stdout] test encoding::tests::decode_string_without_mem_cost_returns_error_result ... ok
[INFO] [stdout] test encoding::tests::decode_string_with_version13_returns_correct_result ... ok
[INFO] [stdout] test encoding::tests::decode_string_with_version10_returns_correct_result ... ok
[INFO] [stdout] test encoding::tests::decode_string_without_parallelism_returns_error_result ... ok
[INFO] [stdout] test encoding::tests::decode_string_without_salt_returns_error_result ... ok
[INFO] [stdout] test encoding::tests::decode_string_without_variant_returns_error_result ... ok
[INFO] [stdout] test encoding::tests::num_len_returns_correct_length ... ok
[INFO] [stdout] test encoding::tests::encode_string_returns_correct_string ... ok
[INFO] [stdout] test encoding::tests::decode_string_without_time_cost_returns_error_result ... ok
[INFO] [stdout] test encoding::tests::decode_string_without_version_returns_correct_result ... ok
[INFO] [stdout] test variant::tests::as_lowercase_str_returns_correct_str ... ok
[INFO] [stdout] test variant::tests::as_u32_returns_correct_u32 ... ok
[INFO] [stdout] test variant::tests::as_u64_returns_correct_u64 ... ok
[INFO] [stdout] test variant::tests::as_uppercase_str_returns_correct_str ... ok
[INFO] [stdout] test variant::tests::from_str_returns_correct_result ... ok
[INFO] [stdout] test variant::tests::display_returns_correct_string ... ok
[INFO] [stdout] test variant::tests::default_returns_correct_variant ... ok
[INFO] [stdout] test version::tests::as_u32_returns_correct_u32 ... ok
[INFO] [stdout] test variant::tests::from_u32_returns_correct_result ... ok
[INFO] [stdout] test version::tests::default_returns_correct_version ... ok
[INFO] [stdout] test version::tests::from_u32_returns_correct_result ... ok
[INFO] [stdout] test version::tests::from_str_returns_correct_result ... ok
[INFO] [stdout] test version::tests::display_returns_correct_string ... ok
[INFO] [stdout] test memory::tests::new_returns_correct_instance ... ok
[INFO] [stdout] test argon2::tests::single_thread_verification_multi_lane_hash ... ok
[INFO] [stderr]      Running tests/integration_test.rs (/opt/rustwide/target/debug/deps/integration_test-c3b061dc17c4e62d)
[INFO] [stdout] 
[INFO] [stdout] test result: ok. 54 passed; 0 failed; 0 ignored; 0 measured; 0 filtered out; finished in 0.17s
[INFO] [stdout] 
[INFO] [stdout] 
[INFO] [stdout] running 21 tests
[INFO] [stdout] test test_argon2i_version10_4 ... ok
[INFO] [stdout] test test_argon2d_version10_4 ... ok
[INFO] [stdout] test test_argon2i_version13_4 ... ok
[INFO] [stdout] test test_argon2d_version13_5 ... ok
[INFO] [stdout] test test_argon2d_version10_5 ... ok
[INFO] [stdout] test test_encoded_len_returns_correct_length ... ok
[INFO] [stdout] test test_argon2i_version10_5 ... ok
[INFO] [stdout] test test_hash_raw_with_not_enough_memory ... ok
[INFO] [stdout] test test_verify_encoded_with_missing_dollar_before_hash_version10 ... ok
[INFO] [stdout] test test_verify_encoded_with_missing_dollar_before_hash_version13 ... ok
[INFO] [stdout] test test_verify_encoded_with_missing_dollar_before_salt_version10 ... ok
[INFO] [stdout] test test_verify_encoded_with_missing_dollar_before_salt_version13 ... ok
[INFO] [stdout] test test_verify_encoded_with_too_short_salt_version10 ... ok
[INFO] [stdout] test test_verify_encoded_with_too_short_salt_version13 ... ok
[INFO] [stdout] test test_hash_raw_with_too_short_salt ... ok
[INFO] [stdout] test test_argon2d_version13_4 ... ok
[INFO] [stdout] test test_argon2i_version13_5 ... ok
[INFO] [stdout] test test_argon2id_version10_4 ... ok
[INFO] [stdout] test test_argon2id_version10_5 ... ok
[INFO] [stderr]    Doc-tests argon2
[INFO] [stdout] test test_argon2id_version13_5 ... ok
[INFO] [stdout] test test_argon2id_version13_4 ... ok
[INFO] [stdout] 
[INFO] [stdout] test result: ok. 21 passed; 0 failed; 0 ignored; 0 measured; 0 filtered out; finished in 0.15s
[INFO] [stdout] 
[INFO] [stdout] 
[INFO] [stdout] running 12 tests
[INFO] [stdout] test src/argon2.rs - argon2::encoded_len (line 29) ... ok
[INFO] [stdout] test src/argon2.rs - argon2::verify_encoded (line 133) ... ok
[INFO] [stdout] test src/argon2.rs - argon2::verify_encoded_ext (line 150) ... ok
[INFO] [stdout] test src/argon2.rs - argon2::hash_raw (line 113) ... FAILED
[INFO] [stdout] test src/config.rs - config::Config (line 16) ... ok
[INFO] [stdout] test src/argon2.rs - argon2::hash_raw (line 101) ... FAILED
[INFO] [stdout] test src/lib.rs - (line 25) ... ok
[INFO] [stdout] test src/argon2.rs - argon2::hash_encoded (line 66) ... FAILED
[INFO] [stdout] test src/argon2.rs - argon2::hash_encoded (line 78) ... FAILED
[INFO] [stdout] test src/lib.rs - (line 33) ... FAILED
[INFO] [stdout] test src/argon2.rs - argon2::verify_raw (line 181) ... ok
[INFO] [stdout] test src/lib.rs - (line 46) ... ok
[INFO] [stdout] 
[INFO] [stdout] failures:
[INFO] [stdout] 
[INFO] [stdout] ---- src/argon2.rs - argon2::hash_raw (line 113) stdout ----
[INFO] [stdout] Test executable failed (signal: 9 (SIGKILL)).
[INFO] [stdout] 
[INFO] [stdout] ---- src/argon2.rs - argon2::hash_raw (line 101) stdout ----
[INFO] [stdout] Test executable failed (signal: 9 (SIGKILL)).
[INFO] [stdout] 
[INFO] [stdout] ---- src/argon2.rs - argon2::hash_encoded (line 66) stdout ----
[INFO] [stdout] Test executable failed (signal: 9 (SIGKILL)).
[INFO] [stdout] 
[INFO] [stdout] ---- src/argon2.rs - argon2::hash_encoded (line 78) stdout ----
[INFO] [stdout] Test executable failed (signal: 9 (SIGKILL)).
[INFO] [stdout] 
[INFO] [stdout] ---- src/lib.rs - (line 33) stdout ----
[INFO] [stdout] Test executable failed (signal: 9 (SIGKILL)).
[INFO] [stdout] 
[INFO] [stdout] 
[INFO] [stdout] failures:
[INFO] [stdout]     src/argon2.rs - argon2::hash_encoded (line 66)
[INFO] [stdout]     src/argon2.rs - argon2::hash_encoded (line 78)
[INFO] [stdout]     src/argon2.rs - argon2::hash_raw (line 101)
[INFO] [stdout]     src/argon2.rs - argon2::hash_raw (line 113)
[INFO] [stdout]     src/lib.rs - (line 33)
[INFO] [stdout] 
[INFO] [stdout] test result: FAILED. 7 passed; 5 failed; 0 ignored; 0 measured; 0 filtered out; finished in 20.87s
[INFO] [stdout] 
[INFO] [stderr] error: doctest failed, to rerun pass `--doc`
[INFO] running `Command { std: "docker" "inspect" "8238749c6021c277b98209b5f039f35ac5647a7ccd8da1360629fa82fe753870", kill_on_drop: false }`
[INFO] running `Command { std: "docker" "rm" "-f" "8238749c6021c277b98209b5f039f35ac5647a7ccd8da1360629fa82fe753870", kill_on_drop: false }`
[INFO] [stdout] 8238749c6021c277b98209b5f039f35ac5647a7ccd8da1360629fa82fe753870
[INFO] testing rust-argon2-2.0.0 against beta-2023-12-22 for beta-1.76-1
[INFO] extracting crate rust-argon2 2.0.0 into /workspace/builds/worker-3-tc2/source
[INFO] validating manifest of crates.io crate rust-argon2 2.0.0 on toolchain beta-2023-12-22
[INFO] running `Command { std: CARGO_HOME="/workspace/cargo-home" RUSTUP_HOME="/workspace/rustup-home" "/workspace/cargo-home/bin/cargo" "+beta-2023-12-22" "metadata" "--manifest-path" "Cargo.toml" "--no-deps", kill_on_drop: false }`
[INFO] started tweaking crates.io crate rust-argon2 2.0.0
[INFO] finished tweaking crates.io crate rust-argon2 2.0.0
[INFO] tweaked toml for crates.io crate rust-argon2 2.0.0 written to /workspace/builds/worker-3-tc2/source/Cargo.toml
[INFO] running `Command { std: CARGO_HOME="/workspace/cargo-home" RUSTUP_HOME="/workspace/rustup-home" "/workspace/cargo-home/bin/cargo" "+beta-2023-12-22" "generate-lockfile" "--manifest-path" "Cargo.toml", kill_on_drop: false }`
[INFO] [stderr]     Updating crates.io index
[INFO] running `Command { std: CARGO_HOME="/workspace/cargo-home" RUSTUP_HOME="/workspace/rustup-home" "/workspace/cargo-home/bin/cargo" "+beta-2023-12-22" "fetch" "--manifest-path" "Cargo.toml", kill_on_drop: false }`
[INFO] running `Command { std: "docker" "create" "-v" "/var/lib/crater-agent-workspace/builds/worker-3-tc2/target:/opt/rustwide/target:rw,Z" "-v" "/var/lib/crater-agent-workspace/builds/worker-3-tc2/source:/opt/rustwide/workdir:ro,Z" "-v" "/var/lib/crater-agent-workspace/cargo-home:/opt/rustwide/cargo-home:ro,Z" "-v" "/var/lib/crater-agent-workspace/rustup-home:/opt/rustwide/rustup-home:ro,Z" "-e" "SOURCE_DIR=/opt/rustwide/workdir" "-e" "CARGO_TARGET_DIR=/opt/rustwide/target" "-e" "CARGO_HOME=/opt/rustwide/cargo-home" "-e" "RUSTUP_HOME=/opt/rustwide/rustup-home" "-w" "/opt/rustwide/workdir" "-m" "1610612736" "--user" "0:0" "--network" "none" "ghcr.io/rust-lang/crates-build-env/linux@sha256:2788e3201cd34a07e3172128adcd8b3090168a8e3bcc40d7c032b9dda1df7d1c" "/opt/rustwide/cargo-home/bin/cargo" "+beta-2023-12-22" "metadata" "--no-deps" "--format-version=1", kill_on_drop: false }`
[INFO] [stdout] dcd4f12fb1ef1552256566738e85c400baec53456d66e0f95f7cd449ab1e6f17
[INFO] running `Command { std: "docker" "start" "-a" "dcd4f12fb1ef1552256566738e85c400baec53456d66e0f95f7cd449ab1e6f17", kill_on_drop: false }`
[INFO] running `Command { std: "docker" "inspect" "dcd4f12fb1ef1552256566738e85c400baec53456d66e0f95f7cd449ab1e6f17", kill_on_drop: false }`
[INFO] running `Command { std: "docker" "rm" "-f" "dcd4f12fb1ef1552256566738e85c400baec53456d66e0f95f7cd449ab1e6f17", kill_on_drop: false }`
[INFO] [stdout] dcd4f12fb1ef1552256566738e85c400baec53456d66e0f95f7cd449ab1e6f17
[INFO] running `Command { std: "docker" "create" "-v" "/var/lib/crater-agent-workspace/builds/worker-3-tc2/target:/opt/rustwide/target:rw,Z" "-v" "/var/lib/crater-agent-workspace/builds/worker-3-tc2/source:/opt/rustwide/workdir:ro,Z" "-v" "/var/lib/crater-agent-workspace/cargo-home:/opt/rustwide/cargo-home:ro,Z" "-v" "/var/lib/crater-agent-workspace/rustup-home:/opt/rustwide/rustup-home:ro,Z" "-e" "SOURCE_DIR=/opt/rustwide/workdir" "-e" "CARGO_TARGET_DIR=/opt/rustwide/target" "-e" "CARGO_INCREMENTAL=0" "-e" "RUST_BACKTRACE=full" "-e" "RUSTFLAGS=--cap-lints=warn" "-e" "RUSTDOCFLAGS=--cap-lints=warn" "-e" "CARGO_HOME=/opt/rustwide/cargo-home" "-e" "RUSTUP_HOME=/opt/rustwide/rustup-home" "-w" "/opt/rustwide/workdir" "-m" "1610612736" "--user" "0:0" "--network" "none" "ghcr.io/rust-lang/crates-build-env/linux@sha256:2788e3201cd34a07e3172128adcd8b3090168a8e3bcc40d7c032b9dda1df7d1c" "/opt/rustwide/cargo-home/bin/cargo" "+beta-2023-12-22" "build" "--frozen" "--message-format=json", kill_on_drop: false }`
[INFO] [stdout] 87d3b2bb595a823a813b6a06be9a52dd4e113b07540e2df96894f82913ba53b9
[INFO] running `Command { std: "docker" "start" "-a" "87d3b2bb595a823a813b6a06be9a52dd4e113b07540e2df96894f82913ba53b9", kill_on_drop: false }`
[INFO] [stderr]    Compiling arrayref v0.3.7
[INFO] [stderr]    Compiling constant_time_eq v0.3.0
[INFO] [stderr]    Compiling arrayvec v0.7.4
[INFO] [stderr]    Compiling base64 v0.21.5
[INFO] [stderr]    Compiling blake2b_simd v1.0.2
[INFO] [stderr]    Compiling rust-argon2 v2.0.0 (/opt/rustwide/workdir)
[INFO] [stderr]     Finished dev [unoptimized + debuginfo] target(s) in 0.94s
[INFO] running `Command { std: "docker" "inspect" "87d3b2bb595a823a813b6a06be9a52dd4e113b07540e2df96894f82913ba53b9", kill_on_drop: false }`
[INFO] running `Command { std: "docker" "rm" "-f" "87d3b2bb595a823a813b6a06be9a52dd4e113b07540e2df96894f82913ba53b9", kill_on_drop: false }`
[INFO] [stdout] 87d3b2bb595a823a813b6a06be9a52dd4e113b07540e2df96894f82913ba53b9
[INFO] running `Command { std: "docker" "create" "-v" "/var/lib/crater-agent-workspace/builds/worker-3-tc2/target:/opt/rustwide/target:rw,Z" "-v" "/var/lib/crater-agent-workspace/builds/worker-3-tc2/source:/opt/rustwide/workdir:ro,Z" "-v" "/var/lib/crater-agent-workspace/cargo-home:/opt/rustwide/cargo-home:ro,Z" "-v" "/var/lib/crater-agent-workspace/rustup-home:/opt/rustwide/rustup-home:ro,Z" "-e" "SOURCE_DIR=/opt/rustwide/workdir" "-e" "CARGO_TARGET_DIR=/opt/rustwide/target" "-e" "CARGO_INCREMENTAL=0" "-e" "RUST_BACKTRACE=full" "-e" "RUSTFLAGS=--cap-lints=warn" "-e" "RUSTDOCFLAGS=--cap-lints=warn" "-e" "CARGO_HOME=/opt/rustwide/cargo-home" "-e" "RUSTUP_HOME=/opt/rustwide/rustup-home" "-w" "/opt/rustwide/workdir" "-m" "1610612736" "--user" "0:0" "--network" "none" "ghcr.io/rust-lang/crates-build-env/linux@sha256:2788e3201cd34a07e3172128adcd8b3090168a8e3bcc40d7c032b9dda1df7d1c" "/opt/rustwide/cargo-home/bin/cargo" "+beta-2023-12-22" "test" "--frozen" "--no-run" "--message-format=json", kill_on_drop: false }`
[INFO] [stdout] df28bae399a36ab4f0c2143c60481750a2aa2882eca7c146cb4b0d5f498fe334
[INFO] running `Command { std: "docker" "start" "-a" "df28bae399a36ab4f0c2143c60481750a2aa2882eca7c146cb4b0d5f498fe334", kill_on_drop: false }`
[INFO] [stderr]    Compiling rust-argon2 v2.0.0 (/opt/rustwide/workdir)
[INFO] [stderr]     Finished test [unoptimized + debuginfo] target(s) in 0.85s
[INFO] running `Command { std: "docker" "inspect" "df28bae399a36ab4f0c2143c60481750a2aa2882eca7c146cb4b0d5f498fe334", kill_on_drop: false }`
[INFO] running `Command { std: "docker" "rm" "-f" "df28bae399a36ab4f0c2143c60481750a2aa2882eca7c146cb4b0d5f498fe334", kill_on_drop: false }`
[INFO] [stdout] df28bae399a36ab4f0c2143c60481750a2aa2882eca7c146cb4b0d5f498fe334
[INFO] running `Command { std: "docker" "create" "-v" "/var/lib/crater-agent-workspace/builds/worker-3-tc2/target:/opt/rustwide/target:rw,Z" "-v" "/var/lib/crater-agent-workspace/builds/worker-3-tc2/source:/opt/rustwide/workdir:ro,Z" "-v" "/var/lib/crater-agent-workspace/cargo-home:/opt/rustwide/cargo-home:ro,Z" "-v" "/var/lib/crater-agent-workspace/rustup-home:/opt/rustwide/rustup-home:ro,Z" "-e" "SOURCE_DIR=/opt/rustwide/workdir" "-e" "CARGO_TARGET_DIR=/opt/rustwide/target" "-e" "CARGO_INCREMENTAL=0" "-e" "RUST_BACKTRACE=full" "-e" "RUSTFLAGS=--cap-lints=warn" "-e" "RUSTDOCFLAGS=--cap-lints=warn" "-e" "CARGO_HOME=/opt/rustwide/cargo-home" "-e" "RUSTUP_HOME=/opt/rustwide/rustup-home" "-w" "/opt/rustwide/workdir" "-m" "1610612736" "--user" "0:0" "--network" "none" "ghcr.io/rust-lang/crates-build-env/linux@sha256:2788e3201cd34a07e3172128adcd8b3090168a8e3bcc40d7c032b9dda1df7d1c" "/opt/rustwide/cargo-home/bin/cargo" "+beta-2023-12-22" "test" "--frozen", kill_on_drop: false }`
[INFO] [stdout] 65115e1d49d5ac7c8dc9fa86c159ef28f1e16fac1dffb181c630bdadb29ea3bb
[INFO] running `Command { std: "docker" "start" "-a" "65115e1d49d5ac7c8dc9fa86c159ef28f1e16fac1dffb181c630bdadb29ea3bb", kill_on_drop: false }`
[INFO] [stderr]     Finished test [unoptimized + debuginfo] target(s) in 0.02s
[INFO] [stderr]      Running unittests src/lib.rs (/opt/rustwide/target/debug/deps/argon2-3bb8487bfb3a4ae3)
[INFO] [stdout] 
[INFO] [stdout] running 54 tests
[INFO] [stdout] test block::tests::as_u8_mut_returns_correct_slice ... ok
[INFO] [stdout] test block::tests::clone_clones_block ... ok
[INFO] [stdout] test config::tests::rfc9106_low_mem_returns_correct_instance ... ok
[INFO] [stdout] test config::tests::original_returns_correct_instance ... ok
[INFO] [stdout] test config::tests::rfc9106_returns_correct_instance ... ok
[INFO] [stdout] test block::tests::copy_to_copies_block ... ok
[INFO] [stdout] test config::tests::default_returns_correct_instance ... ok
[INFO] [stdout] test block::tests::as_u8_returns_correct_slice ... ok
[INFO] [stdout] test context::tests::new_returns_correct_instance ... ok
[INFO] [stdout] test context::tests::new_with_too_few_lanes_returns_correct_error ... ok
[INFO] [stdout] test context::tests::new_with_too_short_hash_length_returns_correct_error ... ok
[INFO] [stdout] test context::tests::new_with_too_little_mem_cost_returns_correct_error ... ok
[INFO] [stdout] test context::tests::new_with_too_short_salt_returns_correct_error ... ok
[INFO] [stdout] test context::tests::new_with_too_many_lanes_returns_correct_error ... ok
[INFO] [stdout] test encoding::tests::base64_len_returns_correct_length ... ok
[INFO] [stdout] test context::tests::new_with_too_small_time_cost_returns_correct_error ... ok
[INFO] [stdout] test encoding::tests::decode_string_with_empty_hash_returns_error_result ... ok
[INFO] [stdout] test encoding::tests::decode_string_with_empty_mem_cost_returns_error_result ... ok
[INFO] [stdout] test encoding::tests::decode_string_with_empty_parallelism_returns_error_result ... ok
[INFO] [stdout] test encoding::tests::decode_string_with_empty_variant_returns_error_result ... ok
[INFO] [stdout] test encoding::tests::decode_string_with_invalid_variant_returns_error_result ... ok
[INFO] [stdout] test encoding::tests::decode_string_with_empty_time_cost_returns_error_result ... ok
[INFO] [stdout] test encoding::tests::decode_string_with_non_numeric_parallelism_returns_error_result ... ok
[INFO] [stdout] test encoding::tests::decode_string_with_non_numeric_mem_cost_returns_error_result ... ok
[INFO] [stdout] test encoding::tests::decode_string_with_non_numeric_time_cost_returns_error_result ... ok
[INFO] [stdout] test encoding::tests::decode_string_with_version10_returns_correct_result ... ok
[INFO] [stdout] test block::tests::bitxor_assign_updates_lhs ... ok
[INFO] [stdout] test context::tests::new_with_less_than_8_x_lanes_mem_cost_returns_correct_error ... ok
[INFO] [stdout] test encoding::tests::decode_string_with_version13_returns_correct_result ... ok
[INFO] [stdout] test encoding::tests::decode_string_without_mem_cost_returns_error_result ... ok
[INFO] [stdout] test encoding::tests::decode_string_without_parallelism_returns_error_result ... ok
[INFO] [stdout] test encoding::tests::decode_string_without_salt_returns_error_result ... ok
[INFO] [stdout] test encoding::tests::decode_string_without_time_cost_returns_error_result ... ok
[INFO] [stdout] test encoding::tests::decode_string_without_variant_returns_error_result ... ok
[INFO] [stdout] test encoding::tests::encode_string_returns_correct_string ... ok
[INFO] [stdout] test encoding::tests::decode_string_without_version_returns_correct_result ... ok
[INFO] [stdout] test memory::tests::new_returns_correct_instance ... ok
[INFO] [stdout] test variant::tests::as_lowercase_str_returns_correct_str ... ok
[INFO] [stdout] test variant::tests::as_u32_returns_correct_u32 ... ok
[INFO] [stdout] test variant::tests::default_returns_correct_variant ... ok
[INFO] [stdout] test variant::tests::as_uppercase_str_returns_correct_str ... ok
[INFO] [stdout] test variant::tests::from_u32_returns_correct_result ... ok
[INFO] [stdout] test block::tests::zero_creates_block_will_all_zeros ... ok
[INFO] [stdout] test encoding::tests::num_len_returns_correct_length ... ok
[INFO] [stdout] test variant::tests::from_str_returns_correct_result ... ok
[INFO] [stdout] test variant::tests::as_u64_returns_correct_u64 ... ok
[INFO] [stdout] test version::tests::as_u32_returns_correct_u32 ... ok
[INFO] [stdout] test variant::tests::display_returns_correct_string ... ok
[INFO] [stdout] test encoding::tests::decode_string_without_hash_returns_error_result ... ok
[INFO] [stdout] test version::tests::display_returns_correct_string ... ok
[INFO] [stdout] test version::tests::default_returns_correct_version ... ok
[INFO] [stdout] test version::tests::from_str_returns_correct_result ... ok
[INFO] [stdout] test version::tests::from_u32_returns_correct_result ... ok
[INFO] [stdout] test argon2::tests::single_thread_verification_multi_lane_hash ... ok
[INFO] [stdout] 
[INFO] [stdout] test result: ok. 54 passed; 0 failed; 0 ignored; 0 measured; 0 filtered out; finished in 0.23s
[INFO] [stdout] 
[INFO] [stderr]      Running tests/integration_test.rs (/opt/rustwide/target/debug/deps/integration_test-8801355267a7d3fc)
[INFO] [stdout] 
[INFO] [stdout] running 21 tests
[INFO] [stdout] test test_argon2d_version13_4 ... ok
[INFO] [stdout] test test_argon2i_version10_5 ... ok
[INFO] [stdout] test test_argon2i_version13_5 ... ok
[INFO] [stdout] test test_argon2d_version10_4 ... ok
[INFO] [stdout] test test_argon2i_version13_4 ... ok
[INFO] [stdout] test test_argon2i_version10_4 ... ok
[INFO] [stdout] test test_encoded_len_returns_correct_length ... ok
[INFO] [stdout] test test_hash_raw_with_too_short_salt ... ok
[INFO] [stdout] test test_verify_encoded_with_missing_dollar_before_hash_version10 ... ok
[INFO] [stdout] test test_hash_raw_with_not_enough_memory ... ok
[INFO] [stdout] test test_verify_encoded_with_missing_dollar_before_hash_version13 ... ok
[INFO] [stdout] test test_verify_encoded_with_missing_dollar_before_salt_version10 ... ok
[INFO] [stdout] test test_verify_encoded_with_missing_dollar_before_salt_version13 ... ok
[INFO] [stdout] test test_argon2d_version13_5 ... ok
[INFO] [stdout] test test_argon2d_version10_5 ... ok
[INFO] [stdout] test test_verify_encoded_with_too_short_salt_version13 ... ok
[INFO] [stdout] test test_verify_encoded_with_too_short_salt_version10 ... ok
[INFO] [stdout] test test_argon2id_version10_4 ... ok
[INFO] [stdout] test test_argon2id_version10_5 ... ok
[INFO] [stdout] test test_argon2id_version13_4 ... ok
[INFO] [stdout] test test_argon2id_version13_5 ... ok
[INFO] [stdout] 
[INFO] [stdout] test result: ok. 21 passed; 0 failed; 0 ignored; 0 measured; 0 filtered out; finished in 0.24s
[INFO] [stdout] 
[INFO] [stderr]    Doc-tests argon2
[INFO] [stdout] 
[INFO] [stdout] running 12 tests
[INFO] [stdout] test src/argon2.rs - argon2::encoded_len (line 29) ... ok
[INFO] [stdout] test src/config.rs - config::Config (line 16) ... ok
[INFO] [stdout] test src/argon2.rs - argon2::verify_encoded (line 133) ... ok
[INFO] [stdout] test src/argon2.rs - argon2::hash_raw (line 101) ... FAILED
[INFO] [stdout] test src/argon2.rs - argon2::verify_encoded_ext (line 150) ... ok
[INFO] [stdout] test src/argon2.rs - argon2::hash_encoded (line 66) ... FAILED
[INFO] [stdout] test src/lib.rs - (line 25) ... ok
[INFO] [stdout] test src/argon2.rs - argon2::hash_raw (line 113) ... FAILED
[INFO] [stdout] test src/argon2.rs - argon2::hash_encoded (line 78) ... FAILED
[INFO] [stdout] test src/lib.rs - (line 33) ... FAILED
[INFO] [stdout] test src/argon2.rs - argon2::verify_raw (line 181) ... ok
[INFO] [stdout] test src/lib.rs - (line 46) ... ok
[INFO] [stdout] 
[INFO] [stdout] failures:
[INFO] [stdout] 
[INFO] [stdout] ---- src/argon2.rs - argon2::hash_raw (line 101) stdout ----
[INFO] [stdout] Test executable failed (signal: 9 (SIGKILL)).
[INFO] [stdout] 
[INFO] [stdout] ---- src/argon2.rs - argon2::hash_encoded (line 66) stdout ----
[INFO] [stdout] Test executable failed (signal: 9 (SIGKILL)).
[INFO] [stdout] 
[INFO] [stdout] ---- src/argon2.rs - argon2::hash_raw (line 113) stdout ----
[INFO] [stdout] Test executable failed (signal: 9 (SIGKILL)).
[INFO] [stdout] 
[INFO] [stdout] ---- src/argon2.rs - argon2::hash_encoded (line 78) stdout ----
[INFO] [stdout] Test executable failed (signal: 9 (SIGKILL)).
[INFO] [stdout] 
[INFO] [stdout] ---- src/lib.rs - (line 33) stdout ----
[INFO] [stdout] Test executable failed (signal: 9 (SIGKILL)).
[INFO] [stdout] 
[INFO] [stdout] 
[INFO] [stdout] failures:
[INFO] [stdout]     src/argon2.rs - argon2::hash_encoded (line 66)
[INFO] [stdout]     src/argon2.rs - argon2::hash_encoded (line 78)
[INFO] [stdout]     src/argon2.rs - argon2::hash_raw (line 101)
[INFO] [stdout]     src/argon2.rs - argon2::hash_raw (line 113)
[INFO] [stdout]     src/lib.rs - (line 33)
[INFO] [stdout] 
[INFO] [stdout] test result: FAILED. 7 passed; 5 failed; 0 ignored; 0 measured; 0 filtered out; finished in 17.59s
[INFO] [stdout] 
[INFO] [stderr] error: doctest failed, to rerun pass `--doc`
[INFO] running `Command { std: "docker" "inspect" "65115e1d49d5ac7c8dc9fa86c159ef28f1e16fac1dffb181c630bdadb29ea3bb", kill_on_drop: false }`
[INFO] running `Command { std: "docker" "rm" "-f" "65115e1d49d5ac7c8dc9fa86c159ef28f1e16fac1dffb181c630bdadb29ea3bb", kill_on_drop: false }`
[INFO] [stdout] 65115e1d49d5ac7c8dc9fa86c159ef28f1e16fac1dffb181c630bdadb29ea3bb
