[INFO] fetching crate russx_macros 0.3.4...
[INFO] testing russx_macros-0.3.4 against 1.75.0 for beta-1.76-1
[INFO] extracting crate russx_macros 0.3.4 into /workspace/builds/worker-2-tc1/source
[INFO] validating manifest of crates.io crate russx_macros 0.3.4 on toolchain 1.75.0
[INFO] running `Command { std: CARGO_HOME="/workspace/cargo-home" RUSTUP_HOME="/workspace/rustup-home" "/workspace/cargo-home/bin/cargo" "+1.75.0" "metadata" "--manifest-path" "Cargo.toml" "--no-deps", kill_on_drop: false }`
[INFO] started tweaking crates.io crate russx_macros 0.3.4
[INFO] finished tweaking crates.io crate russx_macros 0.3.4
[INFO] tweaked toml for crates.io crate russx_macros 0.3.4 written to /workspace/builds/worker-2-tc1/source/Cargo.toml
[INFO] running `Command { std: CARGO_HOME="/workspace/cargo-home" RUSTUP_HOME="/workspace/rustup-home" "/workspace/cargo-home/bin/cargo" "+1.75.0" "generate-lockfile" "--manifest-path" "Cargo.toml", kill_on_drop: false }`
[INFO] [stderr]     Updating crates.io index
[INFO] running `Command { std: CARGO_HOME="/workspace/cargo-home" RUSTUP_HOME="/workspace/rustup-home" "/workspace/cargo-home/bin/cargo" "+1.75.0" "fetch" "--manifest-path" "Cargo.toml", kill_on_drop: false }`
[INFO] [stderr]  Downloading crates ...
[INFO] [stderr]   Downloaded rstml v0.11.2
[INFO] running `Command { std: "docker" "create" "-v" "/var/lib/crater-agent-workspace/builds/worker-2-tc1/target:/opt/rustwide/target:rw,Z" "-v" "/var/lib/crater-agent-workspace/builds/worker-2-tc1/source:/opt/rustwide/workdir:ro,Z" "-v" "/var/lib/crater-agent-workspace/cargo-home:/opt/rustwide/cargo-home:ro,Z" "-v" "/var/lib/crater-agent-workspace/rustup-home:/opt/rustwide/rustup-home:ro,Z" "-e" "SOURCE_DIR=/opt/rustwide/workdir" "-e" "CARGO_TARGET_DIR=/opt/rustwide/target" "-e" "CARGO_HOME=/opt/rustwide/cargo-home" "-e" "RUSTUP_HOME=/opt/rustwide/rustup-home" "-w" "/opt/rustwide/workdir" "-m" "1610612736" "--user" "0:0" "--network" "none" "ghcr.io/rust-lang/crates-build-env/linux@sha256:2788e3201cd34a07e3172128adcd8b3090168a8e3bcc40d7c032b9dda1df7d1c" "/opt/rustwide/cargo-home/bin/cargo" "+1.75.0" "metadata" "--no-deps" "--format-version=1", kill_on_drop: false }`
[INFO] [stdout] 9c3200efef950236d56958f895bc3651aff6fdba50d48a7b2f77e0d80237774c
[INFO] running `Command { std: "docker" "start" "-a" "9c3200efef950236d56958f895bc3651aff6fdba50d48a7b2f77e0d80237774c", kill_on_drop: false }`
[INFO] running `Command { std: "docker" "inspect" "9c3200efef950236d56958f895bc3651aff6fdba50d48a7b2f77e0d80237774c", kill_on_drop: false }`
[INFO] running `Command { std: "docker" "rm" "-f" "9c3200efef950236d56958f895bc3651aff6fdba50d48a7b2f77e0d80237774c", kill_on_drop: false }`
[INFO] [stdout] 9c3200efef950236d56958f895bc3651aff6fdba50d48a7b2f77e0d80237774c
[INFO] running `Command { std: "docker" "create" "-v" "/var/lib/crater-agent-workspace/builds/worker-2-tc1/target:/opt/rustwide/target:rw,Z" "-v" "/var/lib/crater-agent-workspace/builds/worker-2-tc1/source:/opt/rustwide/workdir:ro,Z" "-v" "/var/lib/crater-agent-workspace/cargo-home:/opt/rustwide/cargo-home:ro,Z" "-v" "/var/lib/crater-agent-workspace/rustup-home:/opt/rustwide/rustup-home:ro,Z" "-e" "SOURCE_DIR=/opt/rustwide/workdir" "-e" "CARGO_TARGET_DIR=/opt/rustwide/target" "-e" "CARGO_INCREMENTAL=0" "-e" "RUST_BACKTRACE=full" "-e" "RUSTFLAGS=--cap-lints=warn" "-e" "RUSTDOCFLAGS=--cap-lints=warn" "-e" "CARGO_HOME=/opt/rustwide/cargo-home" "-e" "RUSTUP_HOME=/opt/rustwide/rustup-home" "-w" "/opt/rustwide/workdir" "-m" "1610612736" "--user" "0:0" "--network" "none" "ghcr.io/rust-lang/crates-build-env/linux@sha256:2788e3201cd34a07e3172128adcd8b3090168a8e3bcc40d7c032b9dda1df7d1c" "/opt/rustwide/cargo-home/bin/cargo" "+1.75.0" "build" "--frozen" "--message-format=json", kill_on_drop: false }`
[INFO] [stdout] e30f3eec0f76341ef50b8a078e7b0004377dfa9178d3e26d63606cc8e3b3892a
[INFO] running `Command { std: "docker" "start" "-a" "e30f3eec0f76341ef50b8a078e7b0004377dfa9178d3e26d63606cc8e3b3892a", kill_on_drop: false }`
[INFO] [stderr]    Compiling proc-macro-error-attr v1.0.4
[INFO] [stderr]    Compiling proc-macro-error v1.0.4
[INFO] [stderr]    Compiling proc-macro2-diagnostics v0.10.1
[INFO] [stderr]    Compiling yansi v1.0.0-rc.1
[INFO] [stderr]    Compiling askama_escape v0.10.3
[INFO] [stderr]    Compiling thiserror v1.0.56
[INFO] [stderr]    Compiling syn v2.0.48
[INFO] [stderr]    Compiling thiserror-impl v1.0.56
[INFO] [stderr]    Compiling syn_derive v0.1.8
[INFO] [stderr]    Compiling rstml v0.11.2
[INFO] [stderr]    Compiling russx_macros v0.3.4 (/opt/rustwide/workdir)
[INFO] [stderr]     Finished dev [unoptimized + debuginfo] target(s) in 4.96s
[INFO] running `Command { std: "docker" "inspect" "e30f3eec0f76341ef50b8a078e7b0004377dfa9178d3e26d63606cc8e3b3892a", kill_on_drop: false }`
[INFO] running `Command { std: "docker" "rm" "-f" "e30f3eec0f76341ef50b8a078e7b0004377dfa9178d3e26d63606cc8e3b3892a", kill_on_drop: false }`
[INFO] [stdout] e30f3eec0f76341ef50b8a078e7b0004377dfa9178d3e26d63606cc8e3b3892a
[INFO] running `Command { std: "docker" "create" "-v" "/var/lib/crater-agent-workspace/builds/worker-2-tc1/target:/opt/rustwide/target:rw,Z" "-v" "/var/lib/crater-agent-workspace/builds/worker-2-tc1/source:/opt/rustwide/workdir:ro,Z" "-v" "/var/lib/crater-agent-workspace/cargo-home:/opt/rustwide/cargo-home:ro,Z" "-v" "/var/lib/crater-agent-workspace/rustup-home:/opt/rustwide/rustup-home:ro,Z" "-e" "SOURCE_DIR=/opt/rustwide/workdir" "-e" "CARGO_TARGET_DIR=/opt/rustwide/target" "-e" "CARGO_INCREMENTAL=0" "-e" "RUST_BACKTRACE=full" "-e" "RUSTFLAGS=--cap-lints=warn" "-e" "RUSTDOCFLAGS=--cap-lints=warn" "-e" "CARGO_HOME=/opt/rustwide/cargo-home" "-e" "RUSTUP_HOME=/opt/rustwide/rustup-home" "-w" "/opt/rustwide/workdir" "-m" "1610612736" "--user" "0:0" "--network" "none" "ghcr.io/rust-lang/crates-build-env/linux@sha256:2788e3201cd34a07e3172128adcd8b3090168a8e3bcc40d7c032b9dda1df7d1c" "/opt/rustwide/cargo-home/bin/cargo" "+1.75.0" "test" "--frozen" "--no-run" "--message-format=json", kill_on_drop: false }`
[INFO] [stdout] b0786d4a3aba33d277964fbd214353207e99f3082d0cda0013ad5daf6e84a2ba
[INFO] running `Command { std: "docker" "start" "-a" "b0786d4a3aba33d277964fbd214353207e99f3082d0cda0013ad5daf6e84a2ba", kill_on_drop: false }`
[INFO] [stderr]    Compiling russx_macros v0.3.4 (/opt/rustwide/workdir)
[INFO] [stderr]     Finished test [unoptimized + debuginfo] target(s) in 1.11s
[INFO] running `Command { std: "docker" "inspect" "b0786d4a3aba33d277964fbd214353207e99f3082d0cda0013ad5daf6e84a2ba", kill_on_drop: false }`
[INFO] running `Command { std: "docker" "rm" "-f" "b0786d4a3aba33d277964fbd214353207e99f3082d0cda0013ad5daf6e84a2ba", kill_on_drop: false }`
[INFO] [stdout] b0786d4a3aba33d277964fbd214353207e99f3082d0cda0013ad5daf6e84a2ba
[INFO] running `Command { std: "docker" "create" "-v" "/var/lib/crater-agent-workspace/builds/worker-2-tc1/target:/opt/rustwide/target:rw,Z" "-v" "/var/lib/crater-agent-workspace/builds/worker-2-tc1/source:/opt/rustwide/workdir:ro,Z" "-v" "/var/lib/crater-agent-workspace/cargo-home:/opt/rustwide/cargo-home:ro,Z" "-v" "/var/lib/crater-agent-workspace/rustup-home:/opt/rustwide/rustup-home:ro,Z" "-e" "SOURCE_DIR=/opt/rustwide/workdir" "-e" "CARGO_TARGET_DIR=/opt/rustwide/target" "-e" "CARGO_INCREMENTAL=0" "-e" "RUST_BACKTRACE=full" "-e" "RUSTFLAGS=--cap-lints=warn" "-e" "RUSTDOCFLAGS=--cap-lints=warn" "-e" "CARGO_HOME=/opt/rustwide/cargo-home" "-e" "RUSTUP_HOME=/opt/rustwide/rustup-home" "-w" "/opt/rustwide/workdir" "-m" "1610612736" "--user" "0:0" "--network" "none" "ghcr.io/rust-lang/crates-build-env/linux@sha256:2788e3201cd34a07e3172128adcd8b3090168a8e3bcc40d7c032b9dda1df7d1c" "/opt/rustwide/cargo-home/bin/cargo" "+1.75.0" "test" "--frozen", kill_on_drop: false }`
[INFO] [stdout] f860c668ed887703e264dfaadb6ec1cd19395bd755d05c70c8ee48bee5798989
[INFO] running `Command { std: "docker" "start" "-a" "f860c668ed887703e264dfaadb6ec1cd19395bd755d05c70c8ee48bee5798989", kill_on_drop: false }`
[INFO] [stderr]     Finished test [unoptimized + debuginfo] target(s) in 0.01s
[INFO] [stderr]      Running unittests src/lib.rs (/opt/rustwide/target/debug/deps/russx_macros-dcfbf066132903bd)
[INFO] [stdout] 
[INFO] [stdout] running 0 tests
[INFO] [stdout] 
[INFO] [stdout] test result: ok. 0 passed; 0 failed; 0 ignored; 0 measured; 0 filtered out; finished in 0.00s
[INFO] [stdout] 
[INFO] [stderr]    Doc-tests russx_macros
[INFO] [stdout] 
[INFO] [stdout] running 11 tests
[INFO] [stdout] test src/lib.rs - templates (line 2738) ... FAILED
[INFO] [stdout] test src/lib.rs - templates (line 2812) ... FAILED
[INFO] [stdout] test src/lib.rs - templates (line 2825) ... FAILED
[INFO] [stdout] test src/lib.rs - templates (line 2931) ... FAILED
[INFO] [stdout] test src/lib.rs - templates (line 2792) ... FAILED
[INFO] [stdout] test src/lib.rs - templates (line 2860) ... FAILED
[INFO] [stdout] test src/lib.rs - templates (line 2769) ... FAILED
[INFO] [stdout] test src/lib.rs - templates (line 2903) ... FAILED
[INFO] [stdout] test src/lib.rs - templates (line 2844) ... FAILED
[INFO] [stdout] test src/lib.rs - tmpl (line 3000) ... FAILED
[INFO] [stdout] test src/lib.rs - templates (line 2696) ... FAILED
[INFO] [stdout] 
[INFO] [stdout] failures:
[INFO] [stdout] 
[INFO] [stdout] ---- src/lib.rs - templates (line 2738) stdout ----
[INFO] [stdout] error: cannot find macro `templates` in this scope
[INFO] [stdout]  --> src/lib.rs:2739:1
[INFO] [stdout]   |
[INFO] [stdout] 3 | templates! {
[INFO] [stdout]   | ^^^^^^^^^
[INFO] [stdout]   |
[INFO] [stdout] help: consider importing this macro
[INFO] [stdout]   |
[INFO] [stdout] 2 + use russx_macros::templates;
[INFO] [stdout]   |
[INFO] [stdout] 
[INFO] [stdout] error: aborting due to previous error
[INFO] [stdout] 
[INFO] [stdout] Couldn't compile the test.
[INFO] [stdout] ---- src/lib.rs - templates (line 2812) stdout ----
[INFO] [stdout] error: cannot find macro `templates` in this scope
[INFO] [stdout]  --> src/lib.rs:2813:1
[INFO] [stdout]   |
[INFO] [stdout] 3 | templates! {
[INFO] [stdout]   | ^^^^^^^^^
[INFO] [stdout]   |
[INFO] [stdout] help: consider importing this macro
[INFO] [stdout]   |
[INFO] [stdout] 2 + use russx_macros::templates;
[INFO] [stdout]   |
[INFO] [stdout] 
[INFO] [stdout] error: aborting due to previous error
[INFO] [stdout] 
[INFO] [stdout] Couldn't compile the test.
[INFO] [stdout] ---- src/lib.rs - templates (line 2825) stdout ----
[INFO] [stdout] error: cannot find macro `templates` in this scope
[INFO] [stdout]  --> src/lib.rs:2826:1
[INFO] [stdout]   |
[INFO] [stdout] 3 | templates! {
[INFO] [stdout]   | ^^^^^^^^^
[INFO] [stdout]   |
[INFO] [stdout] help: consider importing this macro
[INFO] [stdout]   |
[INFO] [stdout] 2 + use russx_macros::templates;
[INFO] [stdout]   |
[INFO] [stdout] 
[INFO] [stdout] error: aborting due to previous error
[INFO] [stdout] 
[INFO] [stdout] Couldn't compile the test.
[INFO] [stdout] ---- src/lib.rs - templates (line 2931) stdout ----
[INFO] [stdout] error: cannot find macro `templates` in this scope
[INFO] [stdout]  --> src/lib.rs:2932:1
[INFO] [stdout]   |
[INFO] [stdout] 3 | templates! {
[INFO] [stdout]   | ^^^^^^^^^
[INFO] [stdout]   |
[INFO] [stdout] help: consider importing this macro
[INFO] [stdout]   |
[INFO] [stdout] 2 + use russx_macros::templates;
[INFO] [stdout]   |
[INFO] [stdout] 
[INFO] [stdout] error: aborting due to previous error
[INFO] [stdout] 
[INFO] [stdout] Couldn't compile the test.
[INFO] [stdout] ---- src/lib.rs - templates (line 2792) stdout ----
[INFO] [stdout] error: cannot find macro `templates` in this scope
[INFO] [stdout]  --> src/lib.rs:2793:1
[INFO] [stdout]   |
[INFO] [stdout] 3 | templates! {
[INFO] [stdout]   | ^^^^^^^^^
[INFO] [stdout]   |
[INFO] [stdout] help: consider importing this macro
[INFO] [stdout]   |
[INFO] [stdout] 2 + use russx_macros::templates;
[INFO] [stdout]   |
[INFO] [stdout] 
[INFO] [stdout] error: aborting due to previous error
[INFO] [stdout] 
[INFO] [stdout] Couldn't compile the test.
[INFO] [stdout] ---- src/lib.rs - templates (line 2860) stdout ----
[INFO] [stdout] error: cannot find macro `templates` in this scope
[INFO] [stdout]  --> src/lib.rs:2862:1
[INFO] [stdout]   |
[INFO] [stdout] 4 | templates! {
[INFO] [stdout]   | ^^^^^^^^^
[INFO] [stdout]   |
[INFO] [stdout] help: consider importing this macro
[INFO] [stdout]   |
[INFO] [stdout] 2 + use russx_macros::templates;
[INFO] [stdout]   |
[INFO] [stdout] 
[INFO] [stdout] error: aborting due to previous error
[INFO] [stdout] 
[INFO] [stdout] Couldn't compile the test.
[INFO] [stdout] ---- src/lib.rs - templates (line 2769) stdout ----
[INFO] [stdout] error: cannot find macro `templates` in this scope
[INFO] [stdout]  --> src/lib.rs:2770:1
[INFO] [stdout]   |
[INFO] [stdout] 3 | templates! {
[INFO] [stdout]   | ^^^^^^^^^
[INFO] [stdout]   |
[INFO] [stdout] help: consider importing this macro
[INFO] [stdout]   |
[INFO] [stdout] 2 + use russx_macros::templates;
[INFO] [stdout]   |
[INFO] [stdout] 
[INFO] [stdout] error: aborting due to previous error
[INFO] [stdout] 
[INFO] [stdout] Couldn't compile the test.
[INFO] [stdout] ---- src/lib.rs - templates (line 2903) stdout ----
[INFO] [stdout] error: cannot find macro `templates` in this scope
[INFO] [stdout]  --> src/lib.rs:2904:1
[INFO] [stdout]   |
[INFO] [stdout] 3 | templates! {
[INFO] [stdout]   | ^^^^^^^^^
[INFO] [stdout]   |
[INFO] [stdout] help: consider importing this macro
[INFO] [stdout]   |
[INFO] [stdout] 2 + use russx_macros::templates;
[INFO] [stdout]   |
[INFO] [stdout] 
[INFO] [stdout] error: aborting due to previous error
[INFO] [stdout] 
[INFO] [stdout] Couldn't compile the test.
[INFO] [stdout] ---- src/lib.rs - templates (line 2844) stdout ----
[INFO] [stdout] error: cannot find macro `templates` in this scope
[INFO] [stdout]  --> src/lib.rs:2845:1
[INFO] [stdout]   |
[INFO] [stdout] 3 | templates! {
[INFO] [stdout]   | ^^^^^^^^^
[INFO] [stdout]   |
[INFO] [stdout] help: consider importing this macro
[INFO] [stdout]   |
[INFO] [stdout] 2 + use russx_macros::templates;
[INFO] [stdout]   |
[INFO] [stdout] 
[INFO] [stdout] error: aborting due to previous error
[INFO] [stdout] 
[INFO] [stdout] Couldn't compile the test.
[INFO] [stdout] ---- src/lib.rs - tmpl (line 3000) stdout ----
[INFO] [stdout] error: cannot find macro `tmpl` in this scope
[INFO] [stdout]  --> src/lib.rs:3002:12
[INFO] [stdout]   |
[INFO] [stdout] 4 | let html = tmpl! {
[INFO] [stdout]   |            ^^^^
[INFO] [stdout]   |
[INFO] [stdout] help: consider importing this macro
[INFO] [stdout]   |
[INFO] [stdout] 2 + use russx_macros::tmpl;
[INFO] [stdout]   |
[INFO] [stdout] 
[INFO] [stdout] error: aborting due to previous error
[INFO] [stdout] 
[INFO] [stdout] Couldn't compile the test.
[INFO] [stdout] ---- src/lib.rs - templates (line 2696) stdout ----
[INFO] [stdout] error: cannot find macro `templates` in this scope
[INFO] [stdout]  --> src/lib.rs:2697:1
[INFO] [stdout]   |
[INFO] [stdout] 3 | templates! {
[INFO] [stdout]   | ^^^^^^^^^
[INFO] [stdout]   |
[INFO] [stdout] help: consider importing this macro
[INFO] [stdout]   |
[INFO] [stdout] 2 + use russx_macros::templates;
[INFO] [stdout]   |
[INFO] [stdout] 
[INFO] [stdout] error[E0425]: cannot find function `greet` in this scope
[INFO] [stdout]   --> src/lib.rs:2712:16
[INFO] [stdout]    |
[INFO] [stdout] 18 | println!("{}", greet("Jake", 40).render()?);
[INFO] [stdout]    |                ^^^^^ not found in this scope
[INFO] [stdout] 
[INFO] [stdout] error: aborting due to 2 previous errors
[INFO] [stdout] 
[INFO] [stdout] For more information about this error, try `rustc --explain E0425`.
[INFO] [stdout] Couldn't compile the test.
[INFO] [stdout] 
[INFO] [stdout] failures:
[INFO] [stdout]     src/lib.rs - templates (line 2696)
[INFO] [stdout]     src/lib.rs - templates (line 2738)
[INFO] [stdout]     src/lib.rs - templates (line 2769)
[INFO] [stdout]     src/lib.rs - templates (line 2792)
[INFO] [stdout]     src/lib.rs - templates (line 2812)
[INFO] [stdout]     src/lib.rs - templates (line 2825)
[INFO] [stdout]     src/lib.rs - templates (line 2844)
[INFO] [stdout]     src/lib.rs - templates (line 2860)
[INFO] [stdout]     src/lib.rs - templates (line 2903)
[INFO] [stdout]     src/lib.rs - templates (line 2931)
[INFO] [stdout]     src/lib.rs - tmpl (line 3000)
[INFO] [stdout] 
[INFO] [stdout] test result: FAILED. 0 passed; 11 failed; 0 ignored; 0 measured; 0 filtered out; finished in 0.09s
[INFO] [stdout] 
[INFO] [stderr] error: doctest failed, to rerun pass `--doc`
[INFO] running `Command { std: "docker" "inspect" "f860c668ed887703e264dfaadb6ec1cd19395bd755d05c70c8ee48bee5798989", kill_on_drop: false }`
[INFO] running `Command { std: "docker" "rm" "-f" "f860c668ed887703e264dfaadb6ec1cd19395bd755d05c70c8ee48bee5798989", kill_on_drop: false }`
[INFO] [stdout] f860c668ed887703e264dfaadb6ec1cd19395bd755d05c70c8ee48bee5798989
[INFO] testing russx_macros-0.3.4 against beta-2023-12-22 for beta-1.76-1
[INFO] extracting crate russx_macros 0.3.4 into /workspace/builds/worker-2-tc2/source
[INFO] validating manifest of crates.io crate russx_macros 0.3.4 on toolchain beta-2023-12-22
[INFO] running `Command { std: CARGO_HOME="/workspace/cargo-home" RUSTUP_HOME="/workspace/rustup-home" "/workspace/cargo-home/bin/cargo" "+beta-2023-12-22" "metadata" "--manifest-path" "Cargo.toml" "--no-deps", kill_on_drop: false }`
[INFO] started tweaking crates.io crate russx_macros 0.3.4
[INFO] finished tweaking crates.io crate russx_macros 0.3.4
[INFO] tweaked toml for crates.io crate russx_macros 0.3.4 written to /workspace/builds/worker-2-tc2/source/Cargo.toml
[INFO] running `Command { std: CARGO_HOME="/workspace/cargo-home" RUSTUP_HOME="/workspace/rustup-home" "/workspace/cargo-home/bin/cargo" "+beta-2023-12-22" "generate-lockfile" "--manifest-path" "Cargo.toml", kill_on_drop: false }`
[INFO] [stderr]     Updating crates.io index
[INFO] running `Command { std: CARGO_HOME="/workspace/cargo-home" RUSTUP_HOME="/workspace/rustup-home" "/workspace/cargo-home/bin/cargo" "+beta-2023-12-22" "fetch" "--manifest-path" "Cargo.toml", kill_on_drop: false }`
[INFO] running `Command { std: "docker" "create" "-v" "/var/lib/crater-agent-workspace/builds/worker-2-tc2/target:/opt/rustwide/target:rw,Z" "-v" "/var/lib/crater-agent-workspace/builds/worker-2-tc2/source:/opt/rustwide/workdir:ro,Z" "-v" "/var/lib/crater-agent-workspace/cargo-home:/opt/rustwide/cargo-home:ro,Z" "-v" "/var/lib/crater-agent-workspace/rustup-home:/opt/rustwide/rustup-home:ro,Z" "-e" "SOURCE_DIR=/opt/rustwide/workdir" "-e" "CARGO_TARGET_DIR=/opt/rustwide/target" "-e" "CARGO_HOME=/opt/rustwide/cargo-home" "-e" "RUSTUP_HOME=/opt/rustwide/rustup-home" "-w" "/opt/rustwide/workdir" "-m" "1610612736" "--user" "0:0" "--network" "none" "ghcr.io/rust-lang/crates-build-env/linux@sha256:2788e3201cd34a07e3172128adcd8b3090168a8e3bcc40d7c032b9dda1df7d1c" "/opt/rustwide/cargo-home/bin/cargo" "+beta-2023-12-22" "metadata" "--no-deps" "--format-version=1", kill_on_drop: false }`
[INFO] [stdout] 1fda2539222bd6f9ef910a8846f33fc25dd38f50190efb8a44d6c758107aafd6
[INFO] running `Command { std: "docker" "start" "-a" "1fda2539222bd6f9ef910a8846f33fc25dd38f50190efb8a44d6c758107aafd6", kill_on_drop: false }`
[INFO] running `Command { std: "docker" "inspect" "1fda2539222bd6f9ef910a8846f33fc25dd38f50190efb8a44d6c758107aafd6", kill_on_drop: false }`
[INFO] running `Command { std: "docker" "rm" "-f" "1fda2539222bd6f9ef910a8846f33fc25dd38f50190efb8a44d6c758107aafd6", kill_on_drop: false }`
[INFO] [stdout] 1fda2539222bd6f9ef910a8846f33fc25dd38f50190efb8a44d6c758107aafd6
[INFO] running `Command { std: "docker" "create" "-v" "/var/lib/crater-agent-workspace/builds/worker-2-tc2/target:/opt/rustwide/target:rw,Z" "-v" "/var/lib/crater-agent-workspace/builds/worker-2-tc2/source:/opt/rustwide/workdir:ro,Z" "-v" "/var/lib/crater-agent-workspace/cargo-home:/opt/rustwide/cargo-home:ro,Z" "-v" "/var/lib/crater-agent-workspace/rustup-home:/opt/rustwide/rustup-home:ro,Z" "-e" "SOURCE_DIR=/opt/rustwide/workdir" "-e" "CARGO_TARGET_DIR=/opt/rustwide/target" "-e" "CARGO_INCREMENTAL=0" "-e" "RUST_BACKTRACE=full" "-e" "RUSTFLAGS=--cap-lints=warn" "-e" "RUSTDOCFLAGS=--cap-lints=warn" "-e" "CARGO_HOME=/opt/rustwide/cargo-home" "-e" "RUSTUP_HOME=/opt/rustwide/rustup-home" "-w" "/opt/rustwide/workdir" "-m" "1610612736" "--user" "0:0" "--network" "none" "ghcr.io/rust-lang/crates-build-env/linux@sha256:2788e3201cd34a07e3172128adcd8b3090168a8e3bcc40d7c032b9dda1df7d1c" "/opt/rustwide/cargo-home/bin/cargo" "+beta-2023-12-22" "build" "--frozen" "--message-format=json", kill_on_drop: false }`
[INFO] [stdout] 008383e4e0faa65bda54807b5b542f384edcf22fea87a81157fc93877bf3c701
[INFO] running `Command { std: "docker" "start" "-a" "008383e4e0faa65bda54807b5b542f384edcf22fea87a81157fc93877bf3c701", kill_on_drop: false }`
[INFO] [stderr]    Compiling proc-macro-error-attr v1.0.4
[INFO] [stderr]    Compiling proc-macro-error v1.0.4
[INFO] [stderr]    Compiling proc-macro2-diagnostics v0.10.1
[INFO] [stderr]    Compiling yansi v1.0.0-rc.1
[INFO] [stderr]    Compiling askama_escape v0.10.3
[INFO] [stderr]    Compiling thiserror v1.0.56
[INFO] [stderr]    Compiling syn v2.0.48
[INFO] [stderr]    Compiling thiserror-impl v1.0.56
[INFO] [stderr]    Compiling syn_derive v0.1.8
[INFO] [stderr]    Compiling rstml v0.11.2
[INFO] [stderr]    Compiling russx_macros v0.3.4 (/opt/rustwide/workdir)
[INFO] [stderr]     Finished dev [unoptimized + debuginfo] target(s) in 5.00s
[INFO] running `Command { std: "docker" "inspect" "008383e4e0faa65bda54807b5b542f384edcf22fea87a81157fc93877bf3c701", kill_on_drop: false }`
[INFO] running `Command { std: "docker" "rm" "-f" "008383e4e0faa65bda54807b5b542f384edcf22fea87a81157fc93877bf3c701", kill_on_drop: false }`
[INFO] [stdout] 008383e4e0faa65bda54807b5b542f384edcf22fea87a81157fc93877bf3c701
[INFO] running `Command { std: "docker" "create" "-v" "/var/lib/crater-agent-workspace/builds/worker-2-tc2/target:/opt/rustwide/target:rw,Z" "-v" "/var/lib/crater-agent-workspace/builds/worker-2-tc2/source:/opt/rustwide/workdir:ro,Z" "-v" "/var/lib/crater-agent-workspace/cargo-home:/opt/rustwide/cargo-home:ro,Z" "-v" "/var/lib/crater-agent-workspace/rustup-home:/opt/rustwide/rustup-home:ro,Z" "-e" "SOURCE_DIR=/opt/rustwide/workdir" "-e" "CARGO_TARGET_DIR=/opt/rustwide/target" "-e" "CARGO_INCREMENTAL=0" "-e" "RUST_BACKTRACE=full" "-e" "RUSTFLAGS=--cap-lints=warn" "-e" "RUSTDOCFLAGS=--cap-lints=warn" "-e" "CARGO_HOME=/opt/rustwide/cargo-home" "-e" "RUSTUP_HOME=/opt/rustwide/rustup-home" "-w" "/opt/rustwide/workdir" "-m" "1610612736" "--user" "0:0" "--network" "none" "ghcr.io/rust-lang/crates-build-env/linux@sha256:2788e3201cd34a07e3172128adcd8b3090168a8e3bcc40d7c032b9dda1df7d1c" "/opt/rustwide/cargo-home/bin/cargo" "+beta-2023-12-22" "test" "--frozen" "--no-run" "--message-format=json", kill_on_drop: false }`
[INFO] [stdout] bf4bf96459e20c9db77159f14825908a18cdd2cc4a1978dff79226aa464c1e53
[INFO] running `Command { std: "docker" "start" "-a" "bf4bf96459e20c9db77159f14825908a18cdd2cc4a1978dff79226aa464c1e53", kill_on_drop: false }`
[INFO] [stderr]    Compiling russx_macros v0.3.4 (/opt/rustwide/workdir)
[INFO] [stderr]     Finished test [unoptimized + debuginfo] target(s) in 1.13s
[INFO] running `Command { std: "docker" "inspect" "bf4bf96459e20c9db77159f14825908a18cdd2cc4a1978dff79226aa464c1e53", kill_on_drop: false }`
[INFO] running `Command { std: "docker" "rm" "-f" "bf4bf96459e20c9db77159f14825908a18cdd2cc4a1978dff79226aa464c1e53", kill_on_drop: false }`
[INFO] [stdout] bf4bf96459e20c9db77159f14825908a18cdd2cc4a1978dff79226aa464c1e53
[INFO] running `Command { std: "docker" "create" "-v" "/var/lib/crater-agent-workspace/builds/worker-2-tc2/target:/opt/rustwide/target:rw,Z" "-v" "/var/lib/crater-agent-workspace/builds/worker-2-tc2/source:/opt/rustwide/workdir:ro,Z" "-v" "/var/lib/crater-agent-workspace/cargo-home:/opt/rustwide/cargo-home:ro,Z" "-v" "/var/lib/crater-agent-workspace/rustup-home:/opt/rustwide/rustup-home:ro,Z" "-e" "SOURCE_DIR=/opt/rustwide/workdir" "-e" "CARGO_TARGET_DIR=/opt/rustwide/target" "-e" "CARGO_INCREMENTAL=0" "-e" "RUST_BACKTRACE=full" "-e" "RUSTFLAGS=--cap-lints=warn" "-e" "RUSTDOCFLAGS=--cap-lints=warn" "-e" "CARGO_HOME=/opt/rustwide/cargo-home" "-e" "RUSTUP_HOME=/opt/rustwide/rustup-home" "-w" "/opt/rustwide/workdir" "-m" "1610612736" "--user" "0:0" "--network" "none" "ghcr.io/rust-lang/crates-build-env/linux@sha256:2788e3201cd34a07e3172128adcd8b3090168a8e3bcc40d7c032b9dda1df7d1c" "/opt/rustwide/cargo-home/bin/cargo" "+beta-2023-12-22" "test" "--frozen", kill_on_drop: false }`
[INFO] [stdout] 6c459da97d7323f79d87148dd46d783461c618c19e0227f4f0d27c592a5ea898
[INFO] running `Command { std: "docker" "start" "-a" "6c459da97d7323f79d87148dd46d783461c618c19e0227f4f0d27c592a5ea898", kill_on_drop: false }`
[INFO] [stderr]     Finished test [unoptimized + debuginfo] target(s) in 0.01s
[INFO] [stderr]      Running unittests src/lib.rs (/opt/rustwide/target/debug/deps/russx_macros-7114a9186ae178a6)
[INFO] [stdout] 
[INFO] [stdout] running 0 tests
[INFO] [stdout] 
[INFO] [stdout] test result: ok. 0 passed; 0 failed; 0 ignored; 0 measured; 0 filtered out; finished in 0.00s
[INFO] [stdout] 
[INFO] [stderr]    Doc-tests russx_macros
[INFO] [stdout] 
[INFO] [stdout] running 11 tests
[INFO] [stdout] test src/lib.rs - templates (line 2825) ... FAILED
[INFO] [stdout] test src/lib.rs - templates (line 2860) ... FAILED
[INFO] [stdout] test src/lib.rs - templates (line 2903) ... FAILED
[INFO] [stdout] test src/lib.rs - templates (line 2931) ... FAILED
[INFO] [stdout] test src/lib.rs - templates (line 2792) ... FAILED
[INFO] [stdout] test src/lib.rs - templates (line 2738) ... FAILED
[INFO] [stdout] test src/lib.rs - templates (line 2812) ... FAILED
[INFO] [stdout] test src/lib.rs - templates (line 2769) ... FAILED
[INFO] [stdout] test src/lib.rs - templates (line 2844) ... FAILED
[INFO] [stdout] test src/lib.rs - tmpl (line 3000) ... FAILED
[INFO] [stdout] test src/lib.rs - templates (line 2696) ... FAILED
[INFO] [stdout] 
[INFO] [stdout] failures:
[INFO] [stdout] 
[INFO] [stdout] ---- src/lib.rs - templates (line 2825) stdout ----
[INFO] [stdout] error: cannot find macro `templates` in this scope
[INFO] [stdout]  --> src/lib.rs:2826:1
[INFO] [stdout]   |
[INFO] [stdout] 3 | templates! {
[INFO] [stdout]   | ^^^^^^^^^
[INFO] [stdout]   |
[INFO] [stdout] help: consider importing this macro
[INFO] [stdout]   |
[INFO] [stdout] 2 + use russx_macros::templates;
[INFO] [stdout]   |
[INFO] [stdout] 
[INFO] [stdout] error: aborting due to 1 previous error
[INFO] [stdout] 
[INFO] [stdout] Couldn't compile the test.
[INFO] [stdout] ---- src/lib.rs - templates (line 2860) stdout ----
[INFO] [stdout] error: cannot find macro `templates` in this scope
[INFO] [stdout]  --> src/lib.rs:2862:1
[INFO] [stdout]   |
[INFO] [stdout] 4 | templates! {
[INFO] [stdout]   | ^^^^^^^^^
[INFO] [stdout]   |
[INFO] [stdout] help: consider importing this macro
[INFO] [stdout]   |
[INFO] [stdout] 2 + use russx_macros::templates;
[INFO] [stdout]   |
[INFO] [stdout] 
[INFO] [stdout] error: aborting due to 1 previous error
[INFO] [stdout] 
[INFO] [stdout] Couldn't compile the test.
[INFO] [stdout] ---- src/lib.rs - templates (line 2903) stdout ----
[INFO] [stdout] error: cannot find macro `templates` in this scope
[INFO] [stdout]  --> src/lib.rs:2904:1
[INFO] [stdout]   |
[INFO] [stdout] 3 | templates! {
[INFO] [stdout]   | ^^^^^^^^^
[INFO] [stdout]   |
[INFO] [stdout] help: consider importing this macro
[INFO] [stdout]   |
[INFO] [stdout] 2 + use russx_macros::templates;
[INFO] [stdout]   |
[INFO] [stdout] 
[INFO] [stdout] error: aborting due to 1 previous error
[INFO] [stdout] 
[INFO] [stdout] Couldn't compile the test.
[INFO] [stdout] ---- src/lib.rs - templates (line 2931) stdout ----
[INFO] [stdout] error: cannot find macro `templates` in this scope
[INFO] [stdout]  --> src/lib.rs:2932:1
[INFO] [stdout]   |
[INFO] [stdout] 3 | templates! {
[INFO] [stdout]   | ^^^^^^^^^
[INFO] [stdout]   |
[INFO] [stdout] help: consider importing this macro
[INFO] [stdout]   |
[INFO] [stdout] 2 + use russx_macros::templates;
[INFO] [stdout]   |
[INFO] [stdout] 
[INFO] [stdout] error: aborting due to 1 previous error
[INFO] [stdout] 
[INFO] [stdout] Couldn't compile the test.
[INFO] [stdout] ---- src/lib.rs - templates (line 2792) stdout ----
[INFO] [stdout] error: cannot find macro `templates` in this scope
[INFO] [stdout]  --> src/lib.rs:2793:1
[INFO] [stdout]   |
[INFO] [stdout] 3 | templates! {
[INFO] [stdout]   | ^^^^^^^^^
[INFO] [stdout]   |
[INFO] [stdout] help: consider importing this macro
[INFO] [stdout]   |
[INFO] [stdout] 2 + use russx_macros::templates;
[INFO] [stdout]   |
[INFO] [stdout] 
[INFO] [stdout] error: aborting due to 1 previous error
[INFO] [stdout] 
[INFO] [stdout] Couldn't compile the test.
[INFO] [stdout] ---- src/lib.rs - templates (line 2738) stdout ----
[INFO] [stdout] error: cannot find macro `templates` in this scope
[INFO] [stdout]  --> src/lib.rs:2739:1
[INFO] [stdout]   |
[INFO] [stdout] 3 | templates! {
[INFO] [stdout]   | ^^^^^^^^^
[INFO] [stdout]   |
[INFO] [stdout] help: consider importing this macro
[INFO] [stdout]   |
[INFO] [stdout] 2 + use russx_macros::templates;
[INFO] [stdout]   |
[INFO] [stdout] 
[INFO] [stdout] error: aborting due to 1 previous error
[INFO] [stdout] 
[INFO] [stdout] Couldn't compile the test.
[INFO] [stdout] ---- src/lib.rs - templates (line 2812) stdout ----
[INFO] [stdout] error: cannot find macro `templates` in this scope
[INFO] [stdout]  --> src/lib.rs:2813:1
[INFO] [stdout]   |
[INFO] [stdout] 3 | templates! {
[INFO] [stdout]   | ^^^^^^^^^
[INFO] [stdout]   |
[INFO] [stdout] help: consider importing this macro
[INFO] [stdout]   |
[INFO] [stdout] 2 + use russx_macros::templates;
[INFO] [stdout]   |
[INFO] [stdout] 
[INFO] [stdout] error: aborting due to 1 previous error
[INFO] [stdout] 
[INFO] [stdout] Couldn't compile the test.
[INFO] [stdout] ---- src/lib.rs - templates (line 2769) stdout ----
[INFO] [stdout] error: cannot find macro `templates` in this scope
[INFO] [stdout]  --> src/lib.rs:2770:1
[INFO] [stdout]   |
[INFO] [stdout] 3 | templates! {
[INFO] [stdout]   | ^^^^^^^^^
[INFO] [stdout]   |
[INFO] [stdout] help: consider importing this macro
[INFO] [stdout]   |
[INFO] [stdout] 2 + use russx_macros::templates;
[INFO] [stdout]   |
[INFO] [stdout] 
[INFO] [stdout] error: aborting due to 1 previous error
[INFO] [stdout] 
[INFO] [stdout] Couldn't compile the test.
[INFO] [stdout] ---- src/lib.rs - templates (line 2844) stdout ----
[INFO] [stdout] error: cannot find macro `templates` in this scope
[INFO] [stdout]  --> src/lib.rs:2845:1
[INFO] [stdout]   |
[INFO] [stdout] 3 | templates! {
[INFO] [stdout]   | ^^^^^^^^^
[INFO] [stdout]   |
[INFO] [stdout] help: consider importing this macro
[INFO] [stdout]   |
[INFO] [stdout] 2 + use russx_macros::templates;
[INFO] [stdout]   |
[INFO] [stdout] 
[INFO] [stdout] error: aborting due to 1 previous error
[INFO] [stdout] 
[INFO] [stdout] Couldn't compile the test.
[INFO] [stdout] ---- src/lib.rs - tmpl (line 3000) stdout ----
[INFO] [stdout] error: cannot find macro `tmpl` in this scope
[INFO] [stdout]  --> src/lib.rs:3002:12
[INFO] [stdout]   |
[INFO] [stdout] 4 | let html = tmpl! {
[INFO] [stdout]   |            ^^^^
[INFO] [stdout]   |
[INFO] [stdout] help: consider importing this macro
[INFO] [stdout]   |
[INFO] [stdout] 2 + use russx_macros::tmpl;
[INFO] [stdout]   |
[INFO] [stdout] 
[INFO] [stdout] error: aborting due to 1 previous error
[INFO] [stdout] 
[INFO] [stdout] Couldn't compile the test.
[INFO] [stdout] ---- src/lib.rs - templates (line 2696) stdout ----
[INFO] [stdout] error: cannot find macro `templates` in this scope
[INFO] [stdout]  --> src/lib.rs:2697:1
[INFO] [stdout]   |
[INFO] [stdout] 3 | templates! {
[INFO] [stdout]   | ^^^^^^^^^
[INFO] [stdout]   |
[INFO] [stdout] help: consider importing this macro
[INFO] [stdout]   |
[INFO] [stdout] 2 + use russx_macros::templates;
[INFO] [stdout]   |
[INFO] [stdout] 
[INFO] [stdout] error[E0425]: cannot find function `greet` in this scope
[INFO] [stdout]   --> src/lib.rs:2712:16
[INFO] [stdout]    |
[INFO] [stdout] 18 | println!("{}", greet("Jake", 40).render()?);
[INFO] [stdout]    |                ^^^^^ not found in this scope
[INFO] [stdout] 
[INFO] [stdout] error: aborting due to 2 previous errors
[INFO] [stdout] 
[INFO] [stdout] For more information about this error, try `rustc --explain E0425`.
[INFO] [stdout] Couldn't compile the test.
[INFO] [stdout] 
[INFO] [stdout] failures:
[INFO] [stdout]     src/lib.rs - templates (line 2696)
[INFO] [stdout]     src/lib.rs - templates (line 2738)
[INFO] [stdout]     src/lib.rs - templates (line 2769)
[INFO] [stdout]     src/lib.rs - templates (line 2792)
[INFO] [stdout]     src/lib.rs - templates (line 2812)
[INFO] [stdout]     src/lib.rs - templates (line 2825)
[INFO] [stdout]     src/lib.rs - templates (line 2844)
[INFO] [stdout]     src/lib.rs - templates (line 2860)
[INFO] [stdout]     src/lib.rs - templates (line 2903)
[INFO] [stdout]     src/lib.rs - templates (line 2931)
[INFO] [stdout]     src/lib.rs - tmpl (line 3000)
[INFO] [stdout] 
[INFO] [stdout] test result: FAILED. 0 passed; 11 failed; 0 ignored; 0 measured; 0 filtered out; finished in 0.10s
[INFO] [stdout] 
[INFO] [stderr] error: doctest failed, to rerun pass `--doc`
[INFO] running `Command { std: "docker" "inspect" "6c459da97d7323f79d87148dd46d783461c618c19e0227f4f0d27c592a5ea898", kill_on_drop: false }`
[INFO] running `Command { std: "docker" "rm" "-f" "6c459da97d7323f79d87148dd46d783461c618c19e0227f4f0d27c592a5ea898", kill_on_drop: false }`
[INFO] [stdout] 6c459da97d7323f79d87148dd46d783461c618c19e0227f4f0d27c592a5ea898
