[INFO] fetching crate rusb2snes 0.1.4...
[INFO] testing rusb2snes-0.1.4 against 1.75.0 for beta-1.76-1
[INFO] extracting crate rusb2snes 0.1.4 into /workspace/builds/worker-6-tc1/source
[INFO] validating manifest of crates.io crate rusb2snes 0.1.4 on toolchain 1.75.0
[INFO] running `Command { std: CARGO_HOME="/workspace/cargo-home" RUSTUP_HOME="/workspace/rustup-home" "/workspace/cargo-home/bin/cargo" "+1.75.0" "metadata" "--manifest-path" "Cargo.toml" "--no-deps", kill_on_drop: false }`
[INFO] started tweaking crates.io crate rusb2snes 0.1.4
[INFO] finished tweaking crates.io crate rusb2snes 0.1.4
[INFO] tweaked toml for crates.io crate rusb2snes 0.1.4 written to /workspace/builds/worker-6-tc1/source/Cargo.toml
[INFO] crate crates.io crate rusb2snes 0.1.4 already has a lockfile, it will not be regenerated
[INFO] running `Command { std: CARGO_HOME="/workspace/cargo-home" RUSTUP_HOME="/workspace/rustup-home" "/workspace/cargo-home/bin/cargo" "+1.75.0" "fetch" "--manifest-path" "Cargo.toml", kill_on_drop: false }`
[INFO] running `Command { std: "docker" "create" "-v" "/var/lib/crater-agent-workspace/builds/worker-6-tc1/target:/opt/rustwide/target:rw,Z" "-v" "/var/lib/crater-agent-workspace/builds/worker-6-tc1/source:/opt/rustwide/workdir:ro,Z" "-v" "/var/lib/crater-agent-workspace/cargo-home:/opt/rustwide/cargo-home:ro,Z" "-v" "/var/lib/crater-agent-workspace/rustup-home:/opt/rustwide/rustup-home:ro,Z" "-e" "SOURCE_DIR=/opt/rustwide/workdir" "-e" "CARGO_TARGET_DIR=/opt/rustwide/target" "-e" "CARGO_HOME=/opt/rustwide/cargo-home" "-e" "RUSTUP_HOME=/opt/rustwide/rustup-home" "-w" "/opt/rustwide/workdir" "-m" "1610612736" "--user" "0:0" "--network" "none" "ghcr.io/rust-lang/crates-build-env/linux@sha256:2788e3201cd34a07e3172128adcd8b3090168a8e3bcc40d7c032b9dda1df7d1c" "/opt/rustwide/cargo-home/bin/cargo" "+1.75.0" "metadata" "--no-deps" "--format-version=1", kill_on_drop: false }`
[INFO] [stdout] 5171a99c20fdf0678ca0c932ca2ee33c0fc6d05eb046fd5b02cf165a0c80160e
[INFO] running `Command { std: "docker" "start" "-a" "5171a99c20fdf0678ca0c932ca2ee33c0fc6d05eb046fd5b02cf165a0c80160e", kill_on_drop: false }`
[INFO] running `Command { std: "docker" "inspect" "5171a99c20fdf0678ca0c932ca2ee33c0fc6d05eb046fd5b02cf165a0c80160e", kill_on_drop: false }`
[INFO] running `Command { std: "docker" "rm" "-f" "5171a99c20fdf0678ca0c932ca2ee33c0fc6d05eb046fd5b02cf165a0c80160e", kill_on_drop: false }`
[INFO] [stdout] 5171a99c20fdf0678ca0c932ca2ee33c0fc6d05eb046fd5b02cf165a0c80160e
[INFO] running `Command { std: "docker" "create" "-v" "/var/lib/crater-agent-workspace/builds/worker-6-tc1/target:/opt/rustwide/target:rw,Z" "-v" "/var/lib/crater-agent-workspace/builds/worker-6-tc1/source:/opt/rustwide/workdir:ro,Z" "-v" "/var/lib/crater-agent-workspace/cargo-home:/opt/rustwide/cargo-home:ro,Z" "-v" "/var/lib/crater-agent-workspace/rustup-home:/opt/rustwide/rustup-home:ro,Z" "-e" "SOURCE_DIR=/opt/rustwide/workdir" "-e" "CARGO_TARGET_DIR=/opt/rustwide/target" "-e" "CARGO_INCREMENTAL=0" "-e" "RUST_BACKTRACE=full" "-e" "RUSTFLAGS=--cap-lints=warn" "-e" "RUSTDOCFLAGS=--cap-lints=warn" "-e" "CARGO_HOME=/opt/rustwide/cargo-home" "-e" "RUSTUP_HOME=/opt/rustwide/rustup-home" "-w" "/opt/rustwide/workdir" "-m" "1610612736" "--user" "0:0" "--network" "none" "ghcr.io/rust-lang/crates-build-env/linux@sha256:2788e3201cd34a07e3172128adcd8b3090168a8e3bcc40d7c032b9dda1df7d1c" "/opt/rustwide/cargo-home/bin/cargo" "+1.75.0" "build" "--frozen" "--message-format=json", kill_on_drop: false }`
[INFO] [stdout] 68c1ebc3bab0d9faf1ec1a14497c4c6298c6f02c40479948f5d996ad7c1ac0e8
[INFO] running `Command { std: "docker" "start" "-a" "68c1ebc3bab0d9faf1ec1a14497c4c6298c6f02c40479948f5d996ad7c1ac0e8", kill_on_drop: false }`
[INFO] [stderr]    Compiling proc-macro2 v1.0.56
[INFO] [stderr]    Compiling quote v1.0.26
[INFO] [stderr]    Compiling unicode-ident v1.0.8
[INFO] [stderr]    Compiling libc v0.2.142
[INFO] [stderr]    Compiling serde_derive v1.0.160
[INFO] [stderr]    Compiling unicode-bidi v0.3.13
[INFO] [stderr]    Compiling percent-encoding v2.2.0
[INFO] [stderr]    Compiling log v0.4.17
[INFO] [stderr]    Compiling serde v1.0.160
[INFO] [stderr]    Compiling rustversion v1.0.12
[INFO] [stderr]    Compiling cpufeatures v0.2.7
[INFO] [stderr]    Compiling unicode-normalization v0.1.22
[INFO] [stderr]    Compiling heck v0.4.1
[INFO] [stderr]    Compiling digest v0.10.6
[INFO] [stderr]    Compiling data-encoding v2.3.3
[INFO] [stderr]    Compiling form_urlencoded v1.1.0
[INFO] [stderr]    Compiling sha1 v0.10.5
[INFO] [stderr]    Compiling idna v0.3.0
[INFO] [stderr]    Compiling syn v2.0.15
[INFO] [stderr]    Compiling url v2.3.1
[INFO] [stderr]    Compiling getrandom v0.2.9
[INFO] [stderr]    Compiling rand_core v0.6.4
[INFO] [stderr]    Compiling rand_chacha v0.3.1
[INFO] [stderr]    Compiling rand v0.8.5
[INFO] [stderr]    Compiling thiserror-impl v1.0.40
[INFO] [stderr]    Compiling strum_macros v0.25.2
[INFO] [stderr]    Compiling thiserror v1.0.40
[INFO] [stderr]    Compiling tungstenite v0.20.0
[INFO] [stderr]    Compiling serde_json v1.0.96
[INFO] [stderr]    Compiling rusb2snes v0.1.4 (/opt/rustwide/workdir)
[INFO] [stderr]     Finished dev [unoptimized + debuginfo] target(s) in 7.34s
[INFO] running `Command { std: "docker" "inspect" "68c1ebc3bab0d9faf1ec1a14497c4c6298c6f02c40479948f5d996ad7c1ac0e8", kill_on_drop: false }`
[INFO] running `Command { std: "docker" "rm" "-f" "68c1ebc3bab0d9faf1ec1a14497c4c6298c6f02c40479948f5d996ad7c1ac0e8", kill_on_drop: false }`
[INFO] [stdout] 68c1ebc3bab0d9faf1ec1a14497c4c6298c6f02c40479948f5d996ad7c1ac0e8
[INFO] running `Command { std: "docker" "create" "-v" "/var/lib/crater-agent-workspace/builds/worker-6-tc1/target:/opt/rustwide/target:rw,Z" "-v" "/var/lib/crater-agent-workspace/builds/worker-6-tc1/source:/opt/rustwide/workdir:ro,Z" "-v" "/var/lib/crater-agent-workspace/cargo-home:/opt/rustwide/cargo-home:ro,Z" "-v" "/var/lib/crater-agent-workspace/rustup-home:/opt/rustwide/rustup-home:ro,Z" "-e" "SOURCE_DIR=/opt/rustwide/workdir" "-e" "CARGO_TARGET_DIR=/opt/rustwide/target" "-e" "CARGO_INCREMENTAL=0" "-e" "RUST_BACKTRACE=full" "-e" "RUSTFLAGS=--cap-lints=warn" "-e" "RUSTDOCFLAGS=--cap-lints=warn" "-e" "CARGO_HOME=/opt/rustwide/cargo-home" "-e" "RUSTUP_HOME=/opt/rustwide/rustup-home" "-w" "/opt/rustwide/workdir" "-m" "1610612736" "--user" "0:0" "--network" "none" "ghcr.io/rust-lang/crates-build-env/linux@sha256:2788e3201cd34a07e3172128adcd8b3090168a8e3bcc40d7c032b9dda1df7d1c" "/opt/rustwide/cargo-home/bin/cargo" "+1.75.0" "test" "--frozen" "--no-run" "--message-format=json", kill_on_drop: false }`
[INFO] [stdout] cbba3cdfd86cf694cfff682bf85a1088dfe90bdf0663701b75b93a70da908bb3
[INFO] running `Command { std: "docker" "start" "-a" "cbba3cdfd86cf694cfff682bf85a1088dfe90bdf0663701b75b93a70da908bb3", kill_on_drop: false }`
[INFO] [stderr]    Compiling rusb2snes v0.1.4 (/opt/rustwide/workdir)
[INFO] [stdout] warning: variants `Elevator`, `RealTimeEnd`, `Unknown`, and `ProgramStarted` are never constructed
[INFO] [stdout]   --> tests/integration_test.rs:26:5
[INFO] [stdout]    |
[INFO] [stdout] 6  | enum GameStates {
[INFO] [stdout]    |      ---------- variants in this enum
[INFO] [stdout] ...
[INFO] [stdout] 26 |     Elevator,
[INFO] [stdout]    |     ^^^^^^^^
[INFO] [stdout] 27 |     GameTimeEnd,
[INFO] [stdout] 28 |     RealTimeEnd,
[INFO] [stdout]    |     ^^^^^^^^^^^
[INFO] [stdout] ...
[INFO] [stdout] 31 |     Unknown,
[INFO] [stdout]    |     ^^^^^^^
[INFO] [stdout] 32 |     ProgramStarted,
[INFO] [stdout]    |     ^^^^^^^^^^^^^^
[INFO] [stdout]    |
[INFO] [stdout]    = note: `GameStates` has derived impls for the traits `Clone` and `Debug`, but these are intentionally ignored during dead code analysis
[INFO] [stdout]    = note: `#[warn(dead_code)]` on by default
[INFO] [stdout] 
[INFO] [stdout] 
[INFO] [stdout] warning: 1 warning emitted
[INFO] [stdout] 
[INFO] [stdout] 
[INFO] [stderr]     Finished test [unoptimized + debuginfo] target(s) in 0.65s
[INFO] running `Command { std: "docker" "inspect" "cbba3cdfd86cf694cfff682bf85a1088dfe90bdf0663701b75b93a70da908bb3", kill_on_drop: false }`
[INFO] running `Command { std: "docker" "rm" "-f" "cbba3cdfd86cf694cfff682bf85a1088dfe90bdf0663701b75b93a70da908bb3", kill_on_drop: false }`
[INFO] [stdout] cbba3cdfd86cf694cfff682bf85a1088dfe90bdf0663701b75b93a70da908bb3
[INFO] running `Command { std: "docker" "create" "-v" "/var/lib/crater-agent-workspace/builds/worker-6-tc1/target:/opt/rustwide/target:rw,Z" "-v" "/var/lib/crater-agent-workspace/builds/worker-6-tc1/source:/opt/rustwide/workdir:ro,Z" "-v" "/var/lib/crater-agent-workspace/cargo-home:/opt/rustwide/cargo-home:ro,Z" "-v" "/var/lib/crater-agent-workspace/rustup-home:/opt/rustwide/rustup-home:ro,Z" "-e" "SOURCE_DIR=/opt/rustwide/workdir" "-e" "CARGO_TARGET_DIR=/opt/rustwide/target" "-e" "CARGO_INCREMENTAL=0" "-e" "RUST_BACKTRACE=full" "-e" "RUSTFLAGS=--cap-lints=warn" "-e" "RUSTDOCFLAGS=--cap-lints=warn" "-e" "CARGO_HOME=/opt/rustwide/cargo-home" "-e" "RUSTUP_HOME=/opt/rustwide/rustup-home" "-w" "/opt/rustwide/workdir" "-m" "1610612736" "--user" "0:0" "--network" "none" "ghcr.io/rust-lang/crates-build-env/linux@sha256:2788e3201cd34a07e3172128adcd8b3090168a8e3bcc40d7c032b9dda1df7d1c" "/opt/rustwide/cargo-home/bin/cargo" "+1.75.0" "test" "--frozen", kill_on_drop: false }`
[INFO] [stdout] b8b4beab83a2f61960e900ab1394de2d2900c6b0eb3d263fdc56ded172c4a65b
[INFO] running `Command { std: "docker" "start" "-a" "b8b4beab83a2f61960e900ab1394de2d2900c6b0eb3d263fdc56ded172c4a65b", kill_on_drop: false }`
[INFO] [stderr] warning: variants `Elevator`, `RealTimeEnd`, `Unknown`, and `ProgramStarted` are never constructed
[INFO] [stderr]   --> tests/integration_test.rs:26:5
[INFO] [stderr]    |
[INFO] [stderr] 6  | enum GameStates {
[INFO] [stderr]    |      ---------- variants in this enum
[INFO] [stderr] ...
[INFO] [stderr] 26 |     Elevator,
[INFO] [stderr]    |     ^^^^^^^^
[INFO] [stderr] 27 |     GameTimeEnd,
[INFO] [stderr] 28 |     RealTimeEnd,
[INFO] [stderr]    |     ^^^^^^^^^^^
[INFO] [stderr] ...
[INFO] [stderr] 31 |     Unknown,
[INFO] [stderr]    |     ^^^^^^^
[INFO] [stderr] 32 |     ProgramStarted,
[INFO] [stderr]    |     ^^^^^^^^^^^^^^
[INFO] [stderr]    |
[INFO] [stderr]    = note: `GameStates` has derived impls for the traits `Clone` and `Debug`, but these are intentionally ignored during dead code analysis
[INFO] [stderr]    = note: `#[warn(dead_code)]` on by default
[INFO] [stderr] 
[INFO] [stderr] warning: `rusb2snes` (test "integration_test") generated 1 warning
[INFO] [stderr]     Finished test [unoptimized + debuginfo] target(s) in 0.03s
[INFO] [stderr]      Running unittests src/lib.rs (/opt/rustwide/target/debug/deps/rusb2snes-bb0ab158f2fe15a4)
[INFO] [stdout] 
[INFO] [stdout] running 0 tests
[INFO] [stdout] 
[INFO] [stdout] test result: ok. 0 passed; 0 failed; 0 ignored; 0 measured; 0 filtered out; finished in 0.00s
[INFO] [stdout] 
[INFO] [stderr]      Running tests/integration_test.rs (/opt/rustwide/target/debug/deps/integration_test-1e48dd8d2b335a81)
[INFO] [stdout] 
[INFO] [stdout] running 1 test
[INFO] [stdout] test tests::get_sm_game_state ... FAILED
[INFO] [stdout] 
[INFO] [stdout] failures:
[INFO] [stdout] 
[INFO] [stdout] ---- tests::get_sm_game_state stdout ----
[INFO] [stdout] Error: Url(UnableToConnect("ws://localhost:23074/"))
[INFO] [stdout] 
[INFO] [stdout] 
[INFO] [stdout] failures:
[INFO] [stdout]     tests::get_sm_game_state
[INFO] [stdout] 
[INFO] [stdout] test result: FAILED. 0 passed; 1 failed; 0 ignored; 0 measured; 0 filtered out; finished in 0.00s
[INFO] [stdout] 
[INFO] [stderr] error: test failed, to rerun pass `--test integration_test`
[INFO] running `Command { std: "docker" "inspect" "b8b4beab83a2f61960e900ab1394de2d2900c6b0eb3d263fdc56ded172c4a65b", kill_on_drop: false }`
[INFO] running `Command { std: "docker" "rm" "-f" "b8b4beab83a2f61960e900ab1394de2d2900c6b0eb3d263fdc56ded172c4a65b", kill_on_drop: false }`
[INFO] [stdout] b8b4beab83a2f61960e900ab1394de2d2900c6b0eb3d263fdc56ded172c4a65b
[INFO] testing rusb2snes-0.1.4 against beta-2023-12-22 for beta-1.76-1
[INFO] extracting crate rusb2snes 0.1.4 into /workspace/builds/worker-6-tc2/source
[INFO] validating manifest of crates.io crate rusb2snes 0.1.4 on toolchain beta-2023-12-22
[INFO] running `Command { std: CARGO_HOME="/workspace/cargo-home" RUSTUP_HOME="/workspace/rustup-home" "/workspace/cargo-home/bin/cargo" "+beta-2023-12-22" "metadata" "--manifest-path" "Cargo.toml" "--no-deps", kill_on_drop: false }`
[INFO] started tweaking crates.io crate rusb2snes 0.1.4
[INFO] finished tweaking crates.io crate rusb2snes 0.1.4
[INFO] tweaked toml for crates.io crate rusb2snes 0.1.4 written to /workspace/builds/worker-6-tc2/source/Cargo.toml
[INFO] crate crates.io crate rusb2snes 0.1.4 already has a lockfile, it will not be regenerated
[INFO] running `Command { std: CARGO_HOME="/workspace/cargo-home" RUSTUP_HOME="/workspace/rustup-home" "/workspace/cargo-home/bin/cargo" "+beta-2023-12-22" "fetch" "--manifest-path" "Cargo.toml", kill_on_drop: false }`
[INFO] running `Command { std: "docker" "create" "-v" "/var/lib/crater-agent-workspace/builds/worker-6-tc2/target:/opt/rustwide/target:rw,Z" "-v" "/var/lib/crater-agent-workspace/builds/worker-6-tc2/source:/opt/rustwide/workdir:ro,Z" "-v" "/var/lib/crater-agent-workspace/cargo-home:/opt/rustwide/cargo-home:ro,Z" "-v" "/var/lib/crater-agent-workspace/rustup-home:/opt/rustwide/rustup-home:ro,Z" "-e" "SOURCE_DIR=/opt/rustwide/workdir" "-e" "CARGO_TARGET_DIR=/opt/rustwide/target" "-e" "CARGO_HOME=/opt/rustwide/cargo-home" "-e" "RUSTUP_HOME=/opt/rustwide/rustup-home" "-w" "/opt/rustwide/workdir" "-m" "1610612736" "--user" "0:0" "--network" "none" "ghcr.io/rust-lang/crates-build-env/linux@sha256:2788e3201cd34a07e3172128adcd8b3090168a8e3bcc40d7c032b9dda1df7d1c" "/opt/rustwide/cargo-home/bin/cargo" "+beta-2023-12-22" "metadata" "--no-deps" "--format-version=1", kill_on_drop: false }`
[INFO] [stdout] f34f6d4c4c4969d53c1f40ace44428d333f1ca4ac3bd6b149c9520b7129daa71
[INFO] running `Command { std: "docker" "start" "-a" "f34f6d4c4c4969d53c1f40ace44428d333f1ca4ac3bd6b149c9520b7129daa71", kill_on_drop: false }`
[INFO] running `Command { std: "docker" "inspect" "f34f6d4c4c4969d53c1f40ace44428d333f1ca4ac3bd6b149c9520b7129daa71", kill_on_drop: false }`
[INFO] running `Command { std: "docker" "rm" "-f" "f34f6d4c4c4969d53c1f40ace44428d333f1ca4ac3bd6b149c9520b7129daa71", kill_on_drop: false }`
[INFO] [stdout] f34f6d4c4c4969d53c1f40ace44428d333f1ca4ac3bd6b149c9520b7129daa71
[INFO] running `Command { std: "docker" "create" "-v" "/var/lib/crater-agent-workspace/builds/worker-6-tc2/target:/opt/rustwide/target:rw,Z" "-v" "/var/lib/crater-agent-workspace/builds/worker-6-tc2/source:/opt/rustwide/workdir:ro,Z" "-v" "/var/lib/crater-agent-workspace/cargo-home:/opt/rustwide/cargo-home:ro,Z" "-v" "/var/lib/crater-agent-workspace/rustup-home:/opt/rustwide/rustup-home:ro,Z" "-e" "SOURCE_DIR=/opt/rustwide/workdir" "-e" "CARGO_TARGET_DIR=/opt/rustwide/target" "-e" "CARGO_INCREMENTAL=0" "-e" "RUST_BACKTRACE=full" "-e" "RUSTFLAGS=--cap-lints=warn" "-e" "RUSTDOCFLAGS=--cap-lints=warn" "-e" "CARGO_HOME=/opt/rustwide/cargo-home" "-e" "RUSTUP_HOME=/opt/rustwide/rustup-home" "-w" "/opt/rustwide/workdir" "-m" "1610612736" "--user" "0:0" "--network" "none" "ghcr.io/rust-lang/crates-build-env/linux@sha256:2788e3201cd34a07e3172128adcd8b3090168a8e3bcc40d7c032b9dda1df7d1c" "/opt/rustwide/cargo-home/bin/cargo" "+beta-2023-12-22" "build" "--frozen" "--message-format=json", kill_on_drop: false }`
[INFO] [stdout] e78f999259b8e55f88fc40803c897d65bf9a68b36635d9d3a0330e8111bc11b0
[INFO] running `Command { std: "docker" "start" "-a" "e78f999259b8e55f88fc40803c897d65bf9a68b36635d9d3a0330e8111bc11b0", kill_on_drop: false }`
[INFO] [stderr]    Compiling proc-macro2 v1.0.56
[INFO] [stderr]    Compiling quote v1.0.26
[INFO] [stderr]    Compiling unicode-ident v1.0.8
[INFO] [stderr]    Compiling libc v0.2.142
[INFO] [stderr]    Compiling serde_derive v1.0.160
[INFO] [stderr]    Compiling unicode-bidi v0.3.13
[INFO] [stderr]    Compiling percent-encoding v2.2.0
[INFO] [stderr]    Compiling rustversion v1.0.12
[INFO] [stderr]    Compiling serde v1.0.160
[INFO] [stderr]    Compiling log v0.4.17
[INFO] [stderr]    Compiling unicode-normalization v0.1.22
[INFO] [stderr]    Compiling cpufeatures v0.2.7
[INFO] [stderr]    Compiling digest v0.10.6
[INFO] [stderr]    Compiling data-encoding v2.3.3
[INFO] [stderr]    Compiling heck v0.4.1
[INFO] [stderr]    Compiling form_urlencoded v1.1.0
[INFO] [stderr]    Compiling sha1 v0.10.5
[INFO] [stderr]    Compiling idna v0.3.0
[INFO] [stderr]    Compiling syn v2.0.15
[INFO] [stderr]    Compiling url v2.3.1
[INFO] [stderr]    Compiling getrandom v0.2.9
[INFO] [stderr]    Compiling rand_core v0.6.4
[INFO] [stderr]    Compiling rand_chacha v0.3.1
[INFO] [stderr]    Compiling rand v0.8.5
[INFO] [stderr]    Compiling thiserror-impl v1.0.40
[INFO] [stderr]    Compiling strum_macros v0.25.2
[INFO] [stderr]    Compiling thiserror v1.0.40
[INFO] [stderr]    Compiling tungstenite v0.20.0
[INFO] [stderr]    Compiling serde_json v1.0.96
[INFO] [stderr]    Compiling rusb2snes v0.1.4 (/opt/rustwide/workdir)
[INFO] [stderr]     Finished dev [unoptimized + debuginfo] target(s) in 6.94s
[INFO] running `Command { std: "docker" "inspect" "e78f999259b8e55f88fc40803c897d65bf9a68b36635d9d3a0330e8111bc11b0", kill_on_drop: false }`
[INFO] running `Command { std: "docker" "rm" "-f" "e78f999259b8e55f88fc40803c897d65bf9a68b36635d9d3a0330e8111bc11b0", kill_on_drop: false }`
[INFO] [stdout] e78f999259b8e55f88fc40803c897d65bf9a68b36635d9d3a0330e8111bc11b0
[INFO] running `Command { std: "docker" "create" "-v" "/var/lib/crater-agent-workspace/builds/worker-6-tc2/target:/opt/rustwide/target:rw,Z" "-v" "/var/lib/crater-agent-workspace/builds/worker-6-tc2/source:/opt/rustwide/workdir:ro,Z" "-v" "/var/lib/crater-agent-workspace/cargo-home:/opt/rustwide/cargo-home:ro,Z" "-v" "/var/lib/crater-agent-workspace/rustup-home:/opt/rustwide/rustup-home:ro,Z" "-e" "SOURCE_DIR=/opt/rustwide/workdir" "-e" "CARGO_TARGET_DIR=/opt/rustwide/target" "-e" "CARGO_INCREMENTAL=0" "-e" "RUST_BACKTRACE=full" "-e" "RUSTFLAGS=--cap-lints=warn" "-e" "RUSTDOCFLAGS=--cap-lints=warn" "-e" "CARGO_HOME=/opt/rustwide/cargo-home" "-e" "RUSTUP_HOME=/opt/rustwide/rustup-home" "-w" "/opt/rustwide/workdir" "-m" "1610612736" "--user" "0:0" "--network" "none" "ghcr.io/rust-lang/crates-build-env/linux@sha256:2788e3201cd34a07e3172128adcd8b3090168a8e3bcc40d7c032b9dda1df7d1c" "/opt/rustwide/cargo-home/bin/cargo" "+beta-2023-12-22" "test" "--frozen" "--no-run" "--message-format=json", kill_on_drop: false }`
[INFO] [stdout] 3a92055a3ae1f47f51ae28254aa6642c2f02fd14d49042243e49115b9e197cb0
[INFO] running `Command { std: "docker" "start" "-a" "3a92055a3ae1f47f51ae28254aa6642c2f02fd14d49042243e49115b9e197cb0", kill_on_drop: false }`
[INFO] [stderr]    Compiling rusb2snes v0.1.4 (/opt/rustwide/workdir)
[INFO] [stdout] warning: variants `Elevator`, `RealTimeEnd`, `Unknown`, and `ProgramStarted` are never constructed
[INFO] [stdout]   --> tests/integration_test.rs:26:5
[INFO] [stdout]    |
[INFO] [stdout] 6  | enum GameStates {
[INFO] [stdout]    |      ---------- variants in this enum
[INFO] [stdout] ...
[INFO] [stdout] 26 |     Elevator,
[INFO] [stdout]    |     ^^^^^^^^
[INFO] [stdout] 27 |     GameTimeEnd,
[INFO] [stdout] 28 |     RealTimeEnd,
[INFO] [stdout]    |     ^^^^^^^^^^^
[INFO] [stdout] ...
[INFO] [stdout] 31 |     Unknown,
[INFO] [stdout]    |     ^^^^^^^
[INFO] [stdout] 32 |     ProgramStarted,
[INFO] [stdout]    |     ^^^^^^^^^^^^^^
[INFO] [stdout]    |
[INFO] [stdout]    = note: `GameStates` has derived impls for the traits `Clone` and `Debug`, but these are intentionally ignored during dead code analysis
[INFO] [stdout]    = note: `#[warn(dead_code)]` on by default
[INFO] [stdout] 
[INFO] [stdout] 
[INFO] [stdout] warning: 1 warning emitted
[INFO] [stdout] 
[INFO] [stdout] 
[INFO] [stderr]     Finished test [unoptimized + debuginfo] target(s) in 0.90s
[INFO] running `Command { std: "docker" "inspect" "3a92055a3ae1f47f51ae28254aa6642c2f02fd14d49042243e49115b9e197cb0", kill_on_drop: false }`
[INFO] running `Command { std: "docker" "rm" "-f" "3a92055a3ae1f47f51ae28254aa6642c2f02fd14d49042243e49115b9e197cb0", kill_on_drop: false }`
[INFO] [stdout] 3a92055a3ae1f47f51ae28254aa6642c2f02fd14d49042243e49115b9e197cb0
[INFO] running `Command { std: "docker" "create" "-v" "/var/lib/crater-agent-workspace/builds/worker-6-tc2/target:/opt/rustwide/target:rw,Z" "-v" "/var/lib/crater-agent-workspace/builds/worker-6-tc2/source:/opt/rustwide/workdir:ro,Z" "-v" "/var/lib/crater-agent-workspace/cargo-home:/opt/rustwide/cargo-home:ro,Z" "-v" "/var/lib/crater-agent-workspace/rustup-home:/opt/rustwide/rustup-home:ro,Z" "-e" "SOURCE_DIR=/opt/rustwide/workdir" "-e" "CARGO_TARGET_DIR=/opt/rustwide/target" "-e" "CARGO_INCREMENTAL=0" "-e" "RUST_BACKTRACE=full" "-e" "RUSTFLAGS=--cap-lints=warn" "-e" "RUSTDOCFLAGS=--cap-lints=warn" "-e" "CARGO_HOME=/opt/rustwide/cargo-home" "-e" "RUSTUP_HOME=/opt/rustwide/rustup-home" "-w" "/opt/rustwide/workdir" "-m" "1610612736" "--user" "0:0" "--network" "none" "ghcr.io/rust-lang/crates-build-env/linux@sha256:2788e3201cd34a07e3172128adcd8b3090168a8e3bcc40d7c032b9dda1df7d1c" "/opt/rustwide/cargo-home/bin/cargo" "+beta-2023-12-22" "test" "--frozen", kill_on_drop: false }`
[INFO] [stdout] ce7d9e54deb242597b8f970bc1643b8cb1c589e3e19f4e19807c65745d37e72b
[INFO] running `Command { std: "docker" "start" "-a" "ce7d9e54deb242597b8f970bc1643b8cb1c589e3e19f4e19807c65745d37e72b", kill_on_drop: false }`
[INFO] [stderr] warning: variants `Elevator`, `RealTimeEnd`, `Unknown`, and `ProgramStarted` are never constructed
[INFO] [stderr]   --> tests/integration_test.rs:26:5
[INFO] [stderr]    |
[INFO] [stderr] 6  | enum GameStates {
[INFO] [stderr]    |      ---------- variants in this enum
[INFO] [stderr] ...
[INFO] [stderr] 26 |     Elevator,
[INFO] [stderr]    |     ^^^^^^^^
[INFO] [stderr] 27 |     GameTimeEnd,
[INFO] [stderr] 28 |     RealTimeEnd,
[INFO] [stderr]    |     ^^^^^^^^^^^
[INFO] [stderr] ...
[INFO] [stderr] 31 |     Unknown,
[INFO] [stderr]    |     ^^^^^^^
[INFO] [stderr] 32 |     ProgramStarted,
[INFO] [stderr]    |     ^^^^^^^^^^^^^^
[INFO] [stderr]    |
[INFO] [stderr]    = note: `GameStates` has derived impls for the traits `Clone` and `Debug`, but these are intentionally ignored during dead code analysis
[INFO] [stderr]    = note: `#[warn(dead_code)]` on by default
[INFO] [stderr] 
[INFO] [stderr] warning: `rusb2snes` (test "integration_test") generated 1 warning
[INFO] [stderr]     Finished test [unoptimized + debuginfo] target(s) in 0.05s
[INFO] [stderr]      Running unittests src/lib.rs (/opt/rustwide/target/debug/deps/rusb2snes-64123fc7273c2c3e)
[INFO] [stdout] 
[INFO] [stdout] running 0 tests
[INFO] [stdout] 
[INFO] [stdout] test result: ok. 0 passed; 0 failed; 0 ignored; 0 measured; 0 filtered out; finished in 0.00s
[INFO] [stdout] 
[INFO] [stderr]      Running tests/integration_test.rs (/opt/rustwide/target/debug/deps/integration_test-7db5368b8dadde25)
[INFO] [stdout] 
[INFO] [stdout] running 1 test
[INFO] [stdout] test tests::get_sm_game_state ... FAILED
[INFO] [stdout] 
[INFO] [stdout] failures:
[INFO] [stdout] 
[INFO] [stdout] ---- tests::get_sm_game_state stdout ----
[INFO] [stdout] Error: Url(UnableToConnect("ws://localhost:23074/"))
[INFO] [stdout] 
[INFO] [stdout] 
[INFO] [stdout] failures:
[INFO] [stdout]     tests::get_sm_game_state
[INFO] [stdout] 
[INFO] [stdout] test result: FAILED. 0 passed; 1 failed; 0 ignored; 0 measured; 0 filtered out; finished in 0.00s
[INFO] [stdout] 
[INFO] [stderr] error: test failed, to rerun pass `--test integration_test`
[INFO] running `Command { std: "docker" "inspect" "ce7d9e54deb242597b8f970bc1643b8cb1c589e3e19f4e19807c65745d37e72b", kill_on_drop: false }`
[INFO] running `Command { std: "docker" "rm" "-f" "ce7d9e54deb242597b8f970bc1643b8cb1c589e3e19f4e19807c65745d37e72b", kill_on_drop: false }`
[INFO] [stdout] ce7d9e54deb242597b8f970bc1643b8cb1c589e3e19f4e19807c65745d37e72b
