[INFO] fetching crate ruma-common 0.12.1...
[INFO] testing ruma-common-0.12.1 against 1.75.0 for beta-1.76-1
[INFO] extracting crate ruma-common 0.12.1 into /workspace/builds/worker-1-tc1/source
[INFO] validating manifest of crates.io crate ruma-common 0.12.1 on toolchain 1.75.0
[INFO] running `Command { std: CARGO_HOME="/workspace/cargo-home" RUSTUP_HOME="/workspace/rustup-home" "/workspace/cargo-home/bin/cargo" "+1.75.0" "metadata" "--manifest-path" "Cargo.toml" "--no-deps", kill_on_drop: false }`
[INFO] started tweaking crates.io crate ruma-common 0.12.1
[INFO] finished tweaking crates.io crate ruma-common 0.12.1
[INFO] tweaked toml for crates.io crate ruma-common 0.12.1 written to /workspace/builds/worker-1-tc1/source/Cargo.toml
[INFO] running `Command { std: CARGO_HOME="/workspace/cargo-home" RUSTUP_HOME="/workspace/rustup-home" "/workspace/cargo-home/bin/cargo" "+1.75.0" "generate-lockfile" "--manifest-path" "Cargo.toml", kill_on_drop: false }`
[INFO] [stderr]     Updating crates.io index
[INFO] running `Command { std: CARGO_HOME="/workspace/cargo-home" RUSTUP_HOME="/workspace/rustup-home" "/workspace/cargo-home/bin/cargo" "+1.75.0" "fetch" "--manifest-path" "Cargo.toml", kill_on_drop: false }`
[INFO] [stderr]  Downloading crates ...
[INFO] [stderr]   Downloaded as_variant v1.2.0
[INFO] [stderr]   Downloaded ruma-macros v0.12.0
[INFO] [stderr]   Downloaded assert_matches2 v0.1.2
[INFO] running `Command { std: "docker" "create" "-v" "/var/lib/crater-agent-workspace/builds/worker-1-tc1/target:/opt/rustwide/target:rw,Z" "-v" "/var/lib/crater-agent-workspace/builds/worker-1-tc1/source:/opt/rustwide/workdir:ro,Z" "-v" "/var/lib/crater-agent-workspace/cargo-home:/opt/rustwide/cargo-home:ro,Z" "-v" "/var/lib/crater-agent-workspace/rustup-home:/opt/rustwide/rustup-home:ro,Z" "-e" "SOURCE_DIR=/opt/rustwide/workdir" "-e" "CARGO_TARGET_DIR=/opt/rustwide/target" "-e" "CARGO_HOME=/opt/rustwide/cargo-home" "-e" "RUSTUP_HOME=/opt/rustwide/rustup-home" "-w" "/opt/rustwide/workdir" "-m" "1610612736" "--user" "0:0" "--network" "none" "ghcr.io/rust-lang/crates-build-env/linux@sha256:2788e3201cd34a07e3172128adcd8b3090168a8e3bcc40d7c032b9dda1df7d1c" "/opt/rustwide/cargo-home/bin/cargo" "+1.75.0" "metadata" "--no-deps" "--format-version=1", kill_on_drop: false }`
[INFO] [stdout] 5d50539aae319a6b2f099d36a8d3bc292fcdfa1a80cd76b5bbe62194d33d6cdc
[INFO] running `Command { std: "docker" "start" "-a" "5d50539aae319a6b2f099d36a8d3bc292fcdfa1a80cd76b5bbe62194d33d6cdc", kill_on_drop: false }`
[INFO] running `Command { std: "docker" "inspect" "5d50539aae319a6b2f099d36a8d3bc292fcdfa1a80cd76b5bbe62194d33d6cdc", kill_on_drop: false }`
[INFO] running `Command { std: "docker" "rm" "-f" "5d50539aae319a6b2f099d36a8d3bc292fcdfa1a80cd76b5bbe62194d33d6cdc", kill_on_drop: false }`
[INFO] [stdout] 5d50539aae319a6b2f099d36a8d3bc292fcdfa1a80cd76b5bbe62194d33d6cdc
[INFO] running `Command { std: "docker" "create" "-v" "/var/lib/crater-agent-workspace/builds/worker-1-tc1/target:/opt/rustwide/target:rw,Z" "-v" "/var/lib/crater-agent-workspace/builds/worker-1-tc1/source:/opt/rustwide/workdir:ro,Z" "-v" "/var/lib/crater-agent-workspace/cargo-home:/opt/rustwide/cargo-home:ro,Z" "-v" "/var/lib/crater-agent-workspace/rustup-home:/opt/rustwide/rustup-home:ro,Z" "-e" "SOURCE_DIR=/opt/rustwide/workdir" "-e" "CARGO_TARGET_DIR=/opt/rustwide/target" "-e" "CARGO_INCREMENTAL=0" "-e" "RUST_BACKTRACE=full" "-e" "RUSTFLAGS=--cap-lints=warn" "-e" "RUSTDOCFLAGS=--cap-lints=warn" "-e" "CARGO_HOME=/opt/rustwide/cargo-home" "-e" "RUSTUP_HOME=/opt/rustwide/rustup-home" "-w" "/opt/rustwide/workdir" "-m" "1610612736" "--user" "0:0" "--network" "none" "ghcr.io/rust-lang/crates-build-env/linux@sha256:2788e3201cd34a07e3172128adcd8b3090168a8e3bcc40d7c032b9dda1df7d1c" "/opt/rustwide/cargo-home/bin/cargo" "+1.75.0" "build" "--frozen" "--message-format=json", kill_on_drop: false }`
[INFO] [stdout] 0c3d103989bf961edf244e09efc8e7adcf8ea1cfeb3e0ea3c24ead64e9a10255
[INFO] running `Command { std: "docker" "start" "-a" "0c3d103989bf961edf244e09efc8e7adcf8ea1cfeb3e0ea3c24ead64e9a10255", kill_on_drop: false }`
[INFO] [stderr]    Compiling winnow v0.5.32
[INFO] [stderr]    Compiling indexmap v2.1.0
[INFO] [stderr]    Compiling serde_json v1.0.111
[INFO] [stderr]    Compiling js_int v0.2.2
[INFO] [stderr]    Compiling ruma-common v0.12.1 (/opt/rustwide/workdir)
[INFO] [stderr]    Compiling regex-automata v0.4.3
[INFO] [stderr]    Compiling as_variant v1.2.0
[INFO] [stderr]    Compiling wildmatch v2.3.0
[INFO] [stderr]    Compiling tracing v0.1.40
[INFO] [stderr]    Compiling toml_datetime v0.6.3
[INFO] [stderr]    Compiling serde_spanned v0.6.5
[INFO] [stderr]    Compiling ruma-identifiers-validation v0.9.3
[INFO] [stderr] warning: ruma-common@0.12.1: cargo:rustc-check-cfg requires -Zcheck-cfg flag
[INFO] [stderr]    Compiling serde_html_form v0.2.3
[INFO] [stderr]    Compiling toml_edit v0.20.2
[INFO] [stderr]    Compiling regex v1.10.2
[INFO] [stderr]    Compiling toml v0.8.2
[INFO] [stderr]    Compiling proc-macro-crate v2.0.1
[INFO] [stderr]    Compiling ruma-macros v0.12.0
[INFO] [stderr]     Finished dev [unoptimized + debuginfo] target(s) in 7.51s
[INFO] running `Command { std: "docker" "inspect" "0c3d103989bf961edf244e09efc8e7adcf8ea1cfeb3e0ea3c24ead64e9a10255", kill_on_drop: false }`
[INFO] running `Command { std: "docker" "rm" "-f" "0c3d103989bf961edf244e09efc8e7adcf8ea1cfeb3e0ea3c24ead64e9a10255", kill_on_drop: false }`
[INFO] [stdout] 0c3d103989bf961edf244e09efc8e7adcf8ea1cfeb3e0ea3c24ead64e9a10255
[INFO] running `Command { std: "docker" "create" "-v" "/var/lib/crater-agent-workspace/builds/worker-1-tc1/target:/opt/rustwide/target:rw,Z" "-v" "/var/lib/crater-agent-workspace/builds/worker-1-tc1/source:/opt/rustwide/workdir:ro,Z" "-v" "/var/lib/crater-agent-workspace/cargo-home:/opt/rustwide/cargo-home:ro,Z" "-v" "/var/lib/crater-agent-workspace/rustup-home:/opt/rustwide/rustup-home:ro,Z" "-e" "SOURCE_DIR=/opt/rustwide/workdir" "-e" "CARGO_TARGET_DIR=/opt/rustwide/target" "-e" "CARGO_INCREMENTAL=0" "-e" "RUST_BACKTRACE=full" "-e" "RUSTFLAGS=--cap-lints=warn" "-e" "RUSTDOCFLAGS=--cap-lints=warn" "-e" "CARGO_HOME=/opt/rustwide/cargo-home" "-e" "RUSTUP_HOME=/opt/rustwide/rustup-home" "-w" "/opt/rustwide/workdir" "-m" "1610612736" "--user" "0:0" "--network" "none" "ghcr.io/rust-lang/crates-build-env/linux@sha256:2788e3201cd34a07e3172128adcd8b3090168a8e3bcc40d7c032b9dda1df7d1c" "/opt/rustwide/cargo-home/bin/cargo" "+1.75.0" "test" "--frozen" "--no-run" "--message-format=json", kill_on_drop: false }`
[INFO] [stdout] 3ef658835bf08b20bcbdb289d27e11922f711d3462771a7b8a5bb3316d4d24f3
[INFO] running `Command { std: "docker" "start" "-a" "3ef658835bf08b20bcbdb289d27e11922f711d3462771a7b8a5bb3316d4d24f3", kill_on_drop: false }`
[INFO] [stderr]    Compiling assign v1.1.1
[INFO] [stderr]    Compiling assert_matches2 v0.1.2
[INFO] [stderr]    Compiling maplit v1.0.2
[INFO] [stderr] warning: ruma-common@0.12.1: cargo:rustc-check-cfg requires -Zcheck-cfg flag
[INFO] [stderr]    Compiling basic-toml v0.1.8
[INFO] [stderr]    Compiling trybuild v1.0.87
[INFO] [stderr]    Compiling ruma-common v0.12.1 (/opt/rustwide/workdir)
[INFO] [stderr]     Finished test [unoptimized + debuginfo] target(s) in 5.72s
[INFO] running `Command { std: "docker" "inspect" "3ef658835bf08b20bcbdb289d27e11922f711d3462771a7b8a5bb3316d4d24f3", kill_on_drop: false }`
[INFO] running `Command { std: "docker" "rm" "-f" "3ef658835bf08b20bcbdb289d27e11922f711d3462771a7b8a5bb3316d4d24f3", kill_on_drop: false }`
[INFO] [stdout] 3ef658835bf08b20bcbdb289d27e11922f711d3462771a7b8a5bb3316d4d24f3
[INFO] running `Command { std: "docker" "create" "-v" "/var/lib/crater-agent-workspace/builds/worker-1-tc1/target:/opt/rustwide/target:rw,Z" "-v" "/var/lib/crater-agent-workspace/builds/worker-1-tc1/source:/opt/rustwide/workdir:ro,Z" "-v" "/var/lib/crater-agent-workspace/cargo-home:/opt/rustwide/cargo-home:ro,Z" "-v" "/var/lib/crater-agent-workspace/rustup-home:/opt/rustwide/rustup-home:ro,Z" "-e" "SOURCE_DIR=/opt/rustwide/workdir" "-e" "CARGO_TARGET_DIR=/opt/rustwide/target" "-e" "CARGO_INCREMENTAL=0" "-e" "RUST_BACKTRACE=full" "-e" "RUSTFLAGS=--cap-lints=warn" "-e" "RUSTDOCFLAGS=--cap-lints=warn" "-e" "CARGO_HOME=/opt/rustwide/cargo-home" "-e" "RUSTUP_HOME=/opt/rustwide/rustup-home" "-w" "/opt/rustwide/workdir" "-m" "1610612736" "--user" "0:0" "--network" "none" "ghcr.io/rust-lang/crates-build-env/linux@sha256:2788e3201cd34a07e3172128adcd8b3090168a8e3bcc40d7c032b9dda1df7d1c" "/opt/rustwide/cargo-home/bin/cargo" "+1.75.0" "test" "--frozen", kill_on_drop: false }`
[INFO] [stdout] a8769780097b066cc464bbc397e6886ae8ad0c0e316ec87c68c2320c6555712b
[INFO] running `Command { std: "docker" "start" "-a" "a8769780097b066cc464bbc397e6886ae8ad0c0e316ec87c68c2320c6555712b", kill_on_drop: false }`
[INFO] [stderr] warning: ruma-common@0.12.1: cargo:rustc-check-cfg requires -Zcheck-cfg flag
[INFO] [stderr]     Finished test [unoptimized + debuginfo] target(s) in 0.04s
[INFO] [stderr]      Running unittests src/lib.rs (/opt/rustwide/target/debug/deps/ruma_common-3eca283ce480defa)
[INFO] [stdout] 
[INFO] [stdout] running 224 tests
[INFO] [stdout] test directory::tests::deserialize_filter_empty ... ok
[INFO] [stdout] test directory::tests::deserialize_empty_network_is_default ... ok
[INFO] [stdout] test directory::tests::deserialize_filter_room_types ... ok
[INFO] [stdout] test directory::tests::deserialize_include_all_networks ... ok
[INFO] [stdout] test directory::tests::deserialize_include_all_networks_and_third_party_exclusivity ... ok
[INFO] [stdout] test directory::tests::deserialize_matrix_network_only ... ok
[INFO] [stdout] test directory::tests::serialize_default_network_is_empty ... ok
[INFO] [stdout] test directory::tests::deserialize_third_party_network ... ok
[INFO] [stdout] test directory::tests::serialize_filter_empty ... ok
[INFO] [stdout] test directory::tests::serialize_include_all_networks ... ok
[INFO] [stdout] test directory::tests::serialize_filter_room_types ... ok
[INFO] [stdout] test directory::tests::serialize_matrix_network_only ... ok
[INFO] [stdout] test identifiers::client_secret::tests::valid_secret ... ok
[INFO] [stdout] test directory::tests::serialize_third_party_network ... ok
[INFO] [stdout] test identifiers::crypto_algorithms::tests::event_encryption_algorithm_serde ... ok
[INFO] [stdout] test identifiers::crypto_algorithms::tests::key_derivation_algorithm_serde ... ok
[INFO] [stdout] test identifiers::crypto_algorithms::tests::parse_device_key_algorithm ... ok
[INFO] [stdout] test identifiers::crypto_algorithms::tests::parse_signing_key_algorithm ... ok
[INFO] [stdout] test identifiers::device_id::tests::create_boxed_device_id_from_str ... ok
[INFO] [stdout] test identifiers::device_id::tests::create_device_id_from_box ... ok
[INFO] [stdout] test identifiers::device_id::tests::create_device_id_from_str ... ok
[INFO] [stdout] test identifiers::device_key_id::tests::convert_device_key_id ... ok
[INFO] [stdout] test identifiers::device_key_id::tests::deserialize_device_key_id ... ok
[INFO] [stdout] test identifiers::device_key_id::tests::empty_device_id_ok ... ok
[INFO] [stdout] test identifiers::device_key_id::tests::missing_delimiter ... ok
[INFO] [stdout] test identifiers::device_key_id::tests::serialize_device_key_id ... ok
[INFO] [stdout] test identifiers::device_key_id::tests::missing_key_algorithm ... ok
[INFO] [stdout] test identifiers::device_key_id::tests::valid_device_id ... ok
[INFO] [stdout] test identifiers::device_key_id::tests::valid_key_algorithm ... ok
[INFO] [stdout] test identifiers::event_id::tests::deserialize_valid_base64_event_id ... ok
[INFO] [stdout] test identifiers::event_id::tests::deserialize_valid_url_safe_base64_event_id ... ok
[INFO] [stdout] test identifiers::event_id::tests::invalid_event_id_host ... ok
[INFO] [stdout] test identifiers::event_id::tests::invalid_event_id_port ... ok
[INFO] [stdout] test identifiers::event_id::tests::deserialize_valid_original_event_id ... ok
[INFO] [stdout] test identifiers::event_id::tests::missing_url_safe_base64_event_id_sigil ... ok
[INFO] [stdout] test identifiers::event_id::tests::serialize_valid_base64_event_id ... ok
[INFO] [stdout] test identifiers::event_id::tests::missing_base64_event_id_sigil ... ok
[INFO] [stdout] test identifiers::event_id::tests::serialize_valid_original_event_id ... ok
[INFO] [stdout] test identifiers::event_id::tests::serialize_valid_url_safe_base64_event_id ... ok
[INFO] [stdout] test identifiers::event_id::tests::missing_original_event_id_sigil ... ok
[INFO] [stdout] test identifiers::event_id::tests::valid_url_safe_base64_event_id ... ok
[INFO] [stdout] test identifiers::event_id::tests::valid_original_event_id ... ok
[INFO] [stdout] test identifiers::matrix_uri::tests::display_matrixuri ... ok
[INFO] [stdout] test identifiers::event_id::tests::valid_original_event_id_with_explicit_standard_port ... ok
[INFO] [stdout] test identifiers::event_id::tests::valid_original_event_id_with_non_standard_port ... ok
[INFO] [stdout] test identifiers::matrix_uri::tests::display_matrixtouri ... ok
[INFO] [stdout] test identifiers::event_id::tests::valid_base64_event_id ... ok
[INFO] [stdout] test identifiers::matrix_uri::tests::parse_matrixid_no_identifier ... ok
[INFO] [stdout] test identifiers::matrix_uri::tests::parse_matrixid_invalid_parts_number ... ok
[INFO] [stdout] test identifiers::matrix_uri::tests::parse_matrixid_missing_room ... ok
[INFO] [stdout] test identifiers::matrix_uri::tests::parse_matrixid_unknown_identifier ... ok
[INFO] [stdout] test identifiers::matrix_uri::tests::parse_matrixid_too_many_identifiers ... ok
[INFO] [stdout] test identifiers::matrix_uri::tests::parse_matrixid_unknown_type ... ok
[INFO] [stdout] test identifiers::matrix_uri::tests::parse_matrixid_unknown_identifier_pair ... ok
[INFO] [stdout] test identifiers::matrix_uri::tests::parse_matrixtouri_valid_uris ... ok
[INFO] [stdout] test identifiers::matrix_uri::tests::parse_matrixtouri_unknown_arguments ... ok
[INFO] [stdout] test identifiers::matrix_uri::tests::parse_matrixid_type_no_identifier ... ok
[INFO] [stdout] test identifiers::matrix_uri::tests::parse_matrixuri_too_many_actions ... ok
[INFO] [stdout] test identifiers::matrix_uri::tests::parse_matrixtouri_wrong_base_url ... ok
[INFO] [stdout] test identifiers::matrix_uri::tests::parse_matrixtouri_wrong_identifier ... ok
[INFO] [stdout] test identifiers::matrix_uri::tests::parse_matrixuri_unknown_query_item ... ok
[INFO] [stdout] test identifiers::matrix_uri::tests::parse_matrixuri_invalid_uri ... ok
[INFO] [stdout] test identifiers::matrix_uri::tests::parse_matrixtouri_valid_uris_not_urlencoded ... ok
[INFO] [stdout] test identifiers::matrix_uri::tests::parse_matrixuri_wrong_identifier ... ok
[INFO] [stdout] test identifiers::matrix_uri::tests::parse_matrixuri_valid_uris ... ok
[INFO] [stdout] test identifiers::matrix_uri::tests::parse_matrixuri_wrong_scheme ... ok
[INFO] [stdout] test identifiers::mxc_uri::tests::parse_mxc_uri ... ok
[INFO] [stdout] test identifiers::mxc_uri::tests::deserialize_mxc_uri ... ok
[INFO] [stdout] test identifiers::matrix_uri::tests::parse_valid_matrixid_with_sigil ... ok
[INFO] [stdout] test identifiers::mxc_uri::tests::parse_mxc_uri_without_media_id ... ok
[INFO] [stdout] test identifiers::mxc_uri::tests::parse_mxc_uri_without_protocol ... ok
[INFO] [stdout] test identifiers::matrix_uri::tests::parse_valid_matrixid_with_type ... ok
[INFO] [stdout] test identifiers::mxc_uri::tests::serialize_mxc_uri ... ok
[INFO] [stdout] test identifiers::room_alias_id::tests::empty_localpart ... ok
[INFO] [stdout] test identifiers::room_alias_id::tests::invalid_room_alias_id_host ... ok
[INFO] [stdout] test identifiers::room_alias_id::tests::deserialize_valid_room_alias_id ... ok
[INFO] [stdout] test identifiers::room_alias_id::tests::invalid_room_alias_id_port ... ok
[INFO] [stdout] test identifiers::room_alias_id::tests::missing_room_alias_id_delimiter ... ok
[INFO] [stdout] test identifiers::room_alias_id::tests::missing_room_alias_id_sigil ... ok
[INFO] [stdout] test identifiers::room_alias_id::tests::invalid_leading_sigil ... ok
[INFO] [stdout] test identifiers::room_alias_id::tests::valid_room_alias_id ... ok
[INFO] [stdout] test identifiers::room_alias_id::tests::serialize_valid_room_alias_id ... ok
[INFO] [stdout] test identifiers::room_alias_id::tests::valid_room_alias_id_unicode ... ok
[INFO] [stdout] test identifiers::room_alias_id::tests::valid_room_alias_id_with_explicit_standard_port ... ok
[INFO] [stdout] test identifiers::room_alias_id::tests::valid_room_alias_id_with_non_standard_port ... ok
[INFO] [stdout] test identifiers::room_id::tests::empty_localpart ... ok
[INFO] [stdout] test identifiers::room_id::tests::deserialize_valid_room_id ... ok
[INFO] [stdout] test identifiers::room_id::tests::invalid_room_id_host ... ok
[INFO] [stdout] test identifiers::room_id::tests::invalid_room_id_port ... ok
[INFO] [stdout] test identifiers::room_id::tests::missing_room_id_sigil ... ok
[INFO] [stdout] test identifiers::room_id::tests::missing_server_name ... ok
[INFO] [stdout] test identifiers::room_id::tests::serialize_valid_room_id ... ok
[INFO] [stdout] test identifiers::room_id::tests::valid_room_id ... ok
[INFO] [stdout] test identifiers::room_id::tests::valid_room_id_with_explicit_standard_port ... ok
[INFO] [stdout] test identifiers::room_id::tests::valid_room_id_with_non_standard_port ... ok
[INFO] [stdout] test identifiers::room_or_alias_id::tests::deserialize_valid_room_id_or_alias_id_with_a_room_alias_id ... ok
[INFO] [stdout] test identifiers::room_or_alias_id::tests::deserialize_valid_room_id_or_alias_id_with_a_room_id ... ok
[INFO] [stdout] test identifiers::room_or_alias_id::tests::serialize_valid_room_id_or_alias_id_with_a_room_alias_id ... ok
[INFO] [stdout] test identifiers::room_or_alias_id::tests::missing_sigil_for_room_id_or_alias_id ... ok
[INFO] [stdout] test identifiers::room_or_alias_id::tests::valid_room_id_or_alias_id_with_a_room_alias_id ... ok
[INFO] [stdout] test identifiers::room_or_alias_id::tests::valid_room_id_or_alias_id_with_a_room_id ... ok
[INFO] [stdout] test identifiers::room_version_id::tests::custom_room_id_invalid_character ... ok
[INFO] [stdout] test identifiers::room_or_alias_id::tests::serialize_valid_room_id_or_alias_id_with_a_room_id ... ok
[INFO] [stdout] test identifiers::room_version_id::tests::deserialize_official_room_id ... ok
[INFO] [stdout] test identifiers::room_version_id::tests::deserialize_custom_room_id ... ok
[INFO] [stdout] test identifiers::room_version_id::tests::empty_room_version_id ... ok
[INFO] [stdout] test identifiers::room_version_id::tests::serialize_custom_room_id ... ok
[INFO] [stdout] test identifiers::room_version_id::tests::serialize_official_room_id ... ok
[INFO] [stdout] test identifiers::room_version_id::tests::over_max_code_point_room_version_id ... ok
[INFO] [stdout] test identifiers::room_version_id::tests::valid_custom_room_version_id ... ok
[INFO] [stdout] test identifiers::room_version_id::tests::valid_version_2_room_version_id ... ok
[INFO] [stdout] test identifiers::room_version_id::tests::valid_version_3_room_version_id ... ok
[INFO] [stdout] test identifiers::room_version_id::tests::valid_version_4_room_version_id ... ok
[INFO] [stdout] test identifiers::server_name::tests::dns_name ... ok
[INFO] [stdout] test identifiers::room_version_id::tests::valid_version_5_room_version_id ... ok
[INFO] [stdout] test identifiers::room_version_id::tests::valid_version_1_room_version_id ... ok
[INFO] [stdout] test identifiers::server_name::tests::dns_name_with_invalid_port ... ok
[INFO] [stdout] test identifiers::server_name::tests::invalid_ipv6 ... ok
[INFO] [stdout] test identifiers::room_version_id::tests::valid_version_6_room_version_id ... ok
[INFO] [stdout] test identifiers::server_name::tests::ipv4_host ... ok
[INFO] [stdout] test identifiers::server_name::tests::dns_name_with_port ... ok
[INFO] [stdout] test identifiers::server_name::tests::ipv4_host_and_port ... ok
[INFO] [stdout] test identifiers::server_name::tests::ipv4_with_invalid_port ... ok
[INFO] [stdout] test identifiers::server_name::tests::ipv6 ... ok
[INFO] [stdout] test identifiers::server_name::tests::ipv6_with_port ... ok
[INFO] [stdout] test identifiers::server_name::tests::empty_string ... ok
[INFO] [stdout] test identifiers::server_name::tests::parse_dns_name_with_port ... ok
[INFO] [stdout] test identifiers::server_name::tests::ipv6_with_invalid_port ... ok
[INFO] [stdout] test identifiers::server_name::tests::parse_dns_name ... ok
[INFO] [stdout] test identifiers::server_name::tests::parse_ipv4_host ... ok
[INFO] [stdout] test identifiers::server_name::tests::parse_ipv4_host_and_port ... ok
[INFO] [stdout] test identifiers::server_name::tests::parse_ipv6 ... ok
[INFO] [stdout] test identifiers::server_name::tests::parse_ipv6_with_port ... ok
[INFO] [stdout] test identifiers::user_id::tests::deserialize_valid_user_id ... ok
[INFO] [stdout] test identifiers::user_id::tests::definitely_invalid_user_id ... ok
[INFO] [stdout] test identifiers::user_id::tests::invalid_characters_in_user_id_localpart ... ok
[INFO] [stdout] test identifiers::user_id::tests::invalid_user_id_host ... ok
[INFO] [stdout] test identifiers::user_id::tests::invalid_user_id ... ok
[INFO] [stdout] test identifiers::user_id::tests::missing_user_id_delimiter ... ok
[INFO] [stdout] test identifiers::user_id::tests::invalid_user_id_port ... ok
[INFO] [stdout] test identifiers::user_id::tests::missing_user_id_sigil ... ok
[INFO] [stdout] test identifiers::user_id::tests::parse_valid_historical_user_id ... ok
[INFO] [stdout] test identifiers::user_id::tests::parse_valid_user_id ... ok
[INFO] [stdout] test identifiers::user_id::tests::parse_valid_historical_user_id_parts ... ok
[INFO] [stdout] test identifiers::user_id::tests::parse_valid_user_id_parts ... ok
[INFO] [stdout] test identifiers::user_id::tests::valid_historical_user_id ... ok
[INFO] [stdout] test identifiers::user_id::tests::serialize_valid_user_id ... ok
[INFO] [stdout] test identifiers::user_id::tests::valid_user_id_from_str ... ok
[INFO] [stdout] test identifiers::user_id::tests::uppercase_user_id ... ok
[INFO] [stdout] test identifiers::user_id::tests::valid_user_id_with_explicit_standard_port ... ok
[INFO] [stdout] test identifiers::user_id::tests::valid_user_id_with_non_standard_port ... ok
[INFO] [stdout] test identifiers::voip_version_id::tests::deserialize_custom_string ... ok
[INFO] [stdout] test identifiers::voip_version_id::tests::deserialize_version_1 ... ok
[INFO] [stdout] test identifiers::voip_version_id::tests::invalid_uint_version ... ok
[INFO] [stdout] test identifiers::voip_version_id::tests::serialize_version_0 ... ok
[INFO] [stdout] test identifiers::voip_version_id::tests::serialize_custom_string ... ok
[INFO] [stdout] test identifiers::voip_version_id::tests::valid_custom_string_version ... ok
[INFO] [stdout] test identifiers::voip_version_id::tests::deserialize_version_0 ... ok
[INFO] [stdout] test identifiers::voip_version_id::tests::valid_version_1 ... ok
[INFO] [stdout] test identifiers::voip_version_id::tests::serialize_version_1 ... ok
[INFO] [stdout] test push::action::tests::deserialize_string ... ok
[INFO] [stdout] test push::action::tests::deserialize_tweak_highlight ... ok
[INFO] [stdout] test push::action::tests::deserialize_tweak_highlight_with_default_value ... ok
[INFO] [stdout] test push::action::tests::deserialize_tweak_sound ... ok
[INFO] [stdout] test push::action::tests::serialize_tweak_highlight ... ok
[INFO] [stdout] test push::action::tests::serialize_tweak_sound ... ok
[INFO] [stdout] test identifiers::voip_version_id::tests::valid_version_0 ... ok
[INFO] [stdout] test push::condition::room_member_count_is::tests::ge_range_contains_large_number ... ok
[INFO] [stdout] test push::condition::room_member_count_is::tests::gt_range_does_not_contain_initial_point ... ok
[INFO] [stdout] test push::action::tests::serialize_string ... ok
[INFO] [stdout] test push::condition::tests::deserialize_contains_display_name_condition ... ok
[INFO] [stdout] test push::condition::flattened_json::tests::flattened_json_values ... ok
[INFO] [stdout] test push::condition::tests::deserialize_room_member_count_condition ... ok
[INFO] [stdout] test push::condition::tests::deserialize_event_match_condition ... ok
[INFO] [stdout] test push::condition::tests::deserialize_sender_notification_permission_condition ... ok
[INFO] [stdout] test push::condition::flattened_json::tests::contains_mentions ... ok
[INFO] [stdout] test push::condition::tests::serialize_room_member_count_condition ... ok
[INFO] [stdout] test push::condition::tests::serialize_sender_notification_permission_condition ... ok
[INFO] [stdout] test push::condition::tests::contains_display_name_applies ... ok
[INFO] [stdout] test push::condition::flattened_json::tests::flattened_json_nested ... ok
[INFO] [stdout] test push::condition::tests::event_property_contains_applies ... ok
[INFO] [stdout] test push::condition::tests::event_property_is_applies ... ok
[INFO] [stdout] test push::condition::tests::serialize_contains_display_name_condition ... ok
[INFO] [stdout] test push::condition::tests::room_member_count_is_applies ... ok
[INFO] [stdout] test push::tests::deserialize_patterned_push_rule ... ok
[INFO] [stdout] test push::condition::tests::serialize_event_match_condition ... ok
[INFO] [stdout] test push::tests::serialize_conditional_push_rule ... ok
[INFO] [stdout] test push::condition::tests::event_match_applies ... ok
[INFO] [stdout] test push::tests::old_mentions_apply ... ok
[INFO] [stdout] test push::condition::tests::sender_notification_permission_applies ... ok
[INFO] [stdout] test push::tests::deserialize_ruleset ... ok
[INFO] [stdout] test push::tests::serialize_patterned_push_rule ... ok
[INFO] [stdout] test push::condition::room_member_count_is::tests::eq_range_contains_its_own_count ... ok
[INFO] [stdout] test push::tests::iter ... ok
[INFO] [stdout] test push::tests::default_ruleset_applies ... ok
[INFO] [stdout] test serde::base64::tests::slightly_malformed_base64 ... ok
[INFO] [stdout] test serde::duration::ms::tests::deserialize ... ok
[INFO] [stdout] test push::tests::intentional_mentions_apply ... ok
[INFO] [stdout] test push::tests::custom_ruleset_applies ... ok
[INFO] [stdout] test serde::duration::ms::tests::serialize ... ok
[INFO] [stdout] test push::tests::serialize_simple_push_rule ... ok
[INFO] [stdout] test serde::duration::opt_ms::tests::deserialize_none_by_absence ... ok
[INFO] [stdout] test serde::duration::opt_ms::tests::deserialize_some ... ok
[INFO] [stdout] test push::predefined::tests::update_with_server_default ... ok
[INFO] [stdout] test serde::duration::opt_ms::tests::serialize_none ... ok
[INFO] [stdout] test serde::duration::opt_ms::tests::serialize_some ... ok
[INFO] [stdout] test push::tests::serialize_ruleset ... ok
[INFO] [stdout] test serde::duration::opt_secs::tests::serialize_none ... ok
[INFO] [stdout] test serde::duration::opt_ms::tests::deserialize_none_by_null ... ok
[INFO] [stdout] test serde::duration::opt_secs::tests::serialize_some ... ok
[INFO] [stdout] test serde::duration::secs::tests::deserialize ... ok
[INFO] [stdout] test serde::duration::secs::tests::serialize ... ok
[INFO] [stdout] test serde::duration::opt_secs::tests::deserialize_none_by_null ... ok
[INFO] [stdout] test serde::raw::tests::get_field ... ok
[INFO] [stdout] test serde::strings::tests::int_or_string ... ok
[INFO] [stdout] test serde::strings::tests::weird_minus_string ... ok
[INFO] [stdout] test serde::duration::opt_secs::tests::deserialize_some ... ok
[INFO] [stdout] test serde::duration::opt_secs::tests::deserialize_none_by_absence ... ok
[INFO] [stdout] test thirdparty::tests::third_party_identifier_serde ... ok
[INFO] [stdout] test time::tests::deserialize ... ok
[INFO] [stdout] test serde::strings::tests::weird_plus_string ... ok
[INFO] [stdout] test time::tests::serialize ... ok
[INFO] [stdout] test push::condition::tests::words_match ... ok
[INFO] [stdout] test push::condition::tests::patterns_match ... ok
[INFO] [stdout] 
[INFO] [stdout] test result: ok. 224 passed; 0 failed; 0 ignored; 0 measured; 0 filtered out; finished in 0.03s
[INFO] [stdout] 
[INFO] [stderr]      Running tests/tests.rs (/opt/rustwide/target/debug/deps/tests-ce3d85a7981097fe)
[INFO] [stdout] 
[INFO] [stdout] running 17 tests
[INFO] [stdout] test serde::empty_strings::string::absent_de ... ok
[INFO] [stdout] test serde::empty_strings::string::empty_de ... ok
[INFO] [stdout] test serde::empty_strings::string::some_de ... ok
[INFO] [stdout] test serde::empty_strings::string::some_se ... ok
[INFO] [stdout] test serde::empty_strings::string::none_se ... ok
[INFO] [stdout] test serde::empty_strings::user::absent_de ... ok
[INFO] [stdout] test serde::empty_strings::user::empty_de ... ok
[INFO] [stdout] test serde::empty_strings::user::none_se ... ok
[INFO] [stdout] test serde::empty_strings::user::some_de ... ok
[INFO] [stdout] test serde::empty_strings::user::some_se ... ok
[INFO] [stdout] test serde::enum_derive::as_ref_str ... ok
[INFO] [stdout] test serde::enum_derive::debug ... ok
[INFO] [stdout] test serde::enum_derive::deserialize ... ok
[INFO] [stdout] test serde::enum_derive::display ... ok
[INFO] [stdout] test serde::enum_derive::from_string ... ok
[INFO] [stdout] test serde::enum_derive::serialize ... ok
[INFO] [stderr]    Compiling proc-macro2 v1.0.75
[INFO] [stderr]    Compiling unicode-ident v1.0.12
[INFO] [stderr]    Compiling serde v1.0.194
[INFO] [stderr]    Compiling thiserror v1.0.56
[INFO] [stderr]    Compiling hashbrown v0.14.3
[INFO] [stderr]    Compiling equivalent v1.0.1
[INFO] [stderr]    Compiling winnow v0.5.32
[INFO] [stderr]    Compiling tinyvec_macros v0.1.1
[INFO] [stderr]    Compiling memchr v2.7.1
[INFO] [stderr]    Compiling percent-encoding v2.3.1
[INFO] [stderr]    Compiling regex-syntax v0.8.2
[INFO] [stderr]    Compiling unicode-bidi v0.3.14
[INFO] [stderr]    Compiling once_cell v1.19.0
[INFO] [stderr]    Compiling js_int v0.2.2
[INFO] [stderr]    Compiling tinyvec v1.6.0
[INFO] [stderr]    Compiling serde_json v1.0.111
[INFO] [stderr]    Compiling itoa v1.0.10
[INFO] [stderr]    Compiling form_urlencoded v1.2.1
[INFO] [stderr]    Compiling ryu v1.0.16
[INFO] [stderr]    Compiling tracing-core v0.1.32
[INFO] [stderr]    Compiling pin-project-lite v0.2.13
[INFO] [stderr]    Compiling ruma-common v0.12.1 (/opt/rustwide/workdir)
[INFO] [stderr]    Compiling bytes v1.5.0
[INFO] [stderr]    Compiling wildmatch v2.3.0
[INFO] [stderr]    Compiling as_variant v1.2.0
[INFO] [stderr]    Compiling base64 v0.21.5
[INFO] [stderr]    Compiling assign v1.1.1
[INFO] [stderr]    Compiling assert_matches2 v0.1.2
[INFO] [stderr]    Compiling maplit v1.0.2
[INFO] [stderr]    Compiling aho-corasick v1.1.2
[INFO] [stderr] warning: ruma-common@0.12.1: cargo:rustc-check-cfg requires -Zcheck-cfg flag
[INFO] [stderr]    Compiling indexmap v2.1.0
[INFO] [stderr]    Compiling quote v1.0.35
[INFO] [stderr]    Compiling unicode-normalization v0.1.22
[INFO] [stderr]    Compiling syn v2.0.48
[INFO] [stderr]    Compiling idna v0.5.0
[INFO] [stderr]    Compiling regex-automata v0.4.3
[INFO] [stderr]    Compiling url v2.5.0
[INFO] [stderr]    Compiling regex v1.10.2
[INFO] [stderr]    Compiling serde_derive v1.0.194
[INFO] [stderr]    Compiling thiserror-impl v1.0.56
[INFO] [stderr]    Compiling tracing-attributes v0.1.27
[INFO] [stderr]    Compiling ruma-identifiers-validation v0.9.3
[INFO] [stderr]    Compiling tracing v0.1.40
[INFO] [stderr]    Compiling serde_spanned v0.6.5
[INFO] [stderr]    Compiling toml_datetime v0.6.3
[INFO] [stderr]    Compiling toml_edit v0.20.2
[INFO] [stderr]    Compiling serde_html_form v0.2.3
[INFO] [stderr]    Compiling toml v0.8.2
[INFO] [stderr]    Compiling proc-macro-crate v2.0.1
[INFO] [stderr]    Compiling ruma-macros v0.12.0
[INFO] [stderr]    Compiling ruma-common-tests v0.0.0 (/opt/rustwide/target/tests/trybuild/ruma-common)
[INFO] [stderr]     Finished dev [unoptimized + debuginfo] target(s) in 16.71s
[INFO] [stderr] 
[INFO] [stderr] 
[INFO] [stderr] test tests/identifiers/ui/01-valid-id-macros.rs [should pass] ... ok
[INFO] [stderr] test tests/identifiers/ui/02-invalid-id-macros.rs [should fail to compile] ... ok
[INFO] [stderr] test tests/identifiers/ui/03-invalid-new-id-macros.rs [should fail to compile] ... mismatch
[INFO] [stderr] 
[INFO] [stderr] EXPECTED:
[INFO] [stderr] ┈┈┈┈┈┈┈┈┈┈┈┈┈┈┈┈┈┈┈┈┈┈┈┈┈┈┈┈┈┈┈┈┈┈┈┈┈┈┈┈┈┈┈┈┈┈┈┈┈┈┈┈┈┈┈┈┈┈┈┈
[INFO] [stderr] error[E0080]: evaluation of constant value failed
[INFO] [stderr]  --> tests/identifiers/ui/03-invalid-new-id-macros.rs:2:13
[INFO] [stderr]   |
[INFO] [stderr] 2 |     let _ = ruma_common::session_id!("invalid~");
[INFO] [stderr]   |             ^^^^^^^^^^^^^^^^^^^^^^^^^^^^^^^^^^^^ the evaluated program panicked at 'Invalid Session ID: contains invalid characters', $DIR/tests/identifiers/ui/03-invalid-new-id-macros.rs:2:13
[INFO] [stderr]   |
[INFO] [stderr]   = note: this error originates in the macro `$crate::panic::panic_2021` which comes from the expansion of the macro `ruma_common::session_id` (in Nightly builds, run with -Z macro-backtrace for more info)
[INFO] [stderr] 
[INFO] [stderr] note: erroneous constant used
[INFO] [stderr]  --> tests/identifiers/ui/03-invalid-new-id-macros.rs:2:13
[INFO] [stderr]   |
[INFO] [stderr] 2 |     let _ = ruma_common::session_id!("invalid~");
[INFO] [stderr]   |             ^^^^^^^^^^^^^^^^^^^^^^^^^^^^^^^^^^^^
[INFO] [stderr]   |
[INFO] [stderr]   = note: this note originates in the macro `ruma_common::session_id` (in Nightly builds, run with -Z macro-backtrace for more info)
[INFO] [stderr] ┈┈┈┈┈┈┈┈┈┈┈┈┈┈┈┈┈┈┈┈┈┈┈┈┈┈┈┈┈┈┈┈┈┈┈┈┈┈┈┈┈┈┈┈┈┈┈┈┈┈┈┈┈┈┈┈┈┈┈┈
[INFO] [stderr] 
[INFO] [stderr] ACTUAL OUTPUT:
[INFO] [stderr] ┈┈┈┈┈┈┈┈┈┈┈┈┈┈┈┈┈┈┈┈┈┈┈┈┈┈┈┈┈┈┈┈┈┈┈┈┈┈┈┈┈┈┈┈┈┈┈┈┈┈┈┈┈┈┈┈┈┈┈┈
[INFO] [stderr] error[E0080]: evaluation of constant value failed
[INFO] [stderr]  --> tests/identifiers/ui/03-invalid-new-id-macros.rs:2:13
[INFO] [stderr]   |
[INFO] [stderr] 2 |     let _ = ruma_common::session_id!("invalid~");
[INFO] [stderr]   |             ^^^^^^^^^^^^^^^^^^^^^^^^^^^^^^^^^^^^ the evaluated program panicked at 'Invalid Session ID: contains invalid characters', $DIR/tests/identifiers/ui/03-invalid-new-id-macros.rs:2:13
[INFO] [stderr]   |
[INFO] [stderr]   = note: this error originates in the macro `$crate::panic::panic_2021` which comes from the expansion of the macro `ruma_common::session_id` (in Nightly builds, run with -Z macro-backtrace for more info)
[INFO] [stderr] 
[INFO] [stderr] note: erroneous constant encountered
[INFO] [stderr]  --> tests/identifiers/ui/03-invalid-new-id-macros.rs:2:13
[INFO] [stderr]   |
[INFO] [stderr] 2 |     let _ = ruma_common::session_id!("invalid~");
[INFO] [stderr]   |             ^^^^^^^^^^^^^^^^^^^^^^^^^^^^^^^^^^^^
[INFO] [stderr]   |
[INFO] [stderr]   = note: this note originates in the macro `ruma_common::session_id` (in Nightly builds, run with -Z macro-backtrace for more info)
[INFO] [stderr] ┈┈┈┈┈┈┈┈┈┈┈┈┈┈┈┈┈┈┈┈┈┈┈┈┈┈┈┈┈┈┈┈┈┈┈┈┈┈┈┈┈┈┈┈┈┈┈┈┈┈┈┈┈┈┈┈┈┈┈┈
[INFO] [stderr] note: If the actual output is the correct output you can bless it by rerunning
[INFO] [stderr]       your test with the environment variable TRYBUILD=overwrite
[INFO] [stderr] 
[INFO] [stderr] 
[INFO] [stderr] 
[INFO] [stdout] test identifiers::id_macros::ui ... FAILED
[INFO] [stdout] 
[INFO] [stdout] failures:
[INFO] [stdout] 
[INFO] [stdout] ---- identifiers::id_macros::ui stdout ----
[INFO] [stdout] thread 'identifiers::id_macros::ui' panicked at /opt/rustwide/cargo-home/registry/src/index.crates.io-6f17d22bba15001f/trybuild-1.0.87/src/run.rs:101:13:
[INFO] [stdout] 1 of 3 tests failed
[INFO] [stdout] stack backtrace:
[INFO] [stdout]    0:     0x559b3b45785c - std::backtrace_rs::backtrace::libunwind::trace::ha637c64ce894333a
[INFO] [stdout]                                at /rustc/82e1608dfa6e0b5569232559e3d385fea5a93112/library/std/src/../../backtrace/src/backtrace/libunwind.rs:104:5
[INFO] [stdout]    1:     0x559b3b45785c - std::backtrace_rs::backtrace::trace_unsynchronized::h47f62dea28e0c88d
[INFO] [stdout]                                at /rustc/82e1608dfa6e0b5569232559e3d385fea5a93112/library/std/src/../../backtrace/src/backtrace/mod.rs:66:5
[INFO] [stdout]    2:     0x559b3b45785c - std::sys_common::backtrace::_print_fmt::h9eef0abe20ede486
[INFO] [stdout]                                at /rustc/82e1608dfa6e0b5569232559e3d385fea5a93112/library/std/src/sys_common/backtrace.rs:67:5
[INFO] [stdout]    3:     0x559b3b45785c - <std::sys_common::backtrace::_print::DisplayBacktrace as core::fmt::Display>::fmt::hed7f999df88cc644
[INFO] [stdout]                                at /rustc/82e1608dfa6e0b5569232559e3d385fea5a93112/library/std/src/sys_common/backtrace.rs:44:22
[INFO] [stdout]    4:     0x559b3b484e70 - core::fmt::rt::Argument::fmt::h1539a9308b8d058d
[INFO] [stdout]                                at /rustc/82e1608dfa6e0b5569232559e3d385fea5a93112/library/core/src/fmt/rt.rs:142:9
[INFO] [stdout]    5:     0x559b3b484e70 - core::fmt::write::h3a39390d8560d9c9
[INFO] [stdout]                                at /rustc/82e1608dfa6e0b5569232559e3d385fea5a93112/library/core/src/fmt/mod.rs:1120:17
[INFO] [stdout]    6:     0x559b3b45470f - std::io::Write::write_fmt::h040b369f3a0f9cbc
[INFO] [stdout]                                at /rustc/82e1608dfa6e0b5569232559e3d385fea5a93112/library/std/src/io/mod.rs:1762:15
[INFO] [stdout]    7:     0x559b3b457644 - std::sys_common::backtrace::_print::h894006fb5c6f3d45
[INFO] [stdout]                                at /rustc/82e1608dfa6e0b5569232559e3d385fea5a93112/library/std/src/sys_common/backtrace.rs:47:5
[INFO] [stdout]    8:     0x559b3b457644 - std::sys_common::backtrace::print::h23a2d212c6fff936
[INFO] [stdout]                                at /rustc/82e1608dfa6e0b5569232559e3d385fea5a93112/library/std/src/sys_common/backtrace.rs:34:9
[INFO] [stdout]    9:     0x559b3b459307 - std::panicking::default_hook::{{closure}}::h8a1d2ee00185001a
[INFO] [stdout]   10:     0x559b3b458ff3 - std::panicking::default_hook::h6038f2eba384e475
[INFO] [stdout]                                at /rustc/82e1608dfa6e0b5569232559e3d385fea5a93112/library/std/src/panicking.rs:289:9
[INFO] [stdout]   11:     0x559b3b3f1b07 - <alloc::boxed::Box<F,A> as core::ops::function::Fn<Args>>::call::h0ad024c9bdc6d768
[INFO] [stdout]                                at /rustc/82e1608dfa6e0b5569232559e3d385fea5a93112/library/alloc/src/boxed.rs:2021:9
[INFO] [stdout]   12:     0x559b3b3f1b07 - test::test_main::{{closure}}::h7500b54257359db6
[INFO] [stdout]                                at /rustc/82e1608dfa6e0b5569232559e3d385fea5a93112/library/test/src/lib.rs:138:21
[INFO] [stdout]   13:     0x559b3b459918 - <alloc::boxed::Box<F,A> as core::ops::function::Fn<Args>>::call::h1f8f335eaa9cfaee
[INFO] [stdout]                                at /rustc/82e1608dfa6e0b5569232559e3d385fea5a93112/library/alloc/src/boxed.rs:2021:9
[INFO] [stdout]   14:     0x559b3b459918 - std::panicking::rust_panic_with_hook::h2b5517d590cab22e
[INFO] [stdout]                                at /rustc/82e1608dfa6e0b5569232559e3d385fea5a93112/library/std/src/panicking.rs:783:13
[INFO] [stdout]   15:     0x559b3b45966e - std::panicking::begin_panic_handler::{{closure}}::h233112c06e0ef43e
[INFO] [stdout]                                at /rustc/82e1608dfa6e0b5569232559e3d385fea5a93112/library/std/src/panicking.rs:657:13
[INFO] [stdout]   16:     0x559b3b457d26 - std::sys_common::backtrace::__rust_end_short_backtrace::h6e893f24d7ebbff8
[INFO] [stdout]                                at /rustc/82e1608dfa6e0b5569232559e3d385fea5a93112/library/std/src/sys_common/backtrace.rs:170:18
[INFO] [stdout]   17:     0x559b3b4593d2 - rust_begin_unwind
[INFO] [stdout]                                at /rustc/82e1608dfa6e0b5569232559e3d385fea5a93112/library/std/src/panicking.rs:645:5
[INFO] [stdout]   18:     0x559b3b1e0fc5 - core::panicking::panic_fmt::hbf0e066aabfa482c
[INFO] [stdout]                                at /rustc/82e1608dfa6e0b5569232559e3d385fea5a93112/library/core/src/panicking.rs:72:14
[INFO] [stdout]   19:     0x559b3b2075e3 - trybuild::run::<impl trybuild::Runner>::run::h71c1afa92adf316c
[INFO] [stdout]                                at /opt/rustwide/cargo-home/registry/src/index.crates.io-6f17d22bba15001f/trybuild-1.0.87/src/run.rs:101:13
[INFO] [stdout]   20:     0x559b3b20cd98 - <trybuild::TestCases as core::ops::drop::Drop>::drop::h828d1b5d113a13e3
[INFO] [stdout]                                at /opt/rustwide/cargo-home/registry/src/index.crates.io-6f17d22bba15001f/trybuild-1.0.87/src/lib.rs:317:13
[INFO] [stdout]   21:     0x559b3b1ee887 - core::ptr::drop_in_place<trybuild::TestCases>::h1c4512f9c834009d
[INFO] [stdout]                                at /rustc/82e1608dfa6e0b5569232559e3d385fea5a93112/library/core/src/ptr/mod.rs:498:1
[INFO] [stdout]   22:     0x559b3b1e6203 - tests::identifiers::id_macros::ui::h3f9af93cb3ea7118
[INFO] [stdout]                                at /opt/rustwide/workdir/tests/identifiers/id_macros.rs:7:1
[INFO] [stdout]   23:     0x559b3b1e6167 - tests::identifiers::id_macros::ui::{{closure}}::h9752c46049fb9678
[INFO] [stdout]                                at /opt/rustwide/workdir/tests/identifiers/id_macros.rs:2:8
[INFO] [stdout]   24:     0x559b3b1ee326 - core::ops::function::FnOnce::call_once::h26e50909548331f5
[INFO] [stdout]                                at /rustc/82e1608dfa6e0b5569232559e3d385fea5a93112/library/core/src/ops/function.rs:250:5
[INFO] [stdout]   25:     0x559b3b3f715f - core::ops::function::FnOnce::call_once::h2b5d431d5046312d
[INFO] [stdout]                                at /rustc/82e1608dfa6e0b5569232559e3d385fea5a93112/library/core/src/ops/function.rs:250:5
[INFO] [stdout]   26:     0x559b3b3f715f - test::__rust_begin_short_backtrace::h7714669af176e207
[INFO] [stdout]                                at /rustc/82e1608dfa6e0b5569232559e3d385fea5a93112/library/test/src/lib.rs:628:18
[INFO] [stdout]   27:     0x559b3b3f6175 - test::run_test_in_process::{{closure}}::h85218797dcbcec12
[INFO] [stdout]                                at /rustc/82e1608dfa6e0b5569232559e3d385fea5a93112/library/test/src/lib.rs:651:60
[INFO] [stdout]   28:     0x559b3b3f6175 - <core::panic::unwind_safe::AssertUnwindSafe<F> as core::ops::function::FnOnce<()>>::call_once::h76c106ea31c14d7b
[INFO] [stdout]                                at /rustc/82e1608dfa6e0b5569232559e3d385fea5a93112/library/core/src/panic/unwind_safe.rs:272:9
[INFO] [stdout]   29:     0x559b3b3f6175 - std::panicking::try::do_call::h3bd5d0f6620ee946
[INFO] [stdout]                                at /rustc/82e1608dfa6e0b5569232559e3d385fea5a93112/library/std/src/panicking.rs:552:40
[INFO] [stdout]   30:     0x559b3b3f6175 - std::panicking::try::h232e535e4744fe31
[INFO] [stdout]                                at /rustc/82e1608dfa6e0b5569232559e3d385fea5a93112/library/std/src/panicking.rs:516:19
[INFO] [stdout]   31:     0x559b3b3f6175 - std::panic::catch_unwind::h3ce3bd6ca8dbac68
[INFO] [stdout]                                at /rustc/82e1608dfa6e0b5569232559e3d385fea5a93112/library/std/src/panic.rs:142:14
[INFO] [stdout]   32:     0x559b3b3f6175 - test::run_test_in_process::hc97b257c9621286a
[INFO] [stdout]                                at /rustc/82e1608dfa6e0b5569232559e3d385fea5a93112/library/test/src/lib.rs:651:27
[INFO] [stdout]   33:     0x559b3b3f6175 - test::run_test::{{closure}}::h2aa798823a438d38
[INFO] [stdout]                                at /rustc/82e1608dfa6e0b5569232559e3d385fea5a93112/library/test/src/lib.rs:574:43
[INFO] [stdout]   34:     0x559b3b3be436 - test::run_test::{{closure}}::h87d231c78fb59832
[INFO] [stdout]                                at /rustc/82e1608dfa6e0b5569232559e3d385fea5a93112/library/test/src/lib.rs:602:41
[INFO] [stdout]   35:     0x559b3b3be436 - std::sys_common::backtrace::__rust_begin_short_backtrace::he6df152596625789
[INFO] [stdout]                                at /rustc/82e1608dfa6e0b5569232559e3d385fea5a93112/library/std/src/sys_common/backtrace.rs:154:18
[INFO] [stdout]   36:     0x559b3b3c34e7 - std::thread::Builder::spawn_unchecked_::{{closure}}::{{closure}}::ha94be15d1e0acf36
[INFO] [stdout]                                at /rustc/82e1608dfa6e0b5569232559e3d385fea5a93112/library/std/src/thread/mod.rs:529:17
[INFO] [stdout]   37:     0x559b3b3c34e7 - <core::panic::unwind_safe::AssertUnwindSafe<F> as core::ops::function::FnOnce<()>>::call_once::h9dc6bd6372f16606
[INFO] [stdout]                                at /rustc/82e1608dfa6e0b5569232559e3d385fea5a93112/library/core/src/panic/unwind_safe.rs:272:9
[INFO] [stdout]   38:     0x559b3b3c34e7 - std::panicking::try::do_call::h9057517f80303cd4
[INFO] [stdout]                                at /rustc/82e1608dfa6e0b5569232559e3d385fea5a93112/library/std/src/panicking.rs:552:40
[INFO] [stdout]   39:     0x559b3b3c34e7 - std::panicking::try::he3a30b11ee45340c
[INFO] [stdout]                                at /rustc/82e1608dfa6e0b5569232559e3d385fea5a93112/library/std/src/panicking.rs:516:19
[INFO] [stdout]   40:     0x559b3b3c34e7 - std::panic::catch_unwind::h410458cfd3528b8b
[INFO] [stdout]                                at /rustc/82e1608dfa6e0b5569232559e3d385fea5a93112/library/std/src/panic.rs:142:14
[INFO] [stdout]   41:     0x559b3b3c34e7 - std::thread::Builder::spawn_unchecked_::{{closure}}::h72ac3bdb567b737b
[INFO] [stdout]                                at /rustc/82e1608dfa6e0b5569232559e3d385fea5a93112/library/std/src/thread/mod.rs:528:30
[INFO] [stdout]   42:     0x559b3b3c34e7 - core::ops::function::FnOnce::call_once{{vtable.shim}}::h38f34da3654a8344
[INFO] [stdout]                                at /rustc/82e1608dfa6e0b5569232559e3d385fea5a93112/library/core/src/ops/function.rs:250:5
[INFO] [stdout]   43:     0x559b3b45f4f5 - <alloc::boxed::Box<F,A> as core::ops::function::FnOnce<Args>>::call_once::hc7eafaff61e32df9
[INFO] [stdout]                                at /rustc/82e1608dfa6e0b5569232559e3d385fea5a93112/library/alloc/src/boxed.rs:2007:9
[INFO] [stdout]   44:     0x559b3b45f4f5 - <alloc::boxed::Box<F,A> as core::ops::function::FnOnce<Args>>::call_once::h6ba4a5de48dd2304
[INFO] [stdout]                                at /rustc/82e1608dfa6e0b5569232559e3d385fea5a93112/library/alloc/src/boxed.rs:2007:9
[INFO] [stdout]   45:     0x559b3b45f4f5 - std::sys::unix::thread::Thread::new::thread_start::he469335aef763e45
[INFO] [stdout]                                at /rustc/82e1608dfa6e0b5569232559e3d385fea5a93112/library/std/src/sys/unix/thread.rs:108:17
[INFO] [stdout]   46:     0x7f794ae77ac3 - <unknown>
[INFO] [stdout]   47:     0x7f794af08bf4 - __clone
[INFO] [stdout]   48:                0x0 - <unknown>
[INFO] [stdout] 
[INFO] [stdout] 
[INFO] [stdout] failures:
[INFO] [stdout]     identifiers::id_macros::ui
[INFO] [stdout] 
[INFO] [stdout] test result: FAILED. 16 passed; 1 failed; 0 ignored; 0 measured; 0 filtered out; finished in 17.89s
[INFO] [stdout] 
[INFO] [stderr] error: test failed, to rerun pass `--test tests`
[INFO] running `Command { std: "docker" "inspect" "a8769780097b066cc464bbc397e6886ae8ad0c0e316ec87c68c2320c6555712b", kill_on_drop: false }`
[INFO] running `Command { std: "docker" "rm" "-f" "a8769780097b066cc464bbc397e6886ae8ad0c0e316ec87c68c2320c6555712b", kill_on_drop: false }`
[INFO] [stdout] a8769780097b066cc464bbc397e6886ae8ad0c0e316ec87c68c2320c6555712b
[INFO] testing ruma-common-0.12.1 against beta-2023-12-22 for beta-1.76-1
[INFO] extracting crate ruma-common 0.12.1 into /workspace/builds/worker-1-tc2/source
[INFO] validating manifest of crates.io crate ruma-common 0.12.1 on toolchain beta-2023-12-22
[INFO] running `Command { std: CARGO_HOME="/workspace/cargo-home" RUSTUP_HOME="/workspace/rustup-home" "/workspace/cargo-home/bin/cargo" "+beta-2023-12-22" "metadata" "--manifest-path" "Cargo.toml" "--no-deps", kill_on_drop: false }`
[INFO] started tweaking crates.io crate ruma-common 0.12.1
[INFO] finished tweaking crates.io crate ruma-common 0.12.1
[INFO] tweaked toml for crates.io crate ruma-common 0.12.1 written to /workspace/builds/worker-1-tc2/source/Cargo.toml
[INFO] running `Command { std: CARGO_HOME="/workspace/cargo-home" RUSTUP_HOME="/workspace/rustup-home" "/workspace/cargo-home/bin/cargo" "+beta-2023-12-22" "generate-lockfile" "--manifest-path" "Cargo.toml", kill_on_drop: false }`
[INFO] [stderr]     Updating crates.io index
[INFO] running `Command { std: CARGO_HOME="/workspace/cargo-home" RUSTUP_HOME="/workspace/rustup-home" "/workspace/cargo-home/bin/cargo" "+beta-2023-12-22" "fetch" "--manifest-path" "Cargo.toml", kill_on_drop: false }`
[INFO] running `Command { std: "docker" "create" "-v" "/var/lib/crater-agent-workspace/builds/worker-1-tc2/target:/opt/rustwide/target:rw,Z" "-v" "/var/lib/crater-agent-workspace/builds/worker-1-tc2/source:/opt/rustwide/workdir:ro,Z" "-v" "/var/lib/crater-agent-workspace/cargo-home:/opt/rustwide/cargo-home:ro,Z" "-v" "/var/lib/crater-agent-workspace/rustup-home:/opt/rustwide/rustup-home:ro,Z" "-e" "SOURCE_DIR=/opt/rustwide/workdir" "-e" "CARGO_TARGET_DIR=/opt/rustwide/target" "-e" "CARGO_HOME=/opt/rustwide/cargo-home" "-e" "RUSTUP_HOME=/opt/rustwide/rustup-home" "-w" "/opt/rustwide/workdir" "-m" "1610612736" "--user" "0:0" "--network" "none" "ghcr.io/rust-lang/crates-build-env/linux@sha256:2788e3201cd34a07e3172128adcd8b3090168a8e3bcc40d7c032b9dda1df7d1c" "/opt/rustwide/cargo-home/bin/cargo" "+beta-2023-12-22" "metadata" "--no-deps" "--format-version=1", kill_on_drop: false }`
[INFO] [stdout] a1d28f83210324d1c0959c9d12163b434f3e64202910ad94f91cdf29a15cc565
[INFO] running `Command { std: "docker" "start" "-a" "a1d28f83210324d1c0959c9d12163b434f3e64202910ad94f91cdf29a15cc565", kill_on_drop: false }`
[INFO] running `Command { std: "docker" "inspect" "a1d28f83210324d1c0959c9d12163b434f3e64202910ad94f91cdf29a15cc565", kill_on_drop: false }`
[INFO] running `Command { std: "docker" "rm" "-f" "a1d28f83210324d1c0959c9d12163b434f3e64202910ad94f91cdf29a15cc565", kill_on_drop: false }`
[INFO] [stdout] a1d28f83210324d1c0959c9d12163b434f3e64202910ad94f91cdf29a15cc565
[INFO] running `Command { std: "docker" "create" "-v" "/var/lib/crater-agent-workspace/builds/worker-1-tc2/target:/opt/rustwide/target:rw,Z" "-v" "/var/lib/crater-agent-workspace/builds/worker-1-tc2/source:/opt/rustwide/workdir:ro,Z" "-v" "/var/lib/crater-agent-workspace/cargo-home:/opt/rustwide/cargo-home:ro,Z" "-v" "/var/lib/crater-agent-workspace/rustup-home:/opt/rustwide/rustup-home:ro,Z" "-e" "SOURCE_DIR=/opt/rustwide/workdir" "-e" "CARGO_TARGET_DIR=/opt/rustwide/target" "-e" "CARGO_INCREMENTAL=0" "-e" "RUST_BACKTRACE=full" "-e" "RUSTFLAGS=--cap-lints=warn" "-e" "RUSTDOCFLAGS=--cap-lints=warn" "-e" "CARGO_HOME=/opt/rustwide/cargo-home" "-e" "RUSTUP_HOME=/opt/rustwide/rustup-home" "-w" "/opt/rustwide/workdir" "-m" "1610612736" "--user" "0:0" "--network" "none" "ghcr.io/rust-lang/crates-build-env/linux@sha256:2788e3201cd34a07e3172128adcd8b3090168a8e3bcc40d7c032b9dda1df7d1c" "/opt/rustwide/cargo-home/bin/cargo" "+beta-2023-12-22" "build" "--frozen" "--message-format=json", kill_on_drop: false }`
[INFO] [stdout] f5f373e7decb4b145ad6ace0783faf049ea6605d5628017af832ef3add5e43a7
[INFO] running `Command { std: "docker" "start" "-a" "f5f373e7decb4b145ad6ace0783faf049ea6605d5628017af832ef3add5e43a7", kill_on_drop: false }`
[INFO] [stderr]    Compiling indexmap v2.1.0
[INFO] [stderr]    Compiling winnow v0.5.32
[INFO] [stderr]    Compiling serde_json v1.0.111
[INFO] [stderr]    Compiling js_int v0.2.2
[INFO] [stderr]    Compiling ruma-common v0.12.1 (/opt/rustwide/workdir)
[INFO] [stderr]    Compiling as_variant v1.2.0
[INFO] [stderr]    Compiling wildmatch v2.3.0
[INFO] [stderr]    Compiling regex-automata v0.4.3
[INFO] [stderr]    Compiling tracing v0.1.40
[INFO] [stderr]    Compiling toml_datetime v0.6.3
[INFO] [stderr]    Compiling serde_spanned v0.6.5
[INFO] [stderr]    Compiling ruma-identifiers-validation v0.9.3
[INFO] [stderr] warning: ruma-common@0.12.1: cargo:rustc-check-cfg requires -Zcheck-cfg flag
[INFO] [stderr]    Compiling serde_html_form v0.2.3
[INFO] [stderr]    Compiling toml_edit v0.20.2
[INFO] [stderr]    Compiling regex v1.10.2
[INFO] [stderr]    Compiling toml v0.8.2
[INFO] [stderr]    Compiling proc-macro-crate v2.0.1
[INFO] [stderr]    Compiling ruma-macros v0.12.0
[INFO] [stderr]     Finished dev [unoptimized + debuginfo] target(s) in 7.63s
[INFO] running `Command { std: "docker" "inspect" "f5f373e7decb4b145ad6ace0783faf049ea6605d5628017af832ef3add5e43a7", kill_on_drop: false }`
[INFO] running `Command { std: "docker" "rm" "-f" "f5f373e7decb4b145ad6ace0783faf049ea6605d5628017af832ef3add5e43a7", kill_on_drop: false }`
[INFO] [stdout] f5f373e7decb4b145ad6ace0783faf049ea6605d5628017af832ef3add5e43a7
[INFO] running `Command { std: "docker" "create" "-v" "/var/lib/crater-agent-workspace/builds/worker-1-tc2/target:/opt/rustwide/target:rw,Z" "-v" "/var/lib/crater-agent-workspace/builds/worker-1-tc2/source:/opt/rustwide/workdir:ro,Z" "-v" "/var/lib/crater-agent-workspace/cargo-home:/opt/rustwide/cargo-home:ro,Z" "-v" "/var/lib/crater-agent-workspace/rustup-home:/opt/rustwide/rustup-home:ro,Z" "-e" "SOURCE_DIR=/opt/rustwide/workdir" "-e" "CARGO_TARGET_DIR=/opt/rustwide/target" "-e" "CARGO_INCREMENTAL=0" "-e" "RUST_BACKTRACE=full" "-e" "RUSTFLAGS=--cap-lints=warn" "-e" "RUSTDOCFLAGS=--cap-lints=warn" "-e" "CARGO_HOME=/opt/rustwide/cargo-home" "-e" "RUSTUP_HOME=/opt/rustwide/rustup-home" "-w" "/opt/rustwide/workdir" "-m" "1610612736" "--user" "0:0" "--network" "none" "ghcr.io/rust-lang/crates-build-env/linux@sha256:2788e3201cd34a07e3172128adcd8b3090168a8e3bcc40d7c032b9dda1df7d1c" "/opt/rustwide/cargo-home/bin/cargo" "+beta-2023-12-22" "test" "--frozen" "--no-run" "--message-format=json", kill_on_drop: false }`
[INFO] [stdout] 808f3b260aa4c7f813138b245eaed9f37e45423bbe84b299eab2ed73f70eddf7
[INFO] running `Command { std: "docker" "start" "-a" "808f3b260aa4c7f813138b245eaed9f37e45423bbe84b299eab2ed73f70eddf7", kill_on_drop: false }`
[INFO] [stderr]    Compiling assign v1.1.1
[INFO] [stderr]    Compiling maplit v1.0.2
[INFO] [stderr]    Compiling assert_matches2 v0.1.2
[INFO] [stderr] warning: ruma-common@0.12.1: cargo:rustc-check-cfg requires -Zcheck-cfg flag
[INFO] [stderr]    Compiling basic-toml v0.1.8
[INFO] [stderr]    Compiling trybuild v1.0.87
[INFO] [stderr]    Compiling ruma-common v0.12.1 (/opt/rustwide/workdir)
[INFO] [stderr]     Finished test [unoptimized + debuginfo] target(s) in 6.37s
[INFO] running `Command { std: "docker" "inspect" "808f3b260aa4c7f813138b245eaed9f37e45423bbe84b299eab2ed73f70eddf7", kill_on_drop: false }`
[INFO] running `Command { std: "docker" "rm" "-f" "808f3b260aa4c7f813138b245eaed9f37e45423bbe84b299eab2ed73f70eddf7", kill_on_drop: false }`
[INFO] [stdout] 808f3b260aa4c7f813138b245eaed9f37e45423bbe84b299eab2ed73f70eddf7
[INFO] running `Command { std: "docker" "create" "-v" "/var/lib/crater-agent-workspace/builds/worker-1-tc2/target:/opt/rustwide/target:rw,Z" "-v" "/var/lib/crater-agent-workspace/builds/worker-1-tc2/source:/opt/rustwide/workdir:ro,Z" "-v" "/var/lib/crater-agent-workspace/cargo-home:/opt/rustwide/cargo-home:ro,Z" "-v" "/var/lib/crater-agent-workspace/rustup-home:/opt/rustwide/rustup-home:ro,Z" "-e" "SOURCE_DIR=/opt/rustwide/workdir" "-e" "CARGO_TARGET_DIR=/opt/rustwide/target" "-e" "CARGO_INCREMENTAL=0" "-e" "RUST_BACKTRACE=full" "-e" "RUSTFLAGS=--cap-lints=warn" "-e" "RUSTDOCFLAGS=--cap-lints=warn" "-e" "CARGO_HOME=/opt/rustwide/cargo-home" "-e" "RUSTUP_HOME=/opt/rustwide/rustup-home" "-w" "/opt/rustwide/workdir" "-m" "1610612736" "--user" "0:0" "--network" "none" "ghcr.io/rust-lang/crates-build-env/linux@sha256:2788e3201cd34a07e3172128adcd8b3090168a8e3bcc40d7c032b9dda1df7d1c" "/opt/rustwide/cargo-home/bin/cargo" "+beta-2023-12-22" "test" "--frozen", kill_on_drop: false }`
[INFO] [stdout] cba9a72ebd4f684d94f8771cab65a4b066acdf90d34c3a3dddd408c3c08b9a7f
[INFO] running `Command { std: "docker" "start" "-a" "cba9a72ebd4f684d94f8771cab65a4b066acdf90d34c3a3dddd408c3c08b9a7f", kill_on_drop: false }`
[INFO] [stderr] warning: ruma-common@0.12.1: cargo:rustc-check-cfg requires -Zcheck-cfg flag
[INFO] [stderr]     Finished test [unoptimized + debuginfo] target(s) in 0.04s
[INFO] [stderr]      Running unittests src/lib.rs (/opt/rustwide/target/debug/deps/ruma_common-55fb9ec90de92f88)
[INFO] [stdout] 
[INFO] [stdout] running 224 tests
[INFO] [stdout] test directory::tests::deserialize_empty_network_is_default ... ok
[INFO] [stdout] test directory::tests::deserialize_filter_empty ... ok
[INFO] [stdout] test directory::tests::deserialize_include_all_networks ... ok
[INFO] [stdout] test directory::tests::deserialize_include_all_networks_and_third_party_exclusivity ... ok
[INFO] [stdout] test directory::tests::deserialize_matrix_network_only ... ok
[INFO] [stdout] test directory::tests::deserialize_filter_room_types ... ok
[INFO] [stdout] test directory::tests::deserialize_third_party_network ... ok
[INFO] [stdout] test directory::tests::serialize_default_network_is_empty ... ok
[INFO] [stdout] test directory::tests::serialize_filter_empty ... ok
[INFO] [stdout] test directory::tests::serialize_filter_room_types ... ok
[INFO] [stdout] test directory::tests::serialize_include_all_networks ... ok
[INFO] [stdout] test directory::tests::serialize_matrix_network_only ... ok
[INFO] [stdout] test directory::tests::serialize_third_party_network ... ok
[INFO] [stdout] test identifiers::client_secret::tests::valid_secret ... ok
[INFO] [stdout] test identifiers::crypto_algorithms::tests::event_encryption_algorithm_serde ... ok
[INFO] [stdout] test identifiers::crypto_algorithms::tests::key_derivation_algorithm_serde ... ok
[INFO] [stdout] test identifiers::crypto_algorithms::tests::parse_device_key_algorithm ... ok
[INFO] [stdout] test identifiers::crypto_algorithms::tests::parse_signing_key_algorithm ... ok
[INFO] [stdout] test identifiers::device_id::tests::create_device_id_from_box ... ok
[INFO] [stdout] test identifiers::device_id::tests::create_boxed_device_id_from_str ... ok
[INFO] [stdout] test identifiers::device_id::tests::create_device_id_from_str ... ok
[INFO] [stdout] test identifiers::device_key_id::tests::convert_device_key_id ... ok
[INFO] [stdout] test identifiers::device_key_id::tests::deserialize_device_key_id ... ok
[INFO] [stdout] test identifiers::device_key_id::tests::empty_device_id_ok ... ok
[INFO] [stdout] test identifiers::device_key_id::tests::missing_delimiter ... ok
[INFO] [stdout] test identifiers::device_key_id::tests::missing_key_algorithm ... ok
[INFO] [stdout] test identifiers::device_key_id::tests::serialize_device_key_id ... ok
[INFO] [stdout] test identifiers::device_key_id::tests::valid_device_id ... ok
[INFO] [stdout] test identifiers::device_key_id::tests::valid_key_algorithm ... ok
[INFO] [stdout] test identifiers::event_id::tests::deserialize_valid_base64_event_id ... ok
[INFO] [stdout] test identifiers::event_id::tests::deserialize_valid_original_event_id ... ok
[INFO] [stdout] test identifiers::event_id::tests::deserialize_valid_url_safe_base64_event_id ... ok
[INFO] [stdout] test identifiers::event_id::tests::invalid_event_id_host ... ok
[INFO] [stdout] test identifiers::event_id::tests::invalid_event_id_port ... ok
[INFO] [stdout] test identifiers::event_id::tests::missing_base64_event_id_sigil ... ok
[INFO] [stdout] test identifiers::event_id::tests::missing_original_event_id_sigil ... ok
[INFO] [stdout] test identifiers::event_id::tests::missing_url_safe_base64_event_id_sigil ... ok
[INFO] [stdout] test identifiers::event_id::tests::serialize_valid_base64_event_id ... ok
[INFO] [stdout] test identifiers::event_id::tests::serialize_valid_original_event_id ... ok
[INFO] [stdout] test identifiers::event_id::tests::serialize_valid_url_safe_base64_event_id ... ok
[INFO] [stdout] test identifiers::event_id::tests::valid_original_event_id_with_explicit_standard_port ... ok
[INFO] [stdout] test identifiers::event_id::tests::valid_original_event_id_with_non_standard_port ... ok
[INFO] [stdout] test identifiers::event_id::tests::valid_base64_event_id ... ok
[INFO] [stdout] test identifiers::event_id::tests::valid_url_safe_base64_event_id ... ok
[INFO] [stdout] test identifiers::matrix_uri::tests::parse_matrixid_invalid_parts_number ... ok
[INFO] [stdout] test identifiers::event_id::tests::valid_original_event_id ... ok
[INFO] [stdout] test identifiers::matrix_uri::tests::display_matrixtouri ... ok
[INFO] [stdout] test identifiers::matrix_uri::tests::parse_matrixid_missing_room ... ok
[INFO] [stdout] test identifiers::matrix_uri::tests::display_matrixuri ... ok
[INFO] [stdout] test identifiers::matrix_uri::tests::parse_matrixid_too_many_identifiers ... ok
[INFO] [stdout] test identifiers::matrix_uri::tests::parse_matrixid_unknown_identifier ... ok
[INFO] [stdout] test identifiers::matrix_uri::tests::parse_matrixid_type_no_identifier ... ok
[INFO] [stdout] test identifiers::matrix_uri::tests::parse_matrixid_unknown_identifier_pair ... ok
[INFO] [stdout] test identifiers::matrix_uri::tests::parse_matrixid_no_identifier ... ok
[INFO] [stdout] test identifiers::matrix_uri::tests::parse_matrixid_unknown_type ... ok
[INFO] [stdout] test identifiers::matrix_uri::tests::parse_matrixtouri_wrong_base_url ... ok
[INFO] [stdout] test identifiers::matrix_uri::tests::parse_matrixtouri_unknown_arguments ... ok
[INFO] [stdout] test identifiers::matrix_uri::tests::parse_matrixtouri_valid_uris_not_urlencoded ... ok
[INFO] [stdout] test identifiers::matrix_uri::tests::parse_matrixtouri_valid_uris ... ok
[INFO] [stdout] test identifiers::matrix_uri::tests::parse_matrixuri_too_many_actions ... ok
[INFO] [stdout] test identifiers::matrix_uri::tests::parse_matrixuri_unknown_query_item ... ok
[INFO] [stdout] test identifiers::matrix_uri::tests::parse_matrixuri_wrong_identifier ... ok
[INFO] [stdout] test identifiers::matrix_uri::tests::parse_matrixtouri_wrong_identifier ... ok
[INFO] [stdout] test identifiers::matrix_uri::tests::parse_matrixuri_invalid_uri ... ok
[INFO] [stdout] test identifiers::mxc_uri::tests::parse_mxc_uri ... ok
[INFO] [stdout] test identifiers::matrix_uri::tests::parse_matrixuri_valid_uris ... ok
[INFO] [stdout] test identifiers::matrix_uri::tests::parse_matrixuri_wrong_scheme ... ok
[INFO] [stdout] test identifiers::mxc_uri::tests::parse_mxc_uri_without_media_id ... ok
[INFO] [stdout] test identifiers::room_alias_id::tests::deserialize_valid_room_alias_id ... ok
[INFO] [stdout] test identifiers::mxc_uri::tests::deserialize_mxc_uri ... ok
[INFO] [stdout] test identifiers::room_alias_id::tests::empty_localpart ... ok
[INFO] [stdout] test identifiers::room_alias_id::tests::invalid_leading_sigil ... ok
[INFO] [stdout] test identifiers::room_alias_id::tests::invalid_room_alias_id_host ... ok
[INFO] [stdout] test identifiers::room_alias_id::tests::invalid_room_alias_id_port ... ok
[INFO] [stdout] test identifiers::room_alias_id::tests::missing_room_alias_id_sigil ... ok
[INFO] [stdout] test identifiers::room_alias_id::tests::missing_room_alias_id_delimiter ... ok
[INFO] [stdout] test identifiers::matrix_uri::tests::parse_valid_matrixid_with_sigil ... ok
[INFO] [stdout] test identifiers::matrix_uri::tests::parse_valid_matrixid_with_type ... ok
[INFO] [stdout] test identifiers::mxc_uri::tests::serialize_mxc_uri ... ok
[INFO] [stdout] test identifiers::mxc_uri::tests::parse_mxc_uri_without_protocol ... ok
[INFO] [stdout] test identifiers::room_alias_id::tests::serialize_valid_room_alias_id ... ok
[INFO] [stdout] test identifiers::room_alias_id::tests::valid_room_alias_id ... ok
[INFO] [stdout] test identifiers::room_alias_id::tests::valid_room_alias_id_unicode ... ok
[INFO] [stdout] test identifiers::room_alias_id::tests::valid_room_alias_id_with_explicit_standard_port ... ok
[INFO] [stdout] test identifiers::room_alias_id::tests::valid_room_alias_id_with_non_standard_port ... ok
[INFO] [stdout] test identifiers::room_id::tests::deserialize_valid_room_id ... ok
[INFO] [stdout] test identifiers::room_id::tests::empty_localpart ... ok
[INFO] [stdout] test identifiers::room_id::tests::invalid_room_id_host ... ok
[INFO] [stdout] test identifiers::room_id::tests::missing_room_id_sigil ... ok
[INFO] [stdout] test identifiers::room_id::tests::invalid_room_id_port ... ok
[INFO] [stdout] test identifiers::room_id::tests::missing_server_name ... ok
[INFO] [stdout] test identifiers::room_id::tests::serialize_valid_room_id ... ok
[INFO] [stdout] test identifiers::room_id::tests::valid_room_id ... ok
[INFO] [stdout] test identifiers::room_id::tests::valid_room_id_with_explicit_standard_port ... ok
[INFO] [stdout] test identifiers::room_id::tests::valid_room_id_with_non_standard_port ... ok
[INFO] [stdout] test identifiers::room_or_alias_id::tests::deserialize_valid_room_id_or_alias_id_with_a_room_alias_id ... ok
[INFO] [stdout] test identifiers::room_or_alias_id::tests::deserialize_valid_room_id_or_alias_id_with_a_room_id ... ok
[INFO] [stdout] test identifiers::room_or_alias_id::tests::missing_sigil_for_room_id_or_alias_id ... ok
[INFO] [stdout] test identifiers::room_or_alias_id::tests::serialize_valid_room_id_or_alias_id_with_a_room_alias_id ... ok
[INFO] [stdout] test identifiers::room_or_alias_id::tests::serialize_valid_room_id_or_alias_id_with_a_room_id ... ok
[INFO] [stdout] test identifiers::room_or_alias_id::tests::valid_room_id_or_alias_id_with_a_room_alias_id ... ok
[INFO] [stdout] test identifiers::room_or_alias_id::tests::valid_room_id_or_alias_id_with_a_room_id ... ok
[INFO] [stdout] test identifiers::room_version_id::tests::deserialize_official_room_id ... ok
[INFO] [stdout] test identifiers::room_version_id::tests::deserialize_custom_room_id ... ok
[INFO] [stdout] test identifiers::room_version_id::tests::custom_room_id_invalid_character ... ok
[INFO] [stdout] test identifiers::room_version_id::tests::over_max_code_point_room_version_id ... ok
[INFO] [stdout] test identifiers::room_version_id::tests::serialize_custom_room_id ... ok
[INFO] [stdout] test identifiers::room_version_id::tests::valid_custom_room_version_id ... ok
[INFO] [stdout] test identifiers::room_version_id::tests::valid_version_1_room_version_id ... ok
[INFO] [stdout] test identifiers::room_version_id::tests::serialize_official_room_id ... ok
[INFO] [stdout] test identifiers::room_version_id::tests::empty_room_version_id ... ok
[INFO] [stdout] test identifiers::room_version_id::tests::valid_version_2_room_version_id ... ok
[INFO] [stdout] test identifiers::room_version_id::tests::valid_version_4_room_version_id ... ok
[INFO] [stdout] test identifiers::room_version_id::tests::valid_version_5_room_version_id ... ok
[INFO] [stdout] test identifiers::room_version_id::tests::valid_version_6_room_version_id ... ok
[INFO] [stdout] test identifiers::server_name::tests::dns_name_with_port ... ok
[INFO] [stdout] test identifiers::room_version_id::tests::valid_version_3_room_version_id ... ok
[INFO] [stdout] test identifiers::server_name::tests::empty_string ... ok
[INFO] [stdout] test identifiers::server_name::tests::invalid_ipv6 ... ok
[INFO] [stdout] test identifiers::server_name::tests::ipv4_host ... ok
[INFO] [stdout] test identifiers::server_name::tests::ipv6 ... ok
[INFO] [stdout] test identifiers::server_name::tests::dns_name_with_invalid_port ... ok
[INFO] [stdout] test identifiers::server_name::tests::dns_name ... ok
[INFO] [stdout] test identifiers::server_name::tests::ipv6_with_invalid_port ... ok
[INFO] [stdout] test identifiers::server_name::tests::ipv4_host_and_port ... ok
[INFO] [stdout] test identifiers::server_name::tests::parse_dns_name ... ok
[INFO] [stdout] test identifiers::server_name::tests::parse_dns_name_with_port ... ok
[INFO] [stdout] test identifiers::server_name::tests::ipv6_with_port ... ok
[INFO] [stdout] test identifiers::server_name::tests::ipv4_with_invalid_port ... ok
[INFO] [stdout] test identifiers::server_name::tests::parse_ipv4_host_and_port ... ok
[INFO] [stdout] test identifiers::server_name::tests::parse_ipv4_host ... ok
[INFO] [stdout] test identifiers::server_name::tests::parse_ipv6 ... ok
[INFO] [stdout] test identifiers::server_name::tests::parse_ipv6_with_port ... ok
[INFO] [stdout] test identifiers::user_id::tests::definitely_invalid_user_id ... ok
[INFO] [stdout] test identifiers::user_id::tests::deserialize_valid_user_id ... ok
[INFO] [stdout] test identifiers::user_id::tests::invalid_characters_in_user_id_localpart ... ok
[INFO] [stdout] test identifiers::user_id::tests::invalid_user_id ... ok
[INFO] [stdout] test identifiers::user_id::tests::invalid_user_id_host ... ok
[INFO] [stdout] test identifiers::user_id::tests::invalid_user_id_port ... ok
[INFO] [stdout] test identifiers::user_id::tests::missing_user_id_delimiter ... ok
[INFO] [stdout] test identifiers::user_id::tests::missing_user_id_sigil ... ok
[INFO] [stdout] test identifiers::user_id::tests::parse_valid_historical_user_id ... ok
[INFO] [stdout] test identifiers::user_id::tests::parse_valid_historical_user_id_parts ... ok
[INFO] [stdout] test identifiers::user_id::tests::parse_valid_user_id ... ok
[INFO] [stdout] test identifiers::user_id::tests::parse_valid_user_id_parts ... ok
[INFO] [stdout] test identifiers::user_id::tests::serialize_valid_user_id ... ok
[INFO] [stdout] test identifiers::user_id::tests::uppercase_user_id ... ok
[INFO] [stdout] test identifiers::user_id::tests::valid_historical_user_id ... ok
[INFO] [stdout] test identifiers::user_id::tests::valid_user_id_from_str ... ok
[INFO] [stdout] test identifiers::user_id::tests::valid_user_id_with_explicit_standard_port ... ok
[INFO] [stdout] test identifiers::user_id::tests::valid_user_id_with_non_standard_port ... ok
[INFO] [stdout] test identifiers::voip_version_id::tests::deserialize_custom_string ... ok
[INFO] [stdout] test identifiers::voip_version_id::tests::deserialize_version_0 ... ok
[INFO] [stdout] test identifiers::voip_version_id::tests::deserialize_version_1 ... ok
[INFO] [stdout] test identifiers::voip_version_id::tests::invalid_uint_version ... ok
[INFO] [stdout] test identifiers::voip_version_id::tests::serialize_custom_string ... ok
[INFO] [stdout] test identifiers::voip_version_id::tests::serialize_version_0 ... ok
[INFO] [stdout] test identifiers::voip_version_id::tests::serialize_version_1 ... ok
[INFO] [stdout] test identifiers::voip_version_id::tests::valid_custom_string_version ... ok
[INFO] [stdout] test identifiers::voip_version_id::tests::valid_version_1 ... ok
[INFO] [stdout] test identifiers::voip_version_id::tests::valid_version_0 ... ok
[INFO] [stdout] test push::action::tests::deserialize_string ... ok
[INFO] [stdout] test push::action::tests::deserialize_tweak_highlight_with_default_value ... ok
[INFO] [stdout] test push::action::tests::deserialize_tweak_highlight ... ok
[INFO] [stdout] test push::action::tests::serialize_tweak_highlight ... ok
[INFO] [stdout] test push::action::tests::serialize_string ... ok
[INFO] [stdout] test push::action::tests::deserialize_tweak_sound ... ok
[INFO] [stdout] test push::action::tests::serialize_tweak_sound ... ok
[INFO] [stdout] test push::condition::room_member_count_is::tests::eq_range_contains_its_own_count ... ok
[INFO] [stdout] test push::condition::room_member_count_is::tests::ge_range_contains_large_number ... ok
[INFO] [stdout] test push::condition::flattened_json::tests::flattened_json_values ... ok
[INFO] [stdout] test push::condition::tests::deserialize_contains_display_name_condition ... ok
[INFO] [stdout] test push::condition::tests::deserialize_sender_notification_permission_condition ... ok
[INFO] [stdout] test push::condition::room_member_count_is::tests::gt_range_does_not_contain_initial_point ... ok
[INFO] [stdout] test push::condition::flattened_json::tests::contains_mentions ... ok
[INFO] [stdout] test push::condition::tests::serialize_contains_display_name_condition ... ok
[INFO] [stdout] test push::condition::tests::deserialize_room_member_count_condition ... ok
[INFO] [stdout] test push::condition::tests::deserialize_event_match_condition ... ok
[INFO] [stdout] test push::condition::tests::contains_display_name_applies ... ok
[INFO] [stdout] test push::condition::tests::sender_notification_permission_applies ... ok
[INFO] [stdout] test push::condition::tests::event_match_applies ... ok
[INFO] [stdout] test push::condition::tests::serialize_sender_notification_permission_condition ... ok
[INFO] [stdout] test push::condition::tests::serialize_room_member_count_condition ... ok
[INFO] [stdout] test push::condition::tests::event_property_contains_applies ... ok
[INFO] [stdout] test push::condition::tests::room_member_count_is_applies ... ok
[INFO] [stdout] test push::condition::flattened_json::tests::flattened_json_nested ... ok
[INFO] [stdout] test push::condition::tests::event_property_is_applies ... ok
[INFO] [stdout] test push::condition::tests::serialize_event_match_condition ... ok
[INFO] [stdout] test push::tests::iter ... ok
[INFO] [stdout] test push::tests::deserialize_patterned_push_rule ... ok
[INFO] [stdout] test push::tests::serialize_patterned_push_rule ... ok
[INFO] [stdout] test push::tests::serialize_conditional_push_rule ... ok
[INFO] [stdout] test push::tests::intentional_mentions_apply ... ok
[INFO] [stdout] test serde::duration::ms::tests::deserialize ... ok
[INFO] [stdout] test serde::duration::opt_ms::tests::deserialize_none_by_absence ... ok
[INFO] [stdout] test serde::duration::ms::tests::serialize ... ok
[INFO] [stdout] test push::predefined::tests::update_with_server_default ... ok
[INFO] [stdout] test push::tests::default_ruleset_applies ... ok
[INFO] [stdout] test serde::duration::opt_ms::tests::deserialize_some ... ok
[INFO] [stdout] test push::tests::serialize_simple_push_rule ... ok
[INFO] [stdout] test serde::base64::tests::slightly_malformed_base64 ... ok
[INFO] [stdout] test push::tests::custom_ruleset_applies ... ok
[INFO] [stdout] test push::tests::old_mentions_apply ... ok
[INFO] [stdout] test serde::duration::opt_ms::tests::deserialize_none_by_null ... ok
[INFO] [stdout] test serde::duration::opt_ms::tests::serialize_none ... ok
[INFO] [stdout] test push::tests::deserialize_ruleset ... ok
[INFO] [stdout] test serde::duration::opt_secs::tests::deserialize_none_by_null ... ok
[INFO] [stdout] test push::tests::serialize_ruleset ... ok
[INFO] [stdout] test serde::duration::secs::tests::deserialize ... ok
[INFO] [stdout] test serde::duration::secs::tests::serialize ... ok
[INFO] [stdout] test serde::duration::opt_ms::tests::serialize_some ... ok
[INFO] [stdout] test serde::raw::tests::get_field ... ok
[INFO] [stdout] test serde::duration::opt_secs::tests::deserialize_none_by_absence ... ok
[INFO] [stdout] test serde::strings::tests::int_or_string ... ok
[INFO] [stdout] test serde::strings::tests::weird_minus_string ... ok
[INFO] [stdout] test serde::duration::opt_secs::tests::serialize_none ... ok
[INFO] [stdout] test serde::strings::tests::weird_plus_string ... ok
[INFO] [stdout] test serde::duration::opt_secs::tests::deserialize_some ... ok
[INFO] [stdout] test thirdparty::tests::third_party_identifier_serde ... ok
[INFO] [stdout] test serde::duration::opt_secs::tests::serialize_some ... ok
[INFO] [stdout] test time::tests::deserialize ... ok
[INFO] [stdout] test time::tests::serialize ... ok
[INFO] [stdout] test push::condition::tests::words_match ... ok
[INFO] [stdout] test push::condition::tests::patterns_match ... ok
[INFO] [stdout] 
[INFO] [stdout] test result: ok. 224 passed; 0 failed; 0 ignored; 0 measured; 0 filtered out; finished in 0.03s
[INFO] [stdout] 
[INFO] [stderr]      Running tests/tests.rs (/opt/rustwide/target/debug/deps/tests-25e798891b547307)
[INFO] [stdout] 
[INFO] [stdout] running 17 tests
[INFO] [stdout] test serde::empty_strings::string::absent_de ... ok
[INFO] [stdout] test serde::empty_strings::string::none_se ... ok
[INFO] [stdout] test serde::empty_strings::string::empty_de ... ok
[INFO] [stdout] test serde::empty_strings::string::some_se ... ok
[INFO] [stdout] test serde::empty_strings::string::some_de ... ok
[INFO] [stdout] test serde::empty_strings::user::absent_de ... ok
[INFO] [stdout] test serde::empty_strings::user::empty_de ... ok
[INFO] [stdout] test serde::empty_strings::user::none_se ... ok
[INFO] [stdout] test serde::empty_strings::user::some_de ... ok
[INFO] [stdout] test serde::empty_strings::user::some_se ... ok
[INFO] [stdout] test serde::enum_derive::as_ref_str ... ok
[INFO] [stdout] test serde::enum_derive::debug ... ok
[INFO] [stdout] test serde::enum_derive::deserialize ... ok
[INFO] [stdout] test serde::enum_derive::display ... ok
[INFO] [stdout] test serde::enum_derive::from_string ... ok
[INFO] [stdout] test serde::enum_derive::serialize ... ok
[INFO] [stderr]    Compiling proc-macro2 v1.0.75
[INFO] [stderr]    Compiling unicode-ident v1.0.12
[INFO] [stderr]    Compiling serde v1.0.194
[INFO] [stderr]    Compiling thiserror v1.0.56
[INFO] [stderr]    Compiling equivalent v1.0.1
[INFO] [stderr]    Compiling hashbrown v0.14.3
[INFO] [stderr]    Compiling winnow v0.5.32
[INFO] [stderr]    Compiling tinyvec_macros v0.1.1
[INFO] [stderr]    Compiling memchr v2.7.1
[INFO] [stderr]    Compiling percent-encoding v2.3.1
[INFO] [stderr]    Compiling once_cell v1.19.0
[INFO] [stderr]    Compiling itoa v1.0.10
[INFO] [stderr]    Compiling regex-syntax v0.8.2
[INFO] [stderr]    Compiling ryu v1.0.16
[INFO] [stderr]    Compiling tinyvec v1.6.0
[INFO] [stderr]    Compiling unicode-bidi v0.3.14
[INFO] [stderr]    Compiling serde_json v1.0.111
[INFO] [stderr]    Compiling form_urlencoded v1.2.1
[INFO] [stderr]    Compiling js_int v0.2.2
[INFO] [stderr]    Compiling tracing-core v0.1.32
[INFO] [stderr]    Compiling ruma-common v0.12.1 (/opt/rustwide/workdir)
[INFO] [stderr]    Compiling pin-project-lite v0.2.13
[INFO] [stderr]    Compiling bytes v1.5.0
[INFO] [stderr]    Compiling as_variant v1.2.0
[INFO] [stderr]    Compiling base64 v0.21.5
[INFO] [stderr]    Compiling wildmatch v2.3.0
[INFO] [stderr]    Compiling assert_matches2 v0.1.2
[INFO] [stderr]    Compiling assign v1.1.1
[INFO] [stderr]    Compiling maplit v1.0.2
[INFO] [stderr] warning: ruma-common@0.12.1: cargo:rustc-check-cfg requires -Zcheck-cfg flag
[INFO] [stderr]    Compiling indexmap v2.1.0
[INFO] [stderr]    Compiling aho-corasick v1.1.2
[INFO] [stderr]    Compiling unicode-normalization v0.1.22
[INFO] [stderr]    Compiling quote v1.0.35
[INFO] [stderr]    Compiling syn v2.0.48
[INFO] [stderr]    Compiling idna v0.5.0
[INFO] [stderr]    Compiling url v2.5.0
[INFO] [stderr]    Compiling regex-automata v0.4.3
[INFO] [stderr]    Compiling regex v1.10.2
[INFO] [stderr]    Compiling serde_derive v1.0.194
[INFO] [stderr]    Compiling thiserror-impl v1.0.56
[INFO] [stderr]    Compiling tracing-attributes v0.1.27
[INFO] [stderr]    Compiling ruma-identifiers-validation v0.9.3
[INFO] [stderr]    Compiling tracing v0.1.40
[INFO] [stderr]    Compiling toml_datetime v0.6.3
[INFO] [stderr]    Compiling serde_spanned v0.6.5
[INFO] [stderr]    Compiling toml_edit v0.20.2
[INFO] [stderr]    Compiling serde_html_form v0.2.3
[INFO] [stderr]    Compiling proc-macro-crate v2.0.1
[INFO] [stderr]    Compiling toml v0.8.2
[INFO] [stderr]    Compiling ruma-macros v0.12.0
[INFO] [stderr]    Compiling ruma-common-tests v0.0.0 (/opt/rustwide/target/tests/trybuild/ruma-common)
[INFO] [stderr]     Finished dev [unoptimized + debuginfo] target(s) in 17.39s
[INFO] [stderr] 
[INFO] [stderr] 
[INFO] [stderr] test tests/identifiers/ui/01-valid-id-macros.rs [should pass] ... ok
[INFO] [stderr] test tests/identifiers/ui/02-invalid-id-macros.rs [should fail to compile] ... ok
[INFO] [stderr] test tests/identifiers/ui/03-invalid-new-id-macros.rs [should fail to compile] ... mismatch
[INFO] [stderr] 
[INFO] [stderr] EXPECTED:
[INFO] [stderr] ┈┈┈┈┈┈┈┈┈┈┈┈┈┈┈┈┈┈┈┈┈┈┈┈┈┈┈┈┈┈┈┈┈┈┈┈┈┈┈┈┈┈┈┈┈┈┈┈┈┈┈┈┈┈┈┈┈┈┈┈
[INFO] [stderr] error[E0080]: evaluation of constant value failed
[INFO] [stderr]  --> tests/identifiers/ui/03-invalid-new-id-macros.rs:2:13
[INFO] [stderr]   |
[INFO] [stderr] 2 |     let _ = ruma_common::session_id!("invalid~");
[INFO] [stderr]   |             ^^^^^^^^^^^^^^^^^^^^^^^^^^^^^^^^^^^^ the evaluated program panicked at 'Invalid Session ID: contains invalid characters', $DIR/tests/identifiers/ui/03-invalid-new-id-macros.rs:2:13
[INFO] [stderr]   |
[INFO] [stderr]   = note: this error originates in the macro `$crate::panic::panic_2021` which comes from the expansion of the macro `ruma_common::session_id` (in Nightly builds, run with -Z macro-backtrace for more info)
[INFO] [stderr] 
[INFO] [stderr] note: erroneous constant used
[INFO] [stderr]  --> tests/identifiers/ui/03-invalid-new-id-macros.rs:2:13
[INFO] [stderr]   |
[INFO] [stderr] 2 |     let _ = ruma_common::session_id!("invalid~");
[INFO] [stderr]   |             ^^^^^^^^^^^^^^^^^^^^^^^^^^^^^^^^^^^^
[INFO] [stderr]   |
[INFO] [stderr]   = note: this note originates in the macro `ruma_common::session_id` (in Nightly builds, run with -Z macro-backtrace for more info)
[INFO] [stderr] ┈┈┈┈┈┈┈┈┈┈┈┈┈┈┈┈┈┈┈┈┈┈┈┈┈┈┈┈┈┈┈┈┈┈┈┈┈┈┈┈┈┈┈┈┈┈┈┈┈┈┈┈┈┈┈┈┈┈┈┈
[INFO] [stderr] 
[INFO] [stderr] ACTUAL OUTPUT:
[INFO] [stderr] ┈┈┈┈┈┈┈┈┈┈┈┈┈┈┈┈┈┈┈┈┈┈┈┈┈┈┈┈┈┈┈┈┈┈┈┈┈┈┈┈┈┈┈┈┈┈┈┈┈┈┈┈┈┈┈┈┈┈┈┈
[INFO] [stderr] error[E0080]: evaluation of constant value failed
[INFO] [stderr]  --> tests/identifiers/ui/03-invalid-new-id-macros.rs:2:13
[INFO] [stderr]   |
[INFO] [stderr] 2 |     let _ = ruma_common::session_id!("invalid~");
[INFO] [stderr]   |             ^^^^^^^^^^^^^^^^^^^^^^^^^^^^^^^^^^^^ the evaluated program panicked at 'Invalid Session ID: contains invalid characters', $DIR/tests/identifiers/ui/03-invalid-new-id-macros.rs:2:13
[INFO] [stderr]   |
[INFO] [stderr]   = note: this error originates in the macro `$crate::panic::panic_2021` which comes from the expansion of the macro `ruma_common::session_id` (in Nightly builds, run with -Z macro-backtrace for more info)
[INFO] [stderr] 
[INFO] [stderr] note: erroneous constant encountered
[INFO] [stderr]  --> tests/identifiers/ui/03-invalid-new-id-macros.rs:2:13
[INFO] [stderr]   |
[INFO] [stderr] 2 |     let _ = ruma_common::session_id!("invalid~");
[INFO] [stderr]   |             ^^^^^^^^^^^^^^^^^^^^^^^^^^^^^^^^^^^^
[INFO] [stderr]   |
[INFO] [stderr]   = note: this note originates in the macro `ruma_common::session_id` (in Nightly builds, run with -Z macro-backtrace for more info)
[INFO] [stderr] ┈┈┈┈┈┈┈┈┈┈┈┈┈┈┈┈┈┈┈┈┈┈┈┈┈┈┈┈┈┈┈┈┈┈┈┈┈┈┈┈┈┈┈┈┈┈┈┈┈┈┈┈┈┈┈┈┈┈┈┈
[INFO] [stderr] note: If the actual output is the correct output you can bless it by rerunning
[INFO] [stderr]       your test with the environment variable TRYBUILD=overwrite
[INFO] [stderr] 
[INFO] [stderr] 
[INFO] [stderr] 
[INFO] [stdout] test identifiers::id_macros::ui ... FAILED
[INFO] [stdout] 
[INFO] [stdout] failures:
[INFO] [stdout] 
[INFO] [stdout] ---- identifiers::id_macros::ui stdout ----
[INFO] [stdout] thread 'identifiers::id_macros::ui' panicked at /opt/rustwide/cargo-home/registry/src/index.crates.io-6f17d22bba15001f/trybuild-1.0.87/src/run.rs:101:13:
[INFO] [stdout] 1 of 3 tests failed
[INFO] [stdout] stack backtrace:
[INFO] [stdout]    0:     0x55798bdcc1f6 - std::backtrace_rs::backtrace::libunwind::trace::h261606ad26a499c1
[INFO] [stdout]                                at /rustc/0e09125c6c3c2fd70d7de961bcf0e51575235fad/library/std/src/../../backtrace/src/backtrace/libunwind.rs:104:5
[INFO] [stdout]    1:     0x55798bdcc1f6 - std::backtrace_rs::backtrace::trace_unsynchronized::hd183f0625477fb28
[INFO] [stdout]                                at /rustc/0e09125c6c3c2fd70d7de961bcf0e51575235fad/library/std/src/../../backtrace/src/backtrace/mod.rs:66:5
[INFO] [stdout]    2:     0x55798bdcc1f6 - std::sys_common::backtrace::_print_fmt::hd7f8fef21b4eda67
[INFO] [stdout]                                at /rustc/0e09125c6c3c2fd70d7de961bcf0e51575235fad/library/std/src/sys_common/backtrace.rs:68:5
[INFO] [stdout]    3:     0x55798bdcc1f6 - <std::sys_common::backtrace::_print::DisplayBacktrace as core::fmt::Display>::fmt::h623d9b51f2f453f1
[INFO] [stdout]                                at /rustc/0e09125c6c3c2fd70d7de961bcf0e51575235fad/library/std/src/sys_common/backtrace.rs:44:22
[INFO] [stdout]    4:     0x55798bdf8af0 - core::fmt::rt::Argument::fmt::h9f417ac76a86f368
[INFO] [stdout]                                at /rustc/0e09125c6c3c2fd70d7de961bcf0e51575235fad/library/core/src/fmt/rt.rs:142:9
[INFO] [stdout]    5:     0x55798bdf8af0 - core::fmt::write::hc9b6faf4ac2aeff7
[INFO] [stdout]                                at /rustc/0e09125c6c3c2fd70d7de961bcf0e51575235fad/library/core/src/fmt/mod.rs:1120:17
[INFO] [stdout]    6:     0x55798bdc91ef - std::io::Write::write_fmt::he04625a3a989fec3
[INFO] [stdout]                                at /rustc/0e09125c6c3c2fd70d7de961bcf0e51575235fad/library/std/src/io/mod.rs:1810:15
[INFO] [stdout]    7:     0x55798bdcbfd4 - std::sys_common::backtrace::_print::hd5d66399c7df88a2
[INFO] [stdout]                                at /rustc/0e09125c6c3c2fd70d7de961bcf0e51575235fad/library/std/src/sys_common/backtrace.rs:47:5
[INFO] [stdout]    8:     0x55798bdcbfd4 - std::sys_common::backtrace::print::he81ed2da642d37e5
[INFO] [stdout]                                at /rustc/0e09125c6c3c2fd70d7de961bcf0e51575235fad/library/std/src/sys_common/backtrace.rs:34:9
[INFO] [stdout]    9:     0x55798bdcdd47 - std::panicking::default_hook::{{closure}}::h85773f4fa117163d
[INFO] [stdout]   10:     0x55798bdcda2d - std::panicking::default_hook::h6a1694a91d09b278
[INFO] [stdout]                                at /rustc/0e09125c6c3c2fd70d7de961bcf0e51575235fad/library/std/src/panicking.rs:289:9
[INFO] [stdout]   11:     0x55798bd69ca7 - <alloc::boxed::Box<F,A> as core::ops::function::Fn<Args>>::call::h616ac37fa3cd6c8f
[INFO] [stdout]                                at /rustc/0e09125c6c3c2fd70d7de961bcf0e51575235fad/library/alloc/src/boxed.rs:2029:9
[INFO] [stdout]   12:     0x55798bd69ca7 - test::test_main::{{closure}}::h00d84697cefdcbb6
[INFO] [stdout]                                at /rustc/0e09125c6c3c2fd70d7de961bcf0e51575235fad/library/test/src/lib.rs:138:21
[INFO] [stdout]   13:     0x55798bdce366 - <alloc::boxed::Box<F,A> as core::ops::function::Fn<Args>>::call::hcb3fe3b9bb537ba8
[INFO] [stdout]                                at /rustc/0e09125c6c3c2fd70d7de961bcf0e51575235fad/library/alloc/src/boxed.rs:2029:9
[INFO] [stdout]   14:     0x55798bdce366 - std::panicking::rust_panic_with_hook::h0a7ad96e90f7145b
[INFO] [stdout]                                at /rustc/0e09125c6c3c2fd70d7de961bcf0e51575235fad/library/std/src/panicking.rs:783:13
[INFO] [stdout]   15:     0x55798bdce0b2 - std::panicking::begin_panic_handler::{{closure}}::h7919090525c6485e
[INFO] [stdout]                                at /rustc/0e09125c6c3c2fd70d7de961bcf0e51575235fad/library/std/src/panicking.rs:657:13
[INFO] [stdout]   16:     0x55798bdcc6f6 - std::sys_common::backtrace::__rust_end_short_backtrace::hf3289479464f7dfe
[INFO] [stdout]                                at /rustc/0e09125c6c3c2fd70d7de961bcf0e51575235fad/library/std/src/sys_common/backtrace.rs:171:18
[INFO] [stdout]   17:     0x55798bdcde10 - rust_begin_unwind
[INFO] [stdout]                                at /rustc/0e09125c6c3c2fd70d7de961bcf0e51575235fad/library/std/src/panicking.rs:645:5
[INFO] [stdout]   18:     0x55798bb58fc5 - core::panicking::panic_fmt::hcc9f77c5c132af55
[INFO] [stdout]                                at /rustc/0e09125c6c3c2fd70d7de961bcf0e51575235fad/library/core/src/panicking.rs:72:14
[INFO] [stdout]   19:     0x55798bb97731 - trybuild::run::<impl trybuild::Runner>::run::h405d676136bce4ad
[INFO] [stdout]                                at /opt/rustwide/cargo-home/registry/src/index.crates.io-6f17d22bba15001f/trybuild-1.0.87/src/run.rs:101:13
[INFO] [stdout]   20:     0x55798bb9d398 - <trybuild::TestCases as core::ops::drop::Drop>::drop::h72cc85920c297e8d
[INFO] [stdout]                                at /opt/rustwide/cargo-home/registry/src/index.crates.io-6f17d22bba15001f/trybuild-1.0.87/src/lib.rs:317:13
[INFO] [stdout]   21:     0x55798bb66db7 - core::ptr::drop_in_place<trybuild::TestCases>::hede4fc99ae99fb5b
[INFO] [stdout]                                at /rustc/0e09125c6c3c2fd70d7de961bcf0e51575235fad/library/core/src/ptr/mod.rs:507:1
[INFO] [stdout]   22:     0x55798bb69c13 - tests::identifiers::id_macros::ui::hd7c0b02d5802b012
[INFO] [stdout]                                at /opt/rustwide/workdir/tests/identifiers/id_macros.rs:7:1
[INFO] [stdout]   23:     0x55798bb69b77 - tests::identifiers::id_macros::ui::{{closure}}::h226210d86acfd5c6
[INFO] [stdout]                                at /opt/rustwide/workdir/tests/identifiers/id_macros.rs:2:8
[INFO] [stdout]   24:     0x55798bb66cb6 - core::ops::function::FnOnce::call_once::he55df818bdc9d907
[INFO] [stdout]                                at /rustc/0e09125c6c3c2fd70d7de961bcf0e51575235fad/library/core/src/ops/function.rs:250:5
[INFO] [stdout]   25:     0x55798bd6f57f - core::ops::function::FnOnce::call_once::hd64d26f405258157
[INFO] [stdout]                                at /rustc/0e09125c6c3c2fd70d7de961bcf0e51575235fad/library/core/src/ops/function.rs:250:5
[INFO] [stdout]   26:     0x55798bd6f57f - test::__rust_begin_short_backtrace::he21b0b7a6d731bf9
[INFO] [stdout]                                at /rustc/0e09125c6c3c2fd70d7de961bcf0e51575235fad/library/test/src/lib.rs:627:18
[INFO] [stdout]   27:     0x55798bd6e301 - test::run_test_in_process::{{closure}}::hf5c73986d7bdfde2
[INFO] [stdout]                                at /rustc/0e09125c6c3c2fd70d7de961bcf0e51575235fad/library/test/src/lib.rs:650:60
[INFO] [stdout]   28:     0x55798bd6e301 - <core::panic::unwind_safe::AssertUnwindSafe<F> as core::ops::function::FnOnce<()>>::call_once::h330011ad032aadc0
[INFO] [stdout]                                at /rustc/0e09125c6c3c2fd70d7de961bcf0e51575235fad/library/core/src/panic/unwind_safe.rs:272:9
[INFO] [stdout]   29:     0x55798bd6e301 - std::panicking::try::do_call::he61b0a958b795a41
[INFO] [stdout]                                at /rustc/0e09125c6c3c2fd70d7de961bcf0e51575235fad/library/std/src/panicking.rs:552:40
[INFO] [stdout]   30:     0x55798bd6e301 - std::panicking::try::h7309da130f906eb7
[INFO] [stdout]                                at /rustc/0e09125c6c3c2fd70d7de961bcf0e51575235fad/library/std/src/panicking.rs:516:19
[INFO] [stdout]   31:     0x55798bd6e301 - std::panic::catch_unwind::hc5c3a06fdaf0a92a
[INFO] [stdout]                                at /rustc/0e09125c6c3c2fd70d7de961bcf0e51575235fad/library/std/src/panic.rs:142:14
[INFO] [stdout]   32:     0x55798bd6e301 - test::run_test_in_process::h7e7b7c71c3324e0f
[INFO] [stdout]                                at /rustc/0e09125c6c3c2fd70d7de961bcf0e51575235fad/library/test/src/lib.rs:650:27
[INFO] [stdout]   33:     0x55798bd6e301 - test::run_test::{{closure}}::h1f509f28f5cf20b1
[INFO] [stdout]                                at /rustc/0e09125c6c3c2fd70d7de961bcf0e51575235fad/library/test/src/lib.rs:573:43
[INFO] [stdout]   34:     0x55798bd35636 - test::run_test::{{closure}}::h1754218abf443f6d
[INFO] [stdout]                                at /rustc/0e09125c6c3c2fd70d7de961bcf0e51575235fad/library/test/src/lib.rs:601:41
[INFO] [stdout]   35:     0x55798bd35636 - std::sys_common::backtrace::__rust_begin_short_backtrace::h2ee174b9d5954948
[INFO] [stdout]                                at /rustc/0e09125c6c3c2fd70d7de961bcf0e51575235fad/library/std/src/sys_common/backtrace.rs:155:18
[INFO] [stdout]   36:     0x55798bd3a697 - std::thread::Builder::spawn_unchecked_::{{closure}}::{{closure}}::hf60bee9c1a17ef09
[INFO] [stdout]                                at /rustc/0e09125c6c3c2fd70d7de961bcf0e51575235fad/library/std/src/thread/mod.rs:529:17
[INFO] [stdout]   37:     0x55798bd3a697 - <core::panic::unwind_safe::AssertUnwindSafe<F> as core::ops::function::FnOnce<()>>::call_once::h33d0dddec5216160
[INFO] [stdout]                                at /rustc/0e09125c6c3c2fd70d7de961bcf0e51575235fad/library/core/src/panic/unwind_safe.rs:272:9
[INFO] [stdout]   38:     0x55798bd3a697 - std::panicking::try::do_call::h144b3048b546f835
[INFO] [stdout]                                at /rustc/0e09125c6c3c2fd70d7de961bcf0e51575235fad/library/std/src/panicking.rs:552:40
[INFO] [stdout]   39:     0x55798bd3a697 - std::panicking::try::h978244d04646189f
[INFO] [stdout]                                at /rustc/0e09125c6c3c2fd70d7de961bcf0e51575235fad/library/std/src/panicking.rs:516:19
[INFO] [stdout]   40:     0x55798bd3a697 - std::panic::catch_unwind::hdf436369d188fe86
[INFO] [stdout]                                at /rustc/0e09125c6c3c2fd70d7de961bcf0e51575235fad/library/std/src/panic.rs:142:14
[INFO] [stdout]   41:     0x55798bd3a697 - std::thread::Builder::spawn_unchecked_::{{closure}}::h87329cbdd33c79ec
[INFO] [stdout]                                at /rustc/0e09125c6c3c2fd70d7de961bcf0e51575235fad/library/std/src/thread/mod.rs:528:30
[INFO] [stdout]   42:     0x55798bd3a697 - core::ops::function::FnOnce::call_once{{vtable.shim}}::h401abbe67897d450
[INFO] [stdout]                                at /rustc/0e09125c6c3c2fd70d7de961bcf0e51575235fad/library/core/src/ops/function.rs:250:5
[INFO] [stdout]   43:     0x55798bdd3f95 - <alloc::boxed::Box<F,A> as core::ops::function::FnOnce<Args>>::call_once::h5d7c8f150ab9c84c
[INFO] [stdout]                                at /rustc/0e09125c6c3c2fd70d7de961bcf0e51575235fad/library/alloc/src/boxed.rs:2015:9
[INFO] [stdout]   44:     0x55798bdd3f95 - <alloc::boxed::Box<F,A> as core::ops::function::FnOnce<Args>>::call_once::h570d5b005c242c15
[INFO] [stdout]                                at /rustc/0e09125c6c3c2fd70d7de961bcf0e51575235fad/library/alloc/src/boxed.rs:2015:9
[INFO] [stdout]   45:     0x55798bdd3f95 - std::sys::unix::thread::Thread::new::thread_start::h36b0a20c0b2361ad
[INFO] [stdout]                                at /rustc/0e09125c6c3c2fd70d7de961bcf0e51575235fad/library/std/src/sys/unix/thread.rs:108:17
[INFO] [stdout]   46:     0x7f7f4a928ac3 - <unknown>
[INFO] [stdout]   47:     0x7f7f4a9b9bf4 - __clone
[INFO] [stdout]   48:                0x0 - <unknown>
[INFO] [stdout] 
[INFO] [stdout] 
[INFO] [stdout] failures:
[INFO] [stdout]     identifiers::id_macros::ui
[INFO] [stdout] 
[INFO] [stdout] test result: FAILED. 16 passed; 1 failed; 0 ignored; 0 measured; 0 filtered out; finished in 18.82s
[INFO] [stdout] 
[INFO] [stderr] error: test failed, to rerun pass `--test tests`
[INFO] running `Command { std: "docker" "inspect" "cba9a72ebd4f684d94f8771cab65a4b066acdf90d34c3a3dddd408c3c08b9a7f", kill_on_drop: false }`
[INFO] running `Command { std: "docker" "rm" "-f" "cba9a72ebd4f684d94f8771cab65a4b066acdf90d34c3a3dddd408c3c08b9a7f", kill_on_drop: false }`
[INFO] [stdout] cba9a72ebd4f684d94f8771cab65a4b066acdf90d34c3a3dddd408c3c08b9a7f
