[INFO] fetching crate rulox 0.9.0...
[INFO] testing rulox-0.9.0 against 1.75.0 for beta-1.76-1
[INFO] extracting crate rulox 0.9.0 into /workspace/builds/worker-6-tc1/source
[INFO] validating manifest of crates.io crate rulox 0.9.0 on toolchain 1.75.0
[INFO] running `Command { std: CARGO_HOME="/workspace/cargo-home" RUSTUP_HOME="/workspace/rustup-home" "/workspace/cargo-home/bin/cargo" "+1.75.0" "metadata" "--manifest-path" "Cargo.toml" "--no-deps", kill_on_drop: false }`
[INFO] started tweaking crates.io crate rulox 0.9.0
[INFO] finished tweaking crates.io crate rulox 0.9.0
[INFO] tweaked toml for crates.io crate rulox 0.9.0 written to /workspace/builds/worker-6-tc1/source/Cargo.toml
[INFO] running `Command { std: CARGO_HOME="/workspace/cargo-home" RUSTUP_HOME="/workspace/rustup-home" "/workspace/cargo-home/bin/cargo" "+1.75.0" "generate-lockfile" "--manifest-path" "Cargo.toml", kill_on_drop: false }`
[INFO] [stderr]     Updating crates.io index
[INFO] running `Command { std: CARGO_HOME="/workspace/cargo-home" RUSTUP_HOME="/workspace/rustup-home" "/workspace/cargo-home/bin/cargo" "+1.75.0" "fetch" "--manifest-path" "Cargo.toml", kill_on_drop: false }`
[INFO] [stderr]  Downloading crates ...
[INFO] [stderr]   Downloaded rulox_macro v0.9.0
[INFO] [stderr]   Downloaded rulox_types v0.6.0
[INFO] running `Command { std: "docker" "create" "-v" "/var/lib/crater-agent-workspace/builds/worker-6-tc1/target:/opt/rustwide/target:rw,Z" "-v" "/var/lib/crater-agent-workspace/builds/worker-6-tc1/source:/opt/rustwide/workdir:ro,Z" "-v" "/var/lib/crater-agent-workspace/cargo-home:/opt/rustwide/cargo-home:ro,Z" "-v" "/var/lib/crater-agent-workspace/rustup-home:/opt/rustwide/rustup-home:ro,Z" "-e" "SOURCE_DIR=/opt/rustwide/workdir" "-e" "CARGO_TARGET_DIR=/opt/rustwide/target" "-e" "CARGO_HOME=/opt/rustwide/cargo-home" "-e" "RUSTUP_HOME=/opt/rustwide/rustup-home" "-w" "/opt/rustwide/workdir" "-m" "1610612736" "--user" "0:0" "--network" "none" "ghcr.io/rust-lang/crates-build-env/linux@sha256:2788e3201cd34a07e3172128adcd8b3090168a8e3bcc40d7c032b9dda1df7d1c" "/opt/rustwide/cargo-home/bin/cargo" "+1.75.0" "metadata" "--no-deps" "--format-version=1", kill_on_drop: false }`
[INFO] [stdout] 91599db39bb4adb1df3be62bbb809dde76051413fef881e50feb3a53a844266f
[INFO] running `Command { std: "docker" "start" "-a" "91599db39bb4adb1df3be62bbb809dde76051413fef881e50feb3a53a844266f", kill_on_drop: false }`
[INFO] running `Command { std: "docker" "inspect" "91599db39bb4adb1df3be62bbb809dde76051413fef881e50feb3a53a844266f", kill_on_drop: false }`
[INFO] running `Command { std: "docker" "rm" "-f" "91599db39bb4adb1df3be62bbb809dde76051413fef881e50feb3a53a844266f", kill_on_drop: false }`
[INFO] [stdout] 91599db39bb4adb1df3be62bbb809dde76051413fef881e50feb3a53a844266f
[INFO] running `Command { std: "docker" "create" "-v" "/var/lib/crater-agent-workspace/builds/worker-6-tc1/target:/opt/rustwide/target:rw,Z" "-v" "/var/lib/crater-agent-workspace/builds/worker-6-tc1/source:/opt/rustwide/workdir:ro,Z" "-v" "/var/lib/crater-agent-workspace/cargo-home:/opt/rustwide/cargo-home:ro,Z" "-v" "/var/lib/crater-agent-workspace/rustup-home:/opt/rustwide/rustup-home:ro,Z" "-e" "SOURCE_DIR=/opt/rustwide/workdir" "-e" "CARGO_TARGET_DIR=/opt/rustwide/target" "-e" "CARGO_INCREMENTAL=0" "-e" "RUST_BACKTRACE=full" "-e" "RUSTFLAGS=--cap-lints=warn" "-e" "RUSTDOCFLAGS=--cap-lints=warn" "-e" "CARGO_HOME=/opt/rustwide/cargo-home" "-e" "RUSTUP_HOME=/opt/rustwide/rustup-home" "-w" "/opt/rustwide/workdir" "-m" "1610612736" "--user" "0:0" "--network" "none" "ghcr.io/rust-lang/crates-build-env/linux@sha256:2788e3201cd34a07e3172128adcd8b3090168a8e3bcc40d7c032b9dda1df7d1c" "/opt/rustwide/cargo-home/bin/cargo" "+1.75.0" "build" "--frozen" "--message-format=json", kill_on_drop: false }`
[INFO] [stdout] b5f25bf24db03c73f5eb609e847f1f3da503dd9a8fd32093df2da5eaf4c6844b
[INFO] running `Command { std: "docker" "start" "-a" "b5f25bf24db03c73f5eb609e847f1f3da503dd9a8fd32093df2da5eaf4c6844b", kill_on_drop: false }`
[INFO] [stderr]    Compiling proc-macro2 v1.0.75
[INFO] [stderr]    Compiling rustversion v1.0.14
[INFO] [stderr]    Compiling unicode-ident v1.0.12
[INFO] [stderr]    Compiling bytes v1.5.0
[INFO] [stderr]    Compiling fastrand v2.0.1
[INFO] [stderr]    Compiling quote v1.0.35
[INFO] [stderr]    Compiling syn v2.0.48
[INFO] [stderr]    Compiling castaway v0.2.2
[INFO] [stderr]    Compiling rulox_types v0.6.0
[INFO] [stderr]    Compiling rulox_macro v0.9.0
[INFO] [stderr]    Compiling rulox v0.9.0 (/opt/rustwide/workdir)
[INFO] [stderr]     Finished dev [unoptimized + debuginfo] target(s) in 2.71s
[INFO] running `Command { std: "docker" "inspect" "b5f25bf24db03c73f5eb609e847f1f3da503dd9a8fd32093df2da5eaf4c6844b", kill_on_drop: false }`
[INFO] running `Command { std: "docker" "rm" "-f" "b5f25bf24db03c73f5eb609e847f1f3da503dd9a8fd32093df2da5eaf4c6844b", kill_on_drop: false }`
[INFO] [stdout] b5f25bf24db03c73f5eb609e847f1f3da503dd9a8fd32093df2da5eaf4c6844b
[INFO] running `Command { std: "docker" "create" "-v" "/var/lib/crater-agent-workspace/builds/worker-6-tc1/target:/opt/rustwide/target:rw,Z" "-v" "/var/lib/crater-agent-workspace/builds/worker-6-tc1/source:/opt/rustwide/workdir:ro,Z" "-v" "/var/lib/crater-agent-workspace/cargo-home:/opt/rustwide/cargo-home:ro,Z" "-v" "/var/lib/crater-agent-workspace/rustup-home:/opt/rustwide/rustup-home:ro,Z" "-e" "SOURCE_DIR=/opt/rustwide/workdir" "-e" "CARGO_TARGET_DIR=/opt/rustwide/target" "-e" "CARGO_INCREMENTAL=0" "-e" "RUST_BACKTRACE=full" "-e" "RUSTFLAGS=--cap-lints=warn" "-e" "RUSTDOCFLAGS=--cap-lints=warn" "-e" "CARGO_HOME=/opt/rustwide/cargo-home" "-e" "RUSTUP_HOME=/opt/rustwide/rustup-home" "-w" "/opt/rustwide/workdir" "-m" "1610612736" "--user" "0:0" "--network" "none" "ghcr.io/rust-lang/crates-build-env/linux@sha256:2788e3201cd34a07e3172128adcd8b3090168a8e3bcc40d7c032b9dda1df7d1c" "/opt/rustwide/cargo-home/bin/cargo" "+1.75.0" "test" "--frozen" "--no-run" "--message-format=json", kill_on_drop: false }`
[INFO] [stdout] 07243db005e12ce5512533d7c667a2ef725392f2b829b0c07976857a2d80cbac
[INFO] running `Command { std: "docker" "start" "-a" "07243db005e12ce5512533d7c667a2ef725392f2b829b0c07976857a2d80cbac", kill_on_drop: false }`
[INFO] [stderr]    Compiling rulox v0.9.0 (/opt/rustwide/workdir)
[INFO] [stderr]     Finished test [unoptimized + debuginfo] target(s) in 0.16s
[INFO] running `Command { std: "docker" "inspect" "07243db005e12ce5512533d7c667a2ef725392f2b829b0c07976857a2d80cbac", kill_on_drop: false }`
[INFO] running `Command { std: "docker" "rm" "-f" "07243db005e12ce5512533d7c667a2ef725392f2b829b0c07976857a2d80cbac", kill_on_drop: false }`
[INFO] [stdout] 07243db005e12ce5512533d7c667a2ef725392f2b829b0c07976857a2d80cbac
[INFO] running `Command { std: "docker" "create" "-v" "/var/lib/crater-agent-workspace/builds/worker-6-tc1/target:/opt/rustwide/target:rw,Z" "-v" "/var/lib/crater-agent-workspace/builds/worker-6-tc1/source:/opt/rustwide/workdir:ro,Z" "-v" "/var/lib/crater-agent-workspace/cargo-home:/opt/rustwide/cargo-home:ro,Z" "-v" "/var/lib/crater-agent-workspace/rustup-home:/opt/rustwide/rustup-home:ro,Z" "-e" "SOURCE_DIR=/opt/rustwide/workdir" "-e" "CARGO_TARGET_DIR=/opt/rustwide/target" "-e" "CARGO_INCREMENTAL=0" "-e" "RUST_BACKTRACE=full" "-e" "RUSTFLAGS=--cap-lints=warn" "-e" "RUSTDOCFLAGS=--cap-lints=warn" "-e" "CARGO_HOME=/opt/rustwide/cargo-home" "-e" "RUSTUP_HOME=/opt/rustwide/rustup-home" "-w" "/opt/rustwide/workdir" "-m" "1610612736" "--user" "0:0" "--network" "none" "ghcr.io/rust-lang/crates-build-env/linux@sha256:2788e3201cd34a07e3172128adcd8b3090168a8e3bcc40d7c032b9dda1df7d1c" "/opt/rustwide/cargo-home/bin/cargo" "+1.75.0" "test" "--frozen", kill_on_drop: false }`
[INFO] [stdout] 3dcbada87d5d3d2725a213865e7961ff51e117eb7c9641a08b4382945cff830c
[INFO] running `Command { std: "docker" "start" "-a" "3dcbada87d5d3d2725a213865e7961ff51e117eb7c9641a08b4382945cff830c", kill_on_drop: false }`
[INFO] [stderr]     Finished test [unoptimized + debuginfo] target(s) in 0.01s
[INFO] [stderr]      Running unittests src/lib.rs (/opt/rustwide/target/debug/deps/rulox-636aa22b56d44ad2)
[INFO] [stdout] 
[INFO] [stdout] running 0 tests
[INFO] [stdout] 
[INFO] [stdout] test result: ok. 0 passed; 0 failed; 0 ignored; 0 measured; 0 filtered out; finished in 0.00s
[INFO] [stdout] 
[INFO] [stderr]    Doc-tests rulox
[INFO] [stdout] 
[INFO] [stdout] running 10 tests
[INFO] [stdout] test src/lib.rs - (line 146) ... FAILED
[INFO] [stdout] test src/lib.rs - (line 11) ... ok
[INFO] [stdout] test src/lib.rs - lox (line 176) ... ok
[INFO] [stdout] test src/lib.rs - (line 30) ... ok
[INFO] [stdout] test src/lib.rs - (line 62) ... ok
[INFO] [stdout] test src/lib.rs - (line 41) ... ok
[INFO] [stdout] test src/lib.rs - (line 77) ... ok
[INFO] [stdout] test src/lib.rs - lox_bindgen (line 200) ... ok
[INFO] [stdout] test src/lib.rs - (line 99) ... ok
[INFO] [stdout] test src/lib.rs - rust_bindgen (line 267) ... ok
[INFO] [stdout] 
[INFO] [stdout] failures:
[INFO] [stdout] 
[INFO] [stdout] ---- src/lib.rs - (line 146) stdout ----
[INFO] [stdout] error[E0308]: mismatched types
[INFO] [stdout]   --> src/lib.rs:151:1
[INFO] [stdout]    |
[INFO] [stdout] 6  |   fn main() -> Result<(), LoxError> {
[INFO] [stdout]    |                -------------------- expected `Result<(), LoxError>` because of return type
[INFO] [stdout] 7  | / lox! {
[INFO] [stdout] 8  | |     var except_ran = false;
[INFO] [stdout] 9  | |     var else_ran = false;
[INFO] [stdout] 10 | |     var finally_ran = false;
[INFO] [stdout] ...  |
[INFO] [stdout] 23 | |     }
[INFO] [stdout] 24 | | }
[INFO] [stdout]    | |_^ expected `Result<(), LoxError>`, found `Result<LoxValue, LoxError>`
[INFO] [stdout]    |
[INFO] [stdout]    = note: expected enum `Result<(), _>`
[INFO] [stdout]               found enum `Result<rulox::LoxValue, _>`
[INFO] [stdout]    = note: this error originates in the macro `lox` (in Nightly builds, run with -Z macro-backtrace for more info)
[INFO] [stdout] 
[INFO] [stdout] error: aborting due to previous error
[INFO] [stdout] 
[INFO] [stdout] For more information about this error, try `rustc --explain E0308`.
[INFO] [stdout] Couldn't compile the test.
[INFO] [stdout] 
[INFO] [stdout] failures:
[INFO] [stdout]     src/lib.rs - (line 146)
[INFO] [stdout] 
[INFO] [stdout] test result: FAILED. 9 passed; 1 failed; 0 ignored; 0 measured; 0 filtered out; finished in 0.66s
[INFO] [stdout] 
[INFO] [stderr] error: doctest failed, to rerun pass `--doc`
[INFO] running `Command { std: "docker" "inspect" "3dcbada87d5d3d2725a213865e7961ff51e117eb7c9641a08b4382945cff830c", kill_on_drop: false }`
[INFO] running `Command { std: "docker" "rm" "-f" "3dcbada87d5d3d2725a213865e7961ff51e117eb7c9641a08b4382945cff830c", kill_on_drop: false }`
[INFO] [stdout] 3dcbada87d5d3d2725a213865e7961ff51e117eb7c9641a08b4382945cff830c
