[INFO] fetching crate ruex 0.1.5...
[INFO] testing ruex-0.1.5 against 1.75.0 for beta-1.76-1
[INFO] extracting crate ruex 0.1.5 into /workspace/builds/worker-7-tc1/source
[INFO] validating manifest of crates.io crate ruex 0.1.5 on toolchain 1.75.0
[INFO] running `Command { std: CARGO_HOME="/workspace/cargo-home" RUSTUP_HOME="/workspace/rustup-home" "/workspace/cargo-home/bin/cargo" "+1.75.0" "metadata" "--manifest-path" "Cargo.toml" "--no-deps", kill_on_drop: false }`
[INFO] started tweaking crates.io crate ruex 0.1.5
[INFO] finished tweaking crates.io crate ruex 0.1.5
[INFO] tweaked toml for crates.io crate ruex 0.1.5 written to /workspace/builds/worker-7-tc1/source/Cargo.toml
[INFO] running `Command { std: CARGO_HOME="/workspace/cargo-home" RUSTUP_HOME="/workspace/rustup-home" "/workspace/cargo-home/bin/cargo" "+1.75.0" "generate-lockfile" "--manifest-path" "Cargo.toml", kill_on_drop: false }`
[INFO] [stderr]     Updating crates.io index
[INFO] running `Command { std: CARGO_HOME="/workspace/cargo-home" RUSTUP_HOME="/workspace/rustup-home" "/workspace/cargo-home/bin/cargo" "+1.75.0" "fetch" "--manifest-path" "Cargo.toml", kill_on_drop: false }`
[INFO] [stderr]  Downloading crates ...
[INFO] [stderr]   Downloaded syslog v6.1.0
[INFO] [stderr]   Downloaded ruex-macro v0.1.3
[INFO] [stderr]   Downloaded syn-serde v0.2.4
[INFO] [stderr]   Downloaded sysinfo v0.28.4
[INFO] [stderr]   Downloaded rust-companion v0.1.1
[INFO] running `Command { std: "docker" "create" "-v" "/var/lib/crater-agent-workspace/builds/worker-7-tc1/target:/opt/rustwide/target:rw,Z" "-v" "/var/lib/crater-agent-workspace/builds/worker-7-tc1/source:/opt/rustwide/workdir:ro,Z" "-v" "/var/lib/crater-agent-workspace/cargo-home:/opt/rustwide/cargo-home:ro,Z" "-v" "/var/lib/crater-agent-workspace/rustup-home:/opt/rustwide/rustup-home:ro,Z" "-e" "SOURCE_DIR=/opt/rustwide/workdir" "-e" "CARGO_TARGET_DIR=/opt/rustwide/target" "-e" "CARGO_HOME=/opt/rustwide/cargo-home" "-e" "RUSTUP_HOME=/opt/rustwide/rustup-home" "-w" "/opt/rustwide/workdir" "-m" "1610612736" "--user" "0:0" "--network" "none" "ghcr.io/rust-lang/crates-build-env/linux@sha256:2788e3201cd34a07e3172128adcd8b3090168a8e3bcc40d7c032b9dda1df7d1c" "/opt/rustwide/cargo-home/bin/cargo" "+1.75.0" "metadata" "--no-deps" "--format-version=1", kill_on_drop: false }`
[INFO] [stdout] f78240c1314062c12eb19162cab36d72a2ec0dcd96219a72562ee630db840d12
[INFO] running `Command { std: "docker" "start" "-a" "f78240c1314062c12eb19162cab36d72a2ec0dcd96219a72562ee630db840d12", kill_on_drop: false }`
[INFO] running `Command { std: "docker" "inspect" "f78240c1314062c12eb19162cab36d72a2ec0dcd96219a72562ee630db840d12", kill_on_drop: false }`
[INFO] running `Command { std: "docker" "rm" "-f" "f78240c1314062c12eb19162cab36d72a2ec0dcd96219a72562ee630db840d12", kill_on_drop: false }`
[INFO] [stdout] f78240c1314062c12eb19162cab36d72a2ec0dcd96219a72562ee630db840d12
[INFO] running `Command { std: "docker" "create" "-v" "/var/lib/crater-agent-workspace/builds/worker-7-tc1/target:/opt/rustwide/target:rw,Z" "-v" "/var/lib/crater-agent-workspace/builds/worker-7-tc1/source:/opt/rustwide/workdir:ro,Z" "-v" "/var/lib/crater-agent-workspace/cargo-home:/opt/rustwide/cargo-home:ro,Z" "-v" "/var/lib/crater-agent-workspace/rustup-home:/opt/rustwide/rustup-home:ro,Z" "-e" "SOURCE_DIR=/opt/rustwide/workdir" "-e" "CARGO_TARGET_DIR=/opt/rustwide/target" "-e" "CARGO_INCREMENTAL=0" "-e" "RUST_BACKTRACE=full" "-e" "RUSTFLAGS=--cap-lints=warn" "-e" "RUSTDOCFLAGS=--cap-lints=warn" "-e" "CARGO_HOME=/opt/rustwide/cargo-home" "-e" "RUSTUP_HOME=/opt/rustwide/rustup-home" "-w" "/opt/rustwide/workdir" "-m" "1610612736" "--user" "0:0" "--network" "none" "ghcr.io/rust-lang/crates-build-env/linux@sha256:2788e3201cd34a07e3172128adcd8b3090168a8e3bcc40d7c032b9dda1df7d1c" "/opt/rustwide/cargo-home/bin/cargo" "+1.75.0" "build" "--frozen" "--message-format=json", kill_on_drop: false }`
[INFO] [stdout] 15791b0f966b362564858459a08ebb32ea285a38d93c53e5fb63cb63b49558fc
[INFO] running `Command { std: "docker" "start" "-a" "15791b0f966b362564858459a08ebb32ea285a38d93c53e5fb63cb63b49558fc", kill_on_drop: false }`
[INFO] [stderr]    Compiling proc-macro2 v1.0.75
[INFO] [stderr]    Compiling libc v0.2.151
[INFO] [stderr]    Compiling crossbeam-utils v0.8.18
[INFO] [stderr]    Compiling serde v1.0.194
[INFO] [stderr]    Compiling pin-utils v0.1.0
[INFO] [stderr]    Compiling syn v1.0.109
[INFO] [stderr]    Compiling either v1.9.0
[INFO] [stderr]    Compiling memchr v2.7.1
[INFO] [stderr]    Compiling itoa v1.0.10
[INFO] [stderr]    Compiling once_cell v1.19.0
[INFO] [stderr]    Compiling memoffset v0.7.1
[INFO] [stderr]    Compiling slab v0.4.9
[INFO] [stderr]    Compiling rustix v0.38.28
[INFO] [stderr]    Compiling num-traits v0.2.17
[INFO] [stderr]    Compiling proc-macro-error-attr v1.0.4
[INFO] [stderr]    Compiling error-chain v0.12.4
[INFO] [stderr]    Compiling futures-core v0.3.30
[INFO] [stderr]    Compiling futures-sink v0.3.30
[INFO] [stderr]    Compiling tinyvec_macros v0.1.1
[INFO] [stderr]    Compiling linux-raw-sys v0.4.12
[INFO] [stderr]    Compiling powerfmt v0.2.0
[INFO] [stderr]    Compiling serde_json v1.0.111
[INFO] [stderr]    Compiling tinyvec v1.6.0
[INFO] [stderr]    Compiling futures-channel v0.3.30
[INFO] [stderr]    Compiling proc-macro-error v1.0.4
[INFO] [stderr]    Compiling match_cfg v0.1.0
[INFO] [stderr]    Compiling deranged v0.3.11
[INFO] [stderr]    Compiling pin-project-lite v0.2.13
[INFO] [stderr]    Compiling futures-task v0.3.30
[INFO] [stderr]    Compiling num_threads v0.1.6
[INFO] [stderr]    Compiling gimli v0.28.1
[INFO] [stderr]    Compiling ryu v1.0.16
[INFO] [stderr]    Compiling futures-io v0.3.30
[INFO] [stderr]    Compiling time-core v0.1.2
[INFO] [stderr]    Compiling percent-encoding v2.3.1
[INFO] [stderr]    Compiling iana-time-zone v0.1.59
[INFO] [stderr]    Compiling unicode-bidi v0.3.14
[INFO] [stderr]    Compiling termcolor v1.4.0
[INFO] [stderr]    Compiling colored v2.1.0
[INFO] [stderr]    Compiling quote v1.0.35
[INFO] [stderr]    Compiling crossbeam-epoch v0.9.17
[INFO] [stderr]    Compiling object v0.32.2
[INFO] [stderr]    Compiling syn v2.0.48
[INFO] [stderr]    Compiling crossbeam-deque v0.8.4
[INFO] [stderr]    Compiling form_urlencoded v1.2.1
[INFO] [stderr]    Compiling unicode-normalization v0.1.22
[INFO] [stderr]    Compiling rayon-core v1.12.0
[INFO] [stderr]    Compiling urlencoding v2.1.3
[INFO] [stderr]    Compiling rayon v1.8.0
[INFO] [stderr]    Compiling is-terminal v0.4.10
[INFO] [stderr]    Compiling colored v1.9.4
[INFO] [stderr]    Compiling idna v0.5.0
[INFO] [stderr]    Compiling chrono v0.4.31
[INFO] [stderr]    Compiling nix v0.26.4
[INFO] [stderr]    Compiling cc v1.0.83
[INFO] [stderr]    Compiling time v0.3.31
[INFO] [stderr]    Compiling hostname v0.3.1
[INFO] [stderr]    Compiling atty v0.2.14
[INFO] [stderr]    Compiling url v2.5.0
[INFO] [stderr]    Compiling backtrace v0.3.69
[INFO] [stderr]    Compiling addr2line v0.21.0
[INFO] [stderr]    Compiling syslog v6.1.0
[INFO] [stderr]    Compiling sysinfo v0.28.4
[INFO] [stderr]    Compiling fern v0.6.2
[INFO] [stderr]    Compiling color-backtrace v0.5.1
[INFO] [stderr]    Compiling serde_derive v1.0.194
[INFO] [stderr]    Compiling futures-macro v0.3.30
[INFO] [stderr]    Compiling futures-util v0.3.30
[INFO] [stderr]    Compiling futures-executor v0.3.30
[INFO] [stderr]    Compiling futures v0.3.30
[INFO] [stderr]    Compiling bincode v1.3.3
[INFO] [stderr]    Compiling serde_tokenstream v0.1.7
[INFO] [stderr]    Compiling rust-companion v0.1.1
[INFO] [stderr]    Compiling ruex v0.1.5 (/opt/rustwide/workdir)
[INFO] [stderr]    Compiling syn-serde v0.2.4
[INFO] [stderr]    Compiling ruex-macro v0.1.3
[INFO] [stderr]     Finished dev [unoptimized + debuginfo] target(s) in 26.29s
[INFO] running `Command { std: "docker" "inspect" "15791b0f966b362564858459a08ebb32ea285a38d93c53e5fb63cb63b49558fc", kill_on_drop: false }`
[INFO] running `Command { std: "docker" "rm" "-f" "15791b0f966b362564858459a08ebb32ea285a38d93c53e5fb63cb63b49558fc", kill_on_drop: false }`
[INFO] [stdout] 15791b0f966b362564858459a08ebb32ea285a38d93c53e5fb63cb63b49558fc
[INFO] running `Command { std: "docker" "create" "-v" "/var/lib/crater-agent-workspace/builds/worker-7-tc1/target:/opt/rustwide/target:rw,Z" "-v" "/var/lib/crater-agent-workspace/builds/worker-7-tc1/source:/opt/rustwide/workdir:ro,Z" "-v" "/var/lib/crater-agent-workspace/cargo-home:/opt/rustwide/cargo-home:ro,Z" "-v" "/var/lib/crater-agent-workspace/rustup-home:/opt/rustwide/rustup-home:ro,Z" "-e" "SOURCE_DIR=/opt/rustwide/workdir" "-e" "CARGO_TARGET_DIR=/opt/rustwide/target" "-e" "CARGO_INCREMENTAL=0" "-e" "RUST_BACKTRACE=full" "-e" "RUSTFLAGS=--cap-lints=warn" "-e" "RUSTDOCFLAGS=--cap-lints=warn" "-e" "CARGO_HOME=/opt/rustwide/cargo-home" "-e" "RUSTUP_HOME=/opt/rustwide/rustup-home" "-w" "/opt/rustwide/workdir" "-m" "1610612736" "--user" "0:0" "--network" "none" "ghcr.io/rust-lang/crates-build-env/linux@sha256:2788e3201cd34a07e3172128adcd8b3090168a8e3bcc40d7c032b9dda1df7d1c" "/opt/rustwide/cargo-home/bin/cargo" "+1.75.0" "test" "--frozen" "--no-run" "--message-format=json", kill_on_drop: false }`
[INFO] [stdout] 052b8254847d807141487067f5f8b17dfae1710efeb9873eb4032ab40bb3f2cc
[INFO] running `Command { std: "docker" "start" "-a" "052b8254847d807141487067f5f8b17dfae1710efeb9873eb4032ab40bb3f2cc", kill_on_drop: false }`
[INFO] [stderr]    Compiling ruex v0.1.5 (/opt/rustwide/workdir)
[INFO] [stderr]     Finished test [unoptimized + debuginfo] target(s) in 1.83s
[INFO] running `Command { std: "docker" "inspect" "052b8254847d807141487067f5f8b17dfae1710efeb9873eb4032ab40bb3f2cc", kill_on_drop: false }`
[INFO] running `Command { std: "docker" "rm" "-f" "052b8254847d807141487067f5f8b17dfae1710efeb9873eb4032ab40bb3f2cc", kill_on_drop: false }`
[INFO] [stdout] 052b8254847d807141487067f5f8b17dfae1710efeb9873eb4032ab40bb3f2cc
[INFO] running `Command { std: "docker" "create" "-v" "/var/lib/crater-agent-workspace/builds/worker-7-tc1/target:/opt/rustwide/target:rw,Z" "-v" "/var/lib/crater-agent-workspace/builds/worker-7-tc1/source:/opt/rustwide/workdir:ro,Z" "-v" "/var/lib/crater-agent-workspace/cargo-home:/opt/rustwide/cargo-home:ro,Z" "-v" "/var/lib/crater-agent-workspace/rustup-home:/opt/rustwide/rustup-home:ro,Z" "-e" "SOURCE_DIR=/opt/rustwide/workdir" "-e" "CARGO_TARGET_DIR=/opt/rustwide/target" "-e" "CARGO_INCREMENTAL=0" "-e" "RUST_BACKTRACE=full" "-e" "RUSTFLAGS=--cap-lints=warn" "-e" "RUSTDOCFLAGS=--cap-lints=warn" "-e" "CARGO_HOME=/opt/rustwide/cargo-home" "-e" "RUSTUP_HOME=/opt/rustwide/rustup-home" "-w" "/opt/rustwide/workdir" "-m" "1610612736" "--user" "0:0" "--network" "none" "ghcr.io/rust-lang/crates-build-env/linux@sha256:2788e3201cd34a07e3172128adcd8b3090168a8e3bcc40d7c032b9dda1df7d1c" "/opt/rustwide/cargo-home/bin/cargo" "+1.75.0" "test" "--frozen", kill_on_drop: false }`
[INFO] [stdout] e4e882fba0dfe897e0628ae59ffc3631e5dbf7c2eb64b5f58b299fd505d87b38
[INFO] running `Command { std: "docker" "start" "-a" "e4e882fba0dfe897e0628ae59ffc3631e5dbf7c2eb64b5f58b299fd505d87b38", kill_on_drop: false }`
[INFO] [stderr]    Compiling ruex v0.1.5 (/opt/rustwide/workdir)
[INFO] [stderr]     Finished test [unoptimized + debuginfo] target(s) in 1.00s
[INFO] [stderr]      Running unittests src/lib.rs (/opt/rustwide/target/debug/deps/ruex-5f65af0673b9e6ab)
[INFO] [stdout] 
[INFO] [stdout] running 6 tests
[INFO] [stdout] test foundation::patterns::fsm::tests::should_call_enter_on_states_when_using_callback_integration ... ok
[INFO] [stdout] test foundation::patterns::fsm::tests::should_enter_defined_transition ... ok
[INFO] [stdout] test foundation::patterns::fsm::tests::should_enter_initial_state ... ok
[INFO] [stdout] test foundation::patterns::fsm::tests::should_not_allow_entering_state_if_transition_not_defined ... ok
[INFO] [stdout] test foundation::patterns::fsm::tests::should_not_allow_entering_state_if_transition_not_added ... ok
[INFO] [stdout] test foundation::patterns::fsm::tests::should_only_allow_adding_state_once ... ok
[INFO] [stdout] 
[INFO] [stdout] test result: ok. 6 passed; 0 failed; 0 ignored; 0 measured; 0 filtered out; finished in 0.00s
[INFO] [stdout] 
[INFO] [stderr]      Running tests/add_getters_setters.rs (/opt/rustwide/target/debug/deps/add_getters_setters-abbc5d88aeae1f48)
[INFO] [stdout] 
[INFO] [stdout] running 0 tests
[INFO] [stdout] 
[INFO] [stdout] test result: ok. 0 passed; 0 failed; 0 ignored; 0 measured; 0 filtered out; finished in 0.00s
[INFO] [stdout] 
[INFO] [stderr]    Doc-tests ruex
[INFO] [stdout] 
[INFO] [stdout] running 5 tests
[INFO] [stdout] test src/prelude/compose.rs - prelude::compose::Compose (line 5) - compile ... FAILED
[INFO] [stdout] test src/prelude/currying.rs - prelude::currying::Curry (line 7) ... FAILED
[INFO] [stdout] test src/utils/mod.rs - utils (line 3) ... ok
[INFO] [stdout] test src/prelude/mod.rs - prelude (line 6) ... ok
[INFO] [stdout] test src/utils/terminal/mod.rs - utils::terminal (line 4) ... ok
[INFO] [stdout] 
[INFO] [stdout] failures:
[INFO] [stdout] 
[INFO] [stdout] ---- src/prelude/compose.rs - prelude::compose::Compose (line 5) stdout ----
[INFO] [stdout] error[E0425]: cannot find value `checkit` in this scope
[INFO] [stdout]  --> src/prelude/compose.rs:6:15
[INFO] [stdout]   |
[INFO] [stdout] 3 | let chained = checkit
[INFO] [stdout]   |               ^^^^^^^ not found in this scope
[INFO] [stdout] 
[INFO] [stdout] error[E0425]: cannot find value `add_data` in this scope
[INFO] [stdout]  --> src/prelude/compose.rs:7:10
[INFO] [stdout]   |
[INFO] [stdout] 4 |   .chain(add_data)
[INFO] [stdout]   |          ^^^^^^^^ not found in this scope
[INFO] [stdout] 
[INFO] [stdout] error[E0425]: cannot find value `add_experiments` in this scope
[INFO] [stdout]  --> src/prelude/compose.rs:8:10
[INFO] [stdout]   |
[INFO] [stdout] 5 |   .chain(add_experiments)
[INFO] [stdout]   |          ^^^^^^^^^^^^^^^ not found in this scope
[INFO] [stdout] 
[INFO] [stdout] error[E0425]: cannot find value `add_data` in this scope
[INFO] [stdout]  --> src/prelude/compose.rs:9:10
[INFO] [stdout]   |
[INFO] [stdout] 6 |   .chain(add_data)
[INFO] [stdout]   |          ^^^^^^^^ not found in this scope
[INFO] [stdout] 
[INFO] [stdout] error[E0425]: cannot find value `input` in this scope
[INFO] [stdout]  --> src/prelude/compose.rs:10:28
[INFO] [stdout]   |
[INFO] [stdout] 7 |   .chain(|inout| format!("{input}/README.md"));
[INFO] [stdout]   |                            ^^^^^ help: a local variable with a similar name exists: `inout`
[INFO] [stdout] 
[INFO] [stdout] error: aborting due to 5 previous errors
[INFO] [stdout] 
[INFO] [stdout] For more information about this error, try `rustc --explain E0425`.
[INFO] [stdout] Couldn't compile the test.
[INFO] [stdout] ---- src/prelude/currying.rs - prelude::currying::Curry (line 7) stdout ----
[INFO] [stdout] error[E0599]: no method named `curry` found for fn item `for<'a, 'b> fn(&'a str, &'b str) -> String {two_params}` in the current scope
[INFO] [stdout]  --> src/prelude/currying.rs:12:22
[INFO] [stdout]   |
[INFO] [stdout] 7 | let one = two_params.curry("/mnt");
[INFO] [stdout]   |                      ^^^^^ method not found in `fn(&str, &str) -> String {two_params}`
[INFO] [stdout] 
[INFO] [stdout] error: aborting due to previous error
[INFO] [stdout] 
[INFO] [stdout] For more information about this error, try `rustc --explain E0599`.
[INFO] [stdout] Couldn't compile the test.
[INFO] [stdout] 
[INFO] [stdout] failures:
[INFO] [stdout]     src/prelude/compose.rs - prelude::compose::Compose (line 5)
[INFO] [stdout]     src/prelude/currying.rs - prelude::currying::Curry (line 7)
[INFO] [stdout] 
[INFO] [stdout] test result: FAILED. 3 passed; 2 failed; 0 ignored; 0 measured; 0 filtered out; finished in 0.17s
[INFO] [stdout] 
[INFO] [stderr] error: doctest failed, to rerun pass `--doc`
[INFO] running `Command { std: "docker" "inspect" "e4e882fba0dfe897e0628ae59ffc3631e5dbf7c2eb64b5f58b299fd505d87b38", kill_on_drop: false }`
[INFO] running `Command { std: "docker" "rm" "-f" "e4e882fba0dfe897e0628ae59ffc3631e5dbf7c2eb64b5f58b299fd505d87b38", kill_on_drop: false }`
[INFO] [stdout] e4e882fba0dfe897e0628ae59ffc3631e5dbf7c2eb64b5f58b299fd505d87b38
